I20260608 10:07:43.341156 25877 raft_consensus.cc:359] T 8f18dc195e5b4deaa736045ce45ee9c0 P 393d06661f0d415d8fc136a3e56dbcda [term 0 FOLLOWER]: Replica starting. Triggering 0 pending ops. Active config: opid_index: -1 OBSOLETE_local: false peers { permanent_uuid: "425b96879b804f3f8265e7375e8f8c64" member_type: VOTER last_known_addr { host: "127.20.162.193" port: 35195 } } peers { permanent_uuid: "393d06661f0d415d8fc136a3e56dbcda" member_type: VOTER last_known_addr { host: "127.20.162.194" port: 36833 } } peers { permanent_uuid: "164a2d40352d4019827147785222ce10" member_type: VOTER last_known_addr { host: "127.20.162.195" port: 45539 } }
I20260608 10:07:43.342072 25877 raft_consensus.cc:385] T 8f18dc195e5b4deaa736045ce45ee9c0 P 393d06661f0d415d8fc136a3e56dbcda [term 0 FOLLOWER]: Consensus starting up: Expiring failure detector timer to make a prompt election more likely
W20260608 10:07:43.342211 25646 leader_election.cc:343] T a9b4d70fb8504f90ad016f1fab5fe800 P 425b96879b804f3f8265e7375e8f8c64 [CANDIDATE]: Term 1 election: Tablet error from VoteRequest() call to peer 164a2d40352d4019827147785222ce10 (127.20.162.195:45539): Illegal state: must be running to vote when last-logged opid is not known
I20260608 10:07:43.342484 25877 raft_consensus.cc:740] T 8f18dc195e5b4deaa736045ce45ee9c0 P 393d06661f0d415d8fc136a3e56dbcda [term 0 FOLLOWER]: Becoming Follower/Learner. State: Replica: 393d06661f0d415d8fc136a3e56dbcda, State: Initialized, Role: FOLLOWER
I20260608 10:07:43.343154 25794 leader_election.cc:304] T eb5e32c53cf2442eb4e28d95b7ac8c3c P 164a2d40352d4019827147785222ce10 [CANDIDATE]: Term 1 pre-election: Election decided. Result: candidate won. Election summary: received 2 responses out of 3 voters: 2 yes votes; 0 no votes. yes voters: 164a2d40352d4019827147785222ce10, 393d06661f0d415d8fc136a3e56dbcda; no voters: 
I20260608 10:07:43.343554 25877 consensus_queue.cc:260] T 8f18dc195e5b4deaa736045ce45ee9c0 P 393d06661f0d415d8fc136a3e56dbcda [NON_LEADER]: Queue going to NON_LEADER mode. State: All replicated index: 0, Majority replicated index: 0, Committed index: 0, Last appended: 0.0, Last appended by leader: 0, Current term: 0, Majority size: -1, State: 0, Mode: NON_LEADER, active raft config: opid_index: -1 OBSOLETE_local: false peers { permanent_uuid: "425b96879b804f3f8265e7375e8f8c64" member_type: VOTER last_known_addr { host: "127.20.162.193" port: 35195 } } peers { permanent_uuid: "393d06661f0d415d8fc136a3e56dbcda" member_type: VOTER last_known_addr { host: "127.20.162.194" port: 36833 } } peers { permanent_uuid: "164a2d40352d4019827147785222ce10" member_type: VOTER last_known_addr { host: "127.20.162.195" port: 45539 } }
I20260608 10:07:43.317353 25756 raft_consensus.cc:2468] T fe4e8c5afbaa4933a17b927c81a29aa8 P 393d06661f0d415d8fc136a3e56dbcda [term 0 FOLLOWER]: Leader pre-election vote request: Granting yes vote for candidate 425b96879b804f3f8265e7375e8f8c64 in term 0.
I20260608 10:07:43.327733 25876 tablet_bootstrap.cc:492] T 902316183e914b348d754fb97ae18e1d P 425b96879b804f3f8265e7375e8f8c64: No bootstrap required, opened a new log
I20260608 10:07:43.346299 25876 ts_tablet_manager.cc:1403] T 902316183e914b348d754fb97ae18e1d P 425b96879b804f3f8265e7375e8f8c64: Time spent bootstrapping tablet: real 0.169s	user 0.037s	sys 0.062s
I20260608 10:07:43.344481 25913 raft_consensus.cc:2804] T eb5e32c53cf2442eb4e28d95b7ac8c3c P 164a2d40352d4019827147785222ce10 [term 0 FOLLOWER]: Leader pre-election won for term 1
I20260608 10:07:43.346235 25646 leader_election.cc:304] T fe4e8c5afbaa4933a17b927c81a29aa8 P 425b96879b804f3f8265e7375e8f8c64 [CANDIDATE]: Term 1 pre-election: Election decided. Result: candidate won. Election summary: received 2 responses out of 3 voters: 2 yes votes; 0 no votes. yes voters: 164a2d40352d4019827147785222ce10, 425b96879b804f3f8265e7375e8f8c64; no voters: 
I20260608 10:07:43.346879 25913 raft_consensus.cc:493] T eb5e32c53cf2442eb4e28d95b7ac8c3c P 164a2d40352d4019827147785222ce10 [term 0 FOLLOWER]: Starting leader election (no leader contacted us within the election timeout)
I20260608 10:07:43.347390 25913 raft_consensus.cc:3060] T eb5e32c53cf2442eb4e28d95b7ac8c3c P 164a2d40352d4019827147785222ce10 [term 0 FOLLOWER]: Advancing to term 1
I20260608 10:07:43.320935 25881 raft_consensus.cc:515] T eb5e32c53cf2442eb4e28d95b7ac8c3c P 425b96879b804f3f8265e7375e8f8c64 [term 0 FOLLOWER]: Starting pre-election with config: opid_index: -1 OBSOLETE_local: false peers { permanent_uuid: "425b96879b804f3f8265e7375e8f8c64" member_type: VOTER last_known_addr { host: "127.20.162.193" port: 35195 } } peers { permanent_uuid: "393d06661f0d415d8fc136a3e56dbcda" member_type: VOTER last_known_addr { host: "127.20.162.194" port: 36833 } } peers { permanent_uuid: "164a2d40352d4019827147785222ce10" member_type: VOTER last_known_addr { host: "127.20.162.195" port: 45539 } }
I20260608 10:07:43.352535 25881 leader_election.cc:290] T eb5e32c53cf2442eb4e28d95b7ac8c3c P 425b96879b804f3f8265e7375e8f8c64 [CANDIDATE]: Term 1 pre-election: Requested pre-vote from peers 393d06661f0d415d8fc136a3e56dbcda (127.20.162.194:36833), 164a2d40352d4019827147785222ce10 (127.20.162.195:45539)
I20260608 10:07:43.353267 25881 raft_consensus.cc:2804] T fe4e8c5afbaa4933a17b927c81a29aa8 P 425b96879b804f3f8265e7375e8f8c64 [term 0 FOLLOWER]: Leader pre-election won for term 1
I20260608 10:07:43.353659 25881 raft_consensus.cc:493] T fe4e8c5afbaa4933a17b927c81a29aa8 P 425b96879b804f3f8265e7375e8f8c64 [term 0 FOLLOWER]: Starting leader election (no leader contacted us within the election timeout)
I20260608 10:07:43.354025 25881 raft_consensus.cc:3060] T fe4e8c5afbaa4933a17b927c81a29aa8 P 425b96879b804f3f8265e7375e8f8c64 [term 0 FOLLOWER]: Advancing to term 1
I20260608 10:07:43.355247 25757 tablet_service.cc:1917] Received RequestConsensusVote() RPC: tablet_id: "eb5e32c53cf2442eb4e28d95b7ac8c3c" candidate_uuid: "425b96879b804f3f8265e7375e8f8c64" candidate_term: 1 candidate_status { last_received { term: 0 index: 0 } } ignore_live_leader: false dest_uuid: "393d06661f0d415d8fc136a3e56dbcda" is_pre_election: true
I20260608 10:07:43.355922 25757 raft_consensus.cc:2468] T eb5e32c53cf2442eb4e28d95b7ac8c3c P 393d06661f0d415d8fc136a3e56dbcda [term 0 FOLLOWER]: Leader pre-election vote request: Granting yes vote for candidate 425b96879b804f3f8265e7375e8f8c64 in term 0.
I20260608 10:07:43.358505 25876 raft_consensus.cc:359] T 902316183e914b348d754fb97ae18e1d P 425b96879b804f3f8265e7375e8f8c64 [term 0 FOLLOWER]: Replica starting. Triggering 0 pending ops. Active config: opid_index: -1 OBSOLETE_local: false peers { permanent_uuid: "425b96879b804f3f8265e7375e8f8c64" member_type: VOTER last_known_addr { host: "127.20.162.193" port: 35195 } } peers { permanent_uuid: "393d06661f0d415d8fc136a3e56dbcda" member_type: VOTER last_known_addr { host: "127.20.162.194" port: 36833 } } peers { permanent_uuid: "164a2d40352d4019827147785222ce10" member_type: VOTER last_known_addr { host: "127.20.162.195" port: 45539 } }
I20260608 10:07:43.359444 25876 raft_consensus.cc:385] T 902316183e914b348d754fb97ae18e1d P 425b96879b804f3f8265e7375e8f8c64 [term 0 FOLLOWER]: Consensus starting up: Expiring failure detector timer to make a prompt election more likely
I20260608 10:07:43.359761 25876 raft_consensus.cc:740] T 902316183e914b348d754fb97ae18e1d P 425b96879b804f3f8265e7375e8f8c64 [term 0 FOLLOWER]: Becoming Follower/Learner. State: Replica: 425b96879b804f3f8265e7375e8f8c64, State: Initialized, Role: FOLLOWER
I20260608 10:07:43.360714 25876 consensus_queue.cc:260] T 902316183e914b348d754fb97ae18e1d P 425b96879b804f3f8265e7375e8f8c64 [NON_LEADER]: Queue going to NON_LEADER mode. State: All replicated index: 0, Majority replicated index: 0, Committed index: 0, Last appended: 0.0, Last appended by leader: 0, Current term: 0, Majority size: -1, State: 0, Mode: NON_LEADER, active raft config: opid_index: -1 OBSOLETE_local: false peers { permanent_uuid: "425b96879b804f3f8265e7375e8f8c64" member_type: VOTER last_known_addr { host: "127.20.162.193" port: 35195 } } peers { permanent_uuid: "393d06661f0d415d8fc136a3e56dbcda" member_type: VOTER last_known_addr { host: "127.20.162.194" port: 36833 } } peers { permanent_uuid: "164a2d40352d4019827147785222ce10" member_type: VOTER last_known_addr { host: "127.20.162.195" port: 45539 } }
I20260608 10:07:43.361590 25881 raft_consensus.cc:515] T fe4e8c5afbaa4933a17b927c81a29aa8 P 425b96879b804f3f8265e7375e8f8c64 [term 1 FOLLOWER]: Starting leader election with config: opid_index: -1 OBSOLETE_local: false peers { permanent_uuid: "164a2d40352d4019827147785222ce10" member_type: VOTER last_known_addr { host: "127.20.162.195" port: 45539 } } peers { permanent_uuid: "425b96879b804f3f8265e7375e8f8c64" member_type: VOTER last_known_addr { host: "127.20.162.193" port: 35195 } } peers { permanent_uuid: "393d06661f0d415d8fc136a3e56dbcda" member_type: VOTER last_known_addr { host: "127.20.162.194" port: 36833 } }
I20260608 10:07:43.361900 25878 raft_consensus.cc:359] T bedcfe3fe3684d3fbe9516ae9f949886 P 164a2d40352d4019827147785222ce10 [term 0 FOLLOWER]: Replica starting. Triggering 0 pending ops. Active config: opid_index: -1 OBSOLETE_local: false peers { permanent_uuid: "425b96879b804f3f8265e7375e8f8c64" member_type: VOTER last_known_addr { host: "127.20.162.193" port: 35195 } } peers { permanent_uuid: "393d06661f0d415d8fc136a3e56dbcda" member_type: VOTER last_known_addr { host: "127.20.162.194" port: 36833 } } peers { permanent_uuid: "164a2d40352d4019827147785222ce10" member_type: VOTER last_known_addr { host: "127.20.162.195" port: 45539 } }
I20260608 10:07:43.362732 25878 raft_consensus.cc:385] T bedcfe3fe3684d3fbe9516ae9f949886 P 164a2d40352d4019827147785222ce10 [term 0 FOLLOWER]: Consensus starting up: Expiring failure detector timer to make a prompt election more likely
I20260608 10:07:43.363051 25878 raft_consensus.cc:740] T bedcfe3fe3684d3fbe9516ae9f949886 P 164a2d40352d4019827147785222ce10 [term 0 FOLLOWER]: Becoming Follower/Learner. State: Replica: 164a2d40352d4019827147785222ce10, State: Initialized, Role: FOLLOWER
I20260608 10:07:43.363155 25876 ts_tablet_manager.cc:1434] T 902316183e914b348d754fb97ae18e1d P 425b96879b804f3f8265e7375e8f8c64: Time spent starting tablet: real 0.014s	user 0.008s	sys 0.000s
I20260608 10:07:43.369065 25881 leader_election.cc:290] T fe4e8c5afbaa4933a17b927c81a29aa8 P 425b96879b804f3f8265e7375e8f8c64 [CANDIDATE]: Term 1 election: Requested vote from peers 164a2d40352d4019827147785222ce10 (127.20.162.195:45539), 393d06661f0d415d8fc136a3e56dbcda (127.20.162.194:36833)
I20260608 10:07:43.369724 25881 raft_consensus.cc:493] T 8f18dc195e5b4deaa736045ce45ee9c0 P 425b96879b804f3f8265e7375e8f8c64 [term 0 FOLLOWER]: Starting pre-election (no leader contacted us within the election timeout)
I20260608 10:07:43.370182 25881 raft_consensus.cc:515] T 8f18dc195e5b4deaa736045ce45ee9c0 P 425b96879b804f3f8265e7375e8f8c64 [term 0 FOLLOWER]: Starting pre-election with config: opid_index: -1 OBSOLETE_local: false peers { permanent_uuid: "425b96879b804f3f8265e7375e8f8c64" member_type: VOTER last_known_addr { host: "127.20.162.193" port: 35195 } } peers { permanent_uuid: "393d06661f0d415d8fc136a3e56dbcda" member_type: VOTER last_known_addr { host: "127.20.162.194" port: 36833 } } peers { permanent_uuid: "164a2d40352d4019827147785222ce10" member_type: VOTER last_known_addr { host: "127.20.162.195" port: 45539 } }
I20260608 10:07:43.374516 25681 tablet_service.cc:1917] Received RequestConsensusVote() RPC: tablet_id: "eb5e32c53cf2442eb4e28d95b7ac8c3c" candidate_uuid: "164a2d40352d4019827147785222ce10" candidate_term: 1 candidate_status { last_received { term: 0 index: 0 } } ignore_live_leader: false dest_uuid: "425b96879b804f3f8265e7375e8f8c64" is_pre_election: true
I20260608 10:07:43.375525 25881 leader_election.cc:290] T 8f18dc195e5b4deaa736045ce45ee9c0 P 425b96879b804f3f8265e7375e8f8c64 [CANDIDATE]: Term 1 pre-election: Requested pre-vote from peers 393d06661f0d415d8fc136a3e56dbcda (127.20.162.194:36833), 164a2d40352d4019827147785222ce10 (127.20.162.195:45539)
W20260608 10:07:43.376765 25646 leader_election.cc:343] T a9b4d70fb8504f90ad016f1fab5fe800 P 425b96879b804f3f8265e7375e8f8c64 [CANDIDATE]: Term 1 pre-election: Tablet error from VoteRequest() call to peer 164a2d40352d4019827147785222ce10 (127.20.162.195:45539): Illegal state: must be running to vote when last-logged opid is not known
I20260608 10:07:43.377828 25645 leader_election.cc:304] T eb5e32c53cf2442eb4e28d95b7ac8c3c P 425b96879b804f3f8265e7375e8f8c64 [CANDIDATE]: Term 1 pre-election: Election decided. Result: candidate won. Election summary: received 2 responses out of 3 voters: 2 yes votes; 0 no votes. yes voters: 393d06661f0d415d8fc136a3e56dbcda, 425b96879b804f3f8265e7375e8f8c64; no voters: 
I20260608 10:07:43.378422 25756 tablet_service.cc:1917] Received RequestConsensusVote() RPC: tablet_id: "8f18dc195e5b4deaa736045ce45ee9c0" candidate_uuid: "425b96879b804f3f8265e7375e8f8c64" candidate_term: 1 candidate_status { last_received { term: 0 index: 0 } } ignore_live_leader: false dest_uuid: "393d06661f0d415d8fc136a3e56dbcda" is_pre_election: true
I20260608 10:07:43.379191 25756 raft_consensus.cc:2468] T 8f18dc195e5b4deaa736045ce45ee9c0 P 393d06661f0d415d8fc136a3e56dbcda [term 0 FOLLOWER]: Leader pre-election vote request: Granting yes vote for candidate 425b96879b804f3f8265e7375e8f8c64 in term 0.
I20260608 10:07:43.379341 25680 tablet_service.cc:1917] Received RequestConsensusVote() RPC: tablet_id: "fe4e8c5afbaa4933a17b927c81a29aa8" candidate_uuid: "393d06661f0d415d8fc136a3e56dbcda" candidate_term: 1 candidate_status { last_received { term: 0 index: 0 } } ignore_live_leader: false dest_uuid: "425b96879b804f3f8265e7375e8f8c64" is_pre_election: true
I20260608 10:07:43.380187 25680 raft_consensus.cc:2393] T fe4e8c5afbaa4933a17b927c81a29aa8 P 425b96879b804f3f8265e7375e8f8c64 [term 1 FOLLOWER]: Leader pre-election vote request: Denying vote to candidate 393d06661f0d415d8fc136a3e56dbcda in current term 1: Already voted for candidate 425b96879b804f3f8265e7375e8f8c64 in this term.
I20260608 10:07:43.380764 25830 tablet_service.cc:1917] Received RequestConsensusVote() RPC: tablet_id: "8f18dc195e5b4deaa736045ce45ee9c0" candidate_uuid: "425b96879b804f3f8265e7375e8f8c64" candidate_term: 1 candidate_status { last_received { term: 0 index: 0 } } ignore_live_leader: false dest_uuid: "164a2d40352d4019827147785222ce10" is_pre_election: true
I20260608 10:07:43.381193 25757 tablet_service.cc:1917] Received RequestConsensusVote() RPC: tablet_id: "fe4e8c5afbaa4933a17b927c81a29aa8" candidate_uuid: "425b96879b804f3f8265e7375e8f8c64" candidate_term: 1 candidate_status { last_received { term: 0 index: 0 } } ignore_live_leader: false dest_uuid: "393d06661f0d415d8fc136a3e56dbcda"
I20260608 10:07:43.380656 25645 leader_election.cc:304] T 8f18dc195e5b4deaa736045ce45ee9c0 P 425b96879b804f3f8265e7375e8f8c64 [CANDIDATE]: Term 1 pre-election: Election decided. Result: candidate won. Election summary: received 2 responses out of 3 voters: 2 yes votes; 0 no votes. yes voters: 393d06661f0d415d8fc136a3e56dbcda, 425b96879b804f3f8265e7375e8f8c64; no voters: 
I20260608 10:07:43.382109 25681 raft_consensus.cc:2468] T eb5e32c53cf2442eb4e28d95b7ac8c3c P 425b96879b804f3f8265e7375e8f8c64 [term 0 FOLLOWER]: Leader pre-election vote request: Granting yes vote for candidate 164a2d40352d4019827147785222ce10 in term 0.
I20260608 10:07:43.381359 25830 raft_consensus.cc:2468] T 8f18dc195e5b4deaa736045ce45ee9c0 P 164a2d40352d4019827147785222ce10 [term 0 FOLLOWER]: Leader pre-election vote request: Granting yes vote for candidate 425b96879b804f3f8265e7375e8f8c64 in term 0.
I20260608 10:07:43.381485 25680 tablet_service.cc:1917] Received RequestConsensusVote() RPC: tablet_id: "eb5e32c53cf2442eb4e28d95b7ac8c3c" candidate_uuid: "393d06661f0d415d8fc136a3e56dbcda" candidate_term: 1 candidate_status { last_received { term: 0 index: 0 } } ignore_live_leader: false dest_uuid: "425b96879b804f3f8265e7375e8f8c64" is_pre_election: true
I20260608 10:07:43.382982 25918 raft_consensus.cc:2804] T eb5e32c53cf2442eb4e28d95b7ac8c3c P 425b96879b804f3f8265e7375e8f8c64 [term 0 FOLLOWER]: Leader pre-election won for term 1
I20260608 10:07:43.383802 25918 raft_consensus.cc:493] T eb5e32c53cf2442eb4e28d95b7ac8c3c P 425b96879b804f3f8265e7375e8f8c64 [term 0 FOLLOWER]: Starting leader election (no leader contacted us within the election timeout)
I20260608 10:07:43.379467 25831 tablet_service.cc:1917] Received RequestConsensusVote() RPC: tablet_id: "eb5e32c53cf2442eb4e28d95b7ac8c3c" candidate_uuid: "425b96879b804f3f8265e7375e8f8c64" candidate_term: 1 candidate_status { last_received { term: 0 index: 0 } } ignore_live_leader: false dest_uuid: "164a2d40352d4019827147785222ce10" is_pre_election: true
I20260608 10:07:43.381856 25829 tablet_service.cc:1917] Received RequestConsensusVote() RPC: tablet_id: "fe4e8c5afbaa4933a17b927c81a29aa8" candidate_uuid: "425b96879b804f3f8265e7375e8f8c64" candidate_term: 1 candidate_status { last_received { term: 0 index: 0 } } ignore_live_leader: false dest_uuid: "164a2d40352d4019827147785222ce10"
I20260608 10:07:43.384214 25918 raft_consensus.cc:3060] T eb5e32c53cf2442eb4e28d95b7ac8c3c P 425b96879b804f3f8265e7375e8f8c64 [term 0 FOLLOWER]: Advancing to term 1
I20260608 10:07:43.385036 25829 raft_consensus.cc:3060] T fe4e8c5afbaa4933a17b927c81a29aa8 P 164a2d40352d4019827147785222ce10 [term 0 FOLLOWER]: Advancing to term 1
I20260608 10:07:43.382923 25878 consensus_queue.cc:260] T bedcfe3fe3684d3fbe9516ae9f949886 P 164a2d40352d4019827147785222ce10 [NON_LEADER]: Queue going to NON_LEADER mode. State: All replicated index: 0, Majority replicated index: 0, Committed index: 0, Last appended: 0.0, Last appended by leader: 0, Current term: 0, Majority size: -1, State: 0, Mode: NON_LEADER, active raft config: opid_index: -1 OBSOLETE_local: false peers { permanent_uuid: "425b96879b804f3f8265e7375e8f8c64" member_type: VOTER last_known_addr { host: "127.20.162.193" port: 35195 } } peers { permanent_uuid: "393d06661f0d415d8fc136a3e56dbcda" member_type: VOTER last_known_addr { host: "127.20.162.194" port: 36833 } } peers { permanent_uuid: "164a2d40352d4019827147785222ce10" member_type: VOTER last_known_addr { host: "127.20.162.195" port: 45539 } }
I20260608 10:07:43.387377 25878 ts_tablet_manager.cc:1434] T bedcfe3fe3684d3fbe9516ae9f949886 P 164a2d40352d4019827147785222ce10: Time spent starting tablet: real 0.057s	user 0.010s	sys 0.000s
I20260608 10:07:43.388223 25906 raft_consensus.cc:493] T bedcfe3fe3684d3fbe9516ae9f949886 P 164a2d40352d4019827147785222ce10 [term 0 FOLLOWER]: Starting pre-election (no leader contacted us within the election timeout)
I20260608 10:07:43.381846 25757 raft_consensus.cc:3060] T fe4e8c5afbaa4933a17b927c81a29aa8 P 393d06661f0d415d8fc136a3e56dbcda [term 0 FOLLOWER]: Advancing to term 1
I20260608 10:07:43.384699 25877 ts_tablet_manager.cc:1434] T 8f18dc195e5b4deaa736045ce45ee9c0 P 393d06661f0d415d8fc136a3e56dbcda: Time spent starting tablet: real 0.056s	user 0.008s	sys 0.000s
I20260608 10:07:43.395363 25881 raft_consensus.cc:2804] T 8f18dc195e5b4deaa736045ce45ee9c0 P 425b96879b804f3f8265e7375e8f8c64 [term 0 FOLLOWER]: Leader pre-election won for term 1
I20260608 10:07:43.388708 25906 raft_consensus.cc:515] T bedcfe3fe3684d3fbe9516ae9f949886 P 164a2d40352d4019827147785222ce10 [term 0 FOLLOWER]: Starting pre-election with config: opid_index: -1 OBSOLETE_local: false peers { permanent_uuid: "425b96879b804f3f8265e7375e8f8c64" member_type: VOTER last_known_addr { host: "127.20.162.193" port: 35195 } } peers { permanent_uuid: "393d06661f0d415d8fc136a3e56dbcda" member_type: VOTER last_known_addr { host: "127.20.162.194" port: 36833 } } peers { permanent_uuid: "164a2d40352d4019827147785222ce10" member_type: VOTER last_known_addr { host: "127.20.162.195" port: 45539 } }
I20260608 10:07:43.398011 25906 leader_election.cc:290] T bedcfe3fe3684d3fbe9516ae9f949886 P 164a2d40352d4019827147785222ce10 [CANDIDATE]: Term 1 pre-election: Requested pre-vote from peers 425b96879b804f3f8265e7375e8f8c64 (127.20.162.193:35195), 393d06661f0d415d8fc136a3e56dbcda (127.20.162.194:36833)
I20260608 10:07:43.398715 25681 tablet_service.cc:1917] Received RequestConsensusVote() RPC: tablet_id: "8f18dc195e5b4deaa736045ce45ee9c0" candidate_uuid: "164a2d40352d4019827147785222ce10" candidate_term: 1 candidate_status { last_received { term: 0 index: 0 } } ignore_live_leader: false dest_uuid: "425b96879b804f3f8265e7375e8f8c64" is_pre_election: true
I20260608 10:07:43.388715 25878 tablet_bootstrap.cc:492] T a9b4d70fb8504f90ad016f1fab5fe800 P 164a2d40352d4019827147785222ce10: Bootstrap starting.
I20260608 10:07:43.400352 25681 raft_consensus.cc:2468] T 8f18dc195e5b4deaa736045ce45ee9c0 P 425b96879b804f3f8265e7375e8f8c64 [term 0 FOLLOWER]: Leader pre-election vote request: Granting yes vote for candidate 164a2d40352d4019827147785222ce10 in term 0.
I20260608 10:07:43.402041 25881 raft_consensus.cc:493] T 8f18dc195e5b4deaa736045ce45ee9c0 P 425b96879b804f3f8265e7375e8f8c64 [term 0 FOLLOWER]: Starting leader election (no leader contacted us within the election timeout)
I20260608 10:07:43.404227 25681 tablet_service.cc:1917] Received RequestConsensusVote() RPC: tablet_id: "bedcfe3fe3684d3fbe9516ae9f949886" candidate_uuid: "164a2d40352d4019827147785222ce10" candidate_term: 1 candidate_status { last_received { term: 0 index: 0 } } ignore_live_leader: false dest_uuid: "425b96879b804f3f8265e7375e8f8c64" is_pre_election: true
I20260608 10:07:43.400837 25876 tablet_bootstrap.cc:492] T bedcfe3fe3684d3fbe9516ae9f949886 P 425b96879b804f3f8265e7375e8f8c64: Bootstrap starting.
I20260608 10:07:43.406015 25796 leader_election.cc:304] T 8f18dc195e5b4deaa736045ce45ee9c0 P 164a2d40352d4019827147785222ce10 [CANDIDATE]: Term 1 pre-election: Election decided. Result: candidate won. Election summary: received 3 responses out of 3 voters: 2 yes votes; 1 no votes. yes voters: 164a2d40352d4019827147785222ce10, 425b96879b804f3f8265e7375e8f8c64; no voters: 393d06661f0d415d8fc136a3e56dbcda
I20260608 10:07:43.406191 25828 tablet_service.cc:1917] Received RequestConsensusVote() RPC: tablet_id: "eb5e32c53cf2442eb4e28d95b7ac8c3c" candidate_uuid: "393d06661f0d415d8fc136a3e56dbcda" candidate_term: 1 candidate_status { last_received { term: 0 index: 0 } } ignore_live_leader: false dest_uuid: "164a2d40352d4019827147785222ce10" is_pre_election: true
I20260608 10:07:43.407915 25830 tablet_service.cc:1917] Received RequestConsensusVote() RPC: tablet_id: "fe4e8c5afbaa4933a17b927c81a29aa8" candidate_uuid: "393d06661f0d415d8fc136a3e56dbcda" candidate_term: 1 candidate_status { last_received { term: 0 index: 0 } } ignore_live_leader: false dest_uuid: "164a2d40352d4019827147785222ce10" is_pre_election: true
I20260608 10:07:43.408013 25756 tablet_service.cc:1917] Received RequestConsensusVote() RPC: tablet_id: "bedcfe3fe3684d3fbe9516ae9f949886" candidate_uuid: "164a2d40352d4019827147785222ce10" candidate_term: 1 candidate_status { last_received { term: 0 index: 0 } } ignore_live_leader: false dest_uuid: "393d06661f0d415d8fc136a3e56dbcda" is_pre_election: true
I20260608 10:07:43.408092 25906 raft_consensus.cc:2804] T 8f18dc195e5b4deaa736045ce45ee9c0 P 164a2d40352d4019827147785222ce10 [term 0 FOLLOWER]: Leader pre-election won for term 1
I20260608 10:07:43.408849 25756 raft_consensus.cc:2468] T bedcfe3fe3684d3fbe9516ae9f949886 P 393d06661f0d415d8fc136a3e56dbcda [term 0 FOLLOWER]: Leader pre-election vote request: Granting yes vote for candidate 164a2d40352d4019827147785222ce10 in term 0.
I20260608 10:07:43.409777 25721 leader_election.cc:304] T fe4e8c5afbaa4933a17b927c81a29aa8 P 393d06661f0d415d8fc136a3e56dbcda [CANDIDATE]: Term 1 pre-election: Election decided. Result: candidate lost. Election summary: received 3 responses out of 3 voters: 1 yes votes; 2 no votes. yes voters: 393d06661f0d415d8fc136a3e56dbcda; no voters: 164a2d40352d4019827147785222ce10, 425b96879b804f3f8265e7375e8f8c64
I20260608 10:07:43.395180 25829 raft_consensus.cc:2468] T fe4e8c5afbaa4933a17b927c81a29aa8 P 164a2d40352d4019827147785222ce10 [term 1 FOLLOWER]: Leader election vote request: Granting yes vote for candidate 425b96879b804f3f8265e7375e8f8c64 in term 1.
I20260608 10:07:43.411072 25877 tablet_bootstrap.cc:492] T 902316183e914b348d754fb97ae18e1d P 393d06661f0d415d8fc136a3e56dbcda: Bootstrap starting.
I20260608 10:07:43.413764 25881 raft_consensus.cc:3060] T 8f18dc195e5b4deaa736045ce45ee9c0 P 425b96879b804f3f8265e7375e8f8c64 [term 0 FOLLOWER]: Advancing to term 1
I20260608 10:07:43.411979 25794 leader_election.cc:304] T bedcfe3fe3684d3fbe9516ae9f949886 P 164a2d40352d4019827147785222ce10 [CANDIDATE]: Term 1 pre-election: Election decided. Result: candidate won. Election summary: received 2 responses out of 3 voters: 2 yes votes; 0 no votes. yes voters: 164a2d40352d4019827147785222ce10, 393d06661f0d415d8fc136a3e56dbcda; no voters: 
W20260608 10:07:43.420462 25796 leader_election.cc:343] T bedcfe3fe3684d3fbe9516ae9f949886 P 164a2d40352d4019827147785222ce10 [CANDIDATE]: Term 1 pre-election: Tablet error from VoteRequest() call to peer 425b96879b804f3f8265e7375e8f8c64 (127.20.162.193:35195): Illegal state: must be running to vote when last-logged opid is not known
I20260608 10:07:43.420282 25882 raft_consensus.cc:2804] T bedcfe3fe3684d3fbe9516ae9f949886 P 164a2d40352d4019827147785222ce10 [term 0 FOLLOWER]: Leader pre-election won for term 1
I20260608 10:07:43.421096 25882 raft_consensus.cc:493] T bedcfe3fe3684d3fbe9516ae9f949886 P 164a2d40352d4019827147785222ce10 [term 0 FOLLOWER]: Starting leader election (no leader contacted us within the election timeout)
I20260608 10:07:43.421509 25882 raft_consensus.cc:3060] T bedcfe3fe3684d3fbe9516ae9f949886 P 164a2d40352d4019827147785222ce10 [term 0 FOLLOWER]: Advancing to term 1
I20260608 10:07:43.412070 25906 raft_consensus.cc:493] T 8f18dc195e5b4deaa736045ce45ee9c0 P 164a2d40352d4019827147785222ce10 [term 0 FOLLOWER]: Starting leader election (no leader contacted us within the election timeout)
I20260608 10:07:43.423532 25906 raft_consensus.cc:3060] T 8f18dc195e5b4deaa736045ce45ee9c0 P 164a2d40352d4019827147785222ce10 [term 0 FOLLOWER]: Advancing to term 1
I20260608 10:07:43.424019 25918 raft_consensus.cc:515] T eb5e32c53cf2442eb4e28d95b7ac8c3c P 425b96879b804f3f8265e7375e8f8c64 [term 1 FOLLOWER]: Starting leader election with config: opid_index: -1 OBSOLETE_local: false peers { permanent_uuid: "425b96879b804f3f8265e7375e8f8c64" member_type: VOTER last_known_addr { host: "127.20.162.193" port: 35195 } } peers { permanent_uuid: "393d06661f0d415d8fc136a3e56dbcda" member_type: VOTER last_known_addr { host: "127.20.162.194" port: 36833 } } peers { permanent_uuid: "164a2d40352d4019827147785222ce10" member_type: VOTER last_known_addr { host: "127.20.162.195" port: 45539 } }
I20260608 10:07:43.425243 25680 raft_consensus.cc:2393] T eb5e32c53cf2442eb4e28d95b7ac8c3c P 425b96879b804f3f8265e7375e8f8c64 [term 1 FOLLOWER]: Leader pre-election vote request: Denying vote to candidate 393d06661f0d415d8fc136a3e56dbcda in current term 1: Already voted for candidate 425b96879b804f3f8265e7375e8f8c64 in this term.
I20260608 10:07:43.427534 25722 leader_election.cc:304] T eb5e32c53cf2442eb4e28d95b7ac8c3c P 393d06661f0d415d8fc136a3e56dbcda [CANDIDATE]: Term 1 pre-election: Election decided. Result: candidate lost. Election summary: received 3 responses out of 3 voters: 1 yes votes; 2 no votes. yes voters: 393d06661f0d415d8fc136a3e56dbcda; no voters: 164a2d40352d4019827147785222ce10, 425b96879b804f3f8265e7375e8f8c64
I20260608 10:07:43.428584 25914 raft_consensus.cc:3060] T eb5e32c53cf2442eb4e28d95b7ac8c3c P 393d06661f0d415d8fc136a3e56dbcda [term 0 FOLLOWER]: Advancing to term 1
I20260608 10:07:43.429168 25882 raft_consensus.cc:515] T bedcfe3fe3684d3fbe9516ae9f949886 P 164a2d40352d4019827147785222ce10 [term 1 FOLLOWER]: Starting leader election with config: opid_index: -1 OBSOLETE_local: false peers { permanent_uuid: "425b96879b804f3f8265e7375e8f8c64" member_type: VOTER last_known_addr { host: "127.20.162.193" port: 35195 } } peers { permanent_uuid: "393d06661f0d415d8fc136a3e56dbcda" member_type: VOTER last_known_addr { host: "127.20.162.194" port: 36833 } } peers { permanent_uuid: "164a2d40352d4019827147785222ce10" member_type: VOTER last_known_addr { host: "127.20.162.195" port: 45539 } }
I20260608 10:07:43.432447 25680 tablet_service.cc:1917] Received RequestConsensusVote() RPC: tablet_id: "bedcfe3fe3684d3fbe9516ae9f949886" candidate_uuid: "164a2d40352d4019827147785222ce10" candidate_term: 1 candidate_status { last_received { term: 0 index: 0 } } ignore_live_leader: false dest_uuid: "425b96879b804f3f8265e7375e8f8c64"
I20260608 10:07:43.411641 25913 raft_consensus.cc:515] T eb5e32c53cf2442eb4e28d95b7ac8c3c P 164a2d40352d4019827147785222ce10 [term 1 FOLLOWER]: Starting leader election with config: opid_index: -1 OBSOLETE_local: false peers { permanent_uuid: "425b96879b804f3f8265e7375e8f8c64" member_type: VOTER last_known_addr { host: "127.20.162.193" port: 35195 } } peers { permanent_uuid: "393d06661f0d415d8fc136a3e56dbcda" member_type: VOTER last_known_addr { host: "127.20.162.194" port: 36833 } } peers { permanent_uuid: "164a2d40352d4019827147785222ce10" member_type: VOTER last_known_addr { host: "127.20.162.195" port: 45539 } }
I20260608 10:07:43.433781 25831 raft_consensus.cc:2393] T eb5e32c53cf2442eb4e28d95b7ac8c3c P 164a2d40352d4019827147785222ce10 [term 1 FOLLOWER]: Leader pre-election vote request: Denying vote to candidate 425b96879b804f3f8265e7375e8f8c64 in current term 1: Already voted for candidate 164a2d40352d4019827147785222ce10 in this term.
W20260608 10:07:43.434194 25796 leader_election.cc:343] T bedcfe3fe3684d3fbe9516ae9f949886 P 164a2d40352d4019827147785222ce10 [CANDIDATE]: Term 1 election: Tablet error from VoteRequest() call to peer 425b96879b804f3f8265e7375e8f8c64 (127.20.162.193:35195): Illegal state: must be running to vote when last-logged opid is not known
I20260608 10:07:43.429231 25646 leader_election.cc:304] T fe4e8c5afbaa4933a17b927c81a29aa8 P 425b96879b804f3f8265e7375e8f8c64 [CANDIDATE]: Term 1 election: Election decided. Result: candidate won. Election summary: received 2 responses out of 3 voters: 2 yes votes; 0 no votes. yes voters: 164a2d40352d4019827147785222ce10, 425b96879b804f3f8265e7375e8f8c64; no voters: 
I20260608 10:07:43.435657 25914 raft_consensus.cc:2749] T eb5e32c53cf2442eb4e28d95b7ac8c3c P 393d06661f0d415d8fc136a3e56dbcda [term 1 FOLLOWER]: Leader pre-election lost for term 1. Reason: could not achieve majority
I20260608 10:07:43.436393 25756 tablet_service.cc:1917] Received RequestConsensusVote() RPC: tablet_id: "eb5e32c53cf2442eb4e28d95b7ac8c3c" candidate_uuid: "164a2d40352d4019827147785222ce10" candidate_term: 1 candidate_status { last_received { term: 0 index: 0 } } ignore_live_leader: false dest_uuid: "393d06661f0d415d8fc136a3e56dbcda"
I20260608 10:07:43.441957 25878 tablet_bootstrap.cc:654] T a9b4d70fb8504f90ad016f1fab5fe800 P 164a2d40352d4019827147785222ce10: Neither blocks nor log segments found. Creating new log.
I20260608 10:07:43.437808 25882 leader_election.cc:290] T bedcfe3fe3684d3fbe9516ae9f949886 P 164a2d40352d4019827147785222ce10 [CANDIDATE]: Term 1 election: Requested vote from peers 425b96879b804f3f8265e7375e8f8c64 (127.20.162.193:35195), 393d06661f0d415d8fc136a3e56dbcda (127.20.162.194:36833)
I20260608 10:07:43.438041 25755 tablet_service.cc:1917] Received RequestConsensusVote() RPC: tablet_id: "bedcfe3fe3684d3fbe9516ae9f949886" candidate_uuid: "164a2d40352d4019827147785222ce10" candidate_term: 1 candidate_status { last_received { term: 0 index: 0 } } ignore_live_leader: false dest_uuid: "393d06661f0d415d8fc136a3e56dbcda"
I20260608 10:07:43.444860 25755 raft_consensus.cc:3060] T bedcfe3fe3684d3fbe9516ae9f949886 P 393d06661f0d415d8fc136a3e56dbcda [term 0 FOLLOWER]: Advancing to term 1
I20260608 10:07:43.436228 25680 tablet_service.cc:1917] Received RequestConsensusVote() RPC: tablet_id: "eb5e32c53cf2442eb4e28d95b7ac8c3c" candidate_uuid: "164a2d40352d4019827147785222ce10" candidate_term: 1 candidate_status { last_received { term: 0 index: 0 } } ignore_live_leader: false dest_uuid: "425b96879b804f3f8265e7375e8f8c64"
I20260608 10:07:43.437561 25916 raft_consensus.cc:2804] T fe4e8c5afbaa4933a17b927c81a29aa8 P 425b96879b804f3f8265e7375e8f8c64 [term 1 FOLLOWER]: Leader election won for term 1
I20260608 10:07:43.446084 25680 raft_consensus.cc:2393] T eb5e32c53cf2442eb4e28d95b7ac8c3c P 425b96879b804f3f8265e7375e8f8c64 [term 1 FOLLOWER]: Leader election vote request: Denying vote to candidate 164a2d40352d4019827147785222ce10 in current term 1: Already voted for candidate 425b96879b804f3f8265e7375e8f8c64 in this term.
I20260608 10:07:43.452337 25916 raft_consensus.cc:697] T fe4e8c5afbaa4933a17b927c81a29aa8 P 425b96879b804f3f8265e7375e8f8c64 [term 1 LEADER]: Becoming Leader. State: Replica: 425b96879b804f3f8265e7375e8f8c64, State: Running, Role: LEADER
I20260608 10:07:43.453657 25918 leader_election.cc:290] T eb5e32c53cf2442eb4e28d95b7ac8c3c P 425b96879b804f3f8265e7375e8f8c64 [CANDIDATE]: Term 1 election: Requested vote from peers 393d06661f0d415d8fc136a3e56dbcda (127.20.162.194:36833), 164a2d40352d4019827147785222ce10 (127.20.162.195:45539)
I20260608 10:07:43.453333 25916 consensus_queue.cc:237] T fe4e8c5afbaa4933a17b927c81a29aa8 P 425b96879b804f3f8265e7375e8f8c64 [LEADER]: Queue going to LEADER mode. State: All replicated index: 0, Majority replicated index: 0, Committed index: 0, Last appended: 0.0, Last appended by leader: 0, Current term: 1, Majority size: 2, State: 0, Mode: LEADER, active raft config: opid_index: -1 OBSOLETE_local: false peers { permanent_uuid: "164a2d40352d4019827147785222ce10" member_type: VOTER last_known_addr { host: "127.20.162.195" port: 45539 } } peers { permanent_uuid: "425b96879b804f3f8265e7375e8f8c64" member_type: VOTER last_known_addr { host: "127.20.162.193" port: 35195 } } peers { permanent_uuid: "393d06661f0d415d8fc136a3e56dbcda" member_type: VOTER last_known_addr { host: "127.20.162.194" port: 36833 } }
I20260608 10:07:43.432349 25757 raft_consensus.cc:2468] T fe4e8c5afbaa4933a17b927c81a29aa8 P 393d06661f0d415d8fc136a3e56dbcda [term 1 FOLLOWER]: Leader election vote request: Granting yes vote for candidate 425b96879b804f3f8265e7375e8f8c64 in term 1.
I20260608 10:07:43.455039 25754 tablet_service.cc:1917] Received RequestConsensusVote() RPC: tablet_id: "eb5e32c53cf2442eb4e28d95b7ac8c3c" candidate_uuid: "425b96879b804f3f8265e7375e8f8c64" candidate_term: 1 candidate_status { last_received { term: 0 index: 0 } } ignore_live_leader: false dest_uuid: "393d06661f0d415d8fc136a3e56dbcda"
I20260608 10:07:43.456738 25755 raft_consensus.cc:2468] T bedcfe3fe3684d3fbe9516ae9f949886 P 393d06661f0d415d8fc136a3e56dbcda [term 1 FOLLOWER]: Leader election vote request: Granting yes vote for candidate 164a2d40352d4019827147785222ce10 in term 1.
I20260608 10:07:43.460430 25884 raft_consensus.cc:2749] T fe4e8c5afbaa4933a17b927c81a29aa8 P 393d06661f0d415d8fc136a3e56dbcda [term 1 FOLLOWER]: Leader pre-election lost for term 1. Reason: could not achieve majority
I20260608 10:07:43.457106 25876 tablet_bootstrap.cc:654] T bedcfe3fe3684d3fbe9516ae9f949886 P 425b96879b804f3f8265e7375e8f8c64: Neither blocks nor log segments found. Creating new log.
I20260608 10:07:43.438233 25906 raft_consensus.cc:515] T 8f18dc195e5b4deaa736045ce45ee9c0 P 164a2d40352d4019827147785222ce10 [term 1 FOLLOWER]: Starting leader election with config: opid_index: -1 OBSOLETE_local: false peers { permanent_uuid: "425b96879b804f3f8265e7375e8f8c64" member_type: VOTER last_known_addr { host: "127.20.162.193" port: 35195 } } peers { permanent_uuid: "393d06661f0d415d8fc136a3e56dbcda" member_type: VOTER last_known_addr { host: "127.20.162.194" port: 36833 } } peers { permanent_uuid: "164a2d40352d4019827147785222ce10" member_type: VOTER last_known_addr { host: "127.20.162.195" port: 45539 } }
I20260608 10:07:43.462749 25906 leader_election.cc:290] T 8f18dc195e5b4deaa736045ce45ee9c0 P 164a2d40352d4019827147785222ce10 [CANDIDATE]: Term 1 election: Requested vote from peers 425b96879b804f3f8265e7375e8f8c64 (127.20.162.193:35195), 393d06661f0d415d8fc136a3e56dbcda (127.20.162.194:36833)
I20260608 10:07:43.434921 25913 leader_election.cc:290] T eb5e32c53cf2442eb4e28d95b7ac8c3c P 164a2d40352d4019827147785222ce10 [CANDIDATE]: Term 1 election: Requested vote from peers 425b96879b804f3f8265e7375e8f8c64 (127.20.162.193:35195), 393d06661f0d415d8fc136a3e56dbcda (127.20.162.194:36833)
I20260608 10:07:43.459782 25881 raft_consensus.cc:515] T 8f18dc195e5b4deaa736045ce45ee9c0 P 425b96879b804f3f8265e7375e8f8c64 [term 1 FOLLOWER]: Starting leader election with config: opid_index: -1 OBSOLETE_local: false peers { permanent_uuid: "425b96879b804f3f8265e7375e8f8c64" member_type: VOTER last_known_addr { host: "127.20.162.193" port: 35195 } } peers { permanent_uuid: "393d06661f0d415d8fc136a3e56dbcda" member_type: VOTER last_known_addr { host: "127.20.162.194" port: 36833 } } peers { permanent_uuid: "164a2d40352d4019827147785222ce10" member_type: VOTER last_known_addr { host: "127.20.162.195" port: 45539 } }
I20260608 10:07:43.464815 25831 tablet_service.cc:1917] Received RequestConsensusVote() RPC: tablet_id: "eb5e32c53cf2442eb4e28d95b7ac8c3c" candidate_uuid: "425b96879b804f3f8265e7375e8f8c64" candidate_term: 1 candidate_status { last_received { term: 0 index: 0 } } ignore_live_leader: false dest_uuid: "164a2d40352d4019827147785222ce10"
I20260608 10:07:43.465665 25831 raft_consensus.cc:2393] T eb5e32c53cf2442eb4e28d95b7ac8c3c P 164a2d40352d4019827147785222ce10 [term 1 FOLLOWER]: Leader election vote request: Denying vote to candidate 425b96879b804f3f8265e7375e8f8c64 in current term 1: Already voted for candidate 164a2d40352d4019827147785222ce10 in this term.
I20260608 10:07:43.465342 25579 catalog_manager.cc:5696] T a9b4d70fb8504f90ad016f1fab5fe800 P 425b96879b804f3f8265e7375e8f8c64 reported cstate change: term changed from 0 to 1, leader changed from <none> to 425b96879b804f3f8265e7375e8f8c64 (127.20.162.193). New cstate: current_term: 1 leader_uuid: "425b96879b804f3f8265e7375e8f8c64" committed_config { opid_index: -1 OBSOLETE_local: false peers { permanent_uuid: "425b96879b804f3f8265e7375e8f8c64" member_type: VOTER last_known_addr { host: "127.20.162.193" port: 35195 } health_report { overall_health: HEALTHY } } peers { permanent_uuid: "393d06661f0d415d8fc136a3e56dbcda" member_type: VOTER last_known_addr { host: "127.20.162.194" port: 36833 } health_report { overall_health: UNKNOWN } } peers { permanent_uuid: "164a2d40352d4019827147785222ce10" member_type: VOTER last_known_addr { host: "127.20.162.195" port: 45539 } health_report { overall_health: UNKNOWN } } }
I20260608 10:07:43.468184 25754 tablet_service.cc:1917] Received RequestConsensusVote() RPC: tablet_id: "8f18dc195e5b4deaa736045ce45ee9c0" candidate_uuid: "425b96879b804f3f8265e7375e8f8c64" candidate_term: 1 candidate_status { last_received { term: 0 index: 0 } } ignore_live_leader: false dest_uuid: "393d06661f0d415d8fc136a3e56dbcda"
I20260608 10:07:43.468974 25754 raft_consensus.cc:3060] T 8f18dc195e5b4deaa736045ce45ee9c0 P 393d06661f0d415d8fc136a3e56dbcda [term 0 FOLLOWER]: Advancing to term 1
I20260608 10:07:43.470192 25794 leader_election.cc:304] T bedcfe3fe3684d3fbe9516ae9f949886 P 164a2d40352d4019827147785222ce10 [CANDIDATE]: Term 1 election: Election decided. Result: candidate won. Election summary: received 3 responses out of 3 voters: 2 yes votes; 1 no votes. yes voters: 164a2d40352d4019827147785222ce10, 393d06661f0d415d8fc136a3e56dbcda; no voters: 425b96879b804f3f8265e7375e8f8c64
I20260608 10:07:43.472623 25646 leader_election.cc:304] T eb5e32c53cf2442eb4e28d95b7ac8c3c P 425b96879b804f3f8265e7375e8f8c64 [CANDIDATE]: Term 1 election: Election decided. Result: candidate lost. Election summary: received 3 responses out of 3 voters: 1 yes votes; 2 no votes. yes voters: 425b96879b804f3f8265e7375e8f8c64; no voters: 164a2d40352d4019827147785222ce10, 393d06661f0d415d8fc136a3e56dbcda
I20260608 10:07:43.473021 25755 tablet_service.cc:1917] Received RequestConsensusVote() RPC: tablet_id: "8f18dc195e5b4deaa736045ce45ee9c0" candidate_uuid: "164a2d40352d4019827147785222ce10" candidate_term: 1 candidate_status { last_received { term: 0 index: 0 } } ignore_live_leader: false dest_uuid: "393d06661f0d415d8fc136a3e56dbcda"
I20260608 10:07:43.473372 25913 raft_consensus.cc:2804] T bedcfe3fe3684d3fbe9516ae9f949886 P 164a2d40352d4019827147785222ce10 [term 1 FOLLOWER]: Leader election won for term 1
I20260608 10:07:43.473879 25918 raft_consensus.cc:2749] T eb5e32c53cf2442eb4e28d95b7ac8c3c P 425b96879b804f3f8265e7375e8f8c64 [term 1 FOLLOWER]: Leader election lost for term 1. Reason: could not achieve majority
I20260608 10:07:43.473968 25913 raft_consensus.cc:697] T bedcfe3fe3684d3fbe9516ae9f949886 P 164a2d40352d4019827147785222ce10 [term 1 LEADER]: Becoming Leader. State: Replica: 164a2d40352d4019827147785222ce10, State: Running, Role: LEADER
I20260608 10:07:43.475962 25756 raft_consensus.cc:2468] T eb5e32c53cf2442eb4e28d95b7ac8c3c P 393d06661f0d415d8fc136a3e56dbcda [term 1 FOLLOWER]: Leader election vote request: Granting yes vote for candidate 164a2d40352d4019827147785222ce10 in term 1.
I20260608 10:07:43.475589 25913 consensus_queue.cc:237] T bedcfe3fe3684d3fbe9516ae9f949886 P 164a2d40352d4019827147785222ce10 [LEADER]: Queue going to LEADER mode. State: All replicated index: 0, Majority replicated index: 0, Committed index: 0, Last appended: 0.0, Last appended by leader: 0, Current term: 1, Majority size: 2, State: 0, Mode: LEADER, active raft config: opid_index: -1 OBSOLETE_local: false peers { permanent_uuid: "425b96879b804f3f8265e7375e8f8c64" member_type: VOTER last_known_addr { host: "127.20.162.193" port: 35195 } } peers { permanent_uuid: "393d06661f0d415d8fc136a3e56dbcda" member_type: VOTER last_known_addr { host: "127.20.162.194" port: 36833 } } peers { permanent_uuid: "164a2d40352d4019827147785222ce10" member_type: VOTER last_known_addr { host: "127.20.162.195" port: 45539 } }
I20260608 10:07:43.476583 25680 tablet_service.cc:1917] Received RequestConsensusVote() RPC: tablet_id: "8f18dc195e5b4deaa736045ce45ee9c0" candidate_uuid: "164a2d40352d4019827147785222ce10" candidate_term: 1 candidate_status { last_received { term: 0 index: 0 } } ignore_live_leader: false dest_uuid: "425b96879b804f3f8265e7375e8f8c64"
I20260608 10:07:43.477206 25794 leader_election.cc:304] T eb5e32c53cf2442eb4e28d95b7ac8c3c P 164a2d40352d4019827147785222ce10 [CANDIDATE]: Term 1 election: Election decided. Result: candidate won. Election summary: received 3 responses out of 3 voters: 2 yes votes; 1 no votes. yes voters: 164a2d40352d4019827147785222ce10, 393d06661f0d415d8fc136a3e56dbcda; no voters: 425b96879b804f3f8265e7375e8f8c64
I20260608 10:07:43.477483 25680 raft_consensus.cc:2393] T 8f18dc195e5b4deaa736045ce45ee9c0 P 425b96879b804f3f8265e7375e8f8c64 [term 1 FOLLOWER]: Leader election vote request: Denying vote to candidate 164a2d40352d4019827147785222ce10 in current term 1: Already voted for candidate 425b96879b804f3f8265e7375e8f8c64 in this term.
I20260608 10:07:43.478097 25906 raft_consensus.cc:2804] T eb5e32c53cf2442eb4e28d95b7ac8c3c P 164a2d40352d4019827147785222ce10 [term 1 FOLLOWER]: Leader election won for term 1
I20260608 10:07:43.479323 25906 raft_consensus.cc:697] T eb5e32c53cf2442eb4e28d95b7ac8c3c P 164a2d40352d4019827147785222ce10 [term 1 LEADER]: Becoming Leader. State: Replica: 164a2d40352d4019827147785222ce10, State: Running, Role: LEADER
I20260608 10:07:43.480255 25906 consensus_queue.cc:237] T eb5e32c53cf2442eb4e28d95b7ac8c3c P 164a2d40352d4019827147785222ce10 [LEADER]: Queue going to LEADER mode. State: All replicated index: 0, Majority replicated index: 0, Committed index: 0, Last appended: 0.0, Last appended by leader: 0, Current term: 1, Majority size: 2, State: 0, Mode: LEADER, active raft config: opid_index: -1 OBSOLETE_local: false peers { permanent_uuid: "425b96879b804f3f8265e7375e8f8c64" member_type: VOTER last_known_addr { host: "127.20.162.193" port: 35195 } } peers { permanent_uuid: "393d06661f0d415d8fc136a3e56dbcda" member_type: VOTER last_known_addr { host: "127.20.162.194" port: 36833 } } peers { permanent_uuid: "164a2d40352d4019827147785222ce10" member_type: VOTER last_known_addr { host: "127.20.162.195" port: 45539 } }
I20260608 10:07:43.479344 25796 leader_election.cc:304] T 8f18dc195e5b4deaa736045ce45ee9c0 P 164a2d40352d4019827147785222ce10 [CANDIDATE]: Term 1 election: Election decided. Result: candidate lost. Election summary: received 3 responses out of 3 voters: 1 yes votes; 2 no votes. yes voters: 164a2d40352d4019827147785222ce10; no voters: 393d06661f0d415d8fc136a3e56dbcda, 425b96879b804f3f8265e7375e8f8c64
I20260608 10:07:43.482726 25882 raft_consensus.cc:2749] T 8f18dc195e5b4deaa736045ce45ee9c0 P 164a2d40352d4019827147785222ce10 [term 1 FOLLOWER]: Leader election lost for term 1. Reason: could not achieve majority
I20260608 10:07:43.490561 25831 tablet_service.cc:1917] Received RequestConsensusVote() RPC: tablet_id: "8f18dc195e5b4deaa736045ce45ee9c0" candidate_uuid: "425b96879b804f3f8265e7375e8f8c64" candidate_term: 1 candidate_status { last_received { term: 0 index: 0 } } ignore_live_leader: false dest_uuid: "164a2d40352d4019827147785222ce10"
I20260608 10:07:43.491487 25831 raft_consensus.cc:2393] T 8f18dc195e5b4deaa736045ce45ee9c0 P 164a2d40352d4019827147785222ce10 [term 1 FOLLOWER]: Leader election vote request: Denying vote to candidate 425b96879b804f3f8265e7375e8f8c64 in current term 1: Already voted for candidate 164a2d40352d4019827147785222ce10 in this term.
I20260608 10:07:43.493067 25881 leader_election.cc:290] T 8f18dc195e5b4deaa736045ce45ee9c0 P 425b96879b804f3f8265e7375e8f8c64 [CANDIDATE]: Term 1 election: Requested vote from peers 393d06661f0d415d8fc136a3e56dbcda (127.20.162.194:36833), 164a2d40352d4019827147785222ce10 (127.20.162.195:45539)
I20260608 10:07:43.494652 25877 tablet_bootstrap.cc:654] T 902316183e914b348d754fb97ae18e1d P 393d06661f0d415d8fc136a3e56dbcda: Neither blocks nor log segments found. Creating new log.
I20260608 10:07:43.501024 25754 raft_consensus.cc:2468] T 8f18dc195e5b4deaa736045ce45ee9c0 P 393d06661f0d415d8fc136a3e56dbcda [term 1 FOLLOWER]: Leader election vote request: Granting yes vote for candidate 425b96879b804f3f8265e7375e8f8c64 in term 1.
I20260608 10:07:43.502453 25645 leader_election.cc:304] T 8f18dc195e5b4deaa736045ce45ee9c0 P 425b96879b804f3f8265e7375e8f8c64 [CANDIDATE]: Term 1 election: Election decided. Result: candidate won. Election summary: received 3 responses out of 3 voters: 2 yes votes; 1 no votes. yes voters: 393d06661f0d415d8fc136a3e56dbcda, 425b96879b804f3f8265e7375e8f8c64; no voters: 164a2d40352d4019827147785222ce10
I20260608 10:07:43.504388 25881 raft_consensus.cc:2804] T 8f18dc195e5b4deaa736045ce45ee9c0 P 425b96879b804f3f8265e7375e8f8c64 [term 1 FOLLOWER]: Leader election won for term 1
I20260608 10:07:43.511816 25881 raft_consensus.cc:697] T 8f18dc195e5b4deaa736045ce45ee9c0 P 425b96879b804f3f8265e7375e8f8c64 [term 1 LEADER]: Becoming Leader. State: Replica: 425b96879b804f3f8265e7375e8f8c64, State: Running, Role: LEADER
I20260608 10:07:43.513144 25881 consensus_queue.cc:237] T 8f18dc195e5b4deaa736045ce45ee9c0 P 425b96879b804f3f8265e7375e8f8c64 [LEADER]: Queue going to LEADER mode. State: All replicated index: 0, Majority replicated index: 0, Committed index: 0, Last appended: 0.0, Last appended by leader: 0, Current term: 1, Majority size: 2, State: 0, Mode: LEADER, active raft config: opid_index: -1 OBSOLETE_local: false peers { permanent_uuid: "425b96879b804f3f8265e7375e8f8c64" member_type: VOTER last_known_addr { host: "127.20.162.193" port: 35195 } } peers { permanent_uuid: "393d06661f0d415d8fc136a3e56dbcda" member_type: VOTER last_known_addr { host: "127.20.162.194" port: 36833 } } peers { permanent_uuid: "164a2d40352d4019827147785222ce10" member_type: VOTER last_known_addr { host: "127.20.162.195" port: 45539 } }
I20260608 10:07:43.516945 25876 tablet_bootstrap.cc:492] T bedcfe3fe3684d3fbe9516ae9f949886 P 425b96879b804f3f8265e7375e8f8c64: No bootstrap required, opened a new log
I20260608 10:07:43.517469 25876 ts_tablet_manager.cc:1403] T bedcfe3fe3684d3fbe9516ae9f949886 P 425b96879b804f3f8265e7375e8f8c64: Time spent bootstrapping tablet: real 0.122s	user 0.019s	sys 0.012s
I20260608 10:07:43.518014 25579 catalog_manager.cc:5696] T 1013518558de4c0d8363c9255dbe86b4 P 164a2d40352d4019827147785222ce10 reported cstate change: term changed from 0 to 1, leader changed from <none> to 164a2d40352d4019827147785222ce10 (127.20.162.195). New cstate: current_term: 1 leader_uuid: "164a2d40352d4019827147785222ce10" committed_config { opid_index: -1 OBSOLETE_local: false peers { permanent_uuid: "425b96879b804f3f8265e7375e8f8c64" member_type: VOTER last_known_addr { host: "127.20.162.193" port: 35195 } health_report { overall_health: UNKNOWN } } peers { permanent_uuid: "393d06661f0d415d8fc136a3e56dbcda" member_type: VOTER last_known_addr { host: "127.20.162.194" port: 36833 } health_report { overall_health: UNKNOWN } } peers { permanent_uuid: "164a2d40352d4019827147785222ce10" member_type: VOTER last_known_addr { host: "127.20.162.195" port: 45539 } health_report { overall_health: HEALTHY } } }
