I20260608 09:48:47.328526 11099 raft_consensus.cc:2955] T 38df793804e9480f87247854dad3c1ad P 54a38f661b2e4c36b52b97fff5b81038 [term 1 LEADER]: Committing config change with OpId 1.2: config changed from index -1 to 2, NON_VOTER c89de32fb51e4375a20b42087236ad00 (127.7.174.4) added. New config: { opid_index: 2 OBSOLETE_local: false peers { permanent_uuid: "9981b447bd674308b43c3e5417c75e0b" member_type: VOTER last_known_addr { host: "127.7.174.2" port: 40767 } attrs { replace: true } } peers { permanent_uuid: "54a38f661b2e4c36b52b97fff5b81038" member_type: VOTER last_known_addr { host: "127.7.174.1" port: 46561 } } peers { permanent_uuid: "f5ffa4ff2d0e4bdd82ef421e5da9e736" member_type: VOTER last_known_addr { host: "127.7.174.3" port: 43691 } } peers { permanent_uuid: "c89de32fb51e4375a20b42087236ad00" member_type: NON_VOTER last_known_addr { host: "127.7.174.4" port: 45861 } attrs { promote: true } } }
I20260608 09:48:47.331283 11011 raft_consensus.cc:2955] T 38df793804e9480f87247854dad3c1ad P f5ffa4ff2d0e4bdd82ef421e5da9e736 [term 1 FOLLOWER]: Committing config change with OpId 1.2: config changed from index -1 to 2, NON_VOTER c89de32fb51e4375a20b42087236ad00 (127.7.174.4) added. New config: { opid_index: 2 OBSOLETE_local: false peers { permanent_uuid: "9981b447bd674308b43c3e5417c75e0b" member_type: VOTER last_known_addr { host: "127.7.174.2" port: 40767 } attrs { replace: true } } peers { permanent_uuid: "54a38f661b2e4c36b52b97fff5b81038" member_type: VOTER last_known_addr { host: "127.7.174.1" port: 46561 } } peers { permanent_uuid: "f5ffa4ff2d0e4bdd82ef421e5da9e736" member_type: VOTER last_known_addr { host: "127.7.174.3" port: 43691 } } peers { permanent_uuid: "c89de32fb51e4375a20b42087236ad00" member_type: NON_VOTER last_known_addr { host: "127.7.174.4" port: 45861 } attrs { promote: true } } }
I20260608 09:48:47.333318 10936 raft_consensus.cc:2955] T 38df793804e9480f87247854dad3c1ad P 9981b447bd674308b43c3e5417c75e0b [term 1 FOLLOWER]: Committing config change with OpId 1.2: config changed from index -1 to 2, NON_VOTER c89de32fb51e4375a20b42087236ad00 (127.7.174.4) added. New config: { opid_index: 2 OBSOLETE_local: false peers { permanent_uuid: "9981b447bd674308b43c3e5417c75e0b" member_type: VOTER last_known_addr { host: "127.7.174.2" port: 40767 } attrs { replace: true } } peers { permanent_uuid: "54a38f661b2e4c36b52b97fff5b81038" member_type: VOTER last_known_addr { host: "127.7.174.1" port: 46561 } } peers { permanent_uuid: "f5ffa4ff2d0e4bdd82ef421e5da9e736" member_type: VOTER last_known_addr { host: "127.7.174.3" port: 43691 } } peers { permanent_uuid: "c89de32fb51e4375a20b42087236ad00" member_type: NON_VOTER last_known_addr { host: "127.7.174.4" port: 45861 } attrs { promote: true } } }
I20260608 09:48:47.345286 10860 consensus_queue.cc:237] T 8c351e66db394338850be0e1ddec6265 P 54a38f661b2e4c36b52b97fff5b81038 [LEADER]: Queue going to LEADER mode. State: All replicated index: 0, Majority replicated index: 1, Committed index: 1, Last appended: 1.1, Last appended by leader: 0, Current term: 1, Majority size: 2, State: 0, Mode: LEADER, active raft config: opid_index: 2 OBSOLETE_local: false peers { permanent_uuid: "54a38f661b2e4c36b52b97fff5b81038" member_type: VOTER last_known_addr { host: "127.7.174.1" port: 46561 } } peers { permanent_uuid: "9981b447bd674308b43c3e5417c75e0b" member_type: VOTER last_known_addr { host: "127.7.174.2" port: 40767 } } peers { permanent_uuid: "f5ffa4ff2d0e4bdd82ef421e5da9e736" member_type: VOTER last_known_addr { host: "127.7.174.3" port: 43691 } attrs { replace: true } } peers { permanent_uuid: "c89de32fb51e4375a20b42087236ad00" member_type: NON_VOTER last_known_addr { host: "127.7.174.4" port: 45861 } attrs { promote: true } }
I20260608 09:48:47.350059 10759 catalog_manager.cc:5696] T 38df793804e9480f87247854dad3c1ad P f5ffa4ff2d0e4bdd82ef421e5da9e736 reported cstate change: config changed from index -1 to 2, NON_VOTER c89de32fb51e4375a20b42087236ad00 (127.7.174.4) added. New cstate: current_term: 1 leader_uuid: "54a38f661b2e4c36b52b97fff5b81038" committed_config { opid_index: 2 OBSOLETE_local: false peers { permanent_uuid: "9981b447bd674308b43c3e5417c75e0b" member_type: VOTER last_known_addr { host: "127.7.174.2" port: 40767 } attrs { replace: true } } peers { permanent_uuid: "54a38f661b2e4c36b52b97fff5b81038" member_type: VOTER last_known_addr { host: "127.7.174.1" port: 46561 } } peers { permanent_uuid: "f5ffa4ff2d0e4bdd82ef421e5da9e736" member_type: VOTER last_known_addr { host: "127.7.174.3" port: 43691 } } peers { permanent_uuid: "c89de32fb51e4375a20b42087236ad00" member_type: NON_VOTER last_known_addr { host: "127.7.174.4" port: 45861 } attrs { promote: true } } }
W20260608 09:48:47.357993 10825 consensus_peers.cc:597] T 8c351e66db394338850be0e1ddec6265 P 54a38f661b2e4c36b52b97fff5b81038 -> Peer c89de32fb51e4375a20b42087236ad00 (127.7.174.4:45861): Couldn't send request to peer c89de32fb51e4375a20b42087236ad00. Error code: TABLET_NOT_FOUND (6). Status: Not found: Tablet not found: 8c351e66db394338850be0e1ddec6265. This is attempt 1: this message will repeat every 5th retry.
I20260608 09:48:47.360864 11011 raft_consensus.cc:1275] T 8c351e66db394338850be0e1ddec6265 P f5ffa4ff2d0e4bdd82ef421e5da9e736 [term 1 FOLLOWER]: Refusing update from remote peer 54a38f661b2e4c36b52b97fff5b81038: Log matching property violated. Preceding OpId in replica: term: 1 index: 1. Preceding OpId from leader: term: 1 index: 2. (index mismatch)
I20260608 09:48:47.362488 11099 consensus_queue.cc:1048] T 8c351e66db394338850be0e1ddec6265 P 54a38f661b2e4c36b52b97fff5b81038 [LEADER]: Connected to new peer: Peer: permanent_uuid: "f5ffa4ff2d0e4bdd82ef421e5da9e736" member_type: VOTER last_known_addr { host: "127.7.174.3" port: 43691 } attrs { replace: true }, Status: LMP_MISMATCH, Last received: 0.0, Next index: 2, Last known committed idx: 1, Time since last communication: 0.000s
I20260608 09:48:47.366696 10936 raft_consensus.cc:1275] T 8c351e66db394338850be0e1ddec6265 P 9981b447bd674308b43c3e5417c75e0b [term 1 FOLLOWER]: Refusing update from remote peer 54a38f661b2e4c36b52b97fff5b81038: Log matching property violated. Preceding OpId in replica: term: 1 index: 1. Preceding OpId from leader: term: 1 index: 2. (index mismatch)
I20260608 09:48:47.369673 11099 consensus_queue.cc:1048] T 8c351e66db394338850be0e1ddec6265 P 54a38f661b2e4c36b52b97fff5b81038 [LEADER]: Connected to new peer: Peer: permanent_uuid: "9981b447bd674308b43c3e5417c75e0b" member_type: VOTER last_known_addr { host: "127.7.174.2" port: 40767 }, Status: LMP_MISMATCH, Last received: 0.0, Next index: 2, Last known committed idx: 1, Time since last communication: 0.000s
I20260608 09:48:47.391959 11068 raft_consensus.cc:2955] T 8c351e66db394338850be0e1ddec6265 P 54a38f661b2e4c36b52b97fff5b81038 [term 1 LEADER]: Committing config change with OpId 1.2: config changed from index -1 to 2, NON_VOTER c89de32fb51e4375a20b42087236ad00 (127.7.174.4) added. New config: { opid_index: 2 OBSOLETE_local: false peers { permanent_uuid: "54a38f661b2e4c36b52b97fff5b81038" member_type: VOTER last_known_addr { host: "127.7.174.1" port: 46561 } } peers { permanent_uuid: "9981b447bd674308b43c3e5417c75e0b" member_type: VOTER last_known_addr { host: "127.7.174.2" port: 40767 } } peers { permanent_uuid: "f5ffa4ff2d0e4bdd82ef421e5da9e736" member_type: VOTER last_known_addr { host: "127.7.174.3" port: 43691 } attrs { replace: true } } peers { permanent_uuid: "c89de32fb51e4375a20b42087236ad00" member_type: NON_VOTER last_known_addr { host: "127.7.174.4" port: 45861 } attrs { promote: true } } }
I20260608 09:48:47.408685 11010 raft_consensus.cc:2955] T 8c351e66db394338850be0e1ddec6265 P f5ffa4ff2d0e4bdd82ef421e5da9e736 [term 1 FOLLOWER]: Committing config change with OpId 1.2: config changed from index -1 to 2, NON_VOTER c89de32fb51e4375a20b42087236ad00 (127.7.174.4) added. New config: { opid_index: 2 OBSOLETE_local: false peers { permanent_uuid: "54a38f661b2e4c36b52b97fff5b81038" member_type: VOTER last_known_addr { host: "127.7.174.1" port: 46561 } } peers { permanent_uuid: "9981b447bd674308b43c3e5417c75e0b" member_type: VOTER last_known_addr { host: "127.7.174.2" port: 40767 } } peers { permanent_uuid: "f5ffa4ff2d0e4bdd82ef421e5da9e736" member_type: VOTER last_known_addr { host: "127.7.174.3" port: 43691 } attrs { replace: true } } peers { permanent_uuid: "c89de32fb51e4375a20b42087236ad00" member_type: NON_VOTER last_known_addr { host: "127.7.174.4" port: 45861 } attrs { promote: true } } }
I20260608 09:48:47.423426 10760 catalog_manager.cc:5696] T 8c351e66db394338850be0e1ddec6265 P f5ffa4ff2d0e4bdd82ef421e5da9e736 reported cstate change: config changed from index -1 to 2, NON_VOTER c89de32fb51e4375a20b42087236ad00 (127.7.174.4) added. New cstate: current_term: 1 leader_uuid: "54a38f661b2e4c36b52b97fff5b81038" committed_config { opid_index: 2 OBSOLETE_local: false peers { permanent_uuid: "54a38f661b2e4c36b52b97fff5b81038" member_type: VOTER last_known_addr { host: "127.7.174.1" port: 46561 } } peers { permanent_uuid: "9981b447bd674308b43c3e5417c75e0b" member_type: VOTER last_known_addr { host: "127.7.174.2" port: 40767 } } peers { permanent_uuid: "f5ffa4ff2d0e4bdd82ef421e5da9e736" member_type: VOTER last_known_addr { host: "127.7.174.3" port: 43691 } attrs { replace: true } } peers { permanent_uuid: "c89de32fb51e4375a20b42087236ad00" member_type: NON_VOTER last_known_addr { host: "127.7.174.4" port: 45861 } attrs { promote: true } } }
I20260608 09:48:47.418552 10936 raft_consensus.cc:2955] T 8c351e66db394338850be0e1ddec6265 P 9981b447bd674308b43c3e5417c75e0b [term 1 FOLLOWER]: Committing config change with OpId 1.2: config changed from index -1 to 2, NON_VOTER c89de32fb51e4375a20b42087236ad00 (127.7.174.4) added. New config: { opid_index: 2 OBSOLETE_local: false peers { permanent_uuid: "54a38f661b2e4c36b52b97fff5b81038" member_type: VOTER last_known_addr { host: "127.7.174.1" port: 46561 } } peers { permanent_uuid: "9981b447bd674308b43c3e5417c75e0b" member_type: VOTER last_known_addr { host: "127.7.174.2" port: 40767 } } peers { permanent_uuid: "f5ffa4ff2d0e4bdd82ef421e5da9e736" member_type: VOTER last_known_addr { host: "127.7.174.3" port: 43691 } attrs { replace: true } } peers { permanent_uuid: "c89de32fb51e4375a20b42087236ad00" member_type: NON_VOTER last_known_addr { host: "127.7.174.4" port: 45861 } attrs { promote: true } } }
I20260608 09:48:47.450409 10936 consensus_queue.cc:237] T 13d252dcb8594d1ca42f0e11f35fa72a P 9981b447bd674308b43c3e5417c75e0b [LEADER]: Queue going to LEADER mode. State: All replicated index: 0, Majority replicated index: 1, Committed index: 1, Last appended: 1.1, Last appended by leader: 0, Current term: 1, Majority size: 2, State: 0, Mode: LEADER, active raft config: opid_index: 2 OBSOLETE_local: false peers { permanent_uuid: "f5ffa4ff2d0e4bdd82ef421e5da9e736" member_type: VOTER last_known_addr { host: "127.7.174.3" port: 43691 } } peers { permanent_uuid: "54a38f661b2e4c36b52b97fff5b81038" member_type: VOTER last_known_addr { host: "127.7.174.1" port: 46561 } attrs { replace: true } } peers { permanent_uuid: "9981b447bd674308b43c3e5417c75e0b" member_type: VOTER last_known_addr { host: "127.7.174.2" port: 40767 } } peers { permanent_uuid: "c89de32fb51e4375a20b42087236ad00" member_type: NON_VOTER last_known_addr { host: "127.7.174.4" port: 45861 } attrs { promote: true } }
I20260608 09:48:47.466125 10860 raft_consensus.cc:1275] T 13d252dcb8594d1ca42f0e11f35fa72a P 54a38f661b2e4c36b52b97fff5b81038 [term 1 FOLLOWER]: Refusing update from remote peer 9981b447bd674308b43c3e5417c75e0b: Log matching property violated. Preceding OpId in replica: term: 1 index: 1. Preceding OpId from leader: term: 1 index: 2. (index mismatch)
I20260608 09:48:47.467621 11012 raft_consensus.cc:1275] T 13d252dcb8594d1ca42f0e11f35fa72a P f5ffa4ff2d0e4bdd82ef421e5da9e736 [term 1 FOLLOWER]: Refusing update from remote peer 9981b447bd674308b43c3e5417c75e0b: Log matching property violated. Preceding OpId in replica: term: 1 index: 1. Preceding OpId from leader: term: 1 index: 2. (index mismatch)
W20260608 09:48:47.469209 10900 consensus_peers.cc:597] T 13d252dcb8594d1ca42f0e11f35fa72a P 9981b447bd674308b43c3e5417c75e0b -> Peer c89de32fb51e4375a20b42087236ad00 (127.7.174.4:45861): Couldn't send request to peer c89de32fb51e4375a20b42087236ad00. Error code: TABLET_NOT_FOUND (6). Status: Not found: Tablet not found: 13d252dcb8594d1ca42f0e11f35fa72a. This is attempt 1: this message will repeat every 5th retry.
I20260608 09:48:47.469662 11309 consensus_queue.cc:1048] T 13d252dcb8594d1ca42f0e11f35fa72a P 9981b447bd674308b43c3e5417c75e0b [LEADER]: Connected to new peer: Peer: permanent_uuid: "54a38f661b2e4c36b52b97fff5b81038" member_type: VOTER last_known_addr { host: "127.7.174.1" port: 46561 } attrs { replace: true }, Status: LMP_MISMATCH, Last received: 0.0, Next index: 2, Last known committed idx: 1, Time since last communication: 0.001s
I20260608 09:48:47.471005 11250 consensus_queue.cc:1048] T 13d252dcb8594d1ca42f0e11f35fa72a P 9981b447bd674308b43c3e5417c75e0b [LEADER]: Connected to new peer: Peer: permanent_uuid: "f5ffa4ff2d0e4bdd82ef421e5da9e736" member_type: VOTER last_known_addr { host: "127.7.174.3" port: 43691 }, Status: LMP_MISMATCH, Last received: 0.0, Next index: 2, Last known committed idx: 1, Time since last communication: 0.000s
I20260608 09:48:47.481729 11012 raft_consensus.cc:2955] T 13d252dcb8594d1ca42f0e11f35fa72a P f5ffa4ff2d0e4bdd82ef421e5da9e736 [term 1 FOLLOWER]: Committing config change with OpId 1.2: config changed from index -1 to 2, NON_VOTER c89de32fb51e4375a20b42087236ad00 (127.7.174.4) added. New config: { opid_index: 2 OBSOLETE_local: false peers { permanent_uuid: "f5ffa4ff2d0e4bdd82ef421e5da9e736" member_type: VOTER last_known_addr { host: "127.7.174.3" port: 43691 } } peers { permanent_uuid: "54a38f661b2e4c36b52b97fff5b81038" member_type: VOTER last_known_addr { host: "127.7.174.1" port: 46561 } attrs { replace: true } } peers { permanent_uuid: "9981b447bd674308b43c3e5417c75e0b" member_type: VOTER last_known_addr { host: "127.7.174.2" port: 40767 } } peers { permanent_uuid: "c89de32fb51e4375a20b42087236ad00" member_type: NON_VOTER last_known_addr { host: "127.7.174.4" port: 45861 } attrs { promote: true } } }
I20260608 09:48:47.483031 10860 raft_consensus.cc:2955] T 13d252dcb8594d1ca42f0e11f35fa72a P 54a38f661b2e4c36b52b97fff5b81038 [term 1 FOLLOWER]: Committing config change with OpId 1.2: config changed from index -1 to 2, NON_VOTER c89de32fb51e4375a20b42087236ad00 (127.7.174.4) added. New config: { opid_index: 2 OBSOLETE_local: false peers { permanent_uuid: "f5ffa4ff2d0e4bdd82ef421e5da9e736" member_type: VOTER last_known_addr { host: "127.7.174.3" port: 43691 } } peers { permanent_uuid: "54a38f661b2e4c36b52b97fff5b81038" member_type: VOTER last_known_addr { host: "127.7.174.1" port: 46561 } attrs { replace: true } } peers { permanent_uuid: "9981b447bd674308b43c3e5417c75e0b" member_type: VOTER last_known_addr { host: "127.7.174.2" port: 40767 } } peers { permanent_uuid: "c89de32fb51e4375a20b42087236ad00" member_type: NON_VOTER last_known_addr { host: "127.7.174.4" port: 45861 } attrs { promote: true } } }
I20260608 09:48:47.479754 11309 raft_consensus.cc:2955] T 13d252dcb8594d1ca42f0e11f35fa72a P 9981b447bd674308b43c3e5417c75e0b [term 1 LEADER]: Committing config change with OpId 1.2: config changed from index -1 to 2, NON_VOTER c89de32fb51e4375a20b42087236ad00 (127.7.174.4) added. New config: { opid_index: 2 OBSOLETE_local: false peers { permanent_uuid: "f5ffa4ff2d0e4bdd82ef421e5da9e736" member_type: VOTER last_known_addr { host: "127.7.174.3" port: 43691 } } peers { permanent_uuid: "54a38f661b2e4c36b52b97fff5b81038" member_type: VOTER last_known_addr { host: "127.7.174.1" port: 46561 } attrs { replace: true } } peers { permanent_uuid: "9981b447bd674308b43c3e5417c75e0b" member_type: VOTER last_known_addr { host: "127.7.174.2" port: 40767 } } peers { permanent_uuid: "c89de32fb51e4375a20b42087236ad00" member_type: NON_VOTER last_known_addr { host: "127.7.174.4" port: 45861 } attrs { promote: true } } }
I20260608 09:48:47.495095 10760 catalog_manager.cc:5696] T 13d252dcb8594d1ca42f0e11f35fa72a P 54a38f661b2e4c36b52b97fff5b81038 reported cstate change: config changed from index -1 to 2, NON_VOTER c89de32fb51e4375a20b42087236ad00 (127.7.174.4) added. New cstate: current_term: 1 leader_uuid: "9981b447bd674308b43c3e5417c75e0b" committed_config { opid_index: 2 OBSOLETE_local: false peers { permanent_uuid: "f5ffa4ff2d0e4bdd82ef421e5da9e736" member_type: VOTER last_known_addr { host: "127.7.174.3" port: 43691 } } peers { permanent_uuid: "54a38f661b2e4c36b52b97fff5b81038" member_type: VOTER last_known_addr { host: "127.7.174.1" port: 46561 } attrs { replace: true } } peers { permanent_uuid: "9981b447bd674308b43c3e5417c75e0b" member_type: VOTER last_known_addr { host: "127.7.174.2" port: 40767 } } peers { permanent_uuid: "c89de32fb51e4375a20b42087236ad00" member_type: NON_VOTER last_known_addr { host: "127.7.174.4" port: 45861 } attrs { promote: true } } }
I20260608 09:48:47.692759 11312 ts_tablet_manager.cc:933] T 38df793804e9480f87247854dad3c1ad P c89de32fb51e4375a20b42087236ad00: Initiating tablet copy from peer 54a38f661b2e4c36b52b97fff5b81038 (127.7.174.1:46561)
I20260608 09:48:47.694769 11312 tablet_copy_client.cc:323] T 38df793804e9480f87247854dad3c1ad P c89de32fb51e4375a20b42087236ad00: tablet copy: Beginning tablet copy session from remote peer at address 127.7.174.1:46561
I20260608 09:48:47.696991 10872 tablet_copy_service.cc:140] P 54a38f661b2e4c36b52b97fff5b81038: Received BeginTabletCopySession request for tablet 38df793804e9480f87247854dad3c1ad from peer c89de32fb51e4375a20b42087236ad00 ({username='slave'} at 127.0.0.1:51826)
I20260608 09:48:47.697675 10872 tablet_copy_service.cc:161] P 54a38f661b2e4c36b52b97fff5b81038: Beginning new tablet copy session on tablet 38df793804e9480f87247854dad3c1ad from peer c89de32fb51e4375a20b42087236ad00 at {username='slave'} at 127.0.0.1:51826: session id = c89de32fb51e4375a20b42087236ad00-38df793804e9480f87247854dad3c1ad
I20260608 09:48:47.710768 10872 tablet_copy_source_session.cc:215] T 38df793804e9480f87247854dad3c1ad P 54a38f661b2e4c36b52b97fff5b81038: Tablet Copy: opened 0 blocks and 1 log segments
I20260608 09:48:47.714246 11312 data_dirs.cc:400] Could only allocate 1 dirs of requested 3 for tablet 38df793804e9480f87247854dad3c1ad. 1 dirs total, 0 dirs full, 0 dirs failed
I20260608 09:48:47.730486 11312 tablet_copy_client.cc:806] T 38df793804e9480f87247854dad3c1ad P c89de32fb51e4375a20b42087236ad00: tablet copy: Starting download of 0 data blocks...
I20260608 09:48:47.731120 11312 tablet_copy_client.cc:670] T 38df793804e9480f87247854dad3c1ad P c89de32fb51e4375a20b42087236ad00: tablet copy: Starting download of 1 WAL segments...
I20260608 09:48:47.735678 11312 tablet_copy_client.cc:538] T 38df793804e9480f87247854dad3c1ad P c89de32fb51e4375a20b42087236ad00: tablet copy: Tablet Copy complete. Replacing tablet superblock.
I20260608 09:48:47.746233 11312 tablet_bootstrap.cc:492] T 38df793804e9480f87247854dad3c1ad P c89de32fb51e4375a20b42087236ad00: Bootstrap starting.
I20260608 09:48:47.769435 11315 ts_tablet_manager.cc:933] T 1980fc9c1fd54455a94c548d679c3556 P c89de32fb51e4375a20b42087236ad00: Initiating tablet copy from peer f5ffa4ff2d0e4bdd82ef421e5da9e736 (127.7.174.3:43691)
I20260608 09:48:47.774981 11317 ts_tablet_manager.cc:933] T 8c351e66db394338850be0e1ddec6265 P c89de32fb51e4375a20b42087236ad00: Initiating tablet copy from peer 54a38f661b2e4c36b52b97fff5b81038 (127.7.174.1:46561)
I20260608 09:48:47.780977 11315 tablet_copy_client.cc:323] T 1980fc9c1fd54455a94c548d679c3556 P c89de32fb51e4375a20b42087236ad00: tablet copy: Beginning tablet copy session from remote peer at address 127.7.174.3:43691
I20260608 09:48:47.782943 11022 tablet_copy_service.cc:140] P f5ffa4ff2d0e4bdd82ef421e5da9e736: Received BeginTabletCopySession request for tablet 1980fc9c1fd54455a94c548d679c3556 from peer c89de32fb51e4375a20b42087236ad00 ({username='slave'} at 127.0.0.1:46784)
I20260608 09:48:47.783479 11022 tablet_copy_service.cc:161] P f5ffa4ff2d0e4bdd82ef421e5da9e736: Beginning new tablet copy session on tablet 1980fc9c1fd54455a94c548d679c3556 from peer c89de32fb51e4375a20b42087236ad00 at {username='slave'} at 127.0.0.1:46784: session id = c89de32fb51e4375a20b42087236ad00-1980fc9c1fd54455a94c548d679c3556
I20260608 09:48:47.788614 11312 tablet_bootstrap.cc:492] T 38df793804e9480f87247854dad3c1ad P c89de32fb51e4375a20b42087236ad00: Bootstrap replayed 1/1 log segments. Stats: ops{read=2 overwritten=0 applied=2 ignored=0} inserts{seen=0 ignored=0} mutations{seen=0 ignored=0} orphaned_commits=0. Pending: 0 replicates
I20260608 09:48:47.791293 11022 tablet_copy_source_session.cc:215] T 1980fc9c1fd54455a94c548d679c3556 P f5ffa4ff2d0e4bdd82ef421e5da9e736: Tablet Copy: opened 0 blocks and 1 log segments
I20260608 09:48:47.792136 11317 tablet_copy_client.cc:323] T 8c351e66db394338850be0e1ddec6265 P c89de32fb51e4375a20b42087236ad00: tablet copy: Beginning tablet copy session from remote peer at address 127.7.174.1:46561
I20260608 09:48:47.793658 11312 tablet_bootstrap.cc:492] T 38df793804e9480f87247854dad3c1ad P c89de32fb51e4375a20b42087236ad00: Bootstrap complete.
I20260608 09:48:47.794442 11312 ts_tablet_manager.cc:1403] T 38df793804e9480f87247854dad3c1ad P c89de32fb51e4375a20b42087236ad00: Time spent bootstrapping tablet: real 0.048s	user 0.030s	sys 0.009s
I20260608 09:48:47.796895 11315 data_dirs.cc:400] Could only allocate 1 dirs of requested 3 for tablet 1980fc9c1fd54455a94c548d679c3556. 1 dirs total, 0 dirs full, 0 dirs failed
I20260608 09:48:47.797603 11312 raft_consensus.cc:359] T 38df793804e9480f87247854dad3c1ad P c89de32fb51e4375a20b42087236ad00 [term 1 LEARNER]: Replica starting. Triggering 0 pending ops. Active config: opid_index: 2 OBSOLETE_local: false peers { permanent_uuid: "9981b447bd674308b43c3e5417c75e0b" member_type: VOTER last_known_addr { host: "127.7.174.2" port: 40767 } attrs { replace: true } } peers { permanent_uuid: "54a38f661b2e4c36b52b97fff5b81038" member_type: VOTER last_known_addr { host: "127.7.174.1" port: 46561 } } peers { permanent_uuid: "f5ffa4ff2d0e4bdd82ef421e5da9e736" member_type: VOTER last_known_addr { host: "127.7.174.3" port: 43691 } } peers { permanent_uuid: "c89de32fb51e4375a20b42087236ad00" member_type: NON_VOTER last_known_addr { host: "127.7.174.4" port: 45861 } attrs { promote: true } }
I20260608 09:48:47.798518 11312 raft_consensus.cc:740] T 38df793804e9480f87247854dad3c1ad P c89de32fb51e4375a20b42087236ad00 [term 1 LEARNER]: Becoming Follower/Learner. State: Replica: c89de32fb51e4375a20b42087236ad00, State: Initialized, Role: LEARNER
I20260608 09:48:47.799271 11312 consensus_queue.cc:260] T 38df793804e9480f87247854dad3c1ad P c89de32fb51e4375a20b42087236ad00 [NON_LEADER]: Queue going to NON_LEADER mode. State: All replicated index: 0, Majority replicated index: 0, Committed index: 2, Last appended: 1.2, Last appended by leader: 2, Current term: 0, Majority size: -1, State: 0, Mode: NON_LEADER, active raft config: opid_index: 2 OBSOLETE_local: false peers { permanent_uuid: "9981b447bd674308b43c3e5417c75e0b" member_type: VOTER last_known_addr { host: "127.7.174.2" port: 40767 } attrs { replace: true } } peers { permanent_uuid: "54a38f661b2e4c36b52b97fff5b81038" member_type: VOTER last_known_addr { host: "127.7.174.1" port: 46561 } } peers { permanent_uuid: "f5ffa4ff2d0e4bdd82ef421e5da9e736" member_type: VOTER last_known_addr { host: "127.7.174.3" port: 43691 } } peers { permanent_uuid: "c89de32fb51e4375a20b42087236ad00" member_type: NON_VOTER last_known_addr { host: "127.7.174.4" port: 45861 } attrs { promote: true } }
I20260608 09:48:47.800999 10872 tablet_copy_service.cc:140] P 54a38f661b2e4c36b52b97fff5b81038: Received BeginTabletCopySession request for tablet 8c351e66db394338850be0e1ddec6265 from peer c89de32fb51e4375a20b42087236ad00 ({username='slave'} at 127.0.0.1:51826)
I20260608 09:48:47.801573 10872 tablet_copy_service.cc:161] P 54a38f661b2e4c36b52b97fff5b81038: Beginning new tablet copy session on tablet 8c351e66db394338850be0e1ddec6265 from peer c89de32fb51e4375a20b42087236ad00 at {username='slave'} at 127.0.0.1:51826: session id = c89de32fb51e4375a20b42087236ad00-8c351e66db394338850be0e1ddec6265
I20260608 09:48:47.811272 11312 ts_tablet_manager.cc:1434] T 38df793804e9480f87247854dad3c1ad P c89de32fb51e4375a20b42087236ad00: Time spent starting tablet: real 0.016s	user 0.010s	sys 0.004s
I20260608 09:48:47.818373 10872 tablet_copy_source_session.cc:215] T 8c351e66db394338850be0e1ddec6265 P 54a38f661b2e4c36b52b97fff5b81038: Tablet Copy: opened 0 blocks and 1 log segments
I20260608 09:48:47.821242 10871 tablet_copy_service.cc:342] P 54a38f661b2e4c36b52b97fff5b81038: Request end of tablet copy session c89de32fb51e4375a20b42087236ad00-38df793804e9480f87247854dad3c1ad received from {username='slave'} at 127.0.0.1:51826
I20260608 09:48:47.821758 10871 tablet_copy_service.cc:434] P 54a38f661b2e4c36b52b97fff5b81038: ending tablet copy session c89de32fb51e4375a20b42087236ad00-38df793804e9480f87247854dad3c1ad on tablet 38df793804e9480f87247854dad3c1ad with peer c89de32fb51e4375a20b42087236ad00
I20260608 09:48:47.823467 11317 data_dirs.cc:400] Could only allocate 1 dirs of requested 3 for tablet 8c351e66db394338850be0e1ddec6265. 1 dirs total, 0 dirs full, 0 dirs failed
I20260608 09:48:47.839164 11315 tablet_copy_client.cc:806] T 1980fc9c1fd54455a94c548d679c3556 P c89de32fb51e4375a20b42087236ad00: tablet copy: Starting download of 0 data blocks...
I20260608 09:48:47.839820 11315 tablet_copy_client.cc:670] T 1980fc9c1fd54455a94c548d679c3556 P c89de32fb51e4375a20b42087236ad00: tablet copy: Starting download of 1 WAL segments...
I20260608 09:48:47.840462 11317 tablet_copy_client.cc:806] T 8c351e66db394338850be0e1ddec6265 P c89de32fb51e4375a20b42087236ad00: tablet copy: Starting download of 0 data blocks...
I20260608 09:48:47.841004 11317 tablet_copy_client.cc:670] T 8c351e66db394338850be0e1ddec6265 P c89de32fb51e4375a20b42087236ad00: tablet copy: Starting download of 1 WAL segments...
I20260608 09:48:47.844237 11315 tablet_copy_client.cc:538] T 1980fc9c1fd54455a94c548d679c3556 P c89de32fb51e4375a20b42087236ad00: tablet copy: Tablet Copy complete. Replacing tablet superblock.
I20260608 09:48:47.853119 11317 tablet_copy_client.cc:538] T 8c351e66db394338850be0e1ddec6265 P c89de32fb51e4375a20b42087236ad00: tablet copy: Tablet Copy complete. Replacing tablet superblock.
I20260608 09:48:47.855124 11315 tablet_bootstrap.cc:492] T 1980fc9c1fd54455a94c548d679c3556 P c89de32fb51e4375a20b42087236ad00: Bootstrap starting.
I20260608 09:48:47.863474 11317 tablet_bootstrap.cc:492] T 8c351e66db394338850be0e1ddec6265 P c89de32fb51e4375a20b42087236ad00: Bootstrap starting.
I20260608 09:48:47.891086 11312 ts_tablet_manager.cc:933] T 13d252dcb8594d1ca42f0e11f35fa72a P c89de32fb51e4375a20b42087236ad00: Initiating tablet copy from peer 9981b447bd674308b43c3e5417c75e0b (127.7.174.2:40767)
I20260608 09:48:47.913971 11312 tablet_copy_client.cc:323] T 13d252dcb8594d1ca42f0e11f35fa72a P c89de32fb51e4375a20b42087236ad00: tablet copy: Beginning tablet copy session from remote peer at address 127.7.174.2:40767
I20260608 09:48:47.916698 10947 tablet_copy_service.cc:140] P 9981b447bd674308b43c3e5417c75e0b: Received BeginTabletCopySession request for tablet 13d252dcb8594d1ca42f0e11f35fa72a from peer c89de32fb51e4375a20b42087236ad00 ({username='slave'} at 127.0.0.1:57822)
I20260608 09:48:47.917290 10947 tablet_copy_service.cc:161] P 9981b447bd674308b43c3e5417c75e0b: Beginning new tablet copy session on tablet 13d252dcb8594d1ca42f0e11f35fa72a from peer c89de32fb51e4375a20b42087236ad00 at {username='slave'} at 127.0.0.1:57822: session id = c89de32fb51e4375a20b42087236ad00-13d252dcb8594d1ca42f0e11f35fa72a
I20260608 09:48:47.917889 11315 tablet_bootstrap.cc:492] T 1980fc9c1fd54455a94c548d679c3556 P c89de32fb51e4375a20b42087236ad00: Bootstrap replayed 1/1 log segments. Stats: ops{read=2 overwritten=0 applied=2 ignored=0} inserts{seen=0 ignored=0} mutations{seen=0 ignored=0} orphaned_commits=0. Pending: 0 replicates
I20260608 09:48:47.918885 11315 tablet_bootstrap.cc:492] T 1980fc9c1fd54455a94c548d679c3556 P c89de32fb51e4375a20b42087236ad00: Bootstrap complete.
I20260608 09:48:47.920092 11315 ts_tablet_manager.cc:1403] T 1980fc9c1fd54455a94c548d679c3556 P c89de32fb51e4375a20b42087236ad00: Time spent bootstrapping tablet: real 0.065s	user 0.034s	sys 0.016s
I20260608 09:48:47.923448 11315 raft_consensus.cc:359] T 1980fc9c1fd54455a94c548d679c3556 P c89de32fb51e4375a20b42087236ad00 [term 1 LEARNER]: Replica starting. Triggering 0 pending ops. Active config: opid_index: 2 OBSOLETE_local: false peers { permanent_uuid: "54a38f661b2e4c36b52b97fff5b81038" member_type: VOTER last_known_addr { host: "127.7.174.1" port: 46561 } attrs { replace: true } } peers { permanent_uuid: "9981b447bd674308b43c3e5417c75e0b" member_type: VOTER last_known_addr { host: "127.7.174.2" port: 40767 } } peers { permanent_uuid: "f5ffa4ff2d0e4bdd82ef421e5da9e736" member_type: VOTER last_known_addr { host: "127.7.174.3" port: 43691 } } peers { permanent_uuid: "c89de32fb51e4375a20b42087236ad00" member_type: NON_VOTER last_known_addr { host: "127.7.174.4" port: 45861 } attrs { promote: true } }
I20260608 09:48:47.924337 11315 raft_consensus.cc:740] T 1980fc9c1fd54455a94c548d679c3556 P c89de32fb51e4375a20b42087236ad00 [term 1 LEARNER]: Becoming Follower/Learner. State: Replica: c89de32fb51e4375a20b42087236ad00, State: Initialized, Role: LEARNER
I20260608 09:48:47.925086 11315 consensus_queue.cc:260] T 1980fc9c1fd54455a94c548d679c3556 P c89de32fb51e4375a20b42087236ad00 [NON_LEADER]: Queue going to NON_LEADER mode. State: All replicated index: 0, Majority replicated index: 0, Committed index: 2, Last appended: 1.2, Last appended by leader: 2, Current term: 0, Majority size: -1, State: 0, Mode: NON_LEADER, active raft config: opid_index: 2 OBSOLETE_local: false peers { permanent_uuid: "54a38f661b2e4c36b52b97fff5b81038" member_type: VOTER last_known_addr { host: "127.7.174.1" port: 46561 } attrs { replace: true } } peers { permanent_uuid: "9981b447bd674308b43c3e5417c75e0b" member_type: VOTER last_known_addr { host: "127.7.174.2" port: 40767 } } peers { permanent_uuid: "f5ffa4ff2d0e4bdd82ef421e5da9e736" member_type: VOTER last_known_addr { host: "127.7.174.3" port: 43691 } } peers { permanent_uuid: "c89de32fb51e4375a20b42087236ad00" member_type: NON_VOTER last_known_addr { host: "127.7.174.4" port: 45861 } attrs { promote: true } }
I20260608 09:48:47.929886 11315 ts_tablet_manager.cc:1434] T 1980fc9c1fd54455a94c548d679c3556 P c89de32fb51e4375a20b42087236ad00: Time spent starting tablet: real 0.009s	user 0.005s	sys 0.000s
I20260608 09:48:47.931772 11022 tablet_copy_service.cc:342] P f5ffa4ff2d0e4bdd82ef421e5da9e736: Request end of tablet copy session c89de32fb51e4375a20b42087236ad00-1980fc9c1fd54455a94c548d679c3556 received from {username='slave'} at 127.0.0.1:46784
I20260608 09:48:47.932188 11022 tablet_copy_service.cc:434] P f5ffa4ff2d0e4bdd82ef421e5da9e736: ending tablet copy session c89de32fb51e4375a20b42087236ad00-1980fc9c1fd54455a94c548d679c3556 on tablet 1980fc9c1fd54455a94c548d679c3556 with peer c89de32fb51e4375a20b42087236ad00
I20260608 09:48:47.937959 10947 tablet_copy_source_session.cc:215] T 13d252dcb8594d1ca42f0e11f35fa72a P 9981b447bd674308b43c3e5417c75e0b: Tablet Copy: opened 0 blocks and 1 log segments
I20260608 09:48:47.945550 11317 tablet_bootstrap.cc:492] T 8c351e66db394338850be0e1ddec6265 P c89de32fb51e4375a20b42087236ad00: Bootstrap replayed 1/1 log segments. Stats: ops{read=2 overwritten=0 applied=2 ignored=0} inserts{seen=0 ignored=0} mutations{seen=0 ignored=0} orphaned_commits=0. Pending: 0 replicates
I20260608 09:48:47.947906 11317 tablet_bootstrap.cc:492] T 8c351e66db394338850be0e1ddec6265 P c89de32fb51e4375a20b42087236ad00: Bootstrap complete.
I20260608 09:48:47.948683 11317 ts_tablet_manager.cc:1403] T 8c351e66db394338850be0e1ddec6265 P c89de32fb51e4375a20b42087236ad00: Time spent bootstrapping tablet: real 0.085s	user 0.023s	sys 0.010s
I20260608 09:48:47.951889 11312 data_dirs.cc:400] Could only allocate 1 dirs of requested 3 for tablet 13d252dcb8594d1ca42f0e11f35fa72a. 1 dirs total, 0 dirs full, 0 dirs failed
I20260608 09:48:47.952446 11317 raft_consensus.cc:359] T 8c351e66db394338850be0e1ddec6265 P c89de32fb51e4375a20b42087236ad00 [term 1 LEARNER]: Replica starting. Triggering 0 pending ops. Active config: opid_index: 2 OBSOLETE_local: false peers { permanent_uuid: "54a38f661b2e4c36b52b97fff5b81038" member_type: VOTER last_known_addr { host: "127.7.174.1" port: 46561 } } peers { permanent_uuid: "9981b447bd674308b43c3e5417c75e0b" member_type: VOTER last_known_addr { host: "127.7.174.2" port: 40767 } } peers { permanent_uuid: "f5ffa4ff2d0e4bdd82ef421e5da9e736" member_type: VOTER last_known_addr { host: "127.7.174.3" port: 43691 } attrs { replace: true } } peers { permanent_uuid: "c89de32fb51e4375a20b42087236ad00" member_type: NON_VOTER last_known_addr { host: "127.7.174.4" port: 45861 } attrs { promote: true } }
I20260608 09:48:47.953361 11317 raft_consensus.cc:740] T 8c351e66db394338850be0e1ddec6265 P c89de32fb51e4375a20b42087236ad00 [term 1 LEARNER]: Becoming Follower/Learner. State: Replica: c89de32fb51e4375a20b42087236ad00, State: Initialized, Role: LEARNER
I20260608 09:48:47.954097 11317 consensus_queue.cc:260] T 8c351e66db394338850be0e1ddec6265 P c89de32fb51e4375a20b42087236ad00 [NON_LEADER]: Queue going to NON_LEADER mode. State: All replicated index: 0, Majority replicated index: 0, Committed index: 2, Last appended: 1.2, Last appended by leader: 2, Current term: 0, Majority size: -1, State: 0, Mode: NON_LEADER, active raft config: opid_index: 2 OBSOLETE_local: false peers { permanent_uuid: "54a38f661b2e4c36b52b97fff5b81038" member_type: VOTER last_known_addr { host: "127.7.174.1" port: 46561 } } peers { permanent_uuid: "9981b447bd674308b43c3e5417c75e0b" member_type: VOTER last_known_addr { host: "127.7.174.2" port: 40767 } } peers { permanent_uuid: "f5ffa4ff2d0e4bdd82ef421e5da9e736" member_type: VOTER last_known_addr { host: "127.7.174.3" port: 43691 } attrs { replace: true } } peers { permanent_uuid: "c89de32fb51e4375a20b42087236ad00" member_type: NON_VOTER last_known_addr { host: "127.7.174.4" port: 45861 } attrs { promote: true } }
I20260608 09:48:47.956904 11317 ts_tablet_manager.cc:1434] T 8c351e66db394338850be0e1ddec6265 P c89de32fb51e4375a20b42087236ad00: Time spent starting tablet: real 0.008s	user 0.006s	sys 0.001s
I20260608 09:48:47.959584 10872 tablet_copy_service.cc:342] P 54a38f661b2e4c36b52b97fff5b81038: Request end of tablet copy session c89de32fb51e4375a20b42087236ad00-8c351e66db394338850be0e1ddec6265 received from {username='slave'} at 127.0.0.1:51826
I20260608 09:48:47.960000 10872 tablet_copy_service.cc:434] P 54a38f661b2e4c36b52b97fff5b81038: ending tablet copy session c89de32fb51e4375a20b42087236ad00-8c351e66db394338850be0e1ddec6265 on tablet 8c351e66db394338850be0e1ddec6265 with peer c89de32fb51e4375a20b42087236ad00
I20260608 09:48:47.978919 11312 tablet_copy_client.cc:806] T 13d252dcb8594d1ca42f0e11f35fa72a P c89de32fb51e4375a20b42087236ad00: tablet copy: Starting download of 0 data blocks...
I20260608 09:48:47.979614 11312 tablet_copy_client.cc:670] T 13d252dcb8594d1ca42f0e11f35fa72a P c89de32fb51e4375a20b42087236ad00: tablet copy: Starting download of 1 WAL segments...
I20260608 09:48:47.983786 11312 tablet_copy_client.cc:538] T 13d252dcb8594d1ca42f0e11f35fa72a P c89de32fb51e4375a20b42087236ad00: tablet copy: Tablet Copy complete. Replacing tablet superblock.
I20260608 09:48:47.993970 11312 tablet_bootstrap.cc:492] T 13d252dcb8594d1ca42f0e11f35fa72a P c89de32fb51e4375a20b42087236ad00: Bootstrap starting.
I20260608 09:48:48.016168 11312 tablet_bootstrap.cc:492] T 13d252dcb8594d1ca42f0e11f35fa72a P c89de32fb51e4375a20b42087236ad00: Bootstrap replayed 1/1 log segments. Stats: ops{read=2 overwritten=0 applied=2 ignored=0} inserts{seen=0 ignored=0} mutations{seen=0 ignored=0} orphaned_commits=0. Pending: 0 replicates
I20260608 09:48:48.017194 11312 tablet_bootstrap.cc:492] T 13d252dcb8594d1ca42f0e11f35fa72a P c89de32fb51e4375a20b42087236ad00: Bootstrap complete.
I20260608 09:48:48.017923 11312 ts_tablet_manager.cc:1403] T 13d252dcb8594d1ca42f0e11f35fa72a P c89de32fb51e4375a20b42087236ad00: Time spent bootstrapping tablet: real 0.024s	user 0.015s	sys 0.008s
I20260608 09:48:48.021310 11312 raft_consensus.cc:359] T 13d252dcb8594d1ca42f0e11f35fa72a P c89de32fb51e4375a20b42087236ad00 [term 1 LEARNER]: Replica starting. Triggering 0 pending ops. Active config: opid_index: 2 OBSOLETE_local: false peers { permanent_uuid: "f5ffa4ff2d0e4bdd82ef421e5da9e736" member_type: VOTER last_known_addr { host: "127.7.174.3" port: 43691 } } peers { permanent_uuid: "54a38f661b2e4c36b52b97fff5b81038" member_type: VOTER last_known_addr { host: "127.7.174.1" port: 46561 } attrs { replace: true } } peers { permanent_uuid: "9981b447bd674308b43c3e5417c75e0b" member_type: VOTER last_known_addr { host: "127.7.174.2" port: 40767 } } peers { permanent_uuid: "c89de32fb51e4375a20b42087236ad00" member_type: NON_VOTER last_known_addr { host: "127.7.174.4" port: 45861 } attrs { promote: true } }
I20260608 09:48:48.022403 11312 raft_consensus.cc:740] T 13d252dcb8594d1ca42f0e11f35fa72a P c89de32fb51e4375a20b42087236ad00 [term 1 LEARNER]: Becoming Follower/Learner. State: Replica: c89de32fb51e4375a20b42087236ad00, State: Initialized, Role: LEARNER
I20260608 09:48:48.023144 11312 consensus_queue.cc:260] T 13d252dcb8594d1ca42f0e11f35fa72a P c89de32fb51e4375a20b42087236ad00 [NON_LEADER]: Queue going to NON_LEADER mode. State: All replicated index: 0, Majority replicated index: 0, Committed index: 2, Last appended: 1.2, Last appended by leader: 2, Current term: 0, Majority size: -1, State: 0, Mode: NON_LEADER, active raft config: opid_index: 2 OBSOLETE_local: false peers { permanent_uuid: "f5ffa4ff2d0e4bdd82ef421e5da9e736" member_type: VOTER last_known_addr { host: "127.7.174.3" port: 43691 } } peers { permanent_uuid: "54a38f661b2e4c36b52b97fff5b81038" member_type: VOTER last_known_addr { host: "127.7.174.1" port: 46561 } attrs { replace: true } } peers { permanent_uuid: "9981b447bd674308b43c3e5417c75e0b" member_type: VOTER last_known_addr { host: "127.7.174.2" port: 40767 } } peers { permanent_uuid: "c89de32fb51e4375a20b42087236ad00" member_type: NON_VOTER last_known_addr { host: "127.7.174.4" port: 45861 } attrs { promote: true } }
I20260608 09:48:48.025890 11312 ts_tablet_manager.cc:1434] T 13d252dcb8594d1ca42f0e11f35fa72a P c89de32fb51e4375a20b42087236ad00: Time spent starting tablet: real 0.008s	user 0.008s	sys 0.000s
I20260608 09:48:48.031061 10947 tablet_copy_service.cc:342] P 9981b447bd674308b43c3e5417c75e0b: Request end of tablet copy session c89de32fb51e4375a20b42087236ad00-13d252dcb8594d1ca42f0e11f35fa72a received from {username='slave'} at 127.0.0.1:57822
I20260608 09:48:48.031544 10947 tablet_copy_service.cc:434] P 9981b447bd674308b43c3e5417c75e0b: ending tablet copy session c89de32fb51e4375a20b42087236ad00-13d252dcb8594d1ca42f0e11f35fa72a on tablet 13d252dcb8594d1ca42f0e11f35fa72a with peer c89de32fb51e4375a20b42087236ad00
I20260608 09:48:48.199846 10813 auto_leader_rebalancer.cc:140] leader rebalance for table range_aware_rebalance_new_range
I20260608 09:48:48.246045 11175 raft_consensus.cc:1217] T 38df793804e9480f87247854dad3c1ad P c89de32fb51e4375a20b42087236ad00 [term 1 LEARNER]: Deduplicated request from leader. Original: 1.1->[1.2-1.2]   Dedup: 1.2->[]
I20260608 09:48:48.263386 11175 raft_consensus.cc:1217] T 8c351e66db394338850be0e1ddec6265 P c89de32fb51e4375a20b42087236ad00 [term 1 LEARNER]: Deduplicated request from leader. Original: 1.1->[1.2-1.2]   Dedup: 1.2->[]
I20260608 09:48:48.288620 10860 tablet_service.cc:2072] Received LeaderStepDown RPC: tablet_id: "3dc1f8f146e94860b598b99be0d6f0e2"
dest_uuid: "54a38f661b2e4c36b52b97fff5b81038"
mode: GRACEFUL
new_leader_uuid: "c89de32fb51e4375a20b42087236ad00"
 from {username='slave'} at 127.0.0.1:44226
I20260608 09:48:48.289391 10860 raft_consensus.cc:606] T 3dc1f8f146e94860b598b99be0d6f0e2 P 54a38f661b2e4c36b52b97fff5b81038 [term 1 LEADER]: Received request to transfer leadership to TS c89de32fb51e4375a20b42087236ad00
I20260608 09:48:48.321929 11012 tablet_service.cc:2072] Received LeaderStepDown RPC: tablet_id: "79f6e549804e45ffb387876f6b8d9af7"
dest_uuid: "f5ffa4ff2d0e4bdd82ef421e5da9e736"
mode: GRACEFUL
new_leader_uuid: "54a38f661b2e4c36b52b97fff5b81038"
 from {username='slave'} at 127.0.0.1:37852
I20260608 09:48:48.322602 11012 raft_consensus.cc:606] T 79f6e549804e45ffb387876f6b8d9af7 P f5ffa4ff2d0e4bdd82ef421e5da9e736 [term 1 LEADER]: Received request to transfer leadership to TS 54a38f661b2e4c36b52b97fff5b81038
I20260608 09:48:48.340341 10937 tablet_service.cc:2072] Received LeaderStepDown RPC: tablet_id: "8946c7c572b6432ea514c957f6f6e6e2"
dest_uuid: "9981b447bd674308b43c3e5417c75e0b"
mode: GRACEFUL
new_leader_uuid: "c89de32fb51e4375a20b42087236ad00"
 from {username='slave'} at 127.0.0.1:60508
I20260608 09:48:48.341089 10937 raft_consensus.cc:606] T 8946c7c572b6432ea514c957f6f6e6e2 P 9981b447bd674308b43c3e5417c75e0b [term 1 LEADER]: Received request to transfer leadership to TS c89de32fb51e4375a20b42087236ad00
I20260608 09:48:48.343894 11175 raft_consensus.cc:1217] T 1980fc9c1fd54455a94c548d679c3556 P c89de32fb51e4375a20b42087236ad00 [term 1 LEARNER]: Deduplicated request from leader. Original: 1.1->[1.2-1.2]   Dedup: 1.2->[]
I20260608 09:48:48.349799 10937 tablet_service.cc:2072] Received LeaderStepDown RPC: tablet_id: "8aaa37145ce146aba5e443d83fc452b6"
dest_uuid: "9981b447bd674308b43c3e5417c75e0b"
mode: GRACEFUL
new_leader_uuid: "c89de32fb51e4375a20b42087236ad00"
 from {username='slave'} at 127.0.0.1:60508
I20260608 09:48:48.350638 10937 raft_consensus.cc:606] T 8aaa37145ce146aba5e443d83fc452b6 P 9981b447bd674308b43c3e5417c75e0b [term 1 LEADER]: Received request to transfer leadership to TS c89de32fb51e4375a20b42087236ad00
I20260608 09:48:48.351972 10813 auto_leader_rebalancer.cc:388] table: range_aware_rebalance_new_range, leader rebalance finish, leader transfer count: 4
I20260608 09:48:48.352845 10813 auto_leader_rebalancer.cc:451] All tables' leader rebalancing finished this round
I20260608 09:48:48.446916 11125 raft_consensus.cc:993] T 79f6e549804e45ffb387876f6b8d9af7 P f5ffa4ff2d0e4bdd82ef421e5da9e736: : Instructing follower 54a38f661b2e4c36b52b97fff5b81038 to start an election
I20260608 09:48:48.447456 11232 raft_consensus.cc:1081] T 79f6e549804e45ffb387876f6b8d9af7 P f5ffa4ff2d0e4bdd82ef421e5da9e736 [term 1 LEADER]: Signalling peer 54a38f661b2e4c36b52b97fff5b81038 to start an election
I20260608 09:48:48.449237 10860 tablet_service.cc:2044] Received Run Leader Election RPC: tablet_id: "79f6e549804e45ffb387876f6b8d9af7"
dest_uuid: "54a38f661b2e4c36b52b97fff5b81038"
 from {username='slave'} at 127.0.0.1:51798
I20260608 09:48:48.449883 10860 raft_consensus.cc:493] T 79f6e549804e45ffb387876f6b8d9af7 P 54a38f661b2e4c36b52b97fff5b81038 [term 1 FOLLOWER]: Starting forced leader election (received explicit request)
I20260608 09:48:48.450270 10860 raft_consensus.cc:3060] T 79f6e549804e45ffb387876f6b8d9af7 P 54a38f661b2e4c36b52b97fff5b81038 [term 1 FOLLOWER]: Advancing to term 2
I20260608 09:48:48.457995 10860 raft_consensus.cc:515] T 79f6e549804e45ffb387876f6b8d9af7 P 54a38f661b2e4c36b52b97fff5b81038 [term 2 FOLLOWER]: Starting forced leader election with config: opid_index: -1 OBSOLETE_local: false peers { permanent_uuid: "c89de32fb51e4375a20b42087236ad00" member_type: VOTER last_known_addr { host: "127.7.174.4" port: 45861 } } peers { permanent_uuid: "54a38f661b2e4c36b52b97fff5b81038" member_type: VOTER last_known_addr { host: "127.7.174.1" port: 46561 } } peers { permanent_uuid: "f5ffa4ff2d0e4bdd82ef421e5da9e736" member_type: VOTER last_known_addr { host: "127.7.174.3" port: 43691 } }
I20260608 09:48:48.460403 10860 leader_election.cc:290] T 79f6e549804e45ffb387876f6b8d9af7 P 54a38f661b2e4c36b52b97fff5b81038 [CANDIDATE]: Term 2 election: Requested vote from peers c89de32fb51e4375a20b42087236ad00 (127.7.174.4:45861), f5ffa4ff2d0e4bdd82ef421e5da9e736 (127.7.174.3:43691)
I20260608 09:48:48.462112 11175 tablet_service.cc:1917] Received RequestConsensusVote() RPC: tablet_id: "79f6e549804e45ffb387876f6b8d9af7" candidate_uuid: "54a38f661b2e4c36b52b97fff5b81038" candidate_term: 2 candidate_status { last_received { term: 1 index: 1 } } ignore_live_leader: true dest_uuid: "c89de32fb51e4375a20b42087236ad00"
I20260608 09:48:48.462138 11012 tablet_service.cc:1917] Received RequestConsensusVote() RPC: tablet_id: "79f6e549804e45ffb387876f6b8d9af7" candidate_uuid: "54a38f661b2e4c36b52b97fff5b81038" candidate_term: 2 candidate_status { last_received { term: 1 index: 1 } } ignore_live_leader: true dest_uuid: "f5ffa4ff2d0e4bdd82ef421e5da9e736"
I20260608 09:48:48.463052 11175 raft_consensus.cc:3060] T 79f6e549804e45ffb387876f6b8d9af7 P c89de32fb51e4375a20b42087236ad00 [term 1 FOLLOWER]: Advancing to term 2
I20260608 09:48:48.463128 11012 raft_consensus.cc:3055] T 79f6e549804e45ffb387876f6b8d9af7 P f5ffa4ff2d0e4bdd82ef421e5da9e736 [term 1 LEADER]: Stepping down as leader of term 1
I20260608 09:48:48.463626 11012 raft_consensus.cc:740] T 79f6e549804e45ffb387876f6b8d9af7 P f5ffa4ff2d0e4bdd82ef421e5da9e736 [term 1 LEADER]: Becoming Follower/Learner. State: Replica: f5ffa4ff2d0e4bdd82ef421e5da9e736, State: Running, Role: LEADER
I20260608 09:48:48.464622 11012 consensus_queue.cc:260] T 79f6e549804e45ffb387876f6b8d9af7 P f5ffa4ff2d0e4bdd82ef421e5da9e736 [NON_LEADER]: Queue going to NON_LEADER mode. State: All replicated index: 0, Majority replicated index: 1, Committed index: 1, Last appended: 1.1, Last appended by leader: 1, Current term: 1, Majority size: -1, State: 0, Mode: NON_LEADER, active raft config: opid_index: -1 OBSOLETE_local: false peers { permanent_uuid: "c89de32fb51e4375a20b42087236ad00" member_type: VOTER last_known_addr { host: "127.7.174.4" port: 45861 } } peers { permanent_uuid: "54a38f661b2e4c36b52b97fff5b81038" member_type: VOTER last_known_addr { host: "127.7.174.1" port: 46561 } } peers { permanent_uuid: "f5ffa4ff2d0e4bdd82ef421e5da9e736" member_type: VOTER last_known_addr { host: "127.7.174.3" port: 43691 } }
I20260608 09:48:48.465920 11012 raft_consensus.cc:3060] T 79f6e549804e45ffb387876f6b8d9af7 P f5ffa4ff2d0e4bdd82ef421e5da9e736 [term 1 FOLLOWER]: Advancing to term 2
I20260608 09:48:48.470968 11175 raft_consensus.cc:2468] T 79f6e549804e45ffb387876f6b8d9af7 P c89de32fb51e4375a20b42087236ad00 [term 2 FOLLOWER]: Leader election vote request: Granting yes vote for candidate 54a38f661b2e4c36b52b97fff5b81038 in term 2.
I20260608 09:48:48.473414 10825 leader_election.cc:304] T 79f6e549804e45ffb387876f6b8d9af7 P 54a38f661b2e4c36b52b97fff5b81038 [CANDIDATE]: Term 2 election: Election decided. Result: candidate won. Election summary: received 2 responses out of 3 voters: 2 yes votes; 0 no votes. yes voters: 54a38f661b2e4c36b52b97fff5b81038, c89de32fb51e4375a20b42087236ad00; no voters: 
I20260608 09:48:48.474328 11099 raft_consensus.cc:2804] T 79f6e549804e45ffb387876f6b8d9af7 P 54a38f661b2e4c36b52b97fff5b81038 [term 2 FOLLOWER]: Leader election won for term 2
I20260608 09:48:48.474818 11099 raft_consensus.cc:697] T 79f6e549804e45ffb387876f6b8d9af7 P 54a38f661b2e4c36b52b97fff5b81038 [term 2 LEADER]: Becoming Leader. State: Replica: 54a38f661b2e4c36b52b97fff5b81038, State: Running, Role: LEADER
I20260608 09:48:48.475628 11099 consensus_queue.cc:237] T 79f6e549804e45ffb387876f6b8d9af7 P 54a38f661b2e4c36b52b97fff5b81038 [LEADER]: Queue going to LEADER mode. State: All replicated index: 0, Majority replicated index: 1, Committed index: 1, Last appended: 1.1, Last appended by leader: 1, Current term: 2, Majority size: 2, State: 0, Mode: LEADER, active raft config: opid_index: -1 OBSOLETE_local: false peers { permanent_uuid: "c89de32fb51e4375a20b42087236ad00" member_type: VOTER last_known_addr { host: "127.7.174.4" port: 45861 } } peers { permanent_uuid: "54a38f661b2e4c36b52b97fff5b81038" member_type: VOTER last_known_addr { host: "127.7.174.1" port: 46561 } } peers { permanent_uuid: "f5ffa4ff2d0e4bdd82ef421e5da9e736" member_type: VOTER last_known_addr { host: "127.7.174.3" port: 43691 } }
I20260608 09:48:48.480113 11012 raft_consensus.cc:2468] T 79f6e549804e45ffb387876f6b8d9af7 P f5ffa4ff2d0e4bdd82ef421e5da9e736 [term 2 FOLLOWER]: Leader election vote request: Granting yes vote for candidate 54a38f661b2e4c36b52b97fff5b81038 in term 2.
I20260608 09:48:48.486904 10758 catalog_manager.cc:5696] T 79f6e549804e45ffb387876f6b8d9af7 P 54a38f661b2e4c36b52b97fff5b81038 reported cstate change: term changed from 1 to 2, leader changed from f5ffa4ff2d0e4bdd82ef421e5da9e736 (127.7.174.3) to 54a38f661b2e4c36b52b97fff5b81038 (127.7.174.1). New cstate: current_term: 2 leader_uuid: "54a38f661b2e4c36b52b97fff5b81038" committed_config { opid_index: -1 OBSOLETE_local: false peers { permanent_uuid: "c89de32fb51e4375a20b42087236ad00" member_type: VOTER last_known_addr { host: "127.7.174.4" port: 45861 } health_report { overall_health: UNKNOWN } } peers { permanent_uuid: "54a38f661b2e4c36b52b97fff5b81038" member_type: VOTER last_known_addr { host: "127.7.174.1" port: 46561 } health_report { overall_health: HEALTHY } } peers { permanent_uuid: "f5ffa4ff2d0e4bdd82ef421e5da9e736" member_type: VOTER last_known_addr { host: "127.7.174.3" port: 43691 } health_report { overall_health: UNKNOWN } } }
I20260608 09:48:48.490736 11176 raft_consensus.cc:1217] T 13d252dcb8594d1ca42f0e11f35fa72a P c89de32fb51e4375a20b42087236ad00 [term 1 LEARNER]: Deduplicated request from leader. Original: 1.1->[1.2-1.2]   Dedup: 1.2->[]
I20260608 09:48:48.768203 11099 raft_consensus.cc:1064] T 8c351e66db394338850be0e1ddec6265 P 54a38f661b2e4c36b52b97fff5b81038: attempting to promote NON_VOTER c89de32fb51e4375a20b42087236ad00 to VOTER
