I20260608 10:05:45.239308  3814 raft_consensus.cc:3060] T 18995fb2e447441db1dc0c129e4d4480 P 68e7179886614f739b19e220d2e518c3 [term 0 FOLLOWER]: Advancing to term 1
I20260608 10:05:45.238147  3808 tablet_bootstrap.cc:492] T 47ee338dab674c13b1a5964b4c2146aa P 2b73471252dc4207a8efce4a0da53ddc: No bootstrap required, opened a new log
I20260608 10:05:45.236096  3608 raft_consensus.cc:2468] T 60d797309d154b0689f4a8237c7855e8 P 351b039fbd11463eaa26fadce83fc3c4 [term 0 FOLLOWER]: Leader pre-election vote request: Granting yes vote for candidate 68e7179886614f739b19e220d2e518c3 in term 0.
I20260608 10:05:45.242831  3812 raft_consensus.cc:2804] T 18995fb2e447441db1dc0c129e4d4480 P 351b039fbd11463eaa26fadce83fc3c4 [term 0 FOLLOWER]: Leader pre-election won for term 1
I20260608 10:05:45.243422  3812 raft_consensus.cc:493] T 18995fb2e447441db1dc0c129e4d4480 P 351b039fbd11463eaa26fadce83fc3c4 [term 0 FOLLOWER]: Starting leader election (no leader contacted us within the election timeout)
I20260608 10:05:45.243754  3808 ts_tablet_manager.cc:1403] T 47ee338dab674c13b1a5964b4c2146aa P 2b73471252dc4207a8efce4a0da53ddc: Time spent bootstrapping tablet: real 0.094s	user 0.016s	sys 0.029s
I20260608 10:05:45.243772  3812 raft_consensus.cc:3060] T 18995fb2e447441db1dc0c129e4d4480 P 351b039fbd11463eaa26fadce83fc3c4 [term 0 FOLLOWER]: Advancing to term 1
I20260608 10:05:45.247841  3808 raft_consensus.cc:359] T 47ee338dab674c13b1a5964b4c2146aa P 2b73471252dc4207a8efce4a0da53ddc [term 0 FOLLOWER]: Replica starting. Triggering 0 pending ops. Active config: opid_index: -1 OBSOLETE_local: false peers { permanent_uuid: "351b039fbd11463eaa26fadce83fc3c4" member_type: VOTER last_known_addr { host: "127.2.223.129" port: 45911 } } peers { permanent_uuid: "68e7179886614f739b19e220d2e518c3" member_type: VOTER last_known_addr { host: "127.2.223.130" port: 45881 } } peers { permanent_uuid: "2b73471252dc4207a8efce4a0da53ddc" member_type: VOTER last_known_addr { host: "127.2.223.131" port: 40495 } }
I20260608 10:05:45.248636  3808 raft_consensus.cc:385] T 47ee338dab674c13b1a5964b4c2146aa P 2b73471252dc4207a8efce4a0da53ddc [term 0 FOLLOWER]: Consensus starting up: Expiring failure detector timer to make a prompt election more likely
I20260608 10:05:45.244261  3647 leader_election.cc:304] T 60d797309d154b0689f4a8237c7855e8 P 68e7179886614f739b19e220d2e518c3 [CANDIDATE]: Term 1 pre-election: Election decided. Result: candidate won. Election summary: received 2 responses out of 3 voters: 2 yes votes; 0 no votes. yes voters: 351b039fbd11463eaa26fadce83fc3c4, 68e7179886614f739b19e220d2e518c3; no voters: 
I20260608 10:05:45.248987  3808 raft_consensus.cc:740] T 47ee338dab674c13b1a5964b4c2146aa P 2b73471252dc4207a8efce4a0da53ddc [term 0 FOLLOWER]: Becoming Follower/Learner. State: Replica: 2b73471252dc4207a8efce4a0da53ddc, State: Initialized, Role: FOLLOWER
I20260608 10:05:45.248919  3814 raft_consensus.cc:515] T 18995fb2e447441db1dc0c129e4d4480 P 68e7179886614f739b19e220d2e518c3 [term 1 FOLLOWER]: Starting leader election with config: opid_index: -1 OBSOLETE_local: false peers { permanent_uuid: "351b039fbd11463eaa26fadce83fc3c4" member_type: VOTER last_known_addr { host: "127.2.223.129" port: 45911 } } peers { permanent_uuid: "68e7179886614f739b19e220d2e518c3" member_type: VOTER last_known_addr { host: "127.2.223.130" port: 45881 } } peers { permanent_uuid: "2b73471252dc4207a8efce4a0da53ddc" member_type: VOTER last_known_addr { host: "127.2.223.131" port: 40495 } }
I20260608 10:05:45.254799  3757 tablet_service.cc:1917] Received RequestConsensusVote() RPC: tablet_id: "60d797309d154b0689f4a8237c7855e8" candidate_uuid: "68e7179886614f739b19e220d2e518c3" candidate_term: 1 candidate_status { last_received { term: 0 index: 0 } } ignore_live_leader: false dest_uuid: "2b73471252dc4207a8efce4a0da53ddc" is_pre_election: true
W20260608 10:05:45.256174  3572 leader_election.cc:343] T 18995fb2e447441db1dc0c129e4d4480 P 351b039fbd11463eaa26fadce83fc3c4 [CANDIDATE]: Term 1 pre-election: Tablet error from VoteRequest() call to peer 2b73471252dc4207a8efce4a0da53ddc (127.2.223.131:40495): Illegal state: must be running to vote when last-logged opid is not known
I20260608 10:05:45.255164  3808 consensus_queue.cc:260] T 47ee338dab674c13b1a5964b4c2146aa P 2b73471252dc4207a8efce4a0da53ddc [NON_LEADER]: Queue going to NON_LEADER mode. State: All replicated index: 0, Majority replicated index: 0, Committed index: 0, Last appended: 0.0, Last appended by leader: 0, Current term: 0, Majority size: -1, State: 0, Mode: NON_LEADER, active raft config: opid_index: -1 OBSOLETE_local: false peers { permanent_uuid: "351b039fbd11463eaa26fadce83fc3c4" member_type: VOTER last_known_addr { host: "127.2.223.129" port: 45911 } } peers { permanent_uuid: "68e7179886614f739b19e220d2e518c3" member_type: VOTER last_known_addr { host: "127.2.223.130" port: 45881 } } peers { permanent_uuid: "2b73471252dc4207a8efce4a0da53ddc" member_type: VOTER last_known_addr { host: "127.2.223.131" port: 40495 } }
I20260608 10:05:45.256654  3757 raft_consensus.cc:2468] T 60d797309d154b0689f4a8237c7855e8 P 2b73471252dc4207a8efce4a0da53ddc [term 0 FOLLOWER]: Leader pre-election vote request: Granting yes vote for candidate 68e7179886614f739b19e220d2e518c3 in term 0.
W20260608 10:05:45.257766  3647 leader_election.cc:343] T 18995fb2e447441db1dc0c129e4d4480 P 68e7179886614f739b19e220d2e518c3 [CANDIDATE]: Term 1 pre-election: Tablet error from VoteRequest() call to peer 2b73471252dc4207a8efce4a0da53ddc (127.2.223.131:40495): Illegal state: must be running to vote when last-logged opid is not known
I20260608 10:05:45.258327  3818 raft_consensus.cc:493] T bab4b6a5ece24b7087db431f83c2b5df P 2b73471252dc4207a8efce4a0da53ddc [term 0 FOLLOWER]: Starting pre-election (no leader contacted us within the election timeout)
I20260608 10:05:45.259155  3818 raft_consensus.cc:515] T bab4b6a5ece24b7087db431f83c2b5df P 2b73471252dc4207a8efce4a0da53ddc [term 0 FOLLOWER]: Starting pre-election with config: opid_index: -1 OBSOLETE_local: false peers { permanent_uuid: "351b039fbd11463eaa26fadce83fc3c4" member_type: VOTER last_known_addr { host: "127.2.223.129" port: 45911 } } peers { permanent_uuid: "68e7179886614f739b19e220d2e518c3" member_type: VOTER last_known_addr { host: "127.2.223.130" port: 45881 } } peers { permanent_uuid: "2b73471252dc4207a8efce4a0da53ddc" member_type: VOTER last_known_addr { host: "127.2.223.131" port: 40495 } }
I20260608 10:05:45.262333  3814 leader_election.cc:290] T 18995fb2e447441db1dc0c129e4d4480 P 68e7179886614f739b19e220d2e518c3 [CANDIDATE]: Term 1 election: Requested vote from peers 351b039fbd11463eaa26fadce83fc3c4 (127.2.223.129:45911), 2b73471252dc4207a8efce4a0da53ddc (127.2.223.131:40495)
I20260608 10:05:45.263002  3804 tablet_bootstrap.cc:492] T 450dcc29766f498fb1300274ddc8c55a P 68e7179886614f739b19e220d2e518c3: No bootstrap required, opened a new log
I20260608 10:05:45.263063  3818 leader_election.cc:290] T bab4b6a5ece24b7087db431f83c2b5df P 2b73471252dc4207a8efce4a0da53ddc [CANDIDATE]: Term 1 pre-election: Requested pre-vote from peers 351b039fbd11463eaa26fadce83fc3c4 (127.2.223.129:45911), 68e7179886614f739b19e220d2e518c3 (127.2.223.130:45881)
I20260608 10:05:45.263628  3804 ts_tablet_manager.cc:1403] T 450dcc29766f498fb1300274ddc8c55a P 68e7179886614f739b19e220d2e518c3: Time spent bootstrapping tablet: real 0.081s	user 0.012s	sys 0.004s
I20260608 10:05:45.267551  3812 raft_consensus.cc:515] T 18995fb2e447441db1dc0c129e4d4480 P 351b039fbd11463eaa26fadce83fc3c4 [term 1 FOLLOWER]: Starting leader election with config: opid_index: -1 OBSOLETE_local: false peers { permanent_uuid: "351b039fbd11463eaa26fadce83fc3c4" member_type: VOTER last_known_addr { host: "127.2.223.129" port: 45911 } } peers { permanent_uuid: "68e7179886614f739b19e220d2e518c3" member_type: VOTER last_known_addr { host: "127.2.223.130" port: 45881 } } peers { permanent_uuid: "2b73471252dc4207a8efce4a0da53ddc" member_type: VOTER last_known_addr { host: "127.2.223.131" port: 40495 } }
I20260608 10:05:45.269171  3608 tablet_service.cc:1917] Received RequestConsensusVote() RPC: tablet_id: "18995fb2e447441db1dc0c129e4d4480" candidate_uuid: "68e7179886614f739b19e220d2e518c3" candidate_term: 1 candidate_status { last_received { term: 0 index: 0 } } ignore_live_leader: false dest_uuid: "351b039fbd11463eaa26fadce83fc3c4"
I20260608 10:05:45.269255  3757 tablet_service.cc:1917] Received RequestConsensusVote() RPC: tablet_id: "18995fb2e447441db1dc0c129e4d4480" candidate_uuid: "68e7179886614f739b19e220d2e518c3" candidate_term: 1 candidate_status { last_received { term: 0 index: 0 } } ignore_live_leader: false dest_uuid: "2b73471252dc4207a8efce4a0da53ddc"
I20260608 10:05:45.259202  3835 raft_consensus.cc:2804] T 60d797309d154b0689f4a8237c7855e8 P 68e7179886614f739b19e220d2e518c3 [term 0 FOLLOWER]: Leader pre-election won for term 1
I20260608 10:05:45.271221  3608 raft_consensus.cc:2393] T 18995fb2e447441db1dc0c129e4d4480 P 351b039fbd11463eaa26fadce83fc3c4 [term 1 FOLLOWER]: Leader election vote request: Denying vote to candidate 68e7179886614f739b19e220d2e518c3 in current term 1: Already voted for candidate 351b039fbd11463eaa26fadce83fc3c4 in this term.
I20260608 10:05:45.271337  3835 raft_consensus.cc:493] T 60d797309d154b0689f4a8237c7855e8 P 68e7179886614f739b19e220d2e518c3 [term 0 FOLLOWER]: Starting leader election (no leader contacted us within the election timeout)
I20260608 10:05:45.271795  3835 raft_consensus.cc:3060] T 60d797309d154b0689f4a8237c7855e8 P 68e7179886614f739b19e220d2e518c3 [term 0 FOLLOWER]: Advancing to term 1
I20260608 10:05:45.274345  3808 ts_tablet_manager.cc:1434] T 47ee338dab674c13b1a5964b4c2146aa P 2b73471252dc4207a8efce4a0da53ddc: Time spent starting tablet: real 0.030s	user 0.010s	sys 0.005s
I20260608 10:05:45.275342  3757 tablet_service.cc:1917] Received RequestConsensusVote() RPC: tablet_id: "18995fb2e447441db1dc0c129e4d4480" candidate_uuid: "351b039fbd11463eaa26fadce83fc3c4" candidate_term: 1 candidate_status { last_received { term: 0 index: 0 } } ignore_live_leader: false dest_uuid: "2b73471252dc4207a8efce4a0da53ddc"
I20260608 10:05:45.275506  3804 raft_consensus.cc:359] T 450dcc29766f498fb1300274ddc8c55a P 68e7179886614f739b19e220d2e518c3 [term 0 FOLLOWER]: Replica starting. Triggering 0 pending ops. Active config: opid_index: -1 OBSOLETE_local: false peers { permanent_uuid: "351b039fbd11463eaa26fadce83fc3c4" member_type: VOTER last_known_addr { host: "127.2.223.129" port: 45911 } } peers { permanent_uuid: "68e7179886614f739b19e220d2e518c3" member_type: VOTER last_known_addr { host: "127.2.223.130" port: 45881 } } peers { permanent_uuid: "2b73471252dc4207a8efce4a0da53ddc" member_type: VOTER last_known_addr { host: "127.2.223.131" port: 40495 } }
I20260608 10:05:45.276232  3804 raft_consensus.cc:385] T 450dcc29766f498fb1300274ddc8c55a P 68e7179886614f739b19e220d2e518c3 [term 0 FOLLOWER]: Consensus starting up: Expiring failure detector timer to make a prompt election more likely
I20260608 10:05:45.276564  3804 raft_consensus.cc:740] T 450dcc29766f498fb1300274ddc8c55a P 68e7179886614f739b19e220d2e518c3 [term 0 FOLLOWER]: Becoming Follower/Learner. State: Replica: 68e7179886614f739b19e220d2e518c3, State: Initialized, Role: FOLLOWER
W20260608 10:05:45.277060  3572 leader_election.cc:343] T 18995fb2e447441db1dc0c129e4d4480 P 351b039fbd11463eaa26fadce83fc3c4 [CANDIDATE]: Term 1 election: Tablet error from VoteRequest() call to peer 2b73471252dc4207a8efce4a0da53ddc (127.2.223.131:40495): Illegal state: must be running to vote when last-logged opid is not known
I20260608 10:05:45.277792  3808 tablet_bootstrap.cc:492] T 450dcc29766f498fb1300274ddc8c55a P 2b73471252dc4207a8efce4a0da53ddc: Bootstrap starting.
W20260608 10:05:45.278359  3647 leader_election.cc:343] T 18995fb2e447441db1dc0c129e4d4480 P 68e7179886614f739b19e220d2e518c3 [CANDIDATE]: Term 1 election: Tablet error from VoteRequest() call to peer 2b73471252dc4207a8efce4a0da53ddc (127.2.223.131:40495): Illegal state: must be running to vote when last-logged opid is not known
I20260608 10:05:45.279328  3684 tablet_service.cc:1917] Received RequestConsensusVote() RPC: tablet_id: "18995fb2e447441db1dc0c129e4d4480" candidate_uuid: "351b039fbd11463eaa26fadce83fc3c4" candidate_term: 1 candidate_status { last_received { term: 0 index: 0 } } ignore_live_leader: false dest_uuid: "68e7179886614f739b19e220d2e518c3"
I20260608 10:05:45.279702  3647 leader_election.cc:304] T 18995fb2e447441db1dc0c129e4d4480 P 68e7179886614f739b19e220d2e518c3 [CANDIDATE]: Term 1 election: Election decided. Result: candidate lost. Election summary: received 3 responses out of 3 voters: 1 yes votes; 2 no votes. yes voters: 68e7179886614f739b19e220d2e518c3; no voters: 2b73471252dc4207a8efce4a0da53ddc, 351b039fbd11463eaa26fadce83fc3c4
I20260608 10:05:45.280139  3684 raft_consensus.cc:2393] T 18995fb2e447441db1dc0c129e4d4480 P 68e7179886614f739b19e220d2e518c3 [term 1 FOLLOWER]: Leader election vote request: Denying vote to candidate 351b039fbd11463eaa26fadce83fc3c4 in current term 1: Already voted for candidate 68e7179886614f739b19e220d2e518c3 in this term.
I20260608 10:05:45.284397  3803 tablet_bootstrap.cc:654] T 450dcc29766f498fb1300274ddc8c55a P 351b039fbd11463eaa26fadce83fc3c4: Neither blocks nor log segments found. Creating new log.
I20260608 10:05:45.281437  3812 leader_election.cc:290] T 18995fb2e447441db1dc0c129e4d4480 P 351b039fbd11463eaa26fadce83fc3c4 [CANDIDATE]: Term 1 election: Requested vote from peers 68e7179886614f739b19e220d2e518c3 (127.2.223.130:45881), 2b73471252dc4207a8efce4a0da53ddc (127.2.223.131:40495)
I20260608 10:05:45.286270  3814 raft_consensus.cc:2749] T 18995fb2e447441db1dc0c129e4d4480 P 68e7179886614f739b19e220d2e518c3 [term 1 FOLLOWER]: Leader election lost for term 1. Reason: could not achieve majority
I20260608 10:05:45.286346  3804 consensus_queue.cc:260] T 450dcc29766f498fb1300274ddc8c55a P 68e7179886614f739b19e220d2e518c3 [NON_LEADER]: Queue going to NON_LEADER mode. State: All replicated index: 0, Majority replicated index: 0, Committed index: 0, Last appended: 0.0, Last appended by leader: 0, Current term: 0, Majority size: -1, State: 0, Mode: NON_LEADER, active raft config: opid_index: -1 OBSOLETE_local: false peers { permanent_uuid: "351b039fbd11463eaa26fadce83fc3c4" member_type: VOTER last_known_addr { host: "127.2.223.129" port: 45911 } } peers { permanent_uuid: "68e7179886614f739b19e220d2e518c3" member_type: VOTER last_known_addr { host: "127.2.223.130" port: 45881 } } peers { permanent_uuid: "2b73471252dc4207a8efce4a0da53ddc" member_type: VOTER last_known_addr { host: "127.2.223.131" port: 40495 } }
I20260608 10:05:45.287070  3814 raft_consensus.cc:493] T 0c17cd26a7054425928d36ac1789d391 P 68e7179886614f739b19e220d2e518c3 [term 0 FOLLOWER]: Starting pre-election (no leader contacted us within the election timeout)
I20260608 10:05:45.287715  3814 raft_consensus.cc:515] T 0c17cd26a7054425928d36ac1789d391 P 68e7179886614f739b19e220d2e518c3 [term 0 FOLLOWER]: Starting pre-election with config: opid_index: -1 OBSOLETE_local: false peers { permanent_uuid: "351b039fbd11463eaa26fadce83fc3c4" member_type: VOTER last_known_addr { host: "127.2.223.129" port: 45911 } } peers { permanent_uuid: "68e7179886614f739b19e220d2e518c3" member_type: VOTER last_known_addr { host: "127.2.223.130" port: 45881 } } peers { permanent_uuid: "2b73471252dc4207a8efce4a0da53ddc" member_type: VOTER last_known_addr { host: "127.2.223.131" port: 40495 } }
I20260608 10:05:45.288993  3804 ts_tablet_manager.cc:1434] T 450dcc29766f498fb1300274ddc8c55a P 68e7179886614f739b19e220d2e518c3: Time spent starting tablet: real 0.025s	user 0.009s	sys 0.002s
I20260608 10:05:45.290030  3804 tablet_bootstrap.cc:492] T a0493dafd99e4f3096920937ad167c25 P 68e7179886614f739b19e220d2e518c3: Bootstrap starting.
I20260608 10:05:45.290307  3835 raft_consensus.cc:515] T 60d797309d154b0689f4a8237c7855e8 P 68e7179886614f739b19e220d2e518c3 [term 1 FOLLOWER]: Starting leader election with config: opid_index: -1 OBSOLETE_local: false peers { permanent_uuid: "351b039fbd11463eaa26fadce83fc3c4" member_type: VOTER last_known_addr { host: "127.2.223.129" port: 45911 } } peers { permanent_uuid: "68e7179886614f739b19e220d2e518c3" member_type: VOTER last_known_addr { host: "127.2.223.130" port: 45881 } } peers { permanent_uuid: "2b73471252dc4207a8efce4a0da53ddc" member_type: VOTER last_known_addr { host: "127.2.223.131" port: 40495 } }
I20260608 10:05:45.291388  3814 leader_election.cc:290] T 0c17cd26a7054425928d36ac1789d391 P 68e7179886614f739b19e220d2e518c3 [CANDIDATE]: Term 1 pre-election: Requested pre-vote from peers 351b039fbd11463eaa26fadce83fc3c4 (127.2.223.129:45911), 2b73471252dc4207a8efce4a0da53ddc (127.2.223.131:40495)
I20260608 10:05:45.284793  3574 leader_election.cc:304] T 18995fb2e447441db1dc0c129e4d4480 P 351b039fbd11463eaa26fadce83fc3c4 [CANDIDATE]: Term 1 election: Election decided. Result: candidate lost. Election summary: received 3 responses out of 3 voters: 1 yes votes; 2 no votes. yes voters: 351b039fbd11463eaa26fadce83fc3c4; no voters: 2b73471252dc4207a8efce4a0da53ddc, 68e7179886614f739b19e220d2e518c3
I20260608 10:05:45.292644  3812 raft_consensus.cc:2749] T 18995fb2e447441db1dc0c129e4d4480 P 351b039fbd11463eaa26fadce83fc3c4 [term 1 FOLLOWER]: Leader election lost for term 1. Reason: could not achieve majority
I20260608 10:05:45.292665  3835 leader_election.cc:290] T 60d797309d154b0689f4a8237c7855e8 P 68e7179886614f739b19e220d2e518c3 [CANDIDATE]: Term 1 election: Requested vote from peers 351b039fbd11463eaa26fadce83fc3c4 (127.2.223.129:45911), 2b73471252dc4207a8efce4a0da53ddc (127.2.223.131:40495)
I20260608 10:05:45.294620  3608 tablet_service.cc:1917] Received RequestConsensusVote() RPC: tablet_id: "60d797309d154b0689f4a8237c7855e8" candidate_uuid: "2b73471252dc4207a8efce4a0da53ddc" candidate_term: 1 candidate_status { last_received { term: 0 index: 0 } } ignore_live_leader: false dest_uuid: "351b039fbd11463eaa26fadce83fc3c4" is_pre_election: true
I20260608 10:05:45.295259  3608 raft_consensus.cc:2468] T 60d797309d154b0689f4a8237c7855e8 P 351b039fbd11463eaa26fadce83fc3c4 [term 0 FOLLOWER]: Leader pre-election vote request: Granting yes vote for candidate 2b73471252dc4207a8efce4a0da53ddc in term 0.
I20260608 10:05:45.296653  3608 tablet_service.cc:1917] Received RequestConsensusVote() RPC: tablet_id: "bab4b6a5ece24b7087db431f83c2b5df" candidate_uuid: "2b73471252dc4207a8efce4a0da53ddc" candidate_term: 1 candidate_status { last_received { term: 0 index: 0 } } ignore_live_leader: false dest_uuid: "351b039fbd11463eaa26fadce83fc3c4" is_pre_election: true
I20260608 10:05:45.297737  3808 tablet_bootstrap.cc:654] T 450dcc29766f498fb1300274ddc8c55a P 2b73471252dc4207a8efce4a0da53ddc: Neither blocks nor log segments found. Creating new log.
I20260608 10:05:45.298234  3721 leader_election.cc:304] T 60d797309d154b0689f4a8237c7855e8 P 2b73471252dc4207a8efce4a0da53ddc [CANDIDATE]: Term 1 pre-election: Election decided. Result: candidate won. Election summary: received 2 responses out of 3 voters: 2 yes votes; 0 no votes. yes voters: 2b73471252dc4207a8efce4a0da53ddc, 351b039fbd11463eaa26fadce83fc3c4; no voters: 
I20260608 10:05:45.300457  3836 raft_consensus.cc:2804] T 60d797309d154b0689f4a8237c7855e8 P 2b73471252dc4207a8efce4a0da53ddc [term 0 FOLLOWER]: Leader pre-election won for term 1
I20260608 10:05:45.300902  3836 raft_consensus.cc:493] T 60d797309d154b0689f4a8237c7855e8 P 2b73471252dc4207a8efce4a0da53ddc [term 0 FOLLOWER]: Starting leader election (no leader contacted us within the election timeout)
I20260608 10:05:45.301290  3836 raft_consensus.cc:3060] T 60d797309d154b0689f4a8237c7855e8 P 2b73471252dc4207a8efce4a0da53ddc [term 0 FOLLOWER]: Advancing to term 1
I20260608 10:05:45.305780  3684 tablet_service.cc:1917] Received RequestConsensusVote() RPC: tablet_id: "60d797309d154b0689f4a8237c7855e8" candidate_uuid: "2b73471252dc4207a8efce4a0da53ddc" candidate_term: 1 candidate_status { last_received { term: 0 index: 0 } } ignore_live_leader: false dest_uuid: "68e7179886614f739b19e220d2e518c3" is_pre_election: true
I20260608 10:05:45.306280  3683 tablet_service.cc:1917] Received RequestConsensusVote() RPC: tablet_id: "bab4b6a5ece24b7087db431f83c2b5df" candidate_uuid: "2b73471252dc4207a8efce4a0da53ddc" candidate_term: 1 candidate_status { last_received { term: 0 index: 0 } } ignore_live_leader: false dest_uuid: "68e7179886614f739b19e220d2e518c3" is_pre_election: true
I20260608 10:05:45.307034  3684 raft_consensus.cc:2393] T 60d797309d154b0689f4a8237c7855e8 P 68e7179886614f739b19e220d2e518c3 [term 1 FOLLOWER]: Leader pre-election vote request: Denying vote to candidate 2b73471252dc4207a8efce4a0da53ddc in current term 1: Already voted for candidate 68e7179886614f739b19e220d2e518c3 in this term.
I20260608 10:05:45.307265  3683 raft_consensus.cc:2393] T bab4b6a5ece24b7087db431f83c2b5df P 68e7179886614f739b19e220d2e518c3 [term 1 FOLLOWER]: Leader pre-election vote request: Denying vote to candidate 2b73471252dc4207a8efce4a0da53ddc in current term 1: Already voted for candidate 351b039fbd11463eaa26fadce83fc3c4 in this term.
I20260608 10:05:45.309135  3608 tablet_service.cc:1917] Received RequestConsensusVote() RPC: tablet_id: "0c17cd26a7054425928d36ac1789d391" candidate_uuid: "68e7179886614f739b19e220d2e518c3" candidate_term: 1 candidate_status { last_received { term: 0 index: 0 } } ignore_live_leader: false dest_uuid: "351b039fbd11463eaa26fadce83fc3c4" is_pre_election: true
I20260608 10:05:45.309899  3804 tablet_bootstrap.cc:654] T a0493dafd99e4f3096920937ad167c25 P 68e7179886614f739b19e220d2e518c3: Neither blocks nor log segments found. Creating new log.
I20260608 10:05:45.309801  3608 raft_consensus.cc:2468] T 0c17cd26a7054425928d36ac1789d391 P 351b039fbd11463eaa26fadce83fc3c4 [term 0 FOLLOWER]: Leader pre-election vote request: Granting yes vote for candidate 68e7179886614f739b19e220d2e518c3 in term 0.
I20260608 10:05:45.310910  3757 tablet_service.cc:1917] Received RequestConsensusVote() RPC: tablet_id: "0c17cd26a7054425928d36ac1789d391" candidate_uuid: "68e7179886614f739b19e220d2e518c3" candidate_term: 1 candidate_status { last_received { term: 0 index: 0 } } ignore_live_leader: false dest_uuid: "2b73471252dc4207a8efce4a0da53ddc" is_pre_election: true
I20260608 10:05:45.311694  3608 tablet_service.cc:1917] Received RequestConsensusVote() RPC: tablet_id: "60d797309d154b0689f4a8237c7855e8" candidate_uuid: "68e7179886614f739b19e220d2e518c3" candidate_term: 1 candidate_status { last_received { term: 0 index: 0 } } ignore_live_leader: false dest_uuid: "351b039fbd11463eaa26fadce83fc3c4"
I20260608 10:05:45.312233  3758 tablet_service.cc:1917] Received RequestConsensusVote() RPC: tablet_id: "60d797309d154b0689f4a8237c7855e8" candidate_uuid: "68e7179886614f739b19e220d2e518c3" candidate_term: 1 candidate_status { last_received { term: 0 index: 0 } } ignore_live_leader: false dest_uuid: "2b73471252dc4207a8efce4a0da53ddc"
I20260608 10:05:45.309779  3836 raft_consensus.cc:515] T 60d797309d154b0689f4a8237c7855e8 P 2b73471252dc4207a8efce4a0da53ddc [term 1 FOLLOWER]: Starting leader election with config: opid_index: -1 OBSOLETE_local: false peers { permanent_uuid: "351b039fbd11463eaa26fadce83fc3c4" member_type: VOTER last_known_addr { host: "127.2.223.129" port: 45911 } } peers { permanent_uuid: "68e7179886614f739b19e220d2e518c3" member_type: VOTER last_known_addr { host: "127.2.223.130" port: 45881 } } peers { permanent_uuid: "2b73471252dc4207a8efce4a0da53ddc" member_type: VOTER last_known_addr { host: "127.2.223.131" port: 40495 } }
I20260608 10:05:45.312382  3647 leader_election.cc:304] T 0c17cd26a7054425928d36ac1789d391 P 68e7179886614f739b19e220d2e518c3 [CANDIDATE]: Term 1 pre-election: Election decided. Result: candidate won. Election summary: received 2 responses out of 3 voters: 2 yes votes; 0 no votes. yes voters: 351b039fbd11463eaa26fadce83fc3c4, 68e7179886614f739b19e220d2e518c3; no voters: 
I20260608 10:05:45.317488  3758 raft_consensus.cc:2393] T 60d797309d154b0689f4a8237c7855e8 P 2b73471252dc4207a8efce4a0da53ddc [term 1 FOLLOWER]: Leader election vote request: Denying vote to candidate 68e7179886614f739b19e220d2e518c3 in current term 1: Already voted for candidate 2b73471252dc4207a8efce4a0da53ddc in this term.
W20260608 10:05:45.317925  3647 leader_election.cc:343] T 0c17cd26a7054425928d36ac1789d391 P 68e7179886614f739b19e220d2e518c3 [CANDIDATE]: Term 1 pre-election: Tablet error from VoteRequest() call to peer 2b73471252dc4207a8efce4a0da53ddc (127.2.223.131:40495): Illegal state: must be running to vote when last-logged opid is not known
I20260608 10:05:45.317525  3837 raft_consensus.cc:2804] T 0c17cd26a7054425928d36ac1789d391 P 68e7179886614f739b19e220d2e518c3 [term 0 FOLLOWER]: Leader pre-election won for term 1
I20260608 10:05:45.318895  3837 raft_consensus.cc:493] T 0c17cd26a7054425928d36ac1789d391 P 68e7179886614f739b19e220d2e518c3 [term 0 FOLLOWER]: Starting leader election (no leader contacted us within the election timeout)
I20260608 10:05:45.312255  3608 raft_consensus.cc:3060] T 60d797309d154b0689f4a8237c7855e8 P 351b039fbd11463eaa26fadce83fc3c4 [term 0 FOLLOWER]: Advancing to term 1
I20260608 10:05:45.313691  3723 leader_election.cc:304] T bab4b6a5ece24b7087db431f83c2b5df P 2b73471252dc4207a8efce4a0da53ddc [CANDIDATE]: Term 1 pre-election: Election decided. Result: candidate lost. Election summary: received 3 responses out of 3 voters: 1 yes votes; 2 no votes. yes voters: 2b73471252dc4207a8efce4a0da53ddc; no voters: 351b039fbd11463eaa26fadce83fc3c4, 68e7179886614f739b19e220d2e518c3
I20260608 10:05:45.319326  3837 raft_consensus.cc:3060] T 0c17cd26a7054425928d36ac1789d391 P 68e7179886614f739b19e220d2e518c3 [term 0 FOLLOWER]: Advancing to term 1
I20260608 10:05:45.319682  3803 tablet_bootstrap.cc:492] T 450dcc29766f498fb1300274ddc8c55a P 351b039fbd11463eaa26fadce83fc3c4: No bootstrap required, opened a new log
I20260608 10:05:45.319770  3818 raft_consensus.cc:3060] T bab4b6a5ece24b7087db431f83c2b5df P 2b73471252dc4207a8efce4a0da53ddc [term 0 FOLLOWER]: Advancing to term 1
I20260608 10:05:45.320326  3803 ts_tablet_manager.cc:1403] T 450dcc29766f498fb1300274ddc8c55a P 351b039fbd11463eaa26fadce83fc3c4: Time spent bootstrapping tablet: real 0.093s	user 0.017s	sys 0.009s
I20260608 10:05:45.322469  3836 leader_election.cc:290] T 60d797309d154b0689f4a8237c7855e8 P 2b73471252dc4207a8efce4a0da53ddc [CANDIDATE]: Term 1 election: Requested vote from peers 351b039fbd11463eaa26fadce83fc3c4 (127.2.223.129:45911), 68e7179886614f739b19e220d2e518c3 (127.2.223.130:45881)
I20260608 10:05:45.323285  3609 tablet_service.cc:1917] Received RequestConsensusVote() RPC: tablet_id: "60d797309d154b0689f4a8237c7855e8" candidate_uuid: "2b73471252dc4207a8efce4a0da53ddc" candidate_term: 1 candidate_status { last_received { term: 0 index: 0 } } ignore_live_leader: false dest_uuid: "351b039fbd11463eaa26fadce83fc3c4"
I20260608 10:05:45.323683  3803 raft_consensus.cc:359] T 450dcc29766f498fb1300274ddc8c55a P 351b039fbd11463eaa26fadce83fc3c4 [term 0 FOLLOWER]: Replica starting. Triggering 0 pending ops. Active config: opid_index: -1 OBSOLETE_local: false peers { permanent_uuid: "351b039fbd11463eaa26fadce83fc3c4" member_type: VOTER last_known_addr { host: "127.2.223.129" port: 45911 } } peers { permanent_uuid: "68e7179886614f739b19e220d2e518c3" member_type: VOTER last_known_addr { host: "127.2.223.130" port: 45881 } } peers { permanent_uuid: "2b73471252dc4207a8efce4a0da53ddc" member_type: VOTER last_known_addr { host: "127.2.223.131" port: 40495 } }
I20260608 10:05:45.324535  3803 raft_consensus.cc:385] T 450dcc29766f498fb1300274ddc8c55a P 351b039fbd11463eaa26fadce83fc3c4 [term 0 FOLLOWER]: Consensus starting up: Expiring failure detector timer to make a prompt election more likely
I20260608 10:05:45.324887  3803 raft_consensus.cc:740] T 450dcc29766f498fb1300274ddc8c55a P 351b039fbd11463eaa26fadce83fc3c4 [term 0 FOLLOWER]: Becoming Follower/Learner. State: Replica: 351b039fbd11463eaa26fadce83fc3c4, State: Initialized, Role: FOLLOWER
I20260608 10:05:45.325789  3803 consensus_queue.cc:260] T 450dcc29766f498fb1300274ddc8c55a P 351b039fbd11463eaa26fadce83fc3c4 [NON_LEADER]: Queue going to NON_LEADER mode. State: All replicated index: 0, Majority replicated index: 0, Committed index: 0, Last appended: 0.0, Last appended by leader: 0, Current term: 0, Majority size: -1, State: 0, Mode: NON_LEADER, active raft config: opid_index: -1 OBSOLETE_local: false peers { permanent_uuid: "351b039fbd11463eaa26fadce83fc3c4" member_type: VOTER last_known_addr { host: "127.2.223.129" port: 45911 } } peers { permanent_uuid: "68e7179886614f739b19e220d2e518c3" member_type: VOTER last_known_addr { host: "127.2.223.130" port: 45881 } } peers { permanent_uuid: "2b73471252dc4207a8efce4a0da53ddc" member_type: VOTER last_known_addr { host: "127.2.223.131" port: 40495 } }
I20260608 10:05:45.327816  3818 raft_consensus.cc:2749] T bab4b6a5ece24b7087db431f83c2b5df P 2b73471252dc4207a8efce4a0da53ddc [term 1 FOLLOWER]: Leader pre-election lost for term 1. Reason: could not achieve majority
I20260608 10:05:45.328109  3608 raft_consensus.cc:2468] T 60d797309d154b0689f4a8237c7855e8 P 351b039fbd11463eaa26fadce83fc3c4 [term 1 FOLLOWER]: Leader election vote request: Granting yes vote for candidate 68e7179886614f739b19e220d2e518c3 in term 1.
I20260608 10:05:45.319151  3808 tablet_bootstrap.cc:492] T 450dcc29766f498fb1300274ddc8c55a P 2b73471252dc4207a8efce4a0da53ddc: No bootstrap required, opened a new log
I20260608 10:05:45.328917  3808 ts_tablet_manager.cc:1403] T 450dcc29766f498fb1300274ddc8c55a P 2b73471252dc4207a8efce4a0da53ddc: Time spent bootstrapping tablet: real 0.051s	user 0.014s	sys 0.000s
I20260608 10:05:45.329754  3683 tablet_service.cc:1917] Received RequestConsensusVote() RPC: tablet_id: "60d797309d154b0689f4a8237c7855e8" candidate_uuid: "2b73471252dc4207a8efce4a0da53ddc" candidate_term: 1 candidate_status { last_received { term: 0 index: 0 } } ignore_live_leader: false dest_uuid: "68e7179886614f739b19e220d2e518c3"
I20260608 10:05:45.330669  3683 raft_consensus.cc:2393] T 60d797309d154b0689f4a8237c7855e8 P 68e7179886614f739b19e220d2e518c3 [term 1 FOLLOWER]: Leader election vote request: Denying vote to candidate 2b73471252dc4207a8efce4a0da53ddc in current term 1: Already voted for candidate 68e7179886614f739b19e220d2e518c3 in this term.
I20260608 10:05:45.331153  3803 ts_tablet_manager.cc:1434] T 450dcc29766f498fb1300274ddc8c55a P 351b039fbd11463eaa26fadce83fc3c4: Time spent starting tablet: real 0.010s	user 0.003s	sys 0.003s
I20260608 10:05:45.331872  3723 leader_election.cc:304] T 60d797309d154b0689f4a8237c7855e8 P 2b73471252dc4207a8efce4a0da53ddc [CANDIDATE]: Term 1 election: Election decided. Result: candidate lost. Election summary: received 3 responses out of 3 voters: 1 yes votes; 2 no votes. yes voters: 2b73471252dc4207a8efce4a0da53ddc; no voters: 351b039fbd11463eaa26fadce83fc3c4, 68e7179886614f739b19e220d2e518c3
I20260608 10:05:45.332003  3647 leader_election.cc:304] T 60d797309d154b0689f4a8237c7855e8 P 68e7179886614f739b19e220d2e518c3 [CANDIDATE]: Term 1 election: Election decided. Result: candidate won. Election summary: received 3 responses out of 3 voters: 2 yes votes; 1 no votes. yes voters: 351b039fbd11463eaa26fadce83fc3c4, 68e7179886614f739b19e220d2e518c3; no voters: 2b73471252dc4207a8efce4a0da53ddc
I20260608 10:05:45.332909  3835 raft_consensus.cc:2804] T 60d797309d154b0689f4a8237c7855e8 P 68e7179886614f739b19e220d2e518c3 [term 1 FOLLOWER]: Leader election won for term 1
I20260608 10:05:45.333421  3835 raft_consensus.cc:697] T 60d797309d154b0689f4a8237c7855e8 P 68e7179886614f739b19e220d2e518c3 [term 1 LEADER]: Becoming Leader. State: Replica: 68e7179886614f739b19e220d2e518c3, State: Running, Role: LEADER
I20260608 10:05:45.333549  3808 raft_consensus.cc:359] T 450dcc29766f498fb1300274ddc8c55a P 2b73471252dc4207a8efce4a0da53ddc [term 0 FOLLOWER]: Replica starting. Triggering 0 pending ops. Active config: opid_index: -1 OBSOLETE_local: false peers { permanent_uuid: "351b039fbd11463eaa26fadce83fc3c4" member_type: VOTER last_known_addr { host: "127.2.223.129" port: 45911 } } peers { permanent_uuid: "68e7179886614f739b19e220d2e518c3" member_type: VOTER last_known_addr { host: "127.2.223.130" port: 45881 } } peers { permanent_uuid: "2b73471252dc4207a8efce4a0da53ddc" member_type: VOTER last_known_addr { host: "127.2.223.131" port: 40495 } }
I20260608 10:05:45.334393  3808 raft_consensus.cc:385] T 450dcc29766f498fb1300274ddc8c55a P 2b73471252dc4207a8efce4a0da53ddc [term 0 FOLLOWER]: Consensus starting up: Expiring failure detector timer to make a prompt election more likely
I20260608 10:05:45.334892  3808 raft_consensus.cc:740] T 450dcc29766f498fb1300274ddc8c55a P 2b73471252dc4207a8efce4a0da53ddc [term 0 FOLLOWER]: Becoming Follower/Learner. State: Replica: 2b73471252dc4207a8efce4a0da53ddc, State: Initialized, Role: FOLLOWER
I20260608 10:05:45.334393  3835 consensus_queue.cc:237] T 60d797309d154b0689f4a8237c7855e8 P 68e7179886614f739b19e220d2e518c3 [LEADER]: Queue going to LEADER mode. State: All replicated index: 0, Majority replicated index: 0, Committed index: 0, Last appended: 0.0, Last appended by leader: 0, Current term: 1, Majority size: 2, State: 0, Mode: LEADER, active raft config: opid_index: -1 OBSOLETE_local: false peers { permanent_uuid: "351b039fbd11463eaa26fadce83fc3c4" member_type: VOTER last_known_addr { host: "127.2.223.129" port: 45911 } } peers { permanent_uuid: "68e7179886614f739b19e220d2e518c3" member_type: VOTER last_known_addr { host: "127.2.223.130" port: 45881 } } peers { permanent_uuid: "2b73471252dc4207a8efce4a0da53ddc" member_type: VOTER last_known_addr { host: "127.2.223.131" port: 40495 } }
I20260608 10:05:45.335760  3808 consensus_queue.cc:260] T 450dcc29766f498fb1300274ddc8c55a P 2b73471252dc4207a8efce4a0da53ddc [NON_LEADER]: Queue going to NON_LEADER mode. State: All replicated index: 0, Majority replicated index: 0, Committed index: 0, Last appended: 0.0, Last appended by leader: 0, Current term: 0, Majority size: -1, State: 0, Mode: NON_LEADER, active raft config: opid_index: -1 OBSOLETE_local: false peers { permanent_uuid: "351b039fbd11463eaa26fadce83fc3c4" member_type: VOTER last_known_addr { host: "127.2.223.129" port: 45911 } } peers { permanent_uuid: "68e7179886614f739b19e220d2e518c3" member_type: VOTER last_known_addr { host: "127.2.223.130" port: 45881 } } peers { permanent_uuid: "2b73471252dc4207a8efce4a0da53ddc" member_type: VOTER last_known_addr { host: "127.2.223.131" port: 40495 } }
I20260608 10:05:45.332679  3818 raft_consensus.cc:2749] T 60d797309d154b0689f4a8237c7855e8 P 2b73471252dc4207a8efce4a0da53ddc [term 1 FOLLOWER]: Leader election lost for term 1. Reason: could not achieve majority
I20260608 10:05:45.341514  3804 tablet_bootstrap.cc:492] T a0493dafd99e4f3096920937ad167c25 P 68e7179886614f739b19e220d2e518c3: No bootstrap required, opened a new log
I20260608 10:05:45.342062  3804 ts_tablet_manager.cc:1403] T a0493dafd99e4f3096920937ad167c25 P 68e7179886614f739b19e220d2e518c3: Time spent bootstrapping tablet: real 0.052s	user 0.011s	sys 0.008s
I20260608 10:05:45.343196  3836 raft_consensus.cc:493] T 37a6a06e88bb4f6cbbbb77311886b96a P 2b73471252dc4207a8efce4a0da53ddc [term 0 FOLLOWER]: Starting pre-election (no leader contacted us within the election timeout)
I20260608 10:05:45.343978  3836 raft_consensus.cc:515] T 37a6a06e88bb4f6cbbbb77311886b96a P 2b73471252dc4207a8efce4a0da53ddc [term 0 FOLLOWER]: Starting pre-election with config: opid_index: -1 OBSOLETE_local: false peers { permanent_uuid: "351b039fbd11463eaa26fadce83fc3c4" member_type: VOTER last_known_addr { host: "127.2.223.129" port: 45911 } } peers { permanent_uuid: "68e7179886614f739b19e220d2e518c3" member_type: VOTER last_known_addr { host: "127.2.223.130" port: 45881 } } peers { permanent_uuid: "2b73471252dc4207a8efce4a0da53ddc" member_type: VOTER last_known_addr { host: "127.2.223.131" port: 40495 } }
I20260608 10:05:45.345187  3804 raft_consensus.cc:359] T a0493dafd99e4f3096920937ad167c25 P 68e7179886614f739b19e220d2e518c3 [term 0 FOLLOWER]: Replica starting. Triggering 0 pending ops. Active config: opid_index: -1 OBSOLETE_local: false peers { permanent_uuid: "68e7179886614f739b19e220d2e518c3" member_type: VOTER last_known_addr { host: "127.2.223.130" port: 45881 } } peers { permanent_uuid: "351b039fbd11463eaa26fadce83fc3c4" member_type: VOTER last_known_addr { host: "127.2.223.129" port: 45911 } } peers { permanent_uuid: "2b73471252dc4207a8efce4a0da53ddc" member_type: VOTER last_known_addr { host: "127.2.223.131" port: 40495 } }
I20260608 10:05:45.345902  3804 raft_consensus.cc:385] T a0493dafd99e4f3096920937ad167c25 P 68e7179886614f739b19e220d2e518c3 [term 0 FOLLOWER]: Consensus starting up: Expiring failure detector timer to make a prompt election more likely
I20260608 10:05:45.346331  3804 raft_consensus.cc:740] T a0493dafd99e4f3096920937ad167c25 P 68e7179886614f739b19e220d2e518c3 [term 0 FOLLOWER]: Becoming Follower/Learner. State: Replica: 68e7179886614f739b19e220d2e518c3, State: Initialized, Role: FOLLOWER
I20260608 10:05:45.347147  3804 consensus_queue.cc:260] T a0493dafd99e4f3096920937ad167c25 P 68e7179886614f739b19e220d2e518c3 [NON_LEADER]: Queue going to NON_LEADER mode. State: All replicated index: 0, Majority replicated index: 0, Committed index: 0, Last appended: 0.0, Last appended by leader: 0, Current term: 0, Majority size: -1, State: 0, Mode: NON_LEADER, active raft config: opid_index: -1 OBSOLETE_local: false peers { permanent_uuid: "68e7179886614f739b19e220d2e518c3" member_type: VOTER last_known_addr { host: "127.2.223.130" port: 45881 } } peers { permanent_uuid: "351b039fbd11463eaa26fadce83fc3c4" member_type: VOTER last_known_addr { host: "127.2.223.129" port: 45911 } } peers { permanent_uuid: "2b73471252dc4207a8efce4a0da53ddc" member_type: VOTER last_known_addr { host: "127.2.223.131" port: 40495 } }
I20260608 10:05:45.347946  3814 raft_consensus.cc:493] T a0493dafd99e4f3096920937ad167c25 P 68e7179886614f739b19e220d2e518c3 [term 0 FOLLOWER]: Starting pre-election (no leader contacted us within the election timeout)
I20260608 10:05:45.348479  3608 tablet_service.cc:1917] Received RequestConsensusVote() RPC: tablet_id: "37a6a06e88bb4f6cbbbb77311886b96a" candidate_uuid: "2b73471252dc4207a8efce4a0da53ddc" candidate_term: 1 candidate_status { last_received { term: 0 index: 0 } } ignore_live_leader: false dest_uuid: "351b039fbd11463eaa26fadce83fc3c4" is_pre_election: true
I20260608 10:05:45.348409  3814 raft_consensus.cc:515] T a0493dafd99e4f3096920937ad167c25 P 68e7179886614f739b19e220d2e518c3 [term 0 FOLLOWER]: Starting pre-election with config: opid_index: -1 OBSOLETE_local: false peers { permanent_uuid: "68e7179886614f739b19e220d2e518c3" member_type: VOTER last_known_addr { host: "127.2.223.130" port: 45881 } } peers { permanent_uuid: "351b039fbd11463eaa26fadce83fc3c4" member_type: VOTER last_known_addr { host: "127.2.223.129" port: 45911 } } peers { permanent_uuid: "2b73471252dc4207a8efce4a0da53ddc" member_type: VOTER last_known_addr { host: "127.2.223.131" port: 40495 } }
I20260608 10:05:45.349197  3608 raft_consensus.cc:2468] T 37a6a06e88bb4f6cbbbb77311886b96a P 351b039fbd11463eaa26fadce83fc3c4 [term 0 FOLLOWER]: Leader pre-election vote request: Granting yes vote for candidate 2b73471252dc4207a8efce4a0da53ddc in term 0.
I20260608 10:05:45.349290  3836 leader_election.cc:290] T 37a6a06e88bb4f6cbbbb77311886b96a P 2b73471252dc4207a8efce4a0da53ddc [CANDIDATE]: Term 1 pre-election: Requested pre-vote from peers 351b039fbd11463eaa26fadce83fc3c4 (127.2.223.129:45911), 68e7179886614f739b19e220d2e518c3 (127.2.223.130:45881)
I20260608 10:05:45.350692  3808 ts_tablet_manager.cc:1434] T 450dcc29766f498fb1300274ddc8c55a P 2b73471252dc4207a8efce4a0da53ddc: Time spent starting tablet: real 0.021s	user 0.005s	sys 0.002s
I20260608 10:05:45.350620  3721 leader_election.cc:304] T 37a6a06e88bb4f6cbbbb77311886b96a P 2b73471252dc4207a8efce4a0da53ddc [CANDIDATE]: Term 1 pre-election: Election decided. Result: candidate won. Election summary: received 2 responses out of 3 voters: 2 yes votes; 0 no votes. yes voters: 2b73471252dc4207a8efce4a0da53ddc, 351b039fbd11463eaa26fadce83fc3c4; no voters: 
I20260608 10:05:45.351924  3836 raft_consensus.cc:2804] T 37a6a06e88bb4f6cbbbb77311886b96a P 2b73471252dc4207a8efce4a0da53ddc [term 0 FOLLOWER]: Leader pre-election won for term 1
I20260608 10:05:45.352443  3836 raft_consensus.cc:493] T 37a6a06e88bb4f6cbbbb77311886b96a P 2b73471252dc4207a8efce4a0da53ddc [term 0 FOLLOWER]: Starting leader election (no leader contacted us within the election timeout)
I20260608 10:05:45.352737  3683 tablet_service.cc:1917] Received RequestConsensusVote() RPC: tablet_id: "37a6a06e88bb4f6cbbbb77311886b96a" candidate_uuid: "2b73471252dc4207a8efce4a0da53ddc" candidate_term: 1 candidate_status { last_received { term: 0 index: 0 } } ignore_live_leader: false dest_uuid: "68e7179886614f739b19e220d2e518c3" is_pre_election: true
I20260608 10:05:45.352530  3837 raft_consensus.cc:515] T 0c17cd26a7054425928d36ac1789d391 P 68e7179886614f739b19e220d2e518c3 [term 1 FOLLOWER]: Starting leader election with config: opid_index: -1 OBSOLETE_local: false peers { permanent_uuid: "351b039fbd11463eaa26fadce83fc3c4" member_type: VOTER last_known_addr { host: "127.2.223.129" port: 45911 } } peers { permanent_uuid: "68e7179886614f739b19e220d2e518c3" member_type: VOTER last_known_addr { host: "127.2.223.130" port: 45881 } } peers { permanent_uuid: "2b73471252dc4207a8efce4a0da53ddc" member_type: VOTER last_known_addr { host: "127.2.223.131" port: 40495 } }
I20260608 10:05:45.353089  3836 raft_consensus.cc:3060] T 37a6a06e88bb4f6cbbbb77311886b96a P 2b73471252dc4207a8efce4a0da53ddc [term 0 FOLLOWER]: Advancing to term 1
W20260608 10:05:45.354807  3723 leader_election.cc:343] T 37a6a06e88bb4f6cbbbb77311886b96a P 2b73471252dc4207a8efce4a0da53ddc [CANDIDATE]: Term 1 pre-election: Tablet error from VoteRequest() call to peer 68e7179886614f739b19e220d2e518c3 (127.2.223.130:45881): Illegal state: must be running to vote when last-logged opid is not known
I20260608 10:05:45.354892  3837 leader_election.cc:290] T 0c17cd26a7054425928d36ac1789d391 P 68e7179886614f739b19e220d2e518c3 [CANDIDATE]: Term 1 election: Requested vote from peers 351b039fbd11463eaa26fadce83fc3c4 (127.2.223.129:45911), 2b73471252dc4207a8efce4a0da53ddc (127.2.223.131:40495)
I20260608 10:05:45.356096  3608 tablet_service.cc:1917] Received RequestConsensusVote() RPC: tablet_id: "a0493dafd99e4f3096920937ad167c25" candidate_uuid: "68e7179886614f739b19e220d2e518c3" candidate_term: 1 candidate_status { last_received { term: 0 index: 0 } } ignore_live_leader: false dest_uuid: "351b039fbd11463eaa26fadce83fc3c4" is_pre_election: true
I20260608 10:05:45.356493  3609 tablet_service.cc:1917] Received RequestConsensusVote() RPC: tablet_id: "0c17cd26a7054425928d36ac1789d391" candidate_uuid: "68e7179886614f739b19e220d2e518c3" candidate_term: 1 candidate_status { last_received { term: 0 index: 0 } } ignore_live_leader: false dest_uuid: "351b039fbd11463eaa26fadce83fc3c4"
I20260608 10:05:45.356731  3608 raft_consensus.cc:2468] T a0493dafd99e4f3096920937ad167c25 P 351b039fbd11463eaa26fadce83fc3c4 [term 0 FOLLOWER]: Leader pre-election vote request: Granting yes vote for candidate 68e7179886614f739b19e220d2e518c3 in term 0.
I20260608 10:05:45.357084  3609 raft_consensus.cc:3060] T 0c17cd26a7054425928d36ac1789d391 P 351b039fbd11463eaa26fadce83fc3c4 [term 0 FOLLOWER]: Advancing to term 1
I20260608 10:05:45.360039  3808 tablet_bootstrap.cc:492] T 0c17cd26a7054425928d36ac1789d391 P 2b73471252dc4207a8efce4a0da53ddc: Bootstrap starting.
I20260608 10:05:45.360647  3758 tablet_service.cc:1917] Received RequestConsensusVote() RPC: tablet_id: "a0493dafd99e4f3096920937ad167c25" candidate_uuid: "68e7179886614f739b19e220d2e518c3" candidate_term: 1 candidate_status { last_received { term: 0 index: 0 } } ignore_live_leader: false dest_uuid: "2b73471252dc4207a8efce4a0da53ddc" is_pre_election: true
I20260608 10:05:45.361964  3757 tablet_service.cc:1917] Received RequestConsensusVote() RPC: tablet_id: "0c17cd26a7054425928d36ac1789d391" candidate_uuid: "68e7179886614f739b19e220d2e518c3" candidate_term: 1 candidate_status { last_received { term: 0 index: 0 } } ignore_live_leader: false dest_uuid: "2b73471252dc4207a8efce4a0da53ddc"
I20260608 10:05:45.368409  3609 raft_consensus.cc:2468] T 0c17cd26a7054425928d36ac1789d391 P 351b039fbd11463eaa26fadce83fc3c4 [term 1 FOLLOWER]: Leader election vote request: Granting yes vote for candidate 68e7179886614f739b19e220d2e518c3 in term 1.
I20260608 10:05:45.369303  3647 leader_election.cc:304] T a0493dafd99e4f3096920937ad167c25 P 68e7179886614f739b19e220d2e518c3 [CANDIDATE]: Term 1 pre-election: Election decided. Result: candidate won. Election summary: received 2 responses out of 3 voters: 2 yes votes; 0 no votes. yes voters: 351b039fbd11463eaa26fadce83fc3c4, 68e7179886614f739b19e220d2e518c3; no voters: 
I20260608 10:05:45.352283  3814 leader_election.cc:290] T a0493dafd99e4f3096920937ad167c25 P 68e7179886614f739b19e220d2e518c3 [CANDIDATE]: Term 1 pre-election: Requested pre-vote from peers 351b039fbd11463eaa26fadce83fc3c4 (127.2.223.129:45911), 2b73471252dc4207a8efce4a0da53ddc (127.2.223.131:40495)
W20260608 10:05:45.370478  3647 leader_election.cc:343] T a0493dafd99e4f3096920937ad167c25 P 68e7179886614f739b19e220d2e518c3 [CANDIDATE]: Term 1 pre-election: Tablet error from VoteRequest() call to peer 2b73471252dc4207a8efce4a0da53ddc (127.2.223.131:40495): Illegal state: must be running to vote when last-logged opid is not known
I20260608 10:05:45.370712  3814 raft_consensus.cc:2804] T a0493dafd99e4f3096920937ad167c25 P 68e7179886614f739b19e220d2e518c3 [term 0 FOLLOWER]: Leader pre-election won for term 1
I20260608 10:05:45.371136  3814 raft_consensus.cc:493] T a0493dafd99e4f3096920937ad167c25 P 68e7179886614f739b19e220d2e518c3 [term 0 FOLLOWER]: Starting leader election (no leader contacted us within the election timeout)
I20260608 10:05:45.371487  3814 raft_consensus.cc:3060] T a0493dafd99e4f3096920937ad167c25 P 68e7179886614f739b19e220d2e518c3 [term 0 FOLLOWER]: Advancing to term 1
W20260608 10:05:45.371681  3647 leader_election.cc:343] T 0c17cd26a7054425928d36ac1789d391 P 68e7179886614f739b19e220d2e518c3 [CANDIDATE]: Term 1 election: Tablet error from VoteRequest() call to peer 2b73471252dc4207a8efce4a0da53ddc (127.2.223.131:40495): Illegal state: must be running to vote when last-logged opid is not known
I20260608 10:05:45.372519  3647 leader_election.cc:304] T 0c17cd26a7054425928d36ac1789d391 P 68e7179886614f739b19e220d2e518c3 [CANDIDATE]: Term 1 election: Election decided. Result: candidate won. Election summary: received 3 responses out of 3 voters: 2 yes votes; 1 no votes. yes voters: 351b039fbd11463eaa26fadce83fc3c4, 68e7179886614f739b19e220d2e518c3; no voters: 2b73471252dc4207a8efce4a0da53ddc
I20260608 10:05:45.373979  3837 raft_consensus.cc:2804] T 0c17cd26a7054425928d36ac1789d391 P 68e7179886614f739b19e220d2e518c3 [term 1 FOLLOWER]: Leader election won for term 1
I20260608 10:05:45.377104  3818 raft_consensus.cc:493] T 450dcc29766f498fb1300274ddc8c55a P 2b73471252dc4207a8efce4a0da53ddc [term 0 FOLLOWER]: Starting pre-election (no leader contacted us within the election timeout)
I20260608 10:05:45.377868  3818 raft_consensus.cc:515] T 450dcc29766f498fb1300274ddc8c55a P 2b73471252dc4207a8efce4a0da53ddc [term 0 FOLLOWER]: Starting pre-election with config: opid_index: -1 OBSOLETE_local: false peers { permanent_uuid: "351b039fbd11463eaa26fadce83fc3c4" member_type: VOTER last_known_addr { host: "127.2.223.129" port: 45911 } } peers { permanent_uuid: "68e7179886614f739b19e220d2e518c3" member_type: VOTER last_known_addr { host: "127.2.223.130" port: 45881 } } peers { permanent_uuid: "2b73471252dc4207a8efce4a0da53ddc" member_type: VOTER last_known_addr { host: "127.2.223.131" port: 40495 } }
I20260608 10:05:45.381256  3836 raft_consensus.cc:515] T 37a6a06e88bb4f6cbbbb77311886b96a P 2b73471252dc4207a8efce4a0da53ddc [term 1 FOLLOWER]: Starting leader election with config: opid_index: -1 OBSOLETE_local: false peers { permanent_uuid: "351b039fbd11463eaa26fadce83fc3c4" member_type: VOTER last_known_addr { host: "127.2.223.129" port: 45911 } } peers { permanent_uuid: "68e7179886614f739b19e220d2e518c3" member_type: VOTER last_known_addr { host: "127.2.223.130" port: 45881 } } peers { permanent_uuid: "2b73471252dc4207a8efce4a0da53ddc" member_type: VOTER last_known_addr { host: "127.2.223.131" port: 40495 } }
I20260608 10:05:45.382637  3609 tablet_service.cc:1917] Received RequestConsensusVote() RPC: tablet_id: "450dcc29766f498fb1300274ddc8c55a" candidate_uuid: "2b73471252dc4207a8efce4a0da53ddc" candidate_term: 1 candidate_status { last_received { term: 0 index: 0 } } ignore_live_leader: false dest_uuid: "351b039fbd11463eaa26fadce83fc3c4" is_pre_election: true
I20260608 10:05:45.383294  3814 raft_consensus.cc:515] T a0493dafd99e4f3096920937ad167c25 P 68e7179886614f739b19e220d2e518c3 [term 1 FOLLOWER]: Starting leader election with config: opid_index: -1 OBSOLETE_local: false peers { permanent_uuid: "68e7179886614f739b19e220d2e518c3" member_type: VOTER last_known_addr { host: "127.2.223.130" port: 45881 } } peers { permanent_uuid: "351b039fbd11463eaa26fadce83fc3c4" member_type: VOTER last_known_addr { host: "127.2.223.129" port: 45911 } } peers { permanent_uuid: "2b73471252dc4207a8efce4a0da53ddc" member_type: VOTER last_known_addr { host: "127.2.223.131" port: 40495 } }
I20260608 10:05:45.384215  3608 tablet_service.cc:1917] Received RequestConsensusVote() RPC: tablet_id: "37a6a06e88bb4f6cbbbb77311886b96a" candidate_uuid: "2b73471252dc4207a8efce4a0da53ddc" candidate_term: 1 candidate_status { last_received { term: 0 index: 0 } } ignore_live_leader: false dest_uuid: "351b039fbd11463eaa26fadce83fc3c4"
