I20260608 10:05:37.848151 11454 tablet_bootstrap.cc:654] T 8ddab0c9daa84b479866081ed70b0cee P d7b2c9dad9f44f05ab26ded8d5892865: Neither blocks nor log segments found. Creating new log.
I20260608 10:05:37.855556 11456 ts_tablet_manager.cc:1434] T 577f16c0e8f64af9a1c4d84fd9f8ba4a P 0c303e970a1a4da782d979a55cd9851c: Time spent starting tablet: real 0.018s	user 0.009s	sys 0.005s
I20260608 10:05:37.856148 11454 tablet_bootstrap.cc:492] T 8ddab0c9daa84b479866081ed70b0cee P d7b2c9dad9f44f05ab26ded8d5892865: No bootstrap required, opened a new log
I20260608 10:05:37.856734 11454 ts_tablet_manager.cc:1403] T 8ddab0c9daa84b479866081ed70b0cee P d7b2c9dad9f44f05ab26ded8d5892865: Time spent bootstrapping tablet: real 0.015s	user 0.013s	sys 0.000s
I20260608 10:05:37.856874 11456 tablet_bootstrap.cc:492] T 951b3f1bd7ff4acb98ca1a487c10f68c P 0c303e970a1a4da782d979a55cd9851c: Bootstrap starting.
I20260608 10:05:37.860267 11463 raft_consensus.cc:493] T 7cb4b54ce41b4c0fa4ed49624b573291 P 613626631c73499c99f379d123c6fec7 [term 0 FOLLOWER]: Starting pre-election (no leader contacted us within the election timeout)
I20260608 10:05:37.860901 11463 raft_consensus.cc:515] T 7cb4b54ce41b4c0fa4ed49624b573291 P 613626631c73499c99f379d123c6fec7 [term 0 FOLLOWER]: Starting pre-election with config: opid_index: -1 OBSOLETE_local: false peers { permanent_uuid: "0c303e970a1a4da782d979a55cd9851c" member_type: VOTER last_known_addr { host: "127.10.86.1" port: 36105 } } peers { permanent_uuid: "613626631c73499c99f379d123c6fec7" member_type: VOTER last_known_addr { host: "127.10.86.2" port: 35343 } } peers { permanent_uuid: "d7b2c9dad9f44f05ab26ded8d5892865" member_type: VOTER last_known_addr { host: "127.10.86.3" port: 42997 } }
I20260608 10:05:37.860010 11454 raft_consensus.cc:359] T 8ddab0c9daa84b479866081ed70b0cee P d7b2c9dad9f44f05ab26ded8d5892865 [term 0 FOLLOWER]: Replica starting. Triggering 0 pending ops. Active config: opid_index: -1 OBSOLETE_local: false peers { permanent_uuid: "0c303e970a1a4da782d979a55cd9851c" member_type: VOTER last_known_addr { host: "127.10.86.1" port: 36105 } } peers { permanent_uuid: "613626631c73499c99f379d123c6fec7" member_type: VOTER last_known_addr { host: "127.10.86.2" port: 35343 } } peers { permanent_uuid: "d7b2c9dad9f44f05ab26ded8d5892865" member_type: VOTER last_known_addr { host: "127.10.86.3" port: 42997 } }
I20260608 10:05:37.864326 11454 raft_consensus.cc:385] T 8ddab0c9daa84b479866081ed70b0cee P d7b2c9dad9f44f05ab26ded8d5892865 [term 0 FOLLOWER]: Consensus starting up: Expiring failure detector timer to make a prompt election more likely
I20260608 10:05:37.864562 11456 tablet_bootstrap.cc:654] T 951b3f1bd7ff4acb98ca1a487c10f68c P 0c303e970a1a4da782d979a55cd9851c: Neither blocks nor log segments found. Creating new log.
I20260608 10:05:37.864727 11454 raft_consensus.cc:740] T 8ddab0c9daa84b479866081ed70b0cee P d7b2c9dad9f44f05ab26ded8d5892865 [term 0 FOLLOWER]: Becoming Follower/Learner. State: Replica: d7b2c9dad9f44f05ab26ded8d5892865, State: Initialized, Role: FOLLOWER
I20260608 10:05:37.865779 11454 consensus_queue.cc:260] T 8ddab0c9daa84b479866081ed70b0cee P d7b2c9dad9f44f05ab26ded8d5892865 [NON_LEADER]: Queue going to NON_LEADER mode. State: All replicated index: 0, Majority replicated index: 0, Committed index: 0, Last appended: 0.0, Last appended by leader: 0, Current term: 0, Majority size: -1, State: 0, Mode: NON_LEADER, active raft config: opid_index: -1 OBSOLETE_local: false peers { permanent_uuid: "0c303e970a1a4da782d979a55cd9851c" member_type: VOTER last_known_addr { host: "127.10.86.1" port: 36105 } } peers { permanent_uuid: "613626631c73499c99f379d123c6fec7" member_type: VOTER last_known_addr { host: "127.10.86.2" port: 35343 } } peers { permanent_uuid: "d7b2c9dad9f44f05ab26ded8d5892865" member_type: VOTER last_known_addr { host: "127.10.86.3" port: 42997 } }
I20260608 10:05:37.868304 11454 ts_tablet_manager.cc:1434] T 8ddab0c9daa84b479866081ed70b0cee P d7b2c9dad9f44f05ab26ded8d5892865: Time spent starting tablet: real 0.011s	user 0.006s	sys 0.000s
I20260608 10:05:37.869451 11454 tablet_bootstrap.cc:492] T 5de6d38cb1964c468a666b5b98b21195 P d7b2c9dad9f44f05ab26ded8d5892865: Bootstrap starting.
I20260608 10:05:37.860023 11459 ts_tablet_manager.cc:1434] T 7cb4b54ce41b4c0fa4ed49624b573291 P 613626631c73499c99f379d123c6fec7: Time spent starting tablet: real 0.020s	user 0.008s	sys 0.004s
I20260608 10:05:37.875789 11454 tablet_bootstrap.cc:654] T 5de6d38cb1964c468a666b5b98b21195 P d7b2c9dad9f44f05ab26ded8d5892865: Neither blocks nor log segments found. Creating new log.
I20260608 10:05:37.877764 11459 tablet_bootstrap.cc:492] T c5c8d88059b84b538e91ff17771f041c P 613626631c73499c99f379d123c6fec7: Bootstrap starting.
I20260608 10:05:37.882303 11456 tablet_bootstrap.cc:492] T 951b3f1bd7ff4acb98ca1a487c10f68c P 0c303e970a1a4da782d979a55cd9851c: No bootstrap required, opened a new log
I20260608 10:05:37.882949 11456 ts_tablet_manager.cc:1403] T 951b3f1bd7ff4acb98ca1a487c10f68c P 0c303e970a1a4da782d979a55cd9851c: Time spent bootstrapping tablet: real 0.026s	user 0.013s	sys 0.003s
I20260608 10:05:37.885109 11459 tablet_bootstrap.cc:654] T c5c8d88059b84b538e91ff17771f041c P 613626631c73499c99f379d123c6fec7: Neither blocks nor log segments found. Creating new log.
I20260608 10:05:37.886261 11454 tablet_bootstrap.cc:492] T 5de6d38cb1964c468a666b5b98b21195 P d7b2c9dad9f44f05ab26ded8d5892865: No bootstrap required, opened a new log
I20260608 10:05:37.886111 11456 raft_consensus.cc:359] T 951b3f1bd7ff4acb98ca1a487c10f68c P 0c303e970a1a4da782d979a55cd9851c [term 0 FOLLOWER]: Replica starting. Triggering 0 pending ops. Active config: opid_index: -1 OBSOLETE_local: false peers { permanent_uuid: "0c303e970a1a4da782d979a55cd9851c" member_type: VOTER last_known_addr { host: "127.10.86.1" port: 36105 } } peers { permanent_uuid: "613626631c73499c99f379d123c6fec7" member_type: VOTER last_known_addr { host: "127.10.86.2" port: 35343 } } peers { permanent_uuid: "d7b2c9dad9f44f05ab26ded8d5892865" member_type: VOTER last_known_addr { host: "127.10.86.3" port: 42997 } }
I20260608 10:05:37.888823 11456 raft_consensus.cc:385] T 951b3f1bd7ff4acb98ca1a487c10f68c P 0c303e970a1a4da782d979a55cd9851c [term 0 FOLLOWER]: Consensus starting up: Expiring failure detector timer to make a prompt election more likely
I20260608 10:05:37.886886 11454 ts_tablet_manager.cc:1403] T 5de6d38cb1964c468a666b5b98b21195 P d7b2c9dad9f44f05ab26ded8d5892865: Time spent bootstrapping tablet: real 0.018s	user 0.011s	sys 0.002s
I20260608 10:05:37.887288 11463 leader_election.cc:290] T 7cb4b54ce41b4c0fa4ed49624b573291 P 613626631c73499c99f379d123c6fec7 [CANDIDATE]: Term 1 pre-election: Requested pre-vote from peers 0c303e970a1a4da782d979a55cd9851c (127.10.86.1:36105), d7b2c9dad9f44f05ab26ded8d5892865 (127.10.86.3:42997)
I20260608 10:05:37.890820 11257 tablet_service.cc:1917] Received RequestConsensusVote() RPC: tablet_id: "7cb4b54ce41b4c0fa4ed49624b573291" candidate_uuid: "613626631c73499c99f379d123c6fec7" candidate_term: 1 candidate_status { last_received { term: 0 index: 0 } } ignore_live_leader: false dest_uuid: "0c303e970a1a4da782d979a55cd9851c" is_pre_election: true
I20260608 10:05:37.889178 11456 raft_consensus.cc:740] T 951b3f1bd7ff4acb98ca1a487c10f68c P 0c303e970a1a4da782d979a55cd9851c [term 0 FOLLOWER]: Becoming Follower/Learner. State: Replica: 0c303e970a1a4da782d979a55cd9851c, State: Initialized, Role: FOLLOWER
I20260608 10:05:37.892290 11456 consensus_queue.cc:260] T 951b3f1bd7ff4acb98ca1a487c10f68c P 0c303e970a1a4da782d979a55cd9851c [NON_LEADER]: Queue going to NON_LEADER mode. State: All replicated index: 0, Majority replicated index: 0, Committed index: 0, Last appended: 0.0, Last appended by leader: 0, Current term: 0, Majority size: -1, State: 0, Mode: NON_LEADER, active raft config: opid_index: -1 OBSOLETE_local: false peers { permanent_uuid: "0c303e970a1a4da782d979a55cd9851c" member_type: VOTER last_known_addr { host: "127.10.86.1" port: 36105 } } peers { permanent_uuid: "613626631c73499c99f379d123c6fec7" member_type: VOTER last_known_addr { host: "127.10.86.2" port: 35343 } } peers { permanent_uuid: "d7b2c9dad9f44f05ab26ded8d5892865" member_type: VOTER last_known_addr { host: "127.10.86.3" port: 42997 } }
I20260608 10:05:37.892895 11454 raft_consensus.cc:359] T 5de6d38cb1964c468a666b5b98b21195 P d7b2c9dad9f44f05ab26ded8d5892865 [term 0 FOLLOWER]: Replica starting. Triggering 0 pending ops. Active config: opid_index: -1 OBSOLETE_local: false peers { permanent_uuid: "0c303e970a1a4da782d979a55cd9851c" member_type: VOTER last_known_addr { host: "127.10.86.1" port: 36105 } } peers { permanent_uuid: "613626631c73499c99f379d123c6fec7" member_type: VOTER last_known_addr { host: "127.10.86.2" port: 35343 } } peers { permanent_uuid: "d7b2c9dad9f44f05ab26ded8d5892865" member_type: VOTER last_known_addr { host: "127.10.86.3" port: 42997 } }
W20260608 10:05:37.893167 11300 leader_election.cc:343] T 7cb4b54ce41b4c0fa4ed49624b573291 P 613626631c73499c99f379d123c6fec7 [CANDIDATE]: Term 1 pre-election: Tablet error from VoteRequest() call to peer 0c303e970a1a4da782d979a55cd9851c (127.10.86.1:36105): Illegal state: must be running to vote when last-logged opid is not known
I20260608 10:05:37.893654 11454 raft_consensus.cc:385] T 5de6d38cb1964c468a666b5b98b21195 P d7b2c9dad9f44f05ab26ded8d5892865 [term 0 FOLLOWER]: Consensus starting up: Expiring failure detector timer to make a prompt election more likely
I20260608 10:05:37.893996 11454 raft_consensus.cc:740] T 5de6d38cb1964c468a666b5b98b21195 P d7b2c9dad9f44f05ab26ded8d5892865 [term 0 FOLLOWER]: Becoming Follower/Learner. State: Replica: d7b2c9dad9f44f05ab26ded8d5892865, State: Initialized, Role: FOLLOWER
I20260608 10:05:37.894948 11454 consensus_queue.cc:260] T 5de6d38cb1964c468a666b5b98b21195 P d7b2c9dad9f44f05ab26ded8d5892865 [NON_LEADER]: Queue going to NON_LEADER mode. State: All replicated index: 0, Majority replicated index: 0, Committed index: 0, Last appended: 0.0, Last appended by leader: 0, Current term: 0, Majority size: -1, State: 0, Mode: NON_LEADER, active raft config: opid_index: -1 OBSOLETE_local: false peers { permanent_uuid: "0c303e970a1a4da782d979a55cd9851c" member_type: VOTER last_known_addr { host: "127.10.86.1" port: 36105 } } peers { permanent_uuid: "613626631c73499c99f379d123c6fec7" member_type: VOTER last_known_addr { host: "127.10.86.2" port: 35343 } } peers { permanent_uuid: "d7b2c9dad9f44f05ab26ded8d5892865" member_type: VOTER last_known_addr { host: "127.10.86.3" port: 42997 } }
I20260608 10:05:37.896695 11459 tablet_bootstrap.cc:492] T c5c8d88059b84b538e91ff17771f041c P 613626631c73499c99f379d123c6fec7: No bootstrap required, opened a new log
I20260608 10:05:37.897545 11459 ts_tablet_manager.cc:1403] T c5c8d88059b84b538e91ff17771f041c P 613626631c73499c99f379d123c6fec7: Time spent bootstrapping tablet: real 0.020s	user 0.014s	sys 0.000s
I20260608 10:05:37.898204 11454 ts_tablet_manager.cc:1434] T 5de6d38cb1964c468a666b5b98b21195 P d7b2c9dad9f44f05ab26ded8d5892865: Time spent starting tablet: real 0.009s	user 0.007s	sys 0.000s
I20260608 10:05:37.899319 11454 tablet_bootstrap.cc:492] T 6aab39a51b7b428397e9c2a49f246ceb P d7b2c9dad9f44f05ab26ded8d5892865: Bootstrap starting.
I20260608 10:05:37.900830 11459 raft_consensus.cc:359] T c5c8d88059b84b538e91ff17771f041c P 613626631c73499c99f379d123c6fec7 [term 0 FOLLOWER]: Replica starting. Triggering 0 pending ops. Active config: opid_index: -1 OBSOLETE_local: false peers { permanent_uuid: "0c303e970a1a4da782d979a55cd9851c" member_type: VOTER last_known_addr { host: "127.10.86.1" port: 36105 } } peers { permanent_uuid: "d7b2c9dad9f44f05ab26ded8d5892865" member_type: VOTER last_known_addr { host: "127.10.86.3" port: 42997 } } peers { permanent_uuid: "613626631c73499c99f379d123c6fec7" member_type: VOTER last_known_addr { host: "127.10.86.2" port: 35343 } }
I20260608 10:05:37.896697 11456 ts_tablet_manager.cc:1434] T 951b3f1bd7ff4acb98ca1a487c10f68c P 0c303e970a1a4da782d979a55cd9851c: Time spent starting tablet: real 0.013s	user 0.002s	sys 0.004s
I20260608 10:05:37.902572 11456 tablet_bootstrap.cc:492] T 8ddab0c9daa84b479866081ed70b0cee P 0c303e970a1a4da782d979a55cd9851c: Bootstrap starting.
I20260608 10:05:37.906833 11454 tablet_bootstrap.cc:654] T 6aab39a51b7b428397e9c2a49f246ceb P d7b2c9dad9f44f05ab26ded8d5892865: Neither blocks nor log segments found. Creating new log.
I20260608 10:05:37.912030 11456 tablet_bootstrap.cc:654] T 8ddab0c9daa84b479866081ed70b0cee P 0c303e970a1a4da782d979a55cd9851c: Neither blocks nor log segments found. Creating new log.
I20260608 10:05:37.912442 11459 raft_consensus.cc:385] T c5c8d88059b84b538e91ff17771f041c P 613626631c73499c99f379d123c6fec7 [term 0 FOLLOWER]: Consensus starting up: Expiring failure detector timer to make a prompt election more likely
I20260608 10:05:37.912561 11457 raft_consensus.cc:493] T 577f16c0e8f64af9a1c4d84fd9f8ba4a P d7b2c9dad9f44f05ab26ded8d5892865 [term 0 FOLLOWER]: Starting pre-election (no leader contacted us within the election timeout)
I20260608 10:05:37.912949 11459 raft_consensus.cc:740] T c5c8d88059b84b538e91ff17771f041c P 613626631c73499c99f379d123c6fec7 [term 0 FOLLOWER]: Becoming Follower/Learner. State: Replica: 613626631c73499c99f379d123c6fec7, State: Initialized, Role: FOLLOWER
I20260608 10:05:37.913378 11457 raft_consensus.cc:515] T 577f16c0e8f64af9a1c4d84fd9f8ba4a P d7b2c9dad9f44f05ab26ded8d5892865 [term 0 FOLLOWER]: Starting pre-election with config: opid_index: -1 OBSOLETE_local: false peers { permanent_uuid: "0c303e970a1a4da782d979a55cd9851c" member_type: VOTER last_known_addr { host: "127.10.86.1" port: 36105 } } peers { permanent_uuid: "613626631c73499c99f379d123c6fec7" member_type: VOTER last_known_addr { host: "127.10.86.2" port: 35343 } } peers { permanent_uuid: "d7b2c9dad9f44f05ab26ded8d5892865" member_type: VOTER last_known_addr { host: "127.10.86.3" port: 42997 } }
I20260608 10:05:37.913990 11459 consensus_queue.cc:260] T c5c8d88059b84b538e91ff17771f041c P 613626631c73499c99f379d123c6fec7 [NON_LEADER]: Queue going to NON_LEADER mode. State: All replicated index: 0, Majority replicated index: 0, Committed index: 0, Last appended: 0.0, Last appended by leader: 0, Current term: 0, Majority size: -1, State: 0, Mode: NON_LEADER, active raft config: opid_index: -1 OBSOLETE_local: false peers { permanent_uuid: "0c303e970a1a4da782d979a55cd9851c" member_type: VOTER last_known_addr { host: "127.10.86.1" port: 36105 } } peers { permanent_uuid: "d7b2c9dad9f44f05ab26ded8d5892865" member_type: VOTER last_known_addr { host: "127.10.86.3" port: 42997 } } peers { permanent_uuid: "613626631c73499c99f379d123c6fec7" member_type: VOTER last_known_addr { host: "127.10.86.2" port: 35343 } }
I20260608 10:05:37.916080 11409 tablet_service.cc:1917] Received RequestConsensusVote() RPC: tablet_id: "7cb4b54ce41b4c0fa4ed49624b573291" candidate_uuid: "613626631c73499c99f379d123c6fec7" candidate_term: 1 candidate_status { last_received { term: 0 index: 0 } } ignore_live_leader: false dest_uuid: "d7b2c9dad9f44f05ab26ded8d5892865" is_pre_election: true
I20260608 10:05:37.916507 11459 ts_tablet_manager.cc:1434] T c5c8d88059b84b538e91ff17771f041c P 613626631c73499c99f379d123c6fec7: Time spent starting tablet: real 0.019s	user 0.005s	sys 0.000s
I20260608 10:05:37.921819 11459 tablet_bootstrap.cc:492] T 48140404510c46b7948868c04dc891e9 P 613626631c73499c99f379d123c6fec7: Bootstrap starting.
I20260608 10:05:37.926647 11457 leader_election.cc:290] T 577f16c0e8f64af9a1c4d84fd9f8ba4a P d7b2c9dad9f44f05ab26ded8d5892865 [CANDIDATE]: Term 1 pre-election: Requested pre-vote from peers 0c303e970a1a4da782d979a55cd9851c (127.10.86.1:36105), 613626631c73499c99f379d123c6fec7 (127.10.86.2:35343)
I20260608 10:05:37.931464 11459 tablet_bootstrap.cc:654] T 48140404510c46b7948868c04dc891e9 P 613626631c73499c99f379d123c6fec7: Neither blocks nor log segments found. Creating new log.
I20260608 10:05:37.946566 11459 tablet_bootstrap.cc:492] T 48140404510c46b7948868c04dc891e9 P 613626631c73499c99f379d123c6fec7: No bootstrap required, opened a new log
I20260608 10:05:37.947423 11459 ts_tablet_manager.cc:1403] T 48140404510c46b7948868c04dc891e9 P 613626631c73499c99f379d123c6fec7: Time spent bootstrapping tablet: real 0.026s	user 0.016s	sys 0.007s
W20260608 10:05:37.949765 11301 leader_election.cc:343] T 7cb4b54ce41b4c0fa4ed49624b573291 P 613626631c73499c99f379d123c6fec7 [CANDIDATE]: Term 1 pre-election: Tablet error from VoteRequest() call to peer d7b2c9dad9f44f05ab26ded8d5892865 (127.10.86.3:42997): Illegal state: must be running to vote when last-logged opid is not known
I20260608 10:05:37.950496 11301 leader_election.cc:304] T 7cb4b54ce41b4c0fa4ed49624b573291 P 613626631c73499c99f379d123c6fec7 [CANDIDATE]: Term 1 pre-election: Election decided. Result: candidate lost. Election summary: received 3 responses out of 3 voters: 1 yes votes; 2 no votes. yes voters: 613626631c73499c99f379d123c6fec7; no voters: 0c303e970a1a4da782d979a55cd9851c, d7b2c9dad9f44f05ab26ded8d5892865
I20260608 10:05:37.951399 11459 raft_consensus.cc:359] T 48140404510c46b7948868c04dc891e9 P 613626631c73499c99f379d123c6fec7 [term 0 FOLLOWER]: Replica starting. Triggering 0 pending ops. Active config: opid_index: -1 OBSOLETE_local: false peers { permanent_uuid: "0c303e970a1a4da782d979a55cd9851c" member_type: VOTER last_known_addr { host: "127.10.86.1" port: 36105 } } peers { permanent_uuid: "613626631c73499c99f379d123c6fec7" member_type: VOTER last_known_addr { host: "127.10.86.2" port: 35343 } } peers { permanent_uuid: "d7b2c9dad9f44f05ab26ded8d5892865" member_type: VOTER last_known_addr { host: "127.10.86.3" port: 42997 } }
I20260608 10:05:37.952206 11459 raft_consensus.cc:385] T 48140404510c46b7948868c04dc891e9 P 613626631c73499c99f379d123c6fec7 [term 0 FOLLOWER]: Consensus starting up: Expiring failure detector timer to make a prompt election more likely
I20260608 10:05:37.952734 11459 raft_consensus.cc:740] T 48140404510c46b7948868c04dc891e9 P 613626631c73499c99f379d123c6fec7 [term 0 FOLLOWER]: Becoming Follower/Learner. State: Replica: 613626631c73499c99f379d123c6fec7, State: Initialized, Role: FOLLOWER
I20260608 10:05:37.952940 11463 raft_consensus.cc:2749] T 7cb4b54ce41b4c0fa4ed49624b573291 P 613626631c73499c99f379d123c6fec7 [term 0 FOLLOWER]: Leader pre-election lost for term 1. Reason: could not achieve majority
I20260608 10:05:37.953966 11459 consensus_queue.cc:260] T 48140404510c46b7948868c04dc891e9 P 613626631c73499c99f379d123c6fec7 [NON_LEADER]: Queue going to NON_LEADER mode. State: All replicated index: 0, Majority replicated index: 0, Committed index: 0, Last appended: 0.0, Last appended by leader: 0, Current term: 0, Majority size: -1, State: 0, Mode: NON_LEADER, active raft config: opid_index: -1 OBSOLETE_local: false peers { permanent_uuid: "0c303e970a1a4da782d979a55cd9851c" member_type: VOTER last_known_addr { host: "127.10.86.1" port: 36105 } } peers { permanent_uuid: "613626631c73499c99f379d123c6fec7" member_type: VOTER last_known_addr { host: "127.10.86.2" port: 35343 } } peers { permanent_uuid: "d7b2c9dad9f44f05ab26ded8d5892865" member_type: VOTER last_known_addr { host: "127.10.86.3" port: 42997 } }
I20260608 10:05:37.959290 11459 ts_tablet_manager.cc:1434] T 48140404510c46b7948868c04dc891e9 P 613626631c73499c99f379d123c6fec7: Time spent starting tablet: real 0.011s	user 0.008s	sys 0.000s
I20260608 10:05:37.960826 11459 tablet_bootstrap.cc:492] T 5de6d38cb1964c468a666b5b98b21195 P 613626631c73499c99f379d123c6fec7: Bootstrap starting.
I20260608 10:05:37.974959 11462 raft_consensus.cc:493] T 951b3f1bd7ff4acb98ca1a487c10f68c P 0c303e970a1a4da782d979a55cd9851c [term 0 FOLLOWER]: Starting pre-election (no leader contacted us within the election timeout)
I20260608 10:05:37.975816 11462 raft_consensus.cc:515] T 951b3f1bd7ff4acb98ca1a487c10f68c P 0c303e970a1a4da782d979a55cd9851c [term 0 FOLLOWER]: Starting pre-election with config: opid_index: -1 OBSOLETE_local: false peers { permanent_uuid: "0c303e970a1a4da782d979a55cd9851c" member_type: VOTER last_known_addr { host: "127.10.86.1" port: 36105 } } peers { permanent_uuid: "613626631c73499c99f379d123c6fec7" member_type: VOTER last_known_addr { host: "127.10.86.2" port: 35343 } } peers { permanent_uuid: "d7b2c9dad9f44f05ab26ded8d5892865" member_type: VOTER last_known_addr { host: "127.10.86.3" port: 42997 } }
I20260608 10:05:37.991925 11462 leader_election.cc:290] T 951b3f1bd7ff4acb98ca1a487c10f68c P 0c303e970a1a4da782d979a55cd9851c [CANDIDATE]: Term 1 pre-election: Requested pre-vote from peers 613626631c73499c99f379d123c6fec7 (127.10.86.2:35343), d7b2c9dad9f44f05ab26ded8d5892865 (127.10.86.3:42997)
I20260608 10:05:37.999708 11456 tablet_bootstrap.cc:492] T 8ddab0c9daa84b479866081ed70b0cee P 0c303e970a1a4da782d979a55cd9851c: No bootstrap required, opened a new log
I20260608 10:05:38.000362 11456 ts_tablet_manager.cc:1403] T 8ddab0c9daa84b479866081ed70b0cee P 0c303e970a1a4da782d979a55cd9851c: Time spent bootstrapping tablet: real 0.098s	user 0.028s	sys 0.052s
I20260608 10:05:37.995020 11459 tablet_bootstrap.cc:654] T 5de6d38cb1964c468a666b5b98b21195 P 613626631c73499c99f379d123c6fec7: Neither blocks nor log segments found. Creating new log.
I20260608 10:05:38.003875 11454 tablet_bootstrap.cc:492] T 6aab39a51b7b428397e9c2a49f246ceb P d7b2c9dad9f44f05ab26ded8d5892865: No bootstrap required, opened a new log
I20260608 10:05:38.003751 11456 raft_consensus.cc:359] T 8ddab0c9daa84b479866081ed70b0cee P 0c303e970a1a4da782d979a55cd9851c [term 0 FOLLOWER]: Replica starting. Triggering 0 pending ops. Active config: opid_index: -1 OBSOLETE_local: false peers { permanent_uuid: "0c303e970a1a4da782d979a55cd9851c" member_type: VOTER last_known_addr { host: "127.10.86.1" port: 36105 } } peers { permanent_uuid: "613626631c73499c99f379d123c6fec7" member_type: VOTER last_known_addr { host: "127.10.86.2" port: 35343 } } peers { permanent_uuid: "d7b2c9dad9f44f05ab26ded8d5892865" member_type: VOTER last_known_addr { host: "127.10.86.3" port: 42997 } }
I20260608 10:05:38.004648 11454 ts_tablet_manager.cc:1403] T 6aab39a51b7b428397e9c2a49f246ceb P d7b2c9dad9f44f05ab26ded8d5892865: Time spent bootstrapping tablet: real 0.106s	user 0.049s	sys 0.048s
I20260608 10:05:38.004704 11456 raft_consensus.cc:385] T 8ddab0c9daa84b479866081ed70b0cee P 0c303e970a1a4da782d979a55cd9851c [term 0 FOLLOWER]: Consensus starting up: Expiring failure detector timer to make a prompt election more likely
I20260608 10:05:38.005326 11456 raft_consensus.cc:740] T 8ddab0c9daa84b479866081ed70b0cee P 0c303e970a1a4da782d979a55cd9851c [term 0 FOLLOWER]: Becoming Follower/Learner. State: Replica: 0c303e970a1a4da782d979a55cd9851c, State: Initialized, Role: FOLLOWER
I20260608 10:05:38.008308 11456 consensus_queue.cc:260] T 8ddab0c9daa84b479866081ed70b0cee P 0c303e970a1a4da782d979a55cd9851c [NON_LEADER]: Queue going to NON_LEADER mode. State: All replicated index: 0, Majority replicated index: 0, Committed index: 0, Last appended: 0.0, Last appended by leader: 0, Current term: 0, Majority size: -1, State: 0, Mode: NON_LEADER, active raft config: opid_index: -1 OBSOLETE_local: false peers { permanent_uuid: "0c303e970a1a4da782d979a55cd9851c" member_type: VOTER last_known_addr { host: "127.10.86.1" port: 36105 } } peers { permanent_uuid: "613626631c73499c99f379d123c6fec7" member_type: VOTER last_known_addr { host: "127.10.86.2" port: 35343 } } peers { permanent_uuid: "d7b2c9dad9f44f05ab26ded8d5892865" member_type: VOTER last_known_addr { host: "127.10.86.3" port: 42997 } }
I20260608 10:05:38.011055 11456 ts_tablet_manager.cc:1434] T 8ddab0c9daa84b479866081ed70b0cee P 0c303e970a1a4da782d979a55cd9851c: Time spent starting tablet: real 0.010s	user 0.008s	sys 0.004s
I20260608 10:05:38.012576 11456 tablet_bootstrap.cc:492] T c5c8d88059b84b538e91ff17771f041c P 0c303e970a1a4da782d979a55cd9851c: Bootstrap starting.
I20260608 10:05:38.014931 11257 tablet_service.cc:1917] Received RequestConsensusVote() RPC: tablet_id: "577f16c0e8f64af9a1c4d84fd9f8ba4a" candidate_uuid: "d7b2c9dad9f44f05ab26ded8d5892865" candidate_term: 1 candidate_status { last_received { term: 0 index: 0 } } ignore_live_leader: false dest_uuid: "0c303e970a1a4da782d979a55cd9851c" is_pre_election: true
I20260608 10:05:38.015658 11257 raft_consensus.cc:2468] T 577f16c0e8f64af9a1c4d84fd9f8ba4a P 0c303e970a1a4da782d979a55cd9851c [term 0 FOLLOWER]: Leader pre-election vote request: Granting yes vote for candidate d7b2c9dad9f44f05ab26ded8d5892865 in term 0.
I20260608 10:05:38.021658 11456 tablet_bootstrap.cc:654] T c5c8d88059b84b538e91ff17771f041c P 0c303e970a1a4da782d979a55cd9851c: Neither blocks nor log segments found. Creating new log.
I20260608 10:05:38.023219 11335 tablet_service.cc:1917] Received RequestConsensusVote() RPC: tablet_id: "951b3f1bd7ff4acb98ca1a487c10f68c" candidate_uuid: "0c303e970a1a4da782d979a55cd9851c" candidate_term: 1 candidate_status { last_received { term: 0 index: 0 } } ignore_live_leader: false dest_uuid: "613626631c73499c99f379d123c6fec7" is_pre_election: true
W20260608 10:05:38.025604 11203 auto_rebalancer.cc:259] Could not retrieve cluster info: Service unavailable: Tablet not running
I20260608 10:05:38.028398 11463 raft_consensus.cc:493] T 48140404510c46b7948868c04dc891e9 P 613626631c73499c99f379d123c6fec7 [term 0 FOLLOWER]: Starting pre-election (no leader contacted us within the election timeout)
I20260608 10:05:38.027515 11457 raft_consensus.cc:493] T 8ddab0c9daa84b479866081ed70b0cee P d7b2c9dad9f44f05ab26ded8d5892865 [term 0 FOLLOWER]: Starting pre-election (no leader contacted us within the election timeout)
I20260608 10:05:38.029158 11208 auto_leader_rebalancer.cc:140] leader rebalance for table test-workload
I20260608 10:05:38.029296 11457 raft_consensus.cc:515] T 8ddab0c9daa84b479866081ed70b0cee P d7b2c9dad9f44f05ab26ded8d5892865 [term 0 FOLLOWER]: Starting pre-election with config: opid_index: -1 OBSOLETE_local: false peers { permanent_uuid: "0c303e970a1a4da782d979a55cd9851c" member_type: VOTER last_known_addr { host: "127.10.86.1" port: 36105 } } peers { permanent_uuid: "613626631c73499c99f379d123c6fec7" member_type: VOTER last_known_addr { host: "127.10.86.2" port: 35343 } } peers { permanent_uuid: "d7b2c9dad9f44f05ab26ded8d5892865" member_type: VOTER last_known_addr { host: "127.10.86.3" port: 42997 } }
W20260608 10:05:38.030265 11208 auto_leader_rebalancer.cc:460] the master instance isn't leader: Service unavailable: Tablet not running
I20260608 10:05:38.031512 11457 leader_election.cc:290] T 8ddab0c9daa84b479866081ed70b0cee P d7b2c9dad9f44f05ab26ded8d5892865 [CANDIDATE]: Term 1 pre-election: Requested pre-vote from peers 0c303e970a1a4da782d979a55cd9851c (127.10.86.1:36105), 613626631c73499c99f379d123c6fec7 (127.10.86.2:35343)
I20260608 10:05:38.032104 11463 raft_consensus.cc:515] T 48140404510c46b7948868c04dc891e9 P 613626631c73499c99f379d123c6fec7 [term 0 FOLLOWER]: Starting pre-election with config: opid_index: -1 OBSOLETE_local: false peers { permanent_uuid: "0c303e970a1a4da782d979a55cd9851c" member_type: VOTER last_known_addr { host: "127.10.86.1" port: 36105 } } peers { permanent_uuid: "613626631c73499c99f379d123c6fec7" member_type: VOTER last_known_addr { host: "127.10.86.2" port: 35343 } } peers { permanent_uuid: "d7b2c9dad9f44f05ab26ded8d5892865" member_type: VOTER last_known_addr { host: "127.10.86.3" port: 42997 } }
I20260608 10:05:38.032976 11374 leader_election.cc:304] T 577f16c0e8f64af9a1c4d84fd9f8ba4a P d7b2c9dad9f44f05ab26ded8d5892865 [CANDIDATE]: Term 1 pre-election: Election decided. Result: candidate won. Election summary: received 2 responses out of 3 voters: 2 yes votes; 0 no votes. yes voters: 0c303e970a1a4da782d979a55cd9851c, d7b2c9dad9f44f05ab26ded8d5892865; no voters: 
I20260608 10:05:38.035372 11257 tablet_service.cc:1917] Received RequestConsensusVote() RPC: tablet_id: "8ddab0c9daa84b479866081ed70b0cee" candidate_uuid: "d7b2c9dad9f44f05ab26ded8d5892865" candidate_term: 1 candidate_status { last_received { term: 0 index: 0 } } ignore_live_leader: false dest_uuid: "0c303e970a1a4da782d979a55cd9851c" is_pre_election: true
I20260608 10:05:38.036674 11457 raft_consensus.cc:2804] T 577f16c0e8f64af9a1c4d84fd9f8ba4a P d7b2c9dad9f44f05ab26ded8d5892865 [term 0 FOLLOWER]: Leader pre-election won for term 1
I20260608 10:05:38.036823 11256 tablet_service.cc:1917] Received RequestConsensusVote() RPC: tablet_id: "48140404510c46b7948868c04dc891e9" candidate_uuid: "613626631c73499c99f379d123c6fec7" candidate_term: 1 candidate_status { last_received { term: 0 index: 0 } } ignore_live_leader: false dest_uuid: "0c303e970a1a4da782d979a55cd9851c" is_pre_election: true
I20260608 10:05:38.037518 11457 raft_consensus.cc:493] T 577f16c0e8f64af9a1c4d84fd9f8ba4a P d7b2c9dad9f44f05ab26ded8d5892865 [term 0 FOLLOWER]: Starting leader election (no leader contacted us within the election timeout)
I20260608 10:05:38.038213 11457 raft_consensus.cc:3060] T 577f16c0e8f64af9a1c4d84fd9f8ba4a P d7b2c9dad9f44f05ab26ded8d5892865 [term 0 FOLLOWER]: Advancing to term 1
W20260608 10:05:38.038589 11300 leader_election.cc:343] T 48140404510c46b7948868c04dc891e9 P 613626631c73499c99f379d123c6fec7 [CANDIDATE]: Term 1 pre-election: Tablet error from VoteRequest() call to peer 0c303e970a1a4da782d979a55cd9851c (127.10.86.1:36105): Illegal state: must be running to vote when last-logged opid is not known
I20260608 10:05:38.036207 11257 raft_consensus.cc:2468] T 8ddab0c9daa84b479866081ed70b0cee P 0c303e970a1a4da782d979a55cd9851c [term 0 FOLLOWER]: Leader pre-election vote request: Granting yes vote for candidate d7b2c9dad9f44f05ab26ded8d5892865 in term 0.
I20260608 10:05:38.039134 11335 tablet_service.cc:1917] Received RequestConsensusVote() RPC: tablet_id: "577f16c0e8f64af9a1c4d84fd9f8ba4a" candidate_uuid: "d7b2c9dad9f44f05ab26ded8d5892865" candidate_term: 1 candidate_status { last_received { term: 0 index: 0 } } ignore_live_leader: false dest_uuid: "613626631c73499c99f379d123c6fec7" is_pre_election: true
I20260608 10:05:38.043442 11334 tablet_service.cc:1917] Received RequestConsensusVote() RPC: tablet_id: "8ddab0c9daa84b479866081ed70b0cee" candidate_uuid: "d7b2c9dad9f44f05ab26ded8d5892865" candidate_term: 1 candidate_status { last_received { term: 0 index: 0 } } ignore_live_leader: false dest_uuid: "613626631c73499c99f379d123c6fec7" is_pre_election: true
W20260608 10:05:38.044243 11374 leader_election.cc:343] T 577f16c0e8f64af9a1c4d84fd9f8ba4a P d7b2c9dad9f44f05ab26ded8d5892865 [CANDIDATE]: Term 1 pre-election: Tablet error from VoteRequest() call to peer 613626631c73499c99f379d123c6fec7 (127.10.86.2:35343): Illegal state: must be running to vote when last-logged opid is not known
I20260608 10:05:38.044333 11409 tablet_service.cc:1917] Received RequestConsensusVote() RPC: tablet_id: "48140404510c46b7948868c04dc891e9" candidate_uuid: "613626631c73499c99f379d123c6fec7" candidate_term: 1 candidate_status { last_received { term: 0 index: 0 } } ignore_live_leader: false dest_uuid: "d7b2c9dad9f44f05ab26ded8d5892865" is_pre_election: true
W20260608 10:05:38.042620 11222 leader_election.cc:343] T 951b3f1bd7ff4acb98ca1a487c10f68c P 0c303e970a1a4da782d979a55cd9851c [CANDIDATE]: Term 1 pre-election: Tablet error from VoteRequest() call to peer 613626631c73499c99f379d123c6fec7 (127.10.86.2:35343): Illegal state: must be running to vote when last-logged opid is not known
I20260608 10:05:38.042398 11463 leader_election.cc:290] T 48140404510c46b7948868c04dc891e9 P 613626631c73499c99f379d123c6fec7 [CANDIDATE]: Term 1 pre-election: Requested pre-vote from peers 0c303e970a1a4da782d979a55cd9851c (127.10.86.1:36105), d7b2c9dad9f44f05ab26ded8d5892865 (127.10.86.3:42997)
I20260608 10:05:38.045694 11374 leader_election.cc:304] T 8ddab0c9daa84b479866081ed70b0cee P d7b2c9dad9f44f05ab26ded8d5892865 [CANDIDATE]: Term 1 pre-election: Election decided. Result: candidate won. Election summary: received 2 responses out of 3 voters: 2 yes votes; 0 no votes. yes voters: 0c303e970a1a4da782d979a55cd9851c, d7b2c9dad9f44f05ab26ded8d5892865; no voters: 
I20260608 10:05:38.050824 11454 raft_consensus.cc:359] T 6aab39a51b7b428397e9c2a49f246ceb P d7b2c9dad9f44f05ab26ded8d5892865 [term 0 FOLLOWER]: Replica starting. Triggering 0 pending ops. Active config: opid_index: -1 OBSOLETE_local: false peers { permanent_uuid: "0c303e970a1a4da782d979a55cd9851c" member_type: VOTER last_known_addr { host: "127.10.86.1" port: 36105 } } peers { permanent_uuid: "613626631c73499c99f379d123c6fec7" member_type: VOTER last_known_addr { host: "127.10.86.2" port: 35343 } } peers { permanent_uuid: "d7b2c9dad9f44f05ab26ded8d5892865" member_type: VOTER last_known_addr { host: "127.10.86.3" port: 42997 } }
I20260608 10:05:38.051787 11454 raft_consensus.cc:385] T 6aab39a51b7b428397e9c2a49f246ceb P d7b2c9dad9f44f05ab26ded8d5892865 [term 0 FOLLOWER]: Consensus starting up: Expiring failure detector timer to make a prompt election more likely
I20260608 10:05:38.053076 11456 tablet_bootstrap.cc:492] T c5c8d88059b84b538e91ff17771f041c P 0c303e970a1a4da782d979a55cd9851c: No bootstrap required, opened a new log
I20260608 10:05:38.052188 11454 raft_consensus.cc:740] T 6aab39a51b7b428397e9c2a49f246ceb P d7b2c9dad9f44f05ab26ded8d5892865 [term 0 FOLLOWER]: Becoming Follower/Learner. State: Replica: d7b2c9dad9f44f05ab26ded8d5892865, State: Initialized, Role: FOLLOWER
I20260608 10:05:38.054306 11456 ts_tablet_manager.cc:1403] T c5c8d88059b84b538e91ff17771f041c P 0c303e970a1a4da782d979a55cd9851c: Time spent bootstrapping tablet: real 0.042s	user 0.017s	sys 0.010s
I20260608 10:05:38.054889 11480 raft_consensus.cc:2804] T 8ddab0c9daa84b479866081ed70b0cee P d7b2c9dad9f44f05ab26ded8d5892865 [term 0 FOLLOWER]: Leader pre-election won for term 1
I20260608 10:05:38.055303 11454 consensus_queue.cc:260] T 6aab39a51b7b428397e9c2a49f246ceb P d7b2c9dad9f44f05ab26ded8d5892865 [NON_LEADER]: Queue going to NON_LEADER mode. State: All replicated index: 0, Majority replicated index: 0, Committed index: 0, Last appended: 0.0, Last appended by leader: 0, Current term: 0, Majority size: -1, State: 0, Mode: NON_LEADER, active raft config: opid_index: -1 OBSOLETE_local: false peers { permanent_uuid: "0c303e970a1a4da782d979a55cd9851c" member_type: VOTER last_known_addr { host: "127.10.86.1" port: 36105 } } peers { permanent_uuid: "613626631c73499c99f379d123c6fec7" member_type: VOTER last_known_addr { host: "127.10.86.2" port: 35343 } } peers { permanent_uuid: "d7b2c9dad9f44f05ab26ded8d5892865" member_type: VOTER last_known_addr { host: "127.10.86.3" port: 42997 } }
I20260608 10:05:38.058360 11480 raft_consensus.cc:493] T 8ddab0c9daa84b479866081ed70b0cee P d7b2c9dad9f44f05ab26ded8d5892865 [term 0 FOLLOWER]: Starting leader election (no leader contacted us within the election timeout)
W20260608 10:05:38.056147 11374 leader_election.cc:343] T 8ddab0c9daa84b479866081ed70b0cee P d7b2c9dad9f44f05ab26ded8d5892865 [CANDIDATE]: Term 1 pre-election: Tablet error from VoteRequest() call to peer 613626631c73499c99f379d123c6fec7 (127.10.86.2:35343): Illegal state: must be running to vote when last-logged opid is not known
I20260608 10:05:38.058800 11480 raft_consensus.cc:3060] T 8ddab0c9daa84b479866081ed70b0cee P d7b2c9dad9f44f05ab26ded8d5892865 [term 0 FOLLOWER]: Advancing to term 1
W20260608 10:05:38.060140 11301 leader_election.cc:343] T 48140404510c46b7948868c04dc891e9 P 613626631c73499c99f379d123c6fec7 [CANDIDATE]: Term 1 pre-election: Tablet error from VoteRequest() call to peer d7b2c9dad9f44f05ab26ded8d5892865 (127.10.86.3:42997): Illegal state: must be running to vote when last-logged opid is not known
I20260608 10:05:38.060598 11301 leader_election.cc:304] T 48140404510c46b7948868c04dc891e9 P 613626631c73499c99f379d123c6fec7 [CANDIDATE]: Term 1 pre-election: Election decided. Result: candidate lost. Election summary: received 3 responses out of 3 voters: 1 yes votes; 2 no votes. yes voters: 613626631c73499c99f379d123c6fec7; no voters: 0c303e970a1a4da782d979a55cd9851c, d7b2c9dad9f44f05ab26ded8d5892865
I20260608 10:05:38.061892 11454 ts_tablet_manager.cc:1434] T 6aab39a51b7b428397e9c2a49f246ceb P d7b2c9dad9f44f05ab26ded8d5892865: Time spent starting tablet: real 0.057s	user 0.002s	sys 0.007s
I20260608 10:05:38.056365 11459 tablet_bootstrap.cc:492] T 5de6d38cb1964c468a666b5b98b21195 P 613626631c73499c99f379d123c6fec7: No bootstrap required, opened a new log
I20260608 10:05:38.062696 11409 tablet_service.cc:1917] Received RequestConsensusVote() RPC: tablet_id: "951b3f1bd7ff4acb98ca1a487c10f68c" candidate_uuid: "0c303e970a1a4da782d979a55cd9851c" candidate_term: 1 candidate_status { last_received { term: 0 index: 0 } } ignore_live_leader: false dest_uuid: "d7b2c9dad9f44f05ab26ded8d5892865" is_pre_election: true
I20260608 10:05:38.063385 11459 ts_tablet_manager.cc:1403] T 5de6d38cb1964c468a666b5b98b21195 P 613626631c73499c99f379d123c6fec7: Time spent bootstrapping tablet: real 0.103s	user 0.028s	sys 0.012s
I20260608 10:05:38.056402 11457 raft_consensus.cc:515] T 577f16c0e8f64af9a1c4d84fd9f8ba4a P d7b2c9dad9f44f05ab26ded8d5892865 [term 1 FOLLOWER]: Starting leader election with config: opid_index: -1 OBSOLETE_local: false peers { permanent_uuid: "0c303e970a1a4da782d979a55cd9851c" member_type: VOTER last_known_addr { host: "127.10.86.1" port: 36105 } } peers { permanent_uuid: "613626631c73499c99f379d123c6fec7" member_type: VOTER last_known_addr { host: "127.10.86.2" port: 35343 } } peers { permanent_uuid: "d7b2c9dad9f44f05ab26ded8d5892865" member_type: VOTER last_known_addr { host: "127.10.86.3" port: 42997 } }
I20260608 10:05:38.057667 11456 raft_consensus.cc:359] T c5c8d88059b84b538e91ff17771f041c P 0c303e970a1a4da782d979a55cd9851c [term 0 FOLLOWER]: Replica starting. Triggering 0 pending ops. Active config: opid_index: -1 OBSOLETE_local: false peers { permanent_uuid: "0c303e970a1a4da782d979a55cd9851c" member_type: VOTER last_known_addr { host: "127.10.86.1" port: 36105 } } peers { permanent_uuid: "d7b2c9dad9f44f05ab26ded8d5892865" member_type: VOTER last_known_addr { host: "127.10.86.3" port: 42997 } } peers { permanent_uuid: "613626631c73499c99f379d123c6fec7" member_type: VOTER last_known_addr { host: "127.10.86.2" port: 35343 } }
I20260608 10:05:38.062618 11463 raft_consensus.cc:2749] T 48140404510c46b7948868c04dc891e9 P 613626631c73499c99f379d123c6fec7 [term 0 FOLLOWER]: Leader pre-election lost for term 1. Reason: could not achieve majority
I20260608 10:05:38.063396 11409 raft_consensus.cc:2468] T 951b3f1bd7ff4acb98ca1a487c10f68c P d7b2c9dad9f44f05ab26ded8d5892865 [term 0 FOLLOWER]: Leader pre-election vote request: Granting yes vote for candidate 0c303e970a1a4da782d979a55cd9851c in term 0.
I20260608 10:05:38.065708 11457 leader_election.cc:290] T 577f16c0e8f64af9a1c4d84fd9f8ba4a P d7b2c9dad9f44f05ab26ded8d5892865 [CANDIDATE]: Term 1 election: Requested vote from peers 0c303e970a1a4da782d979a55cd9851c (127.10.86.1:36105), 613626631c73499c99f379d123c6fec7 (127.10.86.2:35343)
I20260608 10:05:38.067970 11257 tablet_service.cc:1917] Received RequestConsensusVote() RPC: tablet_id: "577f16c0e8f64af9a1c4d84fd9f8ba4a" candidate_uuid: "d7b2c9dad9f44f05ab26ded8d5892865" candidate_term: 1 candidate_status { last_received { term: 0 index: 0 } } ignore_live_leader: false dest_uuid: "0c303e970a1a4da782d979a55cd9851c"
I20260608 10:05:38.068353 11454 tablet_bootstrap.cc:492] T 7cb4b54ce41b4c0fa4ed49624b573291 P d7b2c9dad9f44f05ab26ded8d5892865: Bootstrap starting.
I20260608 10:05:38.068631 11257 raft_consensus.cc:3060] T 577f16c0e8f64af9a1c4d84fd9f8ba4a P 0c303e970a1a4da782d979a55cd9851c [term 0 FOLLOWER]: Advancing to term 1
I20260608 10:05:38.068825 11459 raft_consensus.cc:359] T 5de6d38cb1964c468a666b5b98b21195 P 613626631c73499c99f379d123c6fec7 [term 0 FOLLOWER]: Replica starting. Triggering 0 pending ops. Active config: opid_index: -1 OBSOLETE_local: false peers { permanent_uuid: "0c303e970a1a4da782d979a55cd9851c" member_type: VOTER last_known_addr { host: "127.10.86.1" port: 36105 } } peers { permanent_uuid: "613626631c73499c99f379d123c6fec7" member_type: VOTER last_known_addr { host: "127.10.86.2" port: 35343 } } peers { permanent_uuid: "d7b2c9dad9f44f05ab26ded8d5892865" member_type: VOTER last_known_addr { host: "127.10.86.3" port: 42997 } }
I20260608 10:05:38.069597 11459 raft_consensus.cc:385] T 5de6d38cb1964c468a666b5b98b21195 P 613626631c73499c99f379d123c6fec7 [term 0 FOLLOWER]: Consensus starting up: Expiring failure detector timer to make a prompt election more likely
I20260608 10:05:38.067049 11456 raft_consensus.cc:385] T c5c8d88059b84b538e91ff17771f041c P 0c303e970a1a4da782d979a55cd9851c [term 0 FOLLOWER]: Consensus starting up: Expiring failure detector timer to make a prompt election more likely
I20260608 10:05:38.070166 11459 raft_consensus.cc:740] T 5de6d38cb1964c468a666b5b98b21195 P 613626631c73499c99f379d123c6fec7 [term 0 FOLLOWER]: Becoming Follower/Learner. State: Replica: 613626631c73499c99f379d123c6fec7, State: Initialized, Role: FOLLOWER
I20260608 10:05:38.070215 11456 raft_consensus.cc:740] T c5c8d88059b84b538e91ff17771f041c P 0c303e970a1a4da782d979a55cd9851c [term 0 FOLLOWER]: Becoming Follower/Learner. State: Replica: 0c303e970a1a4da782d979a55cd9851c, State: Initialized, Role: FOLLOWER
I20260608 10:05:38.071597 11223 leader_election.cc:304] T 951b3f1bd7ff4acb98ca1a487c10f68c P 0c303e970a1a4da782d979a55cd9851c [CANDIDATE]: Term 1 pre-election: Election decided. Result: candidate won. Election summary: received 3 responses out of 3 voters: 2 yes votes; 1 no votes. yes voters: 0c303e970a1a4da782d979a55cd9851c, d7b2c9dad9f44f05ab26ded8d5892865; no voters: 613626631c73499c99f379d123c6fec7
I20260608 10:05:38.071861 11456 consensus_queue.cc:260] T c5c8d88059b84b538e91ff17771f041c P 0c303e970a1a4da782d979a55cd9851c [NON_LEADER]: Queue going to NON_LEADER mode. State: All replicated index: 0, Majority replicated index: 0, Committed index: 0, Last appended: 0.0, Last appended by leader: 0, Current term: 0, Majority size: -1, State: 0, Mode: NON_LEADER, active raft config: opid_index: -1 OBSOLETE_local: false peers { permanent_uuid: "0c303e970a1a4da782d979a55cd9851c" member_type: VOTER last_known_addr { host: "127.10.86.1" port: 36105 } } peers { permanent_uuid: "d7b2c9dad9f44f05ab26ded8d5892865" member_type: VOTER last_known_addr { host: "127.10.86.3" port: 42997 } } peers { permanent_uuid: "613626631c73499c99f379d123c6fec7" member_type: VOTER last_known_addr { host: "127.10.86.2" port: 35343 } }
I20260608 10:05:38.072492 11462 raft_consensus.cc:2804] T 951b3f1bd7ff4acb98ca1a487c10f68c P 0c303e970a1a4da782d979a55cd9851c [term 0 FOLLOWER]: Leader pre-election won for term 1
I20260608 10:05:38.072896 11462 raft_consensus.cc:493] T 951b3f1bd7ff4acb98ca1a487c10f68c P 0c303e970a1a4da782d979a55cd9851c [term 0 FOLLOWER]: Starting leader election (no leader contacted us within the election timeout)
I20260608 10:05:38.073249 11462 raft_consensus.cc:3060] T 951b3f1bd7ff4acb98ca1a487c10f68c P 0c303e970a1a4da782d979a55cd9851c [term 0 FOLLOWER]: Advancing to term 1
I20260608 10:05:38.073380 11334 tablet_service.cc:1917] Received RequestConsensusVote() RPC: tablet_id: "577f16c0e8f64af9a1c4d84fd9f8ba4a" candidate_uuid: "d7b2c9dad9f44f05ab26ded8d5892865" candidate_term: 1 candidate_status { last_received { term: 0 index: 0 } } ignore_live_leader: false dest_uuid: "613626631c73499c99f379d123c6fec7"
I20260608 10:05:38.071276 11459 consensus_queue.cc:260] T 5de6d38cb1964c468a666b5b98b21195 P 613626631c73499c99f379d123c6fec7 [NON_LEADER]: Queue going to NON_LEADER mode. State: All replicated index: 0, Majority replicated index: 0, Committed index: 0, Last appended: 0.0, Last appended by leader: 0, Current term: 0, Majority size: -1, State: 0, Mode: NON_LEADER, active raft config: opid_index: -1 OBSOLETE_local: false peers { permanent_uuid: "0c303e970a1a4da782d979a55cd9851c" member_type: VOTER last_known_addr { host: "127.10.86.1" port: 36105 } } peers { permanent_uuid: "613626631c73499c99f379d123c6fec7" member_type: VOTER last_known_addr { host: "127.10.86.2" port: 35343 } } peers { permanent_uuid: "d7b2c9dad9f44f05ab26ded8d5892865" member_type: VOTER last_known_addr { host: "127.10.86.3" port: 42997 } }
W20260608 10:05:38.085604 11374 leader_election.cc:343] T 577f16c0e8f64af9a1c4d84fd9f8ba4a P d7b2c9dad9f44f05ab26ded8d5892865 [CANDIDATE]: Term 1 election: Tablet error from VoteRequest() call to peer 613626631c73499c99f379d123c6fec7 (127.10.86.2:35343): Illegal state: must be running to vote when last-logged opid is not known
I20260608 10:05:38.098186 11480 raft_consensus.cc:515] T 8ddab0c9daa84b479866081ed70b0cee P d7b2c9dad9f44f05ab26ded8d5892865 [term 1 FOLLOWER]: Starting leader election with config: opid_index: -1 OBSOLETE_local: false peers { permanent_uuid: "0c303e970a1a4da782d979a55cd9851c" member_type: VOTER last_known_addr { host: "127.10.86.1" port: 36105 } } peers { permanent_uuid: "613626631c73499c99f379d123c6fec7" member_type: VOTER last_known_addr { host: "127.10.86.2" port: 35343 } } peers { permanent_uuid: "d7b2c9dad9f44f05ab26ded8d5892865" member_type: VOTER last_known_addr { host: "127.10.86.3" port: 42997 } }
I20260608 10:05:38.099370 11454 tablet_bootstrap.cc:654] T 7cb4b54ce41b4c0fa4ed49624b573291 P d7b2c9dad9f44f05ab26ded8d5892865: Neither blocks nor log segments found. Creating new log.
I20260608 10:05:38.101027 11480 leader_election.cc:290] T 8ddab0c9daa84b479866081ed70b0cee P d7b2c9dad9f44f05ab26ded8d5892865 [CANDIDATE]: Term 1 election: Requested vote from peers 0c303e970a1a4da782d979a55cd9851c (127.10.86.1:36105), 613626631c73499c99f379d123c6fec7 (127.10.86.2:35343)
I20260608 10:05:38.101756 11256 tablet_service.cc:1917] Received RequestConsensusVote() RPC: tablet_id: "8ddab0c9daa84b479866081ed70b0cee" candidate_uuid: "d7b2c9dad9f44f05ab26ded8d5892865" candidate_term: 1 candidate_status { last_received { term: 0 index: 0 } } ignore_live_leader: false dest_uuid: "0c303e970a1a4da782d979a55cd9851c"
I20260608 10:05:38.101910 11456 ts_tablet_manager.cc:1434] T c5c8d88059b84b538e91ff17771f041c P 0c303e970a1a4da782d979a55cd9851c: Time spent starting tablet: real 0.047s	user 0.008s	sys 0.020s
I20260608 10:05:38.102339 11256 raft_consensus.cc:3060] T 8ddab0c9daa84b479866081ed70b0cee P 0c303e970a1a4da782d979a55cd9851c [term 0 FOLLOWER]: Advancing to term 1
I20260608 10:05:38.103827 11334 tablet_service.cc:1917] Received RequestConsensusVote() RPC: tablet_id: "8ddab0c9daa84b479866081ed70b0cee" candidate_uuid: "d7b2c9dad9f44f05ab26ded8d5892865" candidate_term: 1 candidate_status { last_received { term: 0 index: 0 } } ignore_live_leader: false dest_uuid: "613626631c73499c99f379d123c6fec7"
W20260608 10:05:38.106096 11374 leader_election.cc:343] T 8ddab0c9daa84b479866081ed70b0cee P d7b2c9dad9f44f05ab26ded8d5892865 [CANDIDATE]: Term 1 election: Tablet error from VoteRequest() call to peer 613626631c73499c99f379d123c6fec7 (127.10.86.2:35343): Illegal state: must be running to vote when last-logged opid is not known
I20260608 10:05:38.106384 11462 raft_consensus.cc:515] T 951b3f1bd7ff4acb98ca1a487c10f68c P 0c303e970a1a4da782d979a55cd9851c [term 1 FOLLOWER]: Starting leader election with config: opid_index: -1 OBSOLETE_local: false peers { permanent_uuid: "0c303e970a1a4da782d979a55cd9851c" member_type: VOTER last_known_addr { host: "127.10.86.1" port: 36105 } } peers { permanent_uuid: "613626631c73499c99f379d123c6fec7" member_type: VOTER last_known_addr { host: "127.10.86.2" port: 35343 } } peers { permanent_uuid: "d7b2c9dad9f44f05ab26ded8d5892865" member_type: VOTER last_known_addr { host: "127.10.86.3" port: 42997 } }
I20260608 10:05:38.108400 11257 raft_consensus.cc:2468] T 577f16c0e8f64af9a1c4d84fd9f8ba4a P 0c303e970a1a4da782d979a55cd9851c [term 1 FOLLOWER]: Leader election vote request: Granting yes vote for candidate d7b2c9dad9f44f05ab26ded8d5892865 in term 1.
I20260608 10:05:38.109620 11334 tablet_service.cc:1917] Received RequestConsensusVote() RPC: tablet_id: "951b3f1bd7ff4acb98ca1a487c10f68c" candidate_uuid: "0c303e970a1a4da782d979a55cd9851c" candidate_term: 1 candidate_status { last_received { term: 0 index: 0 } } ignore_live_leader: false dest_uuid: "613626631c73499c99f379d123c6fec7"
I20260608 10:05:38.109689 11374 leader_election.cc:304] T 577f16c0e8f64af9a1c4d84fd9f8ba4a P d7b2c9dad9f44f05ab26ded8d5892865 [CANDIDATE]: Term 1 election: Election decided. Result: candidate won. Election summary: received 3 responses out of 3 voters: 2 yes votes; 1 no votes. yes voters: 0c303e970a1a4da782d979a55cd9851c, d7b2c9dad9f44f05ab26ded8d5892865; no voters: 613626631c73499c99f379d123c6fec7
I20260608 10:05:38.111027 11480 raft_consensus.cc:2804] T 577f16c0e8f64af9a1c4d84fd9f8ba4a P d7b2c9dad9f44f05ab26ded8d5892865 [term 1 FOLLOWER]: Leader election won for term 1
W20260608 10:05:38.111349 11222 leader_election.cc:343] T 951b3f1bd7ff4acb98ca1a487c10f68c P 0c303e970a1a4da782d979a55cd9851c [CANDIDATE]: Term 1 election: Tablet error from VoteRequest() call to peer 613626631c73499c99f379d123c6fec7 (127.10.86.2:35343): Illegal state: must be running to vote when last-logged opid is not known
I20260608 10:05:38.111630 11480 raft_consensus.cc:697] T 577f16c0e8f64af9a1c4d84fd9f8ba4a P d7b2c9dad9f44f05ab26ded8d5892865 [term 1 LEADER]: Becoming Leader. State: Replica: d7b2c9dad9f44f05ab26ded8d5892865, State: Running, Role: LEADER
