I20260608 10:07:01.070858 29477 consensus_queue.cc:1048] T 5ccd3343b9a24363b40aba6f314eed8a P 781f1cc1ca70412b9d26472a95afd66e [LEADER]: Connected to new peer: Peer: permanent_uuid: "83ce89a7fb4547a7b077453c8a67f865" member_type: VOTER last_known_addr { host: "127.25.114.67" port: 45227 }, Status: LMP_MISMATCH, Last received: 0.0, Next index: 1, Last known committed idx: 0, Time since last communication: 0.000s
I20260608 10:07:01.114215 29260 consensus_queue.cc:1048] T b989861b1c9948e48b5f432690a179f9 P 468ef5b26fee4cbcac85e230ebb5e098 [LEADER]: Connected to new peer: Peer: permanent_uuid: "1b565042e64f412884da407a61e7d55c" member_type: VOTER last_known_addr { host: "127.25.114.68" port: 33367 }, Status: LMP_MISMATCH, Last received: 0.0, Next index: 1, Last known committed idx: 0, Time since last communication: 0.000s
I20260608 10:07:01.127131 29260 consensus_queue.cc:1048] T b989861b1c9948e48b5f432690a179f9 P 468ef5b26fee4cbcac85e230ebb5e098 [LEADER]: Connected to new peer: Peer: permanent_uuid: "781f1cc1ca70412b9d26472a95afd66e" member_type: VOTER last_known_addr { host: "127.25.114.65" port: 38913 }, Status: LMP_MISMATCH, Last received: 0.0, Next index: 1, Last known committed idx: 0, Time since last communication: 0.000s
I20260608 10:07:01.499223 29210 consensus_queue.cc:237] T b5c3fd982d2544b78a241268b71231ed P 83ce89a7fb4547a7b077453c8a67f865 [LEADER]: Queue going to LEADER mode. State: All replicated index: 0, Majority replicated index: 1, Committed index: 1, Last appended: 1.1, Last appended by leader: 0, Current term: 1, Majority size: 2, State: 0, Mode: LEADER, active raft config: opid_index: 2 OBSOLETE_local: false peers { permanent_uuid: "468ef5b26fee4cbcac85e230ebb5e098" member_type: VOTER last_known_addr { host: "127.25.114.66" port: 42547 } } peers { permanent_uuid: "781f1cc1ca70412b9d26472a95afd66e" member_type: VOTER last_known_addr { host: "127.25.114.65" port: 38913 } attrs { replace: true } } peers { permanent_uuid: "83ce89a7fb4547a7b077453c8a67f865" member_type: VOTER last_known_addr { host: "127.25.114.67" port: 45227 } } peers { permanent_uuid: "1b565042e64f412884da407a61e7d55c" member_type: NON_VOTER last_known_addr { host: "127.25.114.68" port: 33367 } attrs { promote: true } }
I20260608 10:07:01.505957 29063 raft_consensus.cc:1275] T b5c3fd982d2544b78a241268b71231ed P 781f1cc1ca70412b9d26472a95afd66e [term 1 FOLLOWER]: Refusing update from remote peer 83ce89a7fb4547a7b077453c8a67f865: Log matching property violated. Preceding OpId in replica: term: 1 index: 1. Preceding OpId from leader: term: 1 index: 2. (index mismatch)
I20260608 10:07:01.506129 29136 raft_consensus.cc:1275] T b5c3fd982d2544b78a241268b71231ed P 468ef5b26fee4cbcac85e230ebb5e098 [term 1 FOLLOWER]: Refusing update from remote peer 83ce89a7fb4547a7b077453c8a67f865: Log matching property violated. Preceding OpId in replica: term: 1 index: 1. Preceding OpId from leader: term: 1 index: 2. (index mismatch)
W20260608 10:07:01.507004 29176 consensus_peers.cc:597] T b5c3fd982d2544b78a241268b71231ed P 83ce89a7fb4547a7b077453c8a67f865 -> Peer 1b565042e64f412884da407a61e7d55c (127.25.114.68:33367): Couldn't send request to peer 1b565042e64f412884da407a61e7d55c. Error code: TABLET_NOT_FOUND (6). Status: Not found: Tablet not found: b5c3fd982d2544b78a241268b71231ed. This is attempt 1: this message will repeat every 5th retry.
I20260608 10:07:01.507571 29450 consensus_queue.cc:1048] T b5c3fd982d2544b78a241268b71231ed P 83ce89a7fb4547a7b077453c8a67f865 [LEADER]: Connected to new peer: Peer: permanent_uuid: "781f1cc1ca70412b9d26472a95afd66e" member_type: VOTER last_known_addr { host: "127.25.114.65" port: 38913 } attrs { replace: true }, Status: LMP_MISMATCH, Last received: 0.0, Next index: 2, Last known committed idx: 1, Time since last communication: 0.000s
I20260608 10:07:01.508419 29330 consensus_queue.cc:1048] T b5c3fd982d2544b78a241268b71231ed P 83ce89a7fb4547a7b077453c8a67f865 [LEADER]: Connected to new peer: Peer: permanent_uuid: "468ef5b26fee4cbcac85e230ebb5e098" member_type: VOTER last_known_addr { host: "127.25.114.66" port: 42547 }, Status: LMP_MISMATCH, Last received: 0.0, Next index: 2, Last known committed idx: 1, Time since last communication: 0.000s
I20260608 10:07:01.517933 29426 raft_consensus.cc:2955] T b5c3fd982d2544b78a241268b71231ed P 83ce89a7fb4547a7b077453c8a67f865 [term 1 LEADER]: Committing config change with OpId 1.2: config changed from index -1 to 2, NON_VOTER 1b565042e64f412884da407a61e7d55c (127.25.114.68) added. New config: { opid_index: 2 OBSOLETE_local: false peers { permanent_uuid: "468ef5b26fee4cbcac85e230ebb5e098" member_type: VOTER last_known_addr { host: "127.25.114.66" port: 42547 } } peers { permanent_uuid: "781f1cc1ca70412b9d26472a95afd66e" member_type: VOTER last_known_addr { host: "127.25.114.65" port: 38913 } attrs { replace: true } } peers { permanent_uuid: "83ce89a7fb4547a7b077453c8a67f865" member_type: VOTER last_known_addr { host: "127.25.114.67" port: 45227 } } peers { permanent_uuid: "1b565042e64f412884da407a61e7d55c" member_type: NON_VOTER last_known_addr { host: "127.25.114.68" port: 33367 } attrs { promote: true } } }
I20260608 10:07:01.519975 29063 raft_consensus.cc:2955] T b5c3fd982d2544b78a241268b71231ed P 781f1cc1ca70412b9d26472a95afd66e [term 1 FOLLOWER]: Committing config change with OpId 1.2: config changed from index -1 to 2, NON_VOTER 1b565042e64f412884da407a61e7d55c (127.25.114.68) added. New config: { opid_index: 2 OBSOLETE_local: false peers { permanent_uuid: "468ef5b26fee4cbcac85e230ebb5e098" member_type: VOTER last_known_addr { host: "127.25.114.66" port: 42547 } } peers { permanent_uuid: "781f1cc1ca70412b9d26472a95afd66e" member_type: VOTER last_known_addr { host: "127.25.114.65" port: 38913 } attrs { replace: true } } peers { permanent_uuid: "83ce89a7fb4547a7b077453c8a67f865" member_type: VOTER last_known_addr { host: "127.25.114.67" port: 45227 } } peers { permanent_uuid: "1b565042e64f412884da407a61e7d55c" member_type: NON_VOTER last_known_addr { host: "127.25.114.68" port: 33367 } attrs { promote: true } } }
I20260608 10:07:01.521977 29136 raft_consensus.cc:2955] T b5c3fd982d2544b78a241268b71231ed P 468ef5b26fee4cbcac85e230ebb5e098 [term 1 FOLLOWER]: Committing config change with OpId 1.2: config changed from index -1 to 2, NON_VOTER 1b565042e64f412884da407a61e7d55c (127.25.114.68) added. New config: { opid_index: 2 OBSOLETE_local: false peers { permanent_uuid: "468ef5b26fee4cbcac85e230ebb5e098" member_type: VOTER last_known_addr { host: "127.25.114.66" port: 42547 } } peers { permanent_uuid: "781f1cc1ca70412b9d26472a95afd66e" member_type: VOTER last_known_addr { host: "127.25.114.65" port: 38913 } attrs { replace: true } } peers { permanent_uuid: "83ce89a7fb4547a7b077453c8a67f865" member_type: VOTER last_known_addr { host: "127.25.114.67" port: 45227 } } peers { permanent_uuid: "1b565042e64f412884da407a61e7d55c" member_type: NON_VOTER last_known_addr { host: "127.25.114.68" port: 33367 } attrs { promote: true } } }
I20260608 10:07:01.535919 28960 catalog_manager.cc:5696] T b5c3fd982d2544b78a241268b71231ed P 83ce89a7fb4547a7b077453c8a67f865 reported cstate change: config changed from index -1 to 2, NON_VOTER 1b565042e64f412884da407a61e7d55c (127.25.114.68) added. New cstate: current_term: 1 leader_uuid: "83ce89a7fb4547a7b077453c8a67f865" committed_config { opid_index: 2 OBSOLETE_local: false peers { permanent_uuid: "468ef5b26fee4cbcac85e230ebb5e098" member_type: VOTER last_known_addr { host: "127.25.114.66" port: 42547 } health_report { overall_health: HEALTHY } } peers { permanent_uuid: "781f1cc1ca70412b9d26472a95afd66e" member_type: VOTER last_known_addr { host: "127.25.114.65" port: 38913 } attrs { replace: true } health_report { overall_health: HEALTHY } } peers { permanent_uuid: "83ce89a7fb4547a7b077453c8a67f865" member_type: VOTER last_known_addr { host: "127.25.114.67" port: 45227 } health_report { overall_health: HEALTHY } } peers { permanent_uuid: "1b565042e64f412884da407a61e7d55c" member_type: NON_VOTER last_known_addr { host: "127.25.114.68" port: 33367 } attrs { promote: true } health_report { overall_health: UNKNOWN } } }
I20260608 10:07:01.553512 29063 consensus_queue.cc:237] T 3520edee88834506867effee499f269c P 781f1cc1ca70412b9d26472a95afd66e [LEADER]: Queue going to LEADER mode. State: All replicated index: 0, Majority replicated index: 1, Committed index: 1, Last appended: 1.1, Last appended by leader: 0, Current term: 1, Majority size: 2, State: 0, Mode: LEADER, active raft config: opid_index: 2 OBSOLETE_local: false peers { permanent_uuid: "468ef5b26fee4cbcac85e230ebb5e098" member_type: VOTER last_known_addr { host: "127.25.114.66" port: 42547 } attrs { replace: true } } peers { permanent_uuid: "781f1cc1ca70412b9d26472a95afd66e" member_type: VOTER last_known_addr { host: "127.25.114.65" port: 38913 } } peers { permanent_uuid: "83ce89a7fb4547a7b077453c8a67f865" member_type: VOTER last_known_addr { host: "127.25.114.67" port: 45227 } } peers { permanent_uuid: "1b565042e64f412884da407a61e7d55c" member_type: NON_VOTER last_known_addr { host: "127.25.114.68" port: 33367 } attrs { promote: true } }
I20260608 10:07:01.563416 29136 raft_consensus.cc:1275] T 3520edee88834506867effee499f269c P 468ef5b26fee4cbcac85e230ebb5e098 [term 1 FOLLOWER]: Refusing update from remote peer 781f1cc1ca70412b9d26472a95afd66e: Log matching property violated. Preceding OpId in replica: term: 1 index: 1. Preceding OpId from leader: term: 1 index: 2. (index mismatch)
I20260608 10:07:01.564548 29212 raft_consensus.cc:1275] T 3520edee88834506867effee499f269c P 83ce89a7fb4547a7b077453c8a67f865 [term 1 FOLLOWER]: Refusing update from remote peer 781f1cc1ca70412b9d26472a95afd66e: Log matching property violated. Preceding OpId in replica: term: 1 index: 1. Preceding OpId from leader: term: 1 index: 2. (index mismatch)
W20260608 10:07:01.565587 29027 consensus_peers.cc:597] T 3520edee88834506867effee499f269c P 781f1cc1ca70412b9d26472a95afd66e -> Peer 1b565042e64f412884da407a61e7d55c (127.25.114.68:33367): Couldn't send request to peer 1b565042e64f412884da407a61e7d55c. Error code: TABLET_NOT_FOUND (6). Status: Not found: Tablet not found: 3520edee88834506867effee499f269c. This is attempt 1: this message will repeat every 5th retry.
I20260608 10:07:01.566501 29478 consensus_queue.cc:1048] T 3520edee88834506867effee499f269c P 781f1cc1ca70412b9d26472a95afd66e [LEADER]: Connected to new peer: Peer: permanent_uuid: "83ce89a7fb4547a7b077453c8a67f865" member_type: VOTER last_known_addr { host: "127.25.114.67" port: 45227 }, Status: LMP_MISMATCH, Last received: 0.0, Next index: 2, Last known committed idx: 1, Time since last communication: 0.000s
I20260608 10:07:01.567551 29477 consensus_queue.cc:1048] T 3520edee88834506867effee499f269c P 781f1cc1ca70412b9d26472a95afd66e [LEADER]: Connected to new peer: Peer: permanent_uuid: "468ef5b26fee4cbcac85e230ebb5e098" member_type: VOTER last_known_addr { host: "127.25.114.66" port: 42547 } attrs { replace: true }, Status: LMP_MISMATCH, Last received: 0.0, Next index: 2, Last known committed idx: 1, Time since last communication: 0.000s
I20260608 10:07:01.587118 29281 raft_consensus.cc:2955] T 3520edee88834506867effee499f269c P 781f1cc1ca70412b9d26472a95afd66e [term 1 LEADER]: Committing config change with OpId 1.2: config changed from index -1 to 2, NON_VOTER 1b565042e64f412884da407a61e7d55c (127.25.114.68) added. New config: { opid_index: 2 OBSOLETE_local: false peers { permanent_uuid: "468ef5b26fee4cbcac85e230ebb5e098" member_type: VOTER last_known_addr { host: "127.25.114.66" port: 42547 } attrs { replace: true } } peers { permanent_uuid: "781f1cc1ca70412b9d26472a95afd66e" member_type: VOTER last_known_addr { host: "127.25.114.65" port: 38913 } } peers { permanent_uuid: "83ce89a7fb4547a7b077453c8a67f865" member_type: VOTER last_known_addr { host: "127.25.114.67" port: 45227 } } peers { permanent_uuid: "1b565042e64f412884da407a61e7d55c" member_type: NON_VOTER last_known_addr { host: "127.25.114.68" port: 33367 } attrs { promote: true } } }
I20260608 10:07:01.589395 29136 raft_consensus.cc:2955] T 3520edee88834506867effee499f269c P 468ef5b26fee4cbcac85e230ebb5e098 [term 1 FOLLOWER]: Committing config change with OpId 1.2: config changed from index -1 to 2, NON_VOTER 1b565042e64f412884da407a61e7d55c (127.25.114.68) added. New config: { opid_index: 2 OBSOLETE_local: false peers { permanent_uuid: "468ef5b26fee4cbcac85e230ebb5e098" member_type: VOTER last_known_addr { host: "127.25.114.66" port: 42547 } attrs { replace: true } } peers { permanent_uuid: "781f1cc1ca70412b9d26472a95afd66e" member_type: VOTER last_known_addr { host: "127.25.114.65" port: 38913 } } peers { permanent_uuid: "83ce89a7fb4547a7b077453c8a67f865" member_type: VOTER last_known_addr { host: "127.25.114.67" port: 45227 } } peers { permanent_uuid: "1b565042e64f412884da407a61e7d55c" member_type: NON_VOTER last_known_addr { host: "127.25.114.68" port: 33367 } attrs { promote: true } } }
I20260608 10:07:01.596271 29212 raft_consensus.cc:2955] T 3520edee88834506867effee499f269c P 83ce89a7fb4547a7b077453c8a67f865 [term 1 FOLLOWER]: Committing config change with OpId 1.2: config changed from index -1 to 2, NON_VOTER 1b565042e64f412884da407a61e7d55c (127.25.114.68) added. New config: { opid_index: 2 OBSOLETE_local: false peers { permanent_uuid: "468ef5b26fee4cbcac85e230ebb5e098" member_type: VOTER last_known_addr { host: "127.25.114.66" port: 42547 } attrs { replace: true } } peers { permanent_uuid: "781f1cc1ca70412b9d26472a95afd66e" member_type: VOTER last_known_addr { host: "127.25.114.65" port: 38913 } } peers { permanent_uuid: "83ce89a7fb4547a7b077453c8a67f865" member_type: VOTER last_known_addr { host: "127.25.114.67" port: 45227 } } peers { permanent_uuid: "1b565042e64f412884da407a61e7d55c" member_type: NON_VOTER last_known_addr { host: "127.25.114.68" port: 33367 } attrs { promote: true } } }
I20260608 10:07:01.603173 28961 catalog_manager.cc:5696] T 3520edee88834506867effee499f269c P 781f1cc1ca70412b9d26472a95afd66e reported cstate change: config changed from index -1 to 2, NON_VOTER 1b565042e64f412884da407a61e7d55c (127.25.114.68) added. New cstate: current_term: 1 leader_uuid: "781f1cc1ca70412b9d26472a95afd66e" committed_config { opid_index: 2 OBSOLETE_local: false peers { permanent_uuid: "468ef5b26fee4cbcac85e230ebb5e098" member_type: VOTER last_known_addr { host: "127.25.114.66" port: 42547 } attrs { replace: true } health_report { overall_health: HEALTHY } } peers { permanent_uuid: "781f1cc1ca70412b9d26472a95afd66e" member_type: VOTER last_known_addr { host: "127.25.114.65" port: 38913 } health_report { overall_health: HEALTHY } } peers { permanent_uuid: "83ce89a7fb4547a7b077453c8a67f865" member_type: VOTER last_known_addr { host: "127.25.114.67" port: 45227 } health_report { overall_health: HEALTHY } } peers { permanent_uuid: "1b565042e64f412884da407a61e7d55c" member_type: NON_VOTER last_known_addr { host: "127.25.114.68" port: 33367 } attrs { promote: true } health_report { overall_health: UNKNOWN } } }
I20260608 10:07:01.619354 29136 consensus_queue.cc:237] T 457c2836b7d641d6b3ae765f140846e3 P 468ef5b26fee4cbcac85e230ebb5e098 [LEADER]: Queue going to LEADER mode. State: All replicated index: 0, Majority replicated index: 1, Committed index: 1, Last appended: 1.1, Last appended by leader: 0, Current term: 1, Majority size: 2, State: 0, Mode: LEADER, active raft config: opid_index: 2 OBSOLETE_local: false peers { permanent_uuid: "781f1cc1ca70412b9d26472a95afd66e" member_type: VOTER last_known_addr { host: "127.25.114.65" port: 38913 } } peers { permanent_uuid: "468ef5b26fee4cbcac85e230ebb5e098" member_type: VOTER last_known_addr { host: "127.25.114.66" port: 42547 } } peers { permanent_uuid: "83ce89a7fb4547a7b077453c8a67f865" member_type: VOTER last_known_addr { host: "127.25.114.67" port: 45227 } attrs { replace: true } } peers { permanent_uuid: "1b565042e64f412884da407a61e7d55c" member_type: NON_VOTER last_known_addr { host: "127.25.114.68" port: 33367 } attrs { promote: true } }
I20260608 10:07:01.629304 29212 raft_consensus.cc:1275] T 457c2836b7d641d6b3ae765f140846e3 P 83ce89a7fb4547a7b077453c8a67f865 [term 1 FOLLOWER]: Refusing update from remote peer 468ef5b26fee4cbcac85e230ebb5e098: Log matching property violated. Preceding OpId in replica: term: 1 index: 1. Preceding OpId from leader: term: 1 index: 2. (index mismatch)
I20260608 10:07:01.629977 29063 raft_consensus.cc:1275] T 457c2836b7d641d6b3ae765f140846e3 P 781f1cc1ca70412b9d26472a95afd66e [term 1 FOLLOWER]: Refusing update from remote peer 468ef5b26fee4cbcac85e230ebb5e098: Log matching property violated. Preceding OpId in replica: term: 1 index: 1. Preceding OpId from leader: term: 1 index: 2. (index mismatch)
W20260608 10:07:01.630522 29102 consensus_peers.cc:597] T 457c2836b7d641d6b3ae765f140846e3 P 468ef5b26fee4cbcac85e230ebb5e098 -> Peer 1b565042e64f412884da407a61e7d55c (127.25.114.68:33367): Couldn't send request to peer 1b565042e64f412884da407a61e7d55c. Error code: TABLET_NOT_FOUND (6). Status: Not found: Tablet not found: 457c2836b7d641d6b3ae765f140846e3. This is attempt 1: this message will repeat every 5th retry.
I20260608 10:07:01.631332 29260 consensus_queue.cc:1048] T 457c2836b7d641d6b3ae765f140846e3 P 468ef5b26fee4cbcac85e230ebb5e098 [LEADER]: Connected to new peer: Peer: permanent_uuid: "83ce89a7fb4547a7b077453c8a67f865" member_type: VOTER last_known_addr { host: "127.25.114.67" port: 45227 } attrs { replace: true }, Status: LMP_MISMATCH, Last received: 0.0, Next index: 2, Last known committed idx: 1, Time since last communication: 0.000s
I20260608 10:07:01.632196 29488 consensus_queue.cc:1048] T 457c2836b7d641d6b3ae765f140846e3 P 468ef5b26fee4cbcac85e230ebb5e098 [LEADER]: Connected to new peer: Peer: permanent_uuid: "781f1cc1ca70412b9d26472a95afd66e" member_type: VOTER last_known_addr { host: "127.25.114.65" port: 38913 }, Status: LMP_MISMATCH, Last received: 0.0, Next index: 2, Last known committed idx: 1, Time since last communication: 0.000s
I20260608 10:07:01.640610 29488 raft_consensus.cc:2955] T 457c2836b7d641d6b3ae765f140846e3 P 468ef5b26fee4cbcac85e230ebb5e098 [term 1 LEADER]: Committing config change with OpId 1.2: config changed from index -1 to 2, NON_VOTER 1b565042e64f412884da407a61e7d55c (127.25.114.68) added. New config: { opid_index: 2 OBSOLETE_local: false peers { permanent_uuid: "781f1cc1ca70412b9d26472a95afd66e" member_type: VOTER last_known_addr { host: "127.25.114.65" port: 38913 } } peers { permanent_uuid: "468ef5b26fee4cbcac85e230ebb5e098" member_type: VOTER last_known_addr { host: "127.25.114.66" port: 42547 } } peers { permanent_uuid: "83ce89a7fb4547a7b077453c8a67f865" member_type: VOTER last_known_addr { host: "127.25.114.67" port: 45227 } attrs { replace: true } } peers { permanent_uuid: "1b565042e64f412884da407a61e7d55c" member_type: NON_VOTER last_known_addr { host: "127.25.114.68" port: 33367 } attrs { promote: true } } }
I20260608 10:07:01.642844 29212 raft_consensus.cc:2955] T 457c2836b7d641d6b3ae765f140846e3 P 83ce89a7fb4547a7b077453c8a67f865 [term 1 FOLLOWER]: Committing config change with OpId 1.2: config changed from index -1 to 2, NON_VOTER 1b565042e64f412884da407a61e7d55c (127.25.114.68) added. New config: { opid_index: 2 OBSOLETE_local: false peers { permanent_uuid: "781f1cc1ca70412b9d26472a95afd66e" member_type: VOTER last_known_addr { host: "127.25.114.65" port: 38913 } } peers { permanent_uuid: "468ef5b26fee4cbcac85e230ebb5e098" member_type: VOTER last_known_addr { host: "127.25.114.66" port: 42547 } } peers { permanent_uuid: "83ce89a7fb4547a7b077453c8a67f865" member_type: VOTER last_known_addr { host: "127.25.114.67" port: 45227 } attrs { replace: true } } peers { permanent_uuid: "1b565042e64f412884da407a61e7d55c" member_type: NON_VOTER last_known_addr { host: "127.25.114.68" port: 33367 } attrs { promote: true } } }
I20260608 10:07:01.644523 29062 raft_consensus.cc:2955] T 457c2836b7d641d6b3ae765f140846e3 P 781f1cc1ca70412b9d26472a95afd66e [term 1 FOLLOWER]: Committing config change with OpId 1.2: config changed from index -1 to 2, NON_VOTER 1b565042e64f412884da407a61e7d55c (127.25.114.68) added. New config: { opid_index: 2 OBSOLETE_local: false peers { permanent_uuid: "781f1cc1ca70412b9d26472a95afd66e" member_type: VOTER last_known_addr { host: "127.25.114.65" port: 38913 } } peers { permanent_uuid: "468ef5b26fee4cbcac85e230ebb5e098" member_type: VOTER last_known_addr { host: "127.25.114.66" port: 42547 } } peers { permanent_uuid: "83ce89a7fb4547a7b077453c8a67f865" member_type: VOTER last_known_addr { host: "127.25.114.67" port: 45227 } attrs { replace: true } } peers { permanent_uuid: "1b565042e64f412884da407a61e7d55c" member_type: NON_VOTER last_known_addr { host: "127.25.114.68" port: 33367 } attrs { promote: true } } }
I20260608 10:07:01.659415 28957 catalog_manager.cc:5696] T 457c2836b7d641d6b3ae765f140846e3 P 468ef5b26fee4cbcac85e230ebb5e098 reported cstate change: config changed from index -1 to 2, NON_VOTER 1b565042e64f412884da407a61e7d55c (127.25.114.68) added. New cstate: current_term: 1 leader_uuid: "468ef5b26fee4cbcac85e230ebb5e098" committed_config { opid_index: 2 OBSOLETE_local: false peers { permanent_uuid: "781f1cc1ca70412b9d26472a95afd66e" member_type: VOTER last_known_addr { host: "127.25.114.65" port: 38913 } health_report { overall_health: HEALTHY } } peers { permanent_uuid: "468ef5b26fee4cbcac85e230ebb5e098" member_type: VOTER last_known_addr { host: "127.25.114.66" port: 42547 } health_report { overall_health: HEALTHY } } peers { permanent_uuid: "83ce89a7fb4547a7b077453c8a67f865" member_type: VOTER last_known_addr { host: "127.25.114.67" port: 45227 } attrs { replace: true } health_report { overall_health: HEALTHY } } peers { permanent_uuid: "1b565042e64f412884da407a61e7d55c" member_type: NON_VOTER last_known_addr { host: "127.25.114.68" port: 33367 } attrs { promote: true } health_report { overall_health: UNKNOWN } } }
I20260608 10:07:01.662165 29212 consensus_queue.cc:237] T f494960b539c45f3baa369615ec7b856 P 83ce89a7fb4547a7b077453c8a67f865 [LEADER]: Queue going to LEADER mode. State: All replicated index: 0, Majority replicated index: 2, Committed index: 2, Last appended: 2.2, Last appended by leader: 1, Current term: 2, Majority size: 2, State: 0, Mode: LEADER, active raft config: opid_index: 3 OBSOLETE_local: false peers { permanent_uuid: "781f1cc1ca70412b9d26472a95afd66e" member_type: VOTER last_known_addr { host: "127.25.114.65" port: 38913 } attrs { replace: true } } peers { permanent_uuid: "468ef5b26fee4cbcac85e230ebb5e098" member_type: VOTER last_known_addr { host: "127.25.114.66" port: 42547 } } peers { permanent_uuid: "83ce89a7fb4547a7b077453c8a67f865" member_type: VOTER last_known_addr { host: "127.25.114.67" port: 45227 } } peers { permanent_uuid: "1b565042e64f412884da407a61e7d55c" member_type: NON_VOTER last_known_addr { host: "127.25.114.68" port: 33367 } attrs { promote: true } }
I20260608 10:07:01.673092 29136 raft_consensus.cc:1275] T f494960b539c45f3baa369615ec7b856 P 468ef5b26fee4cbcac85e230ebb5e098 [term 2 FOLLOWER]: Refusing update from remote peer 83ce89a7fb4547a7b077453c8a67f865: Log matching property violated. Preceding OpId in replica: term: 2 index: 2. Preceding OpId from leader: term: 2 index: 3. (index mismatch)
W20260608 10:07:01.674608 29176 consensus_peers.cc:597] T f494960b539c45f3baa369615ec7b856 P 83ce89a7fb4547a7b077453c8a67f865 -> Peer 1b565042e64f412884da407a61e7d55c (127.25.114.68:33367): Couldn't send request to peer 1b565042e64f412884da407a61e7d55c. Error code: TABLET_NOT_FOUND (6). Status: Not found: Tablet not found: f494960b539c45f3baa369615ec7b856. This is attempt 1: this message will repeat every 5th retry.
I20260608 10:07:01.674612 29062 raft_consensus.cc:1275] T f494960b539c45f3baa369615ec7b856 P 781f1cc1ca70412b9d26472a95afd66e [term 2 FOLLOWER]: Refusing update from remote peer 83ce89a7fb4547a7b077453c8a67f865: Log matching property violated. Preceding OpId in replica: term: 2 index: 2. Preceding OpId from leader: term: 2 index: 3. (index mismatch)
I20260608 10:07:01.675765 29426 consensus_queue.cc:1048] T f494960b539c45f3baa369615ec7b856 P 83ce89a7fb4547a7b077453c8a67f865 [LEADER]: Connected to new peer: Peer: permanent_uuid: "468ef5b26fee4cbcac85e230ebb5e098" member_type: VOTER last_known_addr { host: "127.25.114.66" port: 42547 }, Status: LMP_MISMATCH, Last received: 0.0, Next index: 3, Last known committed idx: 2, Time since last communication: 0.000s
I20260608 10:07:01.676750 29330 consensus_queue.cc:1048] T f494960b539c45f3baa369615ec7b856 P 83ce89a7fb4547a7b077453c8a67f865 [LEADER]: Connected to new peer: Peer: permanent_uuid: "781f1cc1ca70412b9d26472a95afd66e" member_type: VOTER last_known_addr { host: "127.25.114.65" port: 38913 } attrs { replace: true }, Status: LMP_MISMATCH, Last received: 0.0, Next index: 3, Last known committed idx: 2, Time since last communication: 0.000s
I20260608 10:07:01.688181 29330 raft_consensus.cc:2955] T f494960b539c45f3baa369615ec7b856 P 83ce89a7fb4547a7b077453c8a67f865 [term 2 LEADER]: Committing config change with OpId 2.3: config changed from index -1 to 3, NON_VOTER 1b565042e64f412884da407a61e7d55c (127.25.114.68) added. New config: { opid_index: 3 OBSOLETE_local: false peers { permanent_uuid: "781f1cc1ca70412b9d26472a95afd66e" member_type: VOTER last_known_addr { host: "127.25.114.65" port: 38913 } attrs { replace: true } } peers { permanent_uuid: "468ef5b26fee4cbcac85e230ebb5e098" member_type: VOTER last_known_addr { host: "127.25.114.66" port: 42547 } } peers { permanent_uuid: "83ce89a7fb4547a7b077453c8a67f865" member_type: VOTER last_known_addr { host: "127.25.114.67" port: 45227 } } peers { permanent_uuid: "1b565042e64f412884da407a61e7d55c" member_type: NON_VOTER last_known_addr { host: "127.25.114.68" port: 33367 } attrs { promote: true } } }
I20260608 10:07:01.694387 29063 raft_consensus.cc:2955] T f494960b539c45f3baa369615ec7b856 P 781f1cc1ca70412b9d26472a95afd66e [term 2 FOLLOWER]: Committing config change with OpId 2.3: config changed from index -1 to 3, NON_VOTER 1b565042e64f412884da407a61e7d55c (127.25.114.68) added. New config: { opid_index: 3 OBSOLETE_local: false peers { permanent_uuid: "781f1cc1ca70412b9d26472a95afd66e" member_type: VOTER last_known_addr { host: "127.25.114.65" port: 38913 } attrs { replace: true } } peers { permanent_uuid: "468ef5b26fee4cbcac85e230ebb5e098" member_type: VOTER last_known_addr { host: "127.25.114.66" port: 42547 } } peers { permanent_uuid: "83ce89a7fb4547a7b077453c8a67f865" member_type: VOTER last_known_addr { host: "127.25.114.67" port: 45227 } } peers { permanent_uuid: "1b565042e64f412884da407a61e7d55c" member_type: NON_VOTER last_known_addr { host: "127.25.114.68" port: 33367 } attrs { promote: true } } }
I20260608 10:07:01.704888 28961 catalog_manager.cc:5696] T f494960b539c45f3baa369615ec7b856 P 83ce89a7fb4547a7b077453c8a67f865 reported cstate change: config changed from index -1 to 3, NON_VOTER 1b565042e64f412884da407a61e7d55c (127.25.114.68) added. New cstate: current_term: 2 leader_uuid: "83ce89a7fb4547a7b077453c8a67f865" committed_config { opid_index: 3 OBSOLETE_local: false peers { permanent_uuid: "781f1cc1ca70412b9d26472a95afd66e" member_type: VOTER last_known_addr { host: "127.25.114.65" port: 38913 } attrs { replace: true } health_report { overall_health: HEALTHY } } peers { permanent_uuid: "468ef5b26fee4cbcac85e230ebb5e098" member_type: VOTER last_known_addr { host: "127.25.114.66" port: 42547 } health_report { overall_health: UNKNOWN } } peers { permanent_uuid: "83ce89a7fb4547a7b077453c8a67f865" member_type: VOTER last_known_addr { host: "127.25.114.67" port: 45227 } health_report { overall_health: HEALTHY } } peers { permanent_uuid: "1b565042e64f412884da407a61e7d55c" member_type: NON_VOTER last_known_addr { host: "127.25.114.68" port: 33367 } attrs { promote: true } health_report { overall_health: UNKNOWN } } }
I20260608 10:07:01.717545 29136 raft_consensus.cc:2955] T f494960b539c45f3baa369615ec7b856 P 468ef5b26fee4cbcac85e230ebb5e098 [term 2 FOLLOWER]: Committing config change with OpId 2.3: config changed from index -1 to 3, NON_VOTER 1b565042e64f412884da407a61e7d55c (127.25.114.68) added. New config: { opid_index: 3 OBSOLETE_local: false peers { permanent_uuid: "781f1cc1ca70412b9d26472a95afd66e" member_type: VOTER last_known_addr { host: "127.25.114.65" port: 38913 } attrs { replace: true } } peers { permanent_uuid: "468ef5b26fee4cbcac85e230ebb5e098" member_type: VOTER last_known_addr { host: "127.25.114.66" port: 42547 } } peers { permanent_uuid: "83ce89a7fb4547a7b077453c8a67f865" member_type: VOTER last_known_addr { host: "127.25.114.67" port: 45227 } } peers { permanent_uuid: "1b565042e64f412884da407a61e7d55c" member_type: NON_VOTER last_known_addr { host: "127.25.114.68" port: 33367 } attrs { promote: true } } }
I20260608 10:07:01.914541 29509 ts_tablet_manager.cc:933] T b5c3fd982d2544b78a241268b71231ed P 1b565042e64f412884da407a61e7d55c: Initiating tablet copy from peer 83ce89a7fb4547a7b077453c8a67f865 (127.25.114.67:45227)
I20260608 10:07:01.916780 29509 tablet_copy_client.cc:323] T b5c3fd982d2544b78a241268b71231ed P 1b565042e64f412884da407a61e7d55c: tablet copy: Beginning tablet copy session from remote peer at address 127.25.114.67:45227
I20260608 10:07:01.918929 29222 tablet_copy_service.cc:140] P 83ce89a7fb4547a7b077453c8a67f865: Received BeginTabletCopySession request for tablet b5c3fd982d2544b78a241268b71231ed from peer 1b565042e64f412884da407a61e7d55c ({username='slave'} at 127.0.0.1:37414)
I20260608 10:07:01.919586 29222 tablet_copy_service.cc:161] P 83ce89a7fb4547a7b077453c8a67f865: Beginning new tablet copy session on tablet b5c3fd982d2544b78a241268b71231ed from peer 1b565042e64f412884da407a61e7d55c at {username='slave'} at 127.0.0.1:37414: session id = 1b565042e64f412884da407a61e7d55c-b5c3fd982d2544b78a241268b71231ed
I20260608 10:07:01.926913 29222 tablet_copy_source_session.cc:215] T b5c3fd982d2544b78a241268b71231ed P 83ce89a7fb4547a7b077453c8a67f865: Tablet Copy: opened 0 blocks and 1 log segments
I20260608 10:07:01.929982 29509 data_dirs.cc:400] Could only allocate 1 dirs of requested 3 for tablet b5c3fd982d2544b78a241268b71231ed. 1 dirs total, 0 dirs full, 0 dirs failed
I20260608 10:07:01.941929 29509 tablet_copy_client.cc:806] T b5c3fd982d2544b78a241268b71231ed P 1b565042e64f412884da407a61e7d55c: tablet copy: Starting download of 0 data blocks...
I20260608 10:07:01.942596 29509 tablet_copy_client.cc:670] T b5c3fd982d2544b78a241268b71231ed P 1b565042e64f412884da407a61e7d55c: tablet copy: Starting download of 1 WAL segments...
I20260608 10:07:01.947082 29509 tablet_copy_client.cc:538] T b5c3fd982d2544b78a241268b71231ed P 1b565042e64f412884da407a61e7d55c: tablet copy: Tablet Copy complete. Replacing tablet superblock.
I20260608 10:07:01.953859 29509 tablet_bootstrap.cc:492] T b5c3fd982d2544b78a241268b71231ed P 1b565042e64f412884da407a61e7d55c: Bootstrap starting.
I20260608 10:07:01.972257 29509 tablet_bootstrap.cc:492] T b5c3fd982d2544b78a241268b71231ed P 1b565042e64f412884da407a61e7d55c: Bootstrap replayed 1/1 log segments. Stats: ops{read=2 overwritten=0 applied=2 ignored=0} inserts{seen=0 ignored=0} mutations{seen=0 ignored=0} orphaned_commits=0. Pending: 0 replicates
I20260608 10:07:01.973027 29509 tablet_bootstrap.cc:492] T b5c3fd982d2544b78a241268b71231ed P 1b565042e64f412884da407a61e7d55c: Bootstrap complete.
I20260608 10:07:01.973619 29509 ts_tablet_manager.cc:1403] T b5c3fd982d2544b78a241268b71231ed P 1b565042e64f412884da407a61e7d55c: Time spent bootstrapping tablet: real 0.020s	user 0.015s	sys 0.005s
I20260608 10:07:01.976189 29509 raft_consensus.cc:359] T b5c3fd982d2544b78a241268b71231ed P 1b565042e64f412884da407a61e7d55c [term 1 LEARNER]: Replica starting. Triggering 0 pending ops. Active config: opid_index: 2 OBSOLETE_local: false peers { permanent_uuid: "468ef5b26fee4cbcac85e230ebb5e098" member_type: VOTER last_known_addr { host: "127.25.114.66" port: 42547 } } peers { permanent_uuid: "781f1cc1ca70412b9d26472a95afd66e" member_type: VOTER last_known_addr { host: "127.25.114.65" port: 38913 } attrs { replace: true } } peers { permanent_uuid: "83ce89a7fb4547a7b077453c8a67f865" member_type: VOTER last_known_addr { host: "127.25.114.67" port: 45227 } } peers { permanent_uuid: "1b565042e64f412884da407a61e7d55c" member_type: NON_VOTER last_known_addr { host: "127.25.114.68" port: 33367 } attrs { promote: true } }
I20260608 10:07:01.977140 29509 raft_consensus.cc:740] T b5c3fd982d2544b78a241268b71231ed P 1b565042e64f412884da407a61e7d55c [term 1 LEARNER]: Becoming Follower/Learner. State: Replica: 1b565042e64f412884da407a61e7d55c, State: Initialized, Role: LEARNER
I20260608 10:07:01.977721 29509 consensus_queue.cc:260] T b5c3fd982d2544b78a241268b71231ed P 1b565042e64f412884da407a61e7d55c [NON_LEADER]: Queue going to NON_LEADER mode. State: All replicated index: 0, Majority replicated index: 0, Committed index: 2, Last appended: 1.2, Last appended by leader: 2, Current term: 0, Majority size: -1, State: 0, Mode: NON_LEADER, active raft config: opid_index: 2 OBSOLETE_local: false peers { permanent_uuid: "468ef5b26fee4cbcac85e230ebb5e098" member_type: VOTER last_known_addr { host: "127.25.114.66" port: 42547 } } peers { permanent_uuid: "781f1cc1ca70412b9d26472a95afd66e" member_type: VOTER last_known_addr { host: "127.25.114.65" port: 38913 } attrs { replace: true } } peers { permanent_uuid: "83ce89a7fb4547a7b077453c8a67f865" member_type: VOTER last_known_addr { host: "127.25.114.67" port: 45227 } } peers { permanent_uuid: "1b565042e64f412884da407a61e7d55c" member_type: NON_VOTER last_known_addr { host: "127.25.114.68" port: 33367 } attrs { promote: true } }
I20260608 10:07:01.980545 29509 ts_tablet_manager.cc:1434] T b5c3fd982d2544b78a241268b71231ed P 1b565042e64f412884da407a61e7d55c: Time spent starting tablet: real 0.007s	user 0.004s	sys 0.004s
I20260608 10:07:01.983040 29222 tablet_copy_service.cc:342] P 83ce89a7fb4547a7b077453c8a67f865: Request end of tablet copy session 1b565042e64f412884da407a61e7d55c-b5c3fd982d2544b78a241268b71231ed received from {username='slave'} at 127.0.0.1:37414
I20260608 10:07:01.983522 29222 tablet_copy_service.cc:434] P 83ce89a7fb4547a7b077453c8a67f865: ending tablet copy session 1b565042e64f412884da407a61e7d55c-b5c3fd982d2544b78a241268b71231ed on tablet b5c3fd982d2544b78a241268b71231ed with peer 1b565042e64f412884da407a61e7d55c
I20260608 10:07:02.060843 29509 ts_tablet_manager.cc:933] T 3520edee88834506867effee499f269c P 1b565042e64f412884da407a61e7d55c: Initiating tablet copy from peer 781f1cc1ca70412b9d26472a95afd66e (127.25.114.65:38913)
I20260608 10:07:02.062609 29509 tablet_copy_client.cc:323] T 3520edee88834506867effee499f269c P 1b565042e64f412884da407a61e7d55c: tablet copy: Beginning tablet copy session from remote peer at address 127.25.114.65:38913
I20260608 10:07:02.064689 29073 tablet_copy_service.cc:140] P 781f1cc1ca70412b9d26472a95afd66e: Received BeginTabletCopySession request for tablet 3520edee88834506867effee499f269c from peer 1b565042e64f412884da407a61e7d55c ({username='slave'} at 127.0.0.1:49826)
I20260608 10:07:02.065385 29073 tablet_copy_service.cc:161] P 781f1cc1ca70412b9d26472a95afd66e: Beginning new tablet copy session on tablet 3520edee88834506867effee499f269c from peer 1b565042e64f412884da407a61e7d55c at {username='slave'} at 127.0.0.1:49826: session id = 1b565042e64f412884da407a61e7d55c-3520edee88834506867effee499f269c
I20260608 10:07:02.073788 29073 tablet_copy_source_session.cc:215] T 3520edee88834506867effee499f269c P 781f1cc1ca70412b9d26472a95afd66e: Tablet Copy: opened 0 blocks and 1 log segments
I20260608 10:07:02.077214 29509 data_dirs.cc:400] Could only allocate 1 dirs of requested 3 for tablet 3520edee88834506867effee499f269c. 1 dirs total, 0 dirs full, 0 dirs failed
I20260608 10:07:02.093667 29509 tablet_copy_client.cc:806] T 3520edee88834506867effee499f269c P 1b565042e64f412884da407a61e7d55c: tablet copy: Starting download of 0 data blocks...
I20260608 10:07:02.094305 29509 tablet_copy_client.cc:670] T 3520edee88834506867effee499f269c P 1b565042e64f412884da407a61e7d55c: tablet copy: Starting download of 1 WAL segments...
I20260608 10:07:02.098874 29509 tablet_copy_client.cc:538] T 3520edee88834506867effee499f269c P 1b565042e64f412884da407a61e7d55c: tablet copy: Tablet Copy complete. Replacing tablet superblock.
I20260608 10:07:02.108566 29509 tablet_bootstrap.cc:492] T 3520edee88834506867effee499f269c P 1b565042e64f412884da407a61e7d55c: Bootstrap starting.
I20260608 10:07:02.110229 29514 ts_tablet_manager.cc:933] T f494960b539c45f3baa369615ec7b856 P 1b565042e64f412884da407a61e7d55c: Initiating tablet copy from peer 83ce89a7fb4547a7b077453c8a67f865 (127.25.114.67:45227)
I20260608 10:07:02.120564 29514 tablet_copy_client.cc:323] T f494960b539c45f3baa369615ec7b856 P 1b565042e64f412884da407a61e7d55c: tablet copy: Beginning tablet copy session from remote peer at address 127.25.114.67:45227
I20260608 10:07:02.122571 29222 tablet_copy_service.cc:140] P 83ce89a7fb4547a7b077453c8a67f865: Received BeginTabletCopySession request for tablet f494960b539c45f3baa369615ec7b856 from peer 1b565042e64f412884da407a61e7d55c ({username='slave'} at 127.0.0.1:37414)
I20260608 10:07:02.123201 29222 tablet_copy_service.cc:161] P 83ce89a7fb4547a7b077453c8a67f865: Beginning new tablet copy session on tablet f494960b539c45f3baa369615ec7b856 from peer 1b565042e64f412884da407a61e7d55c at {username='slave'} at 127.0.0.1:37414: session id = 1b565042e64f412884da407a61e7d55c-f494960b539c45f3baa369615ec7b856
I20260608 10:07:02.131467 29222 tablet_copy_source_session.cc:215] T f494960b539c45f3baa369615ec7b856 P 83ce89a7fb4547a7b077453c8a67f865: Tablet Copy: opened 0 blocks and 1 log segments
I20260608 10:07:02.136989 29514 data_dirs.cc:400] Could only allocate 1 dirs of requested 3 for tablet f494960b539c45f3baa369615ec7b856. 1 dirs total, 0 dirs full, 0 dirs failed
I20260608 10:07:02.142745 29509 tablet_bootstrap.cc:492] T 3520edee88834506867effee499f269c P 1b565042e64f412884da407a61e7d55c: Bootstrap replayed 1/1 log segments. Stats: ops{read=2 overwritten=0 applied=2 ignored=0} inserts{seen=0 ignored=0} mutations{seen=0 ignored=0} orphaned_commits=0. Pending: 0 replicates
I20260608 10:07:02.143843 29509 tablet_bootstrap.cc:492] T 3520edee88834506867effee499f269c P 1b565042e64f412884da407a61e7d55c: Bootstrap complete.
I20260608 10:07:02.144577 29509 ts_tablet_manager.cc:1403] T 3520edee88834506867effee499f269c P 1b565042e64f412884da407a61e7d55c: Time spent bootstrapping tablet: real 0.036s	user 0.020s	sys 0.011s
I20260608 10:07:02.147993 29509 raft_consensus.cc:359] T 3520edee88834506867effee499f269c P 1b565042e64f412884da407a61e7d55c [term 1 LEARNER]: Replica starting. Triggering 0 pending ops. Active config: opid_index: 2 OBSOLETE_local: false peers { permanent_uuid: "468ef5b26fee4cbcac85e230ebb5e098" member_type: VOTER last_known_addr { host: "127.25.114.66" port: 42547 } attrs { replace: true } } peers { permanent_uuid: "781f1cc1ca70412b9d26472a95afd66e" member_type: VOTER last_known_addr { host: "127.25.114.65" port: 38913 } } peers { permanent_uuid: "83ce89a7fb4547a7b077453c8a67f865" member_type: VOTER last_known_addr { host: "127.25.114.67" port: 45227 } } peers { permanent_uuid: "1b565042e64f412884da407a61e7d55c" member_type: NON_VOTER last_known_addr { host: "127.25.114.68" port: 33367 } attrs { promote: true } }
I20260608 10:07:02.148880 29509 raft_consensus.cc:740] T 3520edee88834506867effee499f269c P 1b565042e64f412884da407a61e7d55c [term 1 LEARNER]: Becoming Follower/Learner. State: Replica: 1b565042e64f412884da407a61e7d55c, State: Initialized, Role: LEARNER
I20260608 10:07:02.149641 29509 consensus_queue.cc:260] T 3520edee88834506867effee499f269c P 1b565042e64f412884da407a61e7d55c [NON_LEADER]: Queue going to NON_LEADER mode. State: All replicated index: 0, Majority replicated index: 0, Committed index: 2, Last appended: 1.2, Last appended by leader: 2, Current term: 0, Majority size: -1, State: 0, Mode: NON_LEADER, active raft config: opid_index: 2 OBSOLETE_local: false peers { permanent_uuid: "468ef5b26fee4cbcac85e230ebb5e098" member_type: VOTER last_known_addr { host: "127.25.114.66" port: 42547 } attrs { replace: true } } peers { permanent_uuid: "781f1cc1ca70412b9d26472a95afd66e" member_type: VOTER last_known_addr { host: "127.25.114.65" port: 38913 } } peers { permanent_uuid: "83ce89a7fb4547a7b077453c8a67f865" member_type: VOTER last_known_addr { host: "127.25.114.67" port: 45227 } } peers { permanent_uuid: "1b565042e64f412884da407a61e7d55c" member_type: NON_VOTER last_known_addr { host: "127.25.114.68" port: 33367 } attrs { promote: true } }
I20260608 10:07:02.152340 29509 ts_tablet_manager.cc:1434] T 3520edee88834506867effee499f269c P 1b565042e64f412884da407a61e7d55c: Time spent starting tablet: real 0.007s	user 0.006s	sys 0.000s
I20260608 10:07:02.155131 29073 tablet_copy_service.cc:342] P 781f1cc1ca70412b9d26472a95afd66e: Request end of tablet copy session 1b565042e64f412884da407a61e7d55c-3520edee88834506867effee499f269c received from {username='slave'} at 127.0.0.1:49826
I20260608 10:07:02.155602 29073 tablet_copy_service.cc:434] P 781f1cc1ca70412b9d26472a95afd66e: ending tablet copy session 1b565042e64f412884da407a61e7d55c-3520edee88834506867effee499f269c on tablet 3520edee88834506867effee499f269c with peer 1b565042e64f412884da407a61e7d55c
I20260608 10:07:02.161962 29514 tablet_copy_client.cc:806] T f494960b539c45f3baa369615ec7b856 P 1b565042e64f412884da407a61e7d55c: tablet copy: Starting download of 0 data blocks...
I20260608 10:07:02.162631 29514 tablet_copy_client.cc:670] T f494960b539c45f3baa369615ec7b856 P 1b565042e64f412884da407a61e7d55c: tablet copy: Starting download of 1 WAL segments...
I20260608 10:07:02.167270 29514 tablet_copy_client.cc:538] T f494960b539c45f3baa369615ec7b856 P 1b565042e64f412884da407a61e7d55c: tablet copy: Tablet Copy complete. Replacing tablet superblock.
I20260608 10:07:02.176900 29514 tablet_bootstrap.cc:492] T f494960b539c45f3baa369615ec7b856 P 1b565042e64f412884da407a61e7d55c: Bootstrap starting.
I20260608 10:07:02.199242 29514 tablet_bootstrap.cc:492] T f494960b539c45f3baa369615ec7b856 P 1b565042e64f412884da407a61e7d55c: Bootstrap replayed 1/1 log segments. Stats: ops{read=3 overwritten=0 applied=3 ignored=0} inserts{seen=0 ignored=0} mutations{seen=0 ignored=0} orphaned_commits=0. Pending: 0 replicates
I20260608 10:07:02.200105 29514 tablet_bootstrap.cc:492] T f494960b539c45f3baa369615ec7b856 P 1b565042e64f412884da407a61e7d55c: Bootstrap complete.
I20260608 10:07:02.200855 29514 ts_tablet_manager.cc:1403] T f494960b539c45f3baa369615ec7b856 P 1b565042e64f412884da407a61e7d55c: Time spent bootstrapping tablet: real 0.024s	user 0.021s	sys 0.004s
I20260608 10:07:02.203657 29514 raft_consensus.cc:359] T f494960b539c45f3baa369615ec7b856 P 1b565042e64f412884da407a61e7d55c [term 2 LEARNER]: Replica starting. Triggering 0 pending ops. Active config: opid_index: 3 OBSOLETE_local: false peers { permanent_uuid: "781f1cc1ca70412b9d26472a95afd66e" member_type: VOTER last_known_addr { host: "127.25.114.65" port: 38913 } attrs { replace: true } } peers { permanent_uuid: "468ef5b26fee4cbcac85e230ebb5e098" member_type: VOTER last_known_addr { host: "127.25.114.66" port: 42547 } } peers { permanent_uuid: "83ce89a7fb4547a7b077453c8a67f865" member_type: VOTER last_known_addr { host: "127.25.114.67" port: 45227 } } peers { permanent_uuid: "1b565042e64f412884da407a61e7d55c" member_type: NON_VOTER last_known_addr { host: "127.25.114.68" port: 33367 } attrs { promote: true } }
I20260608 10:07:02.204303 29514 raft_consensus.cc:740] T f494960b539c45f3baa369615ec7b856 P 1b565042e64f412884da407a61e7d55c [term 2 LEARNER]: Becoming Follower/Learner. State: Replica: 1b565042e64f412884da407a61e7d55c, State: Initialized, Role: LEARNER
I20260608 10:07:02.204871 29514 consensus_queue.cc:260] T f494960b539c45f3baa369615ec7b856 P 1b565042e64f412884da407a61e7d55c [NON_LEADER]: Queue going to NON_LEADER mode. State: All replicated index: 0, Majority replicated index: 0, Committed index: 3, Last appended: 2.3, Last appended by leader: 3, Current term: 0, Majority size: -1, State: 0, Mode: NON_LEADER, active raft config: opid_index: 3 OBSOLETE_local: false peers { permanent_uuid: "781f1cc1ca70412b9d26472a95afd66e" member_type: VOTER last_known_addr { host: "127.25.114.65" port: 38913 } attrs { replace: true } } peers { permanent_uuid: "468ef5b26fee4cbcac85e230ebb5e098" member_type: VOTER last_known_addr { host: "127.25.114.66" port: 42547 } } peers { permanent_uuid: "83ce89a7fb4547a7b077453c8a67f865" member_type: VOTER last_known_addr { host: "127.25.114.67" port: 45227 } } peers { permanent_uuid: "1b565042e64f412884da407a61e7d55c" member_type: NON_VOTER last_known_addr { host: "127.25.114.68" port: 33367 } attrs { promote: true } }
I20260608 10:07:02.207674 29514 ts_tablet_manager.cc:1434] T f494960b539c45f3baa369615ec7b856 P 1b565042e64f412884da407a61e7d55c: Time spent starting tablet: real 0.007s	user 0.006s	sys 0.000s
I20260608 10:07:02.209568 29222 tablet_copy_service.cc:342] P 83ce89a7fb4547a7b077453c8a67f865: Request end of tablet copy session 1b565042e64f412884da407a61e7d55c-f494960b539c45f3baa369615ec7b856 received from {username='slave'} at 127.0.0.1:37414
I20260608 10:07:02.210018 29222 tablet_copy_service.cc:434] P 83ce89a7fb4547a7b077453c8a67f865: ending tablet copy session 1b565042e64f412884da407a61e7d55c-f494960b539c45f3baa369615ec7b856 on tablet f494960b539c45f3baa369615ec7b856 with peer 1b565042e64f412884da407a61e7d55c
I20260608 10:07:02.224864 29514 ts_tablet_manager.cc:933] T 457c2836b7d641d6b3ae765f140846e3 P 1b565042e64f412884da407a61e7d55c: Initiating tablet copy from peer 468ef5b26fee4cbcac85e230ebb5e098 (127.25.114.66:42547)
I20260608 10:07:02.226567 29514 tablet_copy_client.cc:323] T 457c2836b7d641d6b3ae765f140846e3 P 1b565042e64f412884da407a61e7d55c: tablet copy: Beginning tablet copy session from remote peer at address 127.25.114.66:42547
I20260608 10:07:02.228541 29148 tablet_copy_service.cc:140] P 468ef5b26fee4cbcac85e230ebb5e098: Received BeginTabletCopySession request for tablet 457c2836b7d641d6b3ae765f140846e3 from peer 1b565042e64f412884da407a61e7d55c ({username='slave'} at 127.0.0.1:32950)
I20260608 10:07:02.229167 29148 tablet_copy_service.cc:161] P 468ef5b26fee4cbcac85e230ebb5e098: Beginning new tablet copy session on tablet 457c2836b7d641d6b3ae765f140846e3 from peer 1b565042e64f412884da407a61e7d55c at {username='slave'} at 127.0.0.1:32950: session id = 1b565042e64f412884da407a61e7d55c-457c2836b7d641d6b3ae765f140846e3
I20260608 10:07:02.237407 29148 tablet_copy_source_session.cc:215] T 457c2836b7d641d6b3ae765f140846e3 P 468ef5b26fee4cbcac85e230ebb5e098: Tablet Copy: opened 0 blocks and 1 log segments
I20260608 10:07:02.240662 29514 data_dirs.cc:400] Could only allocate 1 dirs of requested 3 for tablet 457c2836b7d641d6b3ae765f140846e3. 1 dirs total, 0 dirs full, 0 dirs failed
I20260608 10:07:02.252799 29514 tablet_copy_client.cc:806] T 457c2836b7d641d6b3ae765f140846e3 P 1b565042e64f412884da407a61e7d55c: tablet copy: Starting download of 0 data blocks...
I20260608 10:07:02.253477 29514 tablet_copy_client.cc:670] T 457c2836b7d641d6b3ae765f140846e3 P 1b565042e64f412884da407a61e7d55c: tablet copy: Starting download of 1 WAL segments...
I20260608 10:07:02.257579 29514 tablet_copy_client.cc:538] T 457c2836b7d641d6b3ae765f140846e3 P 1b565042e64f412884da407a61e7d55c: tablet copy: Tablet Copy complete. Replacing tablet superblock.
I20260608 10:07:02.263963 29514 tablet_bootstrap.cc:492] T 457c2836b7d641d6b3ae765f140846e3 P 1b565042e64f412884da407a61e7d55c: Bootstrap starting.
I20260608 10:07:02.283375 29514 tablet_bootstrap.cc:492] T 457c2836b7d641d6b3ae765f140846e3 P 1b565042e64f412884da407a61e7d55c: Bootstrap replayed 1/1 log segments. Stats: ops{read=2 overwritten=0 applied=2 ignored=0} inserts{seen=0 ignored=0} mutations{seen=0 ignored=0} orphaned_commits=0. Pending: 0 replicates
I20260608 10:07:02.284385 29514 tablet_bootstrap.cc:492] T 457c2836b7d641d6b3ae765f140846e3 P 1b565042e64f412884da407a61e7d55c: Bootstrap complete.
I20260608 10:07:02.284983 29514 ts_tablet_manager.cc:1403] T 457c2836b7d641d6b3ae765f140846e3 P 1b565042e64f412884da407a61e7d55c: Time spent bootstrapping tablet: real 0.021s	user 0.012s	sys 0.008s
I20260608 10:07:02.287490 29514 raft_consensus.cc:359] T 457c2836b7d641d6b3ae765f140846e3 P 1b565042e64f412884da407a61e7d55c [term 1 LEARNER]: Replica starting. Triggering 0 pending ops. Active config: opid_index: 2 OBSOLETE_local: false peers { permanent_uuid: "781f1cc1ca70412b9d26472a95afd66e" member_type: VOTER last_known_addr { host: "127.25.114.65" port: 38913 } } peers { permanent_uuid: "468ef5b26fee4cbcac85e230ebb5e098" member_type: VOTER last_known_addr { host: "127.25.114.66" port: 42547 } } peers { permanent_uuid: "83ce89a7fb4547a7b077453c8a67f865" member_type: VOTER last_known_addr { host: "127.25.114.67" port: 45227 } attrs { replace: true } } peers { permanent_uuid: "1b565042e64f412884da407a61e7d55c" member_type: NON_VOTER last_known_addr { host: "127.25.114.68" port: 33367 } attrs { promote: true } }
I20260608 10:07:02.288348 29514 raft_consensus.cc:740] T 457c2836b7d641d6b3ae765f140846e3 P 1b565042e64f412884da407a61e7d55c [term 1 LEARNER]: Becoming Follower/Learner. State: Replica: 1b565042e64f412884da407a61e7d55c, State: Initialized, Role: LEARNER
