I20260608 10:05:31.516384 25733 tablet_bootstrap.cc:492] T 350743ed44844ecb9f75d54c0b9b09e0 P 483884bafcc54660847aee5bbbb6616e: No bootstrap required, opened a new log
I20260608 10:05:31.516552 25735 raft_consensus.cc:385] T eefb8a5dbd1d4b27abb4d739dacd5c7f P 4e321ca4dfe44e9e84ba0aa46c707d53 [term 0 FOLLOWER]: Consensus starting up: Expiring failure detector timer to make a prompt election more likely
I20260608 10:05:31.516855 25735 raft_consensus.cc:740] T eefb8a5dbd1d4b27abb4d739dacd5c7f P 4e321ca4dfe44e9e84ba0aa46c707d53 [term 0 FOLLOWER]: Becoming Follower/Learner. State: Replica: 4e321ca4dfe44e9e84ba0aa46c707d53, State: Initialized, Role: FOLLOWER
I20260608 10:05:31.516862 25733 ts_tablet_manager.cc:1403] T 350743ed44844ecb9f75d54c0b9b09e0 P 483884bafcc54660847aee5bbbb6616e: Time spent bootstrapping tablet: real 0.050s	user 0.010s	sys 0.001s
I20260608 10:05:31.521821 25735 consensus_queue.cc:260] T eefb8a5dbd1d4b27abb4d739dacd5c7f P 4e321ca4dfe44e9e84ba0aa46c707d53 [NON_LEADER]: Queue going to NON_LEADER mode. State: All replicated index: 0, Majority replicated index: 0, Committed index: 0, Last appended: 0.0, Last appended by leader: 0, Current term: 0, Majority size: -1, State: 0, Mode: NON_LEADER, active raft config: opid_index: -1 OBSOLETE_local: false peers { permanent_uuid: "483884bafcc54660847aee5bbbb6616e" member_type: VOTER last_known_addr { host: "127.24.73.129" port: 45007 } } peers { permanent_uuid: "77d03060dfea4ee7a10193845045dfbc" member_type: VOTER last_known_addr { host: "127.24.73.130" port: 36615 } } peers { permanent_uuid: "4e321ca4dfe44e9e84ba0aa46c707d53" member_type: VOTER last_known_addr { host: "127.24.73.131" port: 37815 } }
I20260608 10:05:31.524650 25741 raft_consensus.cc:697] T bede65a6c0d94af1944f1244af56f8e9 P 4e321ca4dfe44e9e84ba0aa46c707d53 [term 1 LEADER]: Becoming Leader. State: Replica: 4e321ca4dfe44e9e84ba0aa46c707d53, State: Running, Role: LEADER
I20260608 10:05:31.525225 25767 raft_consensus.cc:493] T 350743ed44844ecb9f75d54c0b9b09e0 P 4e321ca4dfe44e9e84ba0aa46c707d53 [term 0 FOLLOWER]: Starting pre-election (no leader contacted us within the election timeout)
I20260608 10:05:31.525236 25768 raft_consensus.cc:493] T a84c2797fbc7464d857864da359aace0 P 4e321ca4dfe44e9e84ba0aa46c707d53 [term 0 FOLLOWER]: Starting pre-election (no leader contacted us within the election timeout)
I20260608 10:05:31.525885 25768 raft_consensus.cc:515] T a84c2797fbc7464d857864da359aace0 P 4e321ca4dfe44e9e84ba0aa46c707d53 [term 0 FOLLOWER]: Starting pre-election with config: opid_index: -1 OBSOLETE_local: false peers { permanent_uuid: "483884bafcc54660847aee5bbbb6616e" member_type: VOTER last_known_addr { host: "127.24.73.129" port: 45007 } } peers { permanent_uuid: "77d03060dfea4ee7a10193845045dfbc" member_type: VOTER last_known_addr { host: "127.24.73.130" port: 36615 } } peers { permanent_uuid: "4e321ca4dfe44e9e84ba0aa46c707d53" member_type: VOTER last_known_addr { host: "127.24.73.131" port: 37815 } }
I20260608 10:05:31.525574 25741 consensus_queue.cc:237] T bede65a6c0d94af1944f1244af56f8e9 P 4e321ca4dfe44e9e84ba0aa46c707d53 [LEADER]: Queue going to LEADER mode. State: All replicated index: 0, Majority replicated index: 0, Committed index: 0, Last appended: 0.0, Last appended by leader: 0, Current term: 1, Majority size: 2, State: 0, Mode: LEADER, active raft config: opid_index: -1 OBSOLETE_local: false peers { permanent_uuid: "483884bafcc54660847aee5bbbb6616e" member_type: VOTER last_known_addr { host: "127.24.73.129" port: 45007 } } peers { permanent_uuid: "77d03060dfea4ee7a10193845045dfbc" member_type: VOTER last_known_addr { host: "127.24.73.130" port: 36615 } } peers { permanent_uuid: "4e321ca4dfe44e9e84ba0aa46c707d53" member_type: VOTER last_known_addr { host: "127.24.73.131" port: 37815 } }
I20260608 10:05:31.521451 25733 raft_consensus.cc:359] T 350743ed44844ecb9f75d54c0b9b09e0 P 483884bafcc54660847aee5bbbb6616e [term 0 FOLLOWER]: Replica starting. Triggering 0 pending ops. Active config: opid_index: -1 OBSOLETE_local: false peers { permanent_uuid: "483884bafcc54660847aee5bbbb6616e" member_type: VOTER last_known_addr { host: "127.24.73.129" port: 45007 } } peers { permanent_uuid: "77d03060dfea4ee7a10193845045dfbc" member_type: VOTER last_known_addr { host: "127.24.73.130" port: 36615 } } peers { permanent_uuid: "4e321ca4dfe44e9e84ba0aa46c707d53" member_type: VOTER last_known_addr { host: "127.24.73.131" port: 37815 } }
I20260608 10:05:31.527308 25733 raft_consensus.cc:385] T 350743ed44844ecb9f75d54c0b9b09e0 P 483884bafcc54660847aee5bbbb6616e [term 0 FOLLOWER]: Consensus starting up: Expiring failure detector timer to make a prompt election more likely
I20260608 10:05:31.527618 25733 raft_consensus.cc:740] T 350743ed44844ecb9f75d54c0b9b09e0 P 483884bafcc54660847aee5bbbb6616e [term 0 FOLLOWER]: Becoming Follower/Learner. State: Replica: 483884bafcc54660847aee5bbbb6616e, State: Initialized, Role: FOLLOWER
I20260608 10:05:31.528826 25539 tablet_service.cc:1917] Received RequestConsensusVote() RPC: tablet_id: "a84c2797fbc7464d857864da359aace0" candidate_uuid: "4e321ca4dfe44e9e84ba0aa46c707d53" candidate_term: 1 candidate_status { last_received { term: 0 index: 0 } } ignore_live_leader: false dest_uuid: "483884bafcc54660847aee5bbbb6616e" is_pre_election: true
I20260608 10:05:31.525810 25767 raft_consensus.cc:515] T 350743ed44844ecb9f75d54c0b9b09e0 P 4e321ca4dfe44e9e84ba0aa46c707d53 [term 0 FOLLOWER]: Starting pre-election with config: opid_index: -1 OBSOLETE_local: false peers { permanent_uuid: "483884bafcc54660847aee5bbbb6616e" member_type: VOTER last_known_addr { host: "127.24.73.129" port: 45007 } } peers { permanent_uuid: "77d03060dfea4ee7a10193845045dfbc" member_type: VOTER last_known_addr { host: "127.24.73.130" port: 36615 } } peers { permanent_uuid: "4e321ca4dfe44e9e84ba0aa46c707d53" member_type: VOTER last_known_addr { host: "127.24.73.131" port: 37815 } }
I20260608 10:05:31.529520 25539 raft_consensus.cc:2468] T a84c2797fbc7464d857864da359aace0 P 483884bafcc54660847aee5bbbb6616e [term 0 FOLLOWER]: Leader pre-election vote request: Granting yes vote for candidate 4e321ca4dfe44e9e84ba0aa46c707d53 in term 0.
I20260608 10:05:31.530711 25654 leader_election.cc:304] T a84c2797fbc7464d857864da359aace0 P 4e321ca4dfe44e9e84ba0aa46c707d53 [CANDIDATE]: Term 1 pre-election: Election decided. Result: candidate won. Election summary: received 2 responses out of 3 voters: 2 yes votes; 0 no votes. yes voters: 483884bafcc54660847aee5bbbb6616e, 4e321ca4dfe44e9e84ba0aa46c707d53; no voters: 
I20260608 10:05:31.531105 25735 ts_tablet_manager.cc:1434] T eefb8a5dbd1d4b27abb4d739dacd5c7f P 4e321ca4dfe44e9e84ba0aa46c707d53: Time spent starting tablet: real 0.022s	user 0.001s	sys 0.009s
I20260608 10:05:31.531275 25767 leader_election.cc:290] T 350743ed44844ecb9f75d54c0b9b09e0 P 4e321ca4dfe44e9e84ba0aa46c707d53 [CANDIDATE]: Term 1 pre-election: Requested pre-vote from peers 483884bafcc54660847aee5bbbb6616e (127.24.73.129:45007), 77d03060dfea4ee7a10193845045dfbc (127.24.73.130:36615)
I20260608 10:05:31.531731 25767 raft_consensus.cc:2804] T a84c2797fbc7464d857864da359aace0 P 4e321ca4dfe44e9e84ba0aa46c707d53 [term 0 FOLLOWER]: Leader pre-election won for term 1
I20260608 10:05:31.532306 25735 tablet_bootstrap.cc:492] T 4fe2cfdb781d4c3099d2b86274601f96 P 4e321ca4dfe44e9e84ba0aa46c707d53: Bootstrap starting.
I20260608 10:05:31.532371 25767 raft_consensus.cc:493] T a84c2797fbc7464d857864da359aace0 P 4e321ca4dfe44e9e84ba0aa46c707d53 [term 0 FOLLOWER]: Starting leader election (no leader contacted us within the election timeout)
I20260608 10:05:31.532609 25538 tablet_service.cc:1917] Received RequestConsensusVote() RPC: tablet_id: "350743ed44844ecb9f75d54c0b9b09e0" candidate_uuid: "4e321ca4dfe44e9e84ba0aa46c707d53" candidate_term: 1 candidate_status { last_received { term: 0 index: 0 } } ignore_live_leader: false dest_uuid: "483884bafcc54660847aee5bbbb6616e" is_pre_election: true
I20260608 10:05:31.532857 25767 raft_consensus.cc:3060] T a84c2797fbc7464d857864da359aace0 P 4e321ca4dfe44e9e84ba0aa46c707d53 [term 0 FOLLOWER]: Advancing to term 1
I20260608 10:05:31.534791 25614 tablet_service.cc:1917] Received RequestConsensusVote() RPC: tablet_id: "350743ed44844ecb9f75d54c0b9b09e0" candidate_uuid: "4e321ca4dfe44e9e84ba0aa46c707d53" candidate_term: 1 candidate_status { last_received { term: 0 index: 0 } } ignore_live_leader: false dest_uuid: "77d03060dfea4ee7a10193845045dfbc" is_pre_election: true
I20260608 10:05:31.532313 25733 consensus_queue.cc:260] T 350743ed44844ecb9f75d54c0b9b09e0 P 483884bafcc54660847aee5bbbb6616e [NON_LEADER]: Queue going to NON_LEADER mode. State: All replicated index: 0, Majority replicated index: 0, Committed index: 0, Last appended: 0.0, Last appended by leader: 0, Current term: 0, Majority size: -1, State: 0, Mode: NON_LEADER, active raft config: opid_index: -1 OBSOLETE_local: false peers { permanent_uuid: "483884bafcc54660847aee5bbbb6616e" member_type: VOTER last_known_addr { host: "127.24.73.129" port: 45007 } } peers { permanent_uuid: "77d03060dfea4ee7a10193845045dfbc" member_type: VOTER last_known_addr { host: "127.24.73.130" port: 36615 } } peers { permanent_uuid: "4e321ca4dfe44e9e84ba0aa46c707d53" member_type: VOTER last_known_addr { host: "127.24.73.131" port: 37815 } }
I20260608 10:05:31.535838 25538 raft_consensus.cc:2468] T 350743ed44844ecb9f75d54c0b9b09e0 P 483884bafcc54660847aee5bbbb6616e [term 0 FOLLOWER]: Leader pre-election vote request: Granting yes vote for candidate 4e321ca4dfe44e9e84ba0aa46c707d53 in term 0.
I20260608 10:05:31.537478 25733 ts_tablet_manager.cc:1434] T 350743ed44844ecb9f75d54c0b9b09e0 P 483884bafcc54660847aee5bbbb6616e: Time spent starting tablet: real 0.019s	user 0.006s	sys 0.002s
I20260608 10:05:31.538023 25742 raft_consensus.cc:493] T bc9fa5842aff4dea85da5238538cf7a1 P 77d03060dfea4ee7a10193845045dfbc [term 0 FOLLOWER]: Starting pre-election (no leader contacted us within the election timeout)
I20260608 10:05:31.538357 25768 leader_election.cc:290] T a84c2797fbc7464d857864da359aace0 P 4e321ca4dfe44e9e84ba0aa46c707d53 [CANDIDATE]: Term 1 pre-election: Requested pre-vote from peers 483884bafcc54660847aee5bbbb6616e (127.24.73.129:45007), 77d03060dfea4ee7a10193845045dfbc (127.24.73.130:36615)
I20260608 10:05:31.538455 25742 raft_consensus.cc:515] T bc9fa5842aff4dea85da5238538cf7a1 P 77d03060dfea4ee7a10193845045dfbc [term 0 FOLLOWER]: Starting pre-election with config: opid_index: -1 OBSOLETE_local: false peers { permanent_uuid: "483884bafcc54660847aee5bbbb6616e" member_type: VOTER last_known_addr { host: "127.24.73.129" port: 45007 } } peers { permanent_uuid: "77d03060dfea4ee7a10193845045dfbc" member_type: VOTER last_known_addr { host: "127.24.73.130" port: 36615 } } peers { permanent_uuid: "4e321ca4dfe44e9e84ba0aa46c707d53" member_type: VOTER last_known_addr { host: "127.24.73.131" port: 37815 } }
I20260608 10:05:31.539105 25654 leader_election.cc:304] T 350743ed44844ecb9f75d54c0b9b09e0 P 4e321ca4dfe44e9e84ba0aa46c707d53 [CANDIDATE]: Term 1 pre-election: Election decided. Result: candidate won. Election summary: received 2 responses out of 3 voters: 2 yes votes; 0 no votes. yes voters: 483884bafcc54660847aee5bbbb6616e, 4e321ca4dfe44e9e84ba0aa46c707d53; no voters: 
I20260608 10:05:31.541131 25768 raft_consensus.cc:2804] T 350743ed44844ecb9f75d54c0b9b09e0 P 4e321ca4dfe44e9e84ba0aa46c707d53 [term 0 FOLLOWER]: Leader pre-election won for term 1
I20260608 10:05:31.541451 25768 raft_consensus.cc:493] T 350743ed44844ecb9f75d54c0b9b09e0 P 4e321ca4dfe44e9e84ba0aa46c707d53 [term 0 FOLLOWER]: Starting leader election (no leader contacted us within the election timeout)
I20260608 10:05:31.542054 25736 tablet_bootstrap.cc:492] T 4d11584ae02d4d68924990bbe1c93c39 P 77d03060dfea4ee7a10193845045dfbc: No bootstrap required, opened a new log
I20260608 10:05:31.542517 25736 ts_tablet_manager.cc:1403] T 4d11584ae02d4d68924990bbe1c93c39 P 77d03060dfea4ee7a10193845045dfbc: Time spent bootstrapping tablet: real 0.080s	user 0.005s	sys 0.016s
I20260608 10:05:31.538571 25733 tablet_bootstrap.cc:492] T bc9fa5842aff4dea85da5238538cf7a1 P 483884bafcc54660847aee5bbbb6616e: Bootstrap starting.
W20260608 10:05:31.542995 25485 auto_rebalancer.cc:259] Could not retrieve cluster info: Service unavailable: Tablet not running
I20260608 10:05:31.542513 25768 raft_consensus.cc:3060] T 350743ed44844ecb9f75d54c0b9b09e0 P 4e321ca4dfe44e9e84ba0aa46c707d53 [term 0 FOLLOWER]: Advancing to term 1
I20260608 10:05:31.545190 25490 auto_leader_rebalancer.cc:140] leader rebalance for table test-workload
W20260608 10:05:31.546151 25490 auto_leader_rebalancer.cc:460] the master instance isn't leader: Service unavailable: Tablet not running
I20260608 10:05:31.540879 25742 leader_election.cc:290] T bc9fa5842aff4dea85da5238538cf7a1 P 77d03060dfea4ee7a10193845045dfbc [CANDIDATE]: Term 1 pre-election: Requested pre-vote from peers 483884bafcc54660847aee5bbbb6616e (127.24.73.129:45007), 4e321ca4dfe44e9e84ba0aa46c707d53 (127.24.73.131:37815)
W20260608 10:05:31.547155 25653 leader_election.cc:343] T 350743ed44844ecb9f75d54c0b9b09e0 P 4e321ca4dfe44e9e84ba0aa46c707d53 [CANDIDATE]: Term 1 pre-election: Tablet error from VoteRequest() call to peer 77d03060dfea4ee7a10193845045dfbc (127.24.73.130:36615): Illegal state: must be running to vote when last-logged opid is not known
I20260608 10:05:31.548372 25758 raft_consensus.cc:493] T eefb8a5dbd1d4b27abb4d739dacd5c7f P 77d03060dfea4ee7a10193845045dfbc [term 0 FOLLOWER]: Starting pre-election (no leader contacted us within the election timeout)
I20260608 10:05:31.551199 25733 tablet_bootstrap.cc:654] T bc9fa5842aff4dea85da5238538cf7a1 P 483884bafcc54660847aee5bbbb6616e: Neither blocks nor log segments found. Creating new log.
I20260608 10:05:31.551510 25758 raft_consensus.cc:515] T eefb8a5dbd1d4b27abb4d739dacd5c7f P 77d03060dfea4ee7a10193845045dfbc [term 0 FOLLOWER]: Starting pre-election with config: opid_index: -1 OBSOLETE_local: false peers { permanent_uuid: "483884bafcc54660847aee5bbbb6616e" member_type: VOTER last_known_addr { host: "127.24.73.129" port: 45007 } } peers { permanent_uuid: "77d03060dfea4ee7a10193845045dfbc" member_type: VOTER last_known_addr { host: "127.24.73.130" port: 36615 } } peers { permanent_uuid: "4e321ca4dfe44e9e84ba0aa46c707d53" member_type: VOTER last_known_addr { host: "127.24.73.131" port: 37815 } }
I20260608 10:05:31.551813 25688 tablet_service.cc:1917] Received RequestConsensusVote() RPC: tablet_id: "bc9fa5842aff4dea85da5238538cf7a1" candidate_uuid: "77d03060dfea4ee7a10193845045dfbc" candidate_term: 1 candidate_status { last_received { term: 0 index: 0 } } ignore_live_leader: false dest_uuid: "4e321ca4dfe44e9e84ba0aa46c707d53" is_pre_election: true
I20260608 10:05:31.552364 25688 raft_consensus.cc:2468] T bc9fa5842aff4dea85da5238538cf7a1 P 4e321ca4dfe44e9e84ba0aa46c707d53 [term 0 FOLLOWER]: Leader pre-election vote request: Granting yes vote for candidate 77d03060dfea4ee7a10193845045dfbc in term 0.
I20260608 10:05:31.550066 25767 raft_consensus.cc:515] T a84c2797fbc7464d857864da359aace0 P 4e321ca4dfe44e9e84ba0aa46c707d53 [term 1 FOLLOWER]: Starting leader election with config: opid_index: -1 OBSOLETE_local: false peers { permanent_uuid: "483884bafcc54660847aee5bbbb6616e" member_type: VOTER last_known_addr { host: "127.24.73.129" port: 45007 } } peers { permanent_uuid: "77d03060dfea4ee7a10193845045dfbc" member_type: VOTER last_known_addr { host: "127.24.73.130" port: 36615 } } peers { permanent_uuid: "4e321ca4dfe44e9e84ba0aa46c707d53" member_type: VOTER last_known_addr { host: "127.24.73.131" port: 37815 } }
I20260608 10:05:31.550316 25614 tablet_service.cc:1917] Received RequestConsensusVote() RPC: tablet_id: "a84c2797fbc7464d857864da359aace0" candidate_uuid: "4e321ca4dfe44e9e84ba0aa46c707d53" candidate_term: 1 candidate_status { last_received { term: 0 index: 0 } } ignore_live_leader: false dest_uuid: "77d03060dfea4ee7a10193845045dfbc" is_pre_election: true
I20260608 10:05:31.553730 25758 leader_election.cc:290] T eefb8a5dbd1d4b27abb4d739dacd5c7f P 77d03060dfea4ee7a10193845045dfbc [CANDIDATE]: Term 1 pre-election: Requested pre-vote from peers 483884bafcc54660847aee5bbbb6616e (127.24.73.129:45007), 4e321ca4dfe44e9e84ba0aa46c707d53 (127.24.73.131:37815)
I20260608 10:05:31.553804 25579 leader_election.cc:304] T bc9fa5842aff4dea85da5238538cf7a1 P 77d03060dfea4ee7a10193845045dfbc [CANDIDATE]: Term 1 pre-election: Election decided. Result: candidate won. Election summary: received 2 responses out of 3 voters: 2 yes votes; 0 no votes. yes voters: 4e321ca4dfe44e9e84ba0aa46c707d53, 77d03060dfea4ee7a10193845045dfbc; no voters: 
I20260608 10:05:31.555367 25539 tablet_service.cc:1917] Received RequestConsensusVote() RPC: tablet_id: "eefb8a5dbd1d4b27abb4d739dacd5c7f" candidate_uuid: "77d03060dfea4ee7a10193845045dfbc" candidate_term: 1 candidate_status { last_received { term: 0 index: 0 } } ignore_live_leader: false dest_uuid: "483884bafcc54660847aee5bbbb6616e" is_pre_election: true
I20260608 10:05:31.555603 25767 leader_election.cc:290] T a84c2797fbc7464d857864da359aace0 P 4e321ca4dfe44e9e84ba0aa46c707d53 [CANDIDATE]: Term 1 election: Requested vote from peers 483884bafcc54660847aee5bbbb6616e (127.24.73.129:45007), 77d03060dfea4ee7a10193845045dfbc (127.24.73.130:36615)
I20260608 10:05:31.555971 25539 raft_consensus.cc:2468] T eefb8a5dbd1d4b27abb4d739dacd5c7f P 483884bafcc54660847aee5bbbb6616e [term 0 FOLLOWER]: Leader pre-election vote request: Granting yes vote for candidate 77d03060dfea4ee7a10193845045dfbc in term 0.
I20260608 10:05:31.556483 25688 tablet_service.cc:1917] Received RequestConsensusVote() RPC: tablet_id: "eefb8a5dbd1d4b27abb4d739dacd5c7f" candidate_uuid: "77d03060dfea4ee7a10193845045dfbc" candidate_term: 1 candidate_status { last_received { term: 0 index: 0 } } ignore_live_leader: false dest_uuid: "4e321ca4dfe44e9e84ba0aa46c707d53" is_pre_election: true
I20260608 10:05:31.557076 25688 raft_consensus.cc:2468] T eefb8a5dbd1d4b27abb4d739dacd5c7f P 4e321ca4dfe44e9e84ba0aa46c707d53 [term 0 FOLLOWER]: Leader pre-election vote request: Granting yes vote for candidate 77d03060dfea4ee7a10193845045dfbc in term 0.
W20260608 10:05:31.558122 25653 leader_election.cc:343] T a84c2797fbc7464d857864da359aace0 P 4e321ca4dfe44e9e84ba0aa46c707d53 [CANDIDATE]: Term 1 pre-election: Tablet error from VoteRequest() call to peer 77d03060dfea4ee7a10193845045dfbc (127.24.73.130:36615): Illegal state: must be running to vote when last-logged opid is not known
I20260608 10:05:31.559355 25580 leader_election.cc:304] T eefb8a5dbd1d4b27abb4d739dacd5c7f P 77d03060dfea4ee7a10193845045dfbc [CANDIDATE]: Term 1 pre-election: Election decided. Result: candidate won. Election summary: received 2 responses out of 3 voters: 2 yes votes; 0 no votes. yes voters: 483884bafcc54660847aee5bbbb6616e, 77d03060dfea4ee7a10193845045dfbc; no voters: 
I20260608 10:05:31.561897 25768 raft_consensus.cc:515] T 350743ed44844ecb9f75d54c0b9b09e0 P 4e321ca4dfe44e9e84ba0aa46c707d53 [term 1 FOLLOWER]: Starting leader election with config: opid_index: -1 OBSOLETE_local: false peers { permanent_uuid: "483884bafcc54660847aee5bbbb6616e" member_type: VOTER last_known_addr { host: "127.24.73.129" port: 45007 } } peers { permanent_uuid: "77d03060dfea4ee7a10193845045dfbc" member_type: VOTER last_known_addr { host: "127.24.73.130" port: 36615 } } peers { permanent_uuid: "4e321ca4dfe44e9e84ba0aa46c707d53" member_type: VOTER last_known_addr { host: "127.24.73.131" port: 37815 } }
I20260608 10:05:31.563426 25435 catalog_manager.cc:5696] T bede65a6c0d94af1944f1244af56f8e9 P 4e321ca4dfe44e9e84ba0aa46c707d53 reported cstate change: term changed from 0 to 1, leader changed from <none> to 4e321ca4dfe44e9e84ba0aa46c707d53 (127.24.73.131). New cstate: current_term: 1 leader_uuid: "4e321ca4dfe44e9e84ba0aa46c707d53" committed_config { opid_index: -1 OBSOLETE_local: false peers { permanent_uuid: "483884bafcc54660847aee5bbbb6616e" member_type: VOTER last_known_addr { host: "127.24.73.129" port: 45007 } health_report { overall_health: UNKNOWN } } peers { permanent_uuid: "77d03060dfea4ee7a10193845045dfbc" member_type: VOTER last_known_addr { host: "127.24.73.130" port: 36615 } health_report { overall_health: UNKNOWN } } peers { permanent_uuid: "4e321ca4dfe44e9e84ba0aa46c707d53" member_type: VOTER last_known_addr { host: "127.24.73.131" port: 37815 } health_report { overall_health: HEALTHY } } }
I20260608 10:05:31.564582 25768 leader_election.cc:290] T 350743ed44844ecb9f75d54c0b9b09e0 P 4e321ca4dfe44e9e84ba0aa46c707d53 [CANDIDATE]: Term 1 election: Requested vote from peers 483884bafcc54660847aee5bbbb6616e (127.24.73.129:45007), 77d03060dfea4ee7a10193845045dfbc (127.24.73.130:36615)
I20260608 10:05:31.550634 25735 tablet_bootstrap.cc:654] T 4fe2cfdb781d4c3099d2b86274601f96 P 4e321ca4dfe44e9e84ba0aa46c707d53: Neither blocks nor log segments found. Creating new log.
I20260608 10:05:31.549335 25736 raft_consensus.cc:359] T 4d11584ae02d4d68924990bbe1c93c39 P 77d03060dfea4ee7a10193845045dfbc [term 0 FOLLOWER]: Replica starting. Triggering 0 pending ops. Active config: opid_index: -1 OBSOLETE_local: false peers { permanent_uuid: "483884bafcc54660847aee5bbbb6616e" member_type: VOTER last_known_addr { host: "127.24.73.129" port: 45007 } } peers { permanent_uuid: "77d03060dfea4ee7a10193845045dfbc" member_type: VOTER last_known_addr { host: "127.24.73.130" port: 36615 } } peers { permanent_uuid: "4e321ca4dfe44e9e84ba0aa46c707d53" member_type: VOTER last_known_addr { host: "127.24.73.131" port: 37815 } }
I20260608 10:05:31.565820 25736 raft_consensus.cc:385] T 4d11584ae02d4d68924990bbe1c93c39 P 77d03060dfea4ee7a10193845045dfbc [term 0 FOLLOWER]: Consensus starting up: Expiring failure detector timer to make a prompt election more likely
I20260608 10:05:31.566206 25736 raft_consensus.cc:740] T 4d11584ae02d4d68924990bbe1c93c39 P 77d03060dfea4ee7a10193845045dfbc [term 0 FOLLOWER]: Becoming Follower/Learner. State: Replica: 77d03060dfea4ee7a10193845045dfbc, State: Initialized, Role: FOLLOWER
I20260608 10:05:31.566998 25537 tablet_service.cc:1917] Received RequestConsensusVote() RPC: tablet_id: "350743ed44844ecb9f75d54c0b9b09e0" candidate_uuid: "4e321ca4dfe44e9e84ba0aa46c707d53" candidate_term: 1 candidate_status { last_received { term: 0 index: 0 } } ignore_live_leader: false dest_uuid: "483884bafcc54660847aee5bbbb6616e"
I20260608 10:05:31.567664 25537 raft_consensus.cc:3060] T 350743ed44844ecb9f75d54c0b9b09e0 P 483884bafcc54660847aee5bbbb6616e [term 0 FOLLOWER]: Advancing to term 1
I20260608 10:05:31.567167 25736 consensus_queue.cc:260] T 4d11584ae02d4d68924990bbe1c93c39 P 77d03060dfea4ee7a10193845045dfbc [NON_LEADER]: Queue going to NON_LEADER mode. State: All replicated index: 0, Majority replicated index: 0, Committed index: 0, Last appended: 0.0, Last appended by leader: 0, Current term: 0, Majority size: -1, State: 0, Mode: NON_LEADER, active raft config: opid_index: -1 OBSOLETE_local: false peers { permanent_uuid: "483884bafcc54660847aee5bbbb6616e" member_type: VOTER last_known_addr { host: "127.24.73.129" port: 45007 } } peers { permanent_uuid: "77d03060dfea4ee7a10193845045dfbc" member_type: VOTER last_known_addr { host: "127.24.73.130" port: 36615 } } peers { permanent_uuid: "4e321ca4dfe44e9e84ba0aa46c707d53" member_type: VOTER last_known_addr { host: "127.24.73.131" port: 37815 } }
I20260608 10:05:31.549389 25538 tablet_service.cc:1917] Received RequestConsensusVote() RPC: tablet_id: "bc9fa5842aff4dea85da5238538cf7a1" candidate_uuid: "77d03060dfea4ee7a10193845045dfbc" candidate_term: 1 candidate_status { last_received { term: 0 index: 0 } } ignore_live_leader: false dest_uuid: "483884bafcc54660847aee5bbbb6616e" is_pre_election: true
W20260608 10:05:31.570367 25580 leader_election.cc:343] T bc9fa5842aff4dea85da5238538cf7a1 P 77d03060dfea4ee7a10193845045dfbc [CANDIDATE]: Term 1 pre-election: Tablet error from VoteRequest() call to peer 483884bafcc54660847aee5bbbb6616e (127.24.73.129:45007): Illegal state: must be running to vote when last-logged opid is not known
I20260608 10:05:31.570438 25771 raft_consensus.cc:2804] T bc9fa5842aff4dea85da5238538cf7a1 P 77d03060dfea4ee7a10193845045dfbc [term 0 FOLLOWER]: Leader pre-election won for term 1
I20260608 10:05:31.570997 25771 raft_consensus.cc:493] T bc9fa5842aff4dea85da5238538cf7a1 P 77d03060dfea4ee7a10193845045dfbc [term 0 FOLLOWER]: Starting leader election (no leader contacted us within the election timeout)
I20260608 10:05:31.571393 25771 raft_consensus.cc:3060] T bc9fa5842aff4dea85da5238538cf7a1 P 77d03060dfea4ee7a10193845045dfbc [term 0 FOLLOWER]: Advancing to term 1
I20260608 10:05:31.571760 25736 ts_tablet_manager.cc:1434] T 4d11584ae02d4d68924990bbe1c93c39 P 77d03060dfea4ee7a10193845045dfbc: Time spent starting tablet: real 0.025s	user 0.007s	sys 0.000s
I20260608 10:05:31.571904 25539 tablet_service.cc:1917] Received RequestConsensusVote() RPC: tablet_id: "a84c2797fbc7464d857864da359aace0" candidate_uuid: "4e321ca4dfe44e9e84ba0aa46c707d53" candidate_term: 1 candidate_status { last_received { term: 0 index: 0 } } ignore_live_leader: false dest_uuid: "483884bafcc54660847aee5bbbb6616e"
I20260608 10:05:31.572546 25539 raft_consensus.cc:3060] T a84c2797fbc7464d857864da359aace0 P 483884bafcc54660847aee5bbbb6616e [term 0 FOLLOWER]: Advancing to term 1
I20260608 10:05:31.573117 25736 tablet_bootstrap.cc:492] T a84c2797fbc7464d857864da359aace0 P 77d03060dfea4ee7a10193845045dfbc: Bootstrap starting.
I20260608 10:05:31.579708 25771 raft_consensus.cc:515] T bc9fa5842aff4dea85da5238538cf7a1 P 77d03060dfea4ee7a10193845045dfbc [term 1 FOLLOWER]: Starting leader election with config: opid_index: -1 OBSOLETE_local: false peers { permanent_uuid: "483884bafcc54660847aee5bbbb6616e" member_type: VOTER last_known_addr { host: "127.24.73.129" port: 45007 } } peers { permanent_uuid: "77d03060dfea4ee7a10193845045dfbc" member_type: VOTER last_known_addr { host: "127.24.73.130" port: 36615 } } peers { permanent_uuid: "4e321ca4dfe44e9e84ba0aa46c707d53" member_type: VOTER last_known_addr { host: "127.24.73.131" port: 37815 } }
I20260608 10:05:31.581928 25742 raft_consensus.cc:2804] T eefb8a5dbd1d4b27abb4d739dacd5c7f P 77d03060dfea4ee7a10193845045dfbc [term 0 FOLLOWER]: Leader pre-election won for term 1
I20260608 10:05:31.582309 25742 raft_consensus.cc:493] T eefb8a5dbd1d4b27abb4d739dacd5c7f P 77d03060dfea4ee7a10193845045dfbc [term 0 FOLLOWER]: Starting leader election (no leader contacted us within the election timeout)
I20260608 10:05:31.582414 25771 leader_election.cc:290] T bc9fa5842aff4dea85da5238538cf7a1 P 77d03060dfea4ee7a10193845045dfbc [CANDIDATE]: Term 1 election: Requested vote from peers 483884bafcc54660847aee5bbbb6616e (127.24.73.129:45007), 4e321ca4dfe44e9e84ba0aa46c707d53 (127.24.73.131:37815)
I20260608 10:05:31.582710 25742 raft_consensus.cc:3060] T eefb8a5dbd1d4b27abb4d739dacd5c7f P 77d03060dfea4ee7a10193845045dfbc [term 0 FOLLOWER]: Advancing to term 1
I20260608 10:05:31.584650 25736 tablet_bootstrap.cc:654] T a84c2797fbc7464d857864da359aace0 P 77d03060dfea4ee7a10193845045dfbc: Neither blocks nor log segments found. Creating new log.
I20260608 10:05:31.586457 25538 tablet_service.cc:1917] Received RequestConsensusVote() RPC: tablet_id: "bc9fa5842aff4dea85da5238538cf7a1" candidate_uuid: "77d03060dfea4ee7a10193845045dfbc" candidate_term: 1 candidate_status { last_received { term: 0 index: 0 } } ignore_live_leader: false dest_uuid: "483884bafcc54660847aee5bbbb6616e"
I20260608 10:05:31.587746 25737 raft_consensus.cc:493] T dfaec66ae20040a7b3cf0cb7fb9e0df1 P 483884bafcc54660847aee5bbbb6616e [term 0 FOLLOWER]: Starting pre-election (no leader contacted us within the election timeout)
I20260608 10:05:31.588285 25737 raft_consensus.cc:515] T dfaec66ae20040a7b3cf0cb7fb9e0df1 P 483884bafcc54660847aee5bbbb6616e [term 0 FOLLOWER]: Starting pre-election with config: opid_index: -1 OBSOLETE_local: false peers { permanent_uuid: "483884bafcc54660847aee5bbbb6616e" member_type: VOTER last_known_addr { host: "127.24.73.129" port: 45007 } } peers { permanent_uuid: "77d03060dfea4ee7a10193845045dfbc" member_type: VOTER last_known_addr { host: "127.24.73.130" port: 36615 } } peers { permanent_uuid: "4e321ca4dfe44e9e84ba0aa46c707d53" member_type: VOTER last_known_addr { host: "127.24.73.131" port: 37815 } }
W20260608 10:05:31.590324 25580 leader_election.cc:343] T bc9fa5842aff4dea85da5238538cf7a1 P 77d03060dfea4ee7a10193845045dfbc [CANDIDATE]: Term 1 election: Tablet error from VoteRequest() call to peer 483884bafcc54660847aee5bbbb6616e (127.24.73.129:45007): Illegal state: must be running to vote when last-logged opid is not known
I20260608 10:05:31.591282 25733 tablet_bootstrap.cc:492] T bc9fa5842aff4dea85da5238538cf7a1 P 483884bafcc54660847aee5bbbb6616e: No bootstrap required, opened a new log
I20260608 10:05:31.591722 25733 ts_tablet_manager.cc:1403] T bc9fa5842aff4dea85da5238538cf7a1 P 483884bafcc54660847aee5bbbb6616e: Time spent bootstrapping tablet: real 0.053s	user 0.019s	sys 0.024s
I20260608 10:05:31.592134 25735 tablet_bootstrap.cc:492] T 4fe2cfdb781d4c3099d2b86274601f96 P 4e321ca4dfe44e9e84ba0aa46c707d53: No bootstrap required, opened a new log
I20260608 10:05:31.592633 25735 ts_tablet_manager.cc:1403] T 4fe2cfdb781d4c3099d2b86274601f96 P 4e321ca4dfe44e9e84ba0aa46c707d53: Time spent bootstrapping tablet: real 0.061s	user 0.012s	sys 0.000s
I20260608 10:05:31.594055 25614 tablet_service.cc:1917] Received RequestConsensusVote() RPC: tablet_id: "a84c2797fbc7464d857864da359aace0" candidate_uuid: "4e321ca4dfe44e9e84ba0aa46c707d53" candidate_term: 1 candidate_status { last_received { term: 0 index: 0 } } ignore_live_leader: false dest_uuid: "77d03060dfea4ee7a10193845045dfbc"
I20260608 10:05:31.594341 25733 raft_consensus.cc:359] T bc9fa5842aff4dea85da5238538cf7a1 P 483884bafcc54660847aee5bbbb6616e [term 0 FOLLOWER]: Replica starting. Triggering 0 pending ops. Active config: opid_index: -1 OBSOLETE_local: false peers { permanent_uuid: "483884bafcc54660847aee5bbbb6616e" member_type: VOTER last_known_addr { host: "127.24.73.129" port: 45007 } } peers { permanent_uuid: "77d03060dfea4ee7a10193845045dfbc" member_type: VOTER last_known_addr { host: "127.24.73.130" port: 36615 } } peers { permanent_uuid: "4e321ca4dfe44e9e84ba0aa46c707d53" member_type: VOTER last_known_addr { host: "127.24.73.131" port: 37815 } }
I20260608 10:05:31.595027 25733 raft_consensus.cc:385] T bc9fa5842aff4dea85da5238538cf7a1 P 483884bafcc54660847aee5bbbb6616e [term 0 FOLLOWER]: Consensus starting up: Expiring failure detector timer to make a prompt election more likely
I20260608 10:05:31.595307 25733 raft_consensus.cc:740] T bc9fa5842aff4dea85da5238538cf7a1 P 483884bafcc54660847aee5bbbb6616e [term 0 FOLLOWER]: Becoming Follower/Learner. State: Replica: 483884bafcc54660847aee5bbbb6616e, State: Initialized, Role: FOLLOWER
I20260608 10:05:31.595436 25613 tablet_service.cc:1917] Received RequestConsensusVote() RPC: tablet_id: "350743ed44844ecb9f75d54c0b9b09e0" candidate_uuid: "4e321ca4dfe44e9e84ba0aa46c707d53" candidate_term: 1 candidate_status { last_received { term: 0 index: 0 } } ignore_live_leader: false dest_uuid: "77d03060dfea4ee7a10193845045dfbc"
I20260608 10:05:31.595475 25735 raft_consensus.cc:359] T 4fe2cfdb781d4c3099d2b86274601f96 P 4e321ca4dfe44e9e84ba0aa46c707d53 [term 0 FOLLOWER]: Replica starting. Triggering 0 pending ops. Active config: opid_index: -1 OBSOLETE_local: false peers { permanent_uuid: "483884bafcc54660847aee5bbbb6616e" member_type: VOTER last_known_addr { host: "127.24.73.129" port: 45007 } } peers { permanent_uuid: "77d03060dfea4ee7a10193845045dfbc" member_type: VOTER last_known_addr { host: "127.24.73.130" port: 36615 } } peers { permanent_uuid: "4e321ca4dfe44e9e84ba0aa46c707d53" member_type: VOTER last_known_addr { host: "127.24.73.131" port: 37815 } }
I20260608 10:05:31.596405 25735 raft_consensus.cc:385] T 4fe2cfdb781d4c3099d2b86274601f96 P 4e321ca4dfe44e9e84ba0aa46c707d53 [term 0 FOLLOWER]: Consensus starting up: Expiring failure detector timer to make a prompt election more likely
I20260608 10:05:31.596191 25733 consensus_queue.cc:260] T bc9fa5842aff4dea85da5238538cf7a1 P 483884bafcc54660847aee5bbbb6616e [NON_LEADER]: Queue going to NON_LEADER mode. State: All replicated index: 0, Majority replicated index: 0, Committed index: 0, Last appended: 0.0, Last appended by leader: 0, Current term: 0, Majority size: -1, State: 0, Mode: NON_LEADER, active raft config: opid_index: -1 OBSOLETE_local: false peers { permanent_uuid: "483884bafcc54660847aee5bbbb6616e" member_type: VOTER last_known_addr { host: "127.24.73.129" port: 45007 } } peers { permanent_uuid: "77d03060dfea4ee7a10193845045dfbc" member_type: VOTER last_known_addr { host: "127.24.73.130" port: 36615 } } peers { permanent_uuid: "4e321ca4dfe44e9e84ba0aa46c707d53" member_type: VOTER last_known_addr { host: "127.24.73.131" port: 37815 } }
I20260608 10:05:31.596724 25735 raft_consensus.cc:740] T 4fe2cfdb781d4c3099d2b86274601f96 P 4e321ca4dfe44e9e84ba0aa46c707d53 [term 0 FOLLOWER]: Becoming Follower/Learner. State: Replica: 4e321ca4dfe44e9e84ba0aa46c707d53, State: Initialized, Role: FOLLOWER
I20260608 10:05:31.597630 25735 consensus_queue.cc:260] T 4fe2cfdb781d4c3099d2b86274601f96 P 4e321ca4dfe44e9e84ba0aa46c707d53 [NON_LEADER]: Queue going to NON_LEADER mode. State: All replicated index: 0, Majority replicated index: 0, Committed index: 0, Last appended: 0.0, Last appended by leader: 0, Current term: 0, Majority size: -1, State: 0, Mode: NON_LEADER, active raft config: opid_index: -1 OBSOLETE_local: false peers { permanent_uuid: "483884bafcc54660847aee5bbbb6616e" member_type: VOTER last_known_addr { host: "127.24.73.129" port: 45007 } } peers { permanent_uuid: "77d03060dfea4ee7a10193845045dfbc" member_type: VOTER last_known_addr { host: "127.24.73.130" port: 36615 } } peers { permanent_uuid: "4e321ca4dfe44e9e84ba0aa46c707d53" member_type: VOTER last_known_addr { host: "127.24.73.131" port: 37815 } }
I20260608 10:05:31.593552 25688 tablet_service.cc:1917] Received RequestConsensusVote() RPC: tablet_id: "bc9fa5842aff4dea85da5238538cf7a1" candidate_uuid: "77d03060dfea4ee7a10193845045dfbc" candidate_term: 1 candidate_status { last_received { term: 0 index: 0 } } ignore_live_leader: false dest_uuid: "4e321ca4dfe44e9e84ba0aa46c707d53"
I20260608 10:05:31.599764 25688 raft_consensus.cc:3060] T bc9fa5842aff4dea85da5238538cf7a1 P 4e321ca4dfe44e9e84ba0aa46c707d53 [term 0 FOLLOWER]: Advancing to term 1
I20260608 10:05:31.600400 25537 raft_consensus.cc:2468] T 350743ed44844ecb9f75d54c0b9b09e0 P 483884bafcc54660847aee5bbbb6616e [term 1 FOLLOWER]: Leader election vote request: Granting yes vote for candidate 4e321ca4dfe44e9e84ba0aa46c707d53 in term 1.
I20260608 10:05:31.602177 25735 ts_tablet_manager.cc:1434] T 4fe2cfdb781d4c3099d2b86274601f96 P 4e321ca4dfe44e9e84ba0aa46c707d53: Time spent starting tablet: real 0.009s	user 0.006s	sys 0.000s
I20260608 10:05:31.599331 25737 leader_election.cc:290] T dfaec66ae20040a7b3cf0cb7fb9e0df1 P 483884bafcc54660847aee5bbbb6616e [CANDIDATE]: Term 1 pre-election: Requested pre-vote from peers 77d03060dfea4ee7a10193845045dfbc (127.24.73.130:36615), 4e321ca4dfe44e9e84ba0aa46c707d53 (127.24.73.131:37815)
W20260608 10:05:31.610038 25653 leader_election.cc:343] T a84c2797fbc7464d857864da359aace0 P 4e321ca4dfe44e9e84ba0aa46c707d53 [CANDIDATE]: Term 1 election: Tablet error from VoteRequest() call to peer 77d03060dfea4ee7a10193845045dfbc (127.24.73.130:36615): Illegal state: must be running to vote when last-logged opid is not known
W20260608 10:05:31.620652 25653 leader_election.cc:343] T 350743ed44844ecb9f75d54c0b9b09e0 P 4e321ca4dfe44e9e84ba0aa46c707d53 [CANDIDATE]: Term 1 election: Tablet error from VoteRequest() call to peer 77d03060dfea4ee7a10193845045dfbc (127.24.73.130:36615): Illegal state: must be running to vote when last-logged opid is not known
I20260608 10:05:31.621168 25654 leader_election.cc:304] T 350743ed44844ecb9f75d54c0b9b09e0 P 4e321ca4dfe44e9e84ba0aa46c707d53 [CANDIDATE]: Term 1 election: Election decided. Result: candidate won. Election summary: received 3 responses out of 3 voters: 2 yes votes; 1 no votes. yes voters: 483884bafcc54660847aee5bbbb6616e, 4e321ca4dfe44e9e84ba0aa46c707d53; no voters: 77d03060dfea4ee7a10193845045dfbc
I20260608 10:05:31.622246 25768 raft_consensus.cc:2804] T 350743ed44844ecb9f75d54c0b9b09e0 P 4e321ca4dfe44e9e84ba0aa46c707d53 [term 1 FOLLOWER]: Leader election won for term 1
I20260608 10:05:31.622720 25768 raft_consensus.cc:697] T 350743ed44844ecb9f75d54c0b9b09e0 P 4e321ca4dfe44e9e84ba0aa46c707d53 [term 1 LEADER]: Becoming Leader. State: Replica: 4e321ca4dfe44e9e84ba0aa46c707d53, State: Running, Role: LEADER
I20260608 10:05:31.612353 25688 raft_consensus.cc:2468] T bc9fa5842aff4dea85da5238538cf7a1 P 4e321ca4dfe44e9e84ba0aa46c707d53 [term 1 FOLLOWER]: Leader election vote request: Granting yes vote for candidate 77d03060dfea4ee7a10193845045dfbc in term 1.
I20260608 10:05:31.623517 25768 consensus_queue.cc:237] T 350743ed44844ecb9f75d54c0b9b09e0 P 4e321ca4dfe44e9e84ba0aa46c707d53 [LEADER]: Queue going to LEADER mode. State: All replicated index: 0, Majority replicated index: 0, Committed index: 0, Last appended: 0.0, Last appended by leader: 0, Current term: 1, Majority size: 2, State: 0, Mode: LEADER, active raft config: opid_index: -1 OBSOLETE_local: false peers { permanent_uuid: "483884bafcc54660847aee5bbbb6616e" member_type: VOTER last_known_addr { host: "127.24.73.129" port: 45007 } } peers { permanent_uuid: "77d03060dfea4ee7a10193845045dfbc" member_type: VOTER last_known_addr { host: "127.24.73.130" port: 36615 } } peers { permanent_uuid: "4e321ca4dfe44e9e84ba0aa46c707d53" member_type: VOTER last_known_addr { host: "127.24.73.131" port: 37815 } }
I20260608 10:05:31.624068 25579 leader_election.cc:304] T bc9fa5842aff4dea85da5238538cf7a1 P 77d03060dfea4ee7a10193845045dfbc [CANDIDATE]: Term 1 election: Election decided. Result: candidate won. Election summary: received 3 responses out of 3 voters: 2 yes votes; 1 no votes. yes voters: 4e321ca4dfe44e9e84ba0aa46c707d53, 77d03060dfea4ee7a10193845045dfbc; no voters: 483884bafcc54660847aee5bbbb6616e
I20260608 10:05:31.624894 25758 raft_consensus.cc:2804] T bc9fa5842aff4dea85da5238538cf7a1 P 77d03060dfea4ee7a10193845045dfbc [term 1 FOLLOWER]: Leader election won for term 1
I20260608 10:05:31.626792 25758 raft_consensus.cc:697] T bc9fa5842aff4dea85da5238538cf7a1 P 77d03060dfea4ee7a10193845045dfbc [term 1 LEADER]: Becoming Leader. State: Replica: 77d03060dfea4ee7a10193845045dfbc, State: Running, Role: LEADER
I20260608 10:05:31.627559 25758 consensus_queue.cc:237] T bc9fa5842aff4dea85da5238538cf7a1 P 77d03060dfea4ee7a10193845045dfbc [LEADER]: Queue going to LEADER mode. State: All replicated index: 0, Majority replicated index: 0, Committed index: 0, Last appended: 0.0, Last appended by leader: 0, Current term: 1, Majority size: 2, State: 0, Mode: LEADER, active raft config: opid_index: -1 OBSOLETE_local: false peers { permanent_uuid: "483884bafcc54660847aee5bbbb6616e" member_type: VOTER last_known_addr { host: "127.24.73.129" port: 45007 } } peers { permanent_uuid: "77d03060dfea4ee7a10193845045dfbc" member_type: VOTER last_known_addr { host: "127.24.73.130" port: 36615 } } peers { permanent_uuid: "4e321ca4dfe44e9e84ba0aa46c707d53" member_type: VOTER last_known_addr { host: "127.24.73.131" port: 37815 } }
I20260608 10:05:31.619262 25539 raft_consensus.cc:2468] T a84c2797fbc7464d857864da359aace0 P 483884bafcc54660847aee5bbbb6616e [term 1 FOLLOWER]: Leader election vote request: Granting yes vote for candidate 4e321ca4dfe44e9e84ba0aa46c707d53 in term 1.
I20260608 10:05:31.617398 25742 raft_consensus.cc:515] T eefb8a5dbd1d4b27abb4d739dacd5c7f P 77d03060dfea4ee7a10193845045dfbc [term 1 FOLLOWER]: Starting leader election with config: opid_index: -1 OBSOLETE_local: false peers { permanent_uuid: "483884bafcc54660847aee5bbbb6616e" member_type: VOTER last_known_addr { host: "127.24.73.129" port: 45007 } } peers { permanent_uuid: "77d03060dfea4ee7a10193845045dfbc" member_type: VOTER last_known_addr { host: "127.24.73.130" port: 36615 } } peers { permanent_uuid: "4e321ca4dfe44e9e84ba0aa46c707d53" member_type: VOTER last_known_addr { host: "127.24.73.131" port: 37815 } }
I20260608 10:05:31.638902 25654 leader_election.cc:304] T a84c2797fbc7464d857864da359aace0 P 4e321ca4dfe44e9e84ba0aa46c707d53 [CANDIDATE]: Term 1 election: Election decided. Result: candidate won. Election summary: received 3 responses out of 3 voters: 2 yes votes; 1 no votes. yes voters: 483884bafcc54660847aee5bbbb6616e, 4e321ca4dfe44e9e84ba0aa46c707d53; no voters: 77d03060dfea4ee7a10193845045dfbc
I20260608 10:05:31.640938 25768 raft_consensus.cc:2804] T a84c2797fbc7464d857864da359aace0 P 4e321ca4dfe44e9e84ba0aa46c707d53 [term 1 FOLLOWER]: Leader election won for term 1
I20260608 10:05:31.641404 25768 raft_consensus.cc:697] T a84c2797fbc7464d857864da359aace0 P 4e321ca4dfe44e9e84ba0aa46c707d53 [term 1 LEADER]: Becoming Leader. State: Replica: 4e321ca4dfe44e9e84ba0aa46c707d53, State: Running, Role: LEADER
I20260608 10:05:31.642221 25768 consensus_queue.cc:237] T a84c2797fbc7464d857864da359aace0 P 4e321ca4dfe44e9e84ba0aa46c707d53 [LEADER]: Queue going to LEADER mode. State: All replicated index: 0, Majority replicated index: 0, Committed index: 0, Last appended: 0.0, Last appended by leader: 0, Current term: 1, Majority size: 2, State: 0, Mode: LEADER, active raft config: opid_index: -1 OBSOLETE_local: false peers { permanent_uuid: "483884bafcc54660847aee5bbbb6616e" member_type: VOTER last_known_addr { host: "127.24.73.129" port: 45007 } } peers { permanent_uuid: "77d03060dfea4ee7a10193845045dfbc" member_type: VOTER last_known_addr { host: "127.24.73.130" port: 36615 } } peers { permanent_uuid: "4e321ca4dfe44e9e84ba0aa46c707d53" member_type: VOTER last_known_addr { host: "127.24.73.131" port: 37815 } }
I20260608 10:05:31.646265 25688 tablet_service.cc:1917] Received RequestConsensusVote() RPC: tablet_id: "eefb8a5dbd1d4b27abb4d739dacd5c7f" candidate_uuid: "77d03060dfea4ee7a10193845045dfbc" candidate_term: 1 candidate_status { last_received { term: 0 index: 0 } } ignore_live_leader: false dest_uuid: "4e321ca4dfe44e9e84ba0aa46c707d53"
I20260608 10:05:31.646796 25688 raft_consensus.cc:3060] T eefb8a5dbd1d4b27abb4d739dacd5c7f P 4e321ca4dfe44e9e84ba0aa46c707d53 [term 0 FOLLOWER]: Advancing to term 1
I20260608 10:05:31.649271 25737 raft_consensus.cc:493] T bc9fa5842aff4dea85da5238538cf7a1 P 483884bafcc54660847aee5bbbb6616e [term 0 FOLLOWER]: Starting pre-election (no leader contacted us within the election timeout)
I20260608 10:05:31.649925 25737 raft_consensus.cc:515] T bc9fa5842aff4dea85da5238538cf7a1 P 483884bafcc54660847aee5bbbb6616e [term 0 FOLLOWER]: Starting pre-election with config: opid_index: -1 OBSOLETE_local: false peers { permanent_uuid: "483884bafcc54660847aee5bbbb6616e" member_type: VOTER last_known_addr { host: "127.24.73.129" port: 45007 } } peers { permanent_uuid: "77d03060dfea4ee7a10193845045dfbc" member_type: VOTER last_known_addr { host: "127.24.73.130" port: 36615 } } peers { permanent_uuid: "4e321ca4dfe44e9e84ba0aa46c707d53" member_type: VOTER last_known_addr { host: "127.24.73.131" port: 37815 } }
I20260608 10:05:31.649614 25436 catalog_manager.cc:5696] T 350743ed44844ecb9f75d54c0b9b09e0 P 4e321ca4dfe44e9e84ba0aa46c707d53 reported cstate change: term changed from 0 to 1, leader changed from <none> to 4e321ca4dfe44e9e84ba0aa46c707d53 (127.24.73.131). New cstate: current_term: 1 leader_uuid: "4e321ca4dfe44e9e84ba0aa46c707d53" committed_config { opid_index: -1 OBSOLETE_local: false peers { permanent_uuid: "483884bafcc54660847aee5bbbb6616e" member_type: VOTER last_known_addr { host: "127.24.73.129" port: 45007 } health_report { overall_health: UNKNOWN } } peers { permanent_uuid: "77d03060dfea4ee7a10193845045dfbc" member_type: VOTER last_known_addr { host: "127.24.73.130" port: 36615 } health_report { overall_health: UNKNOWN } } peers { permanent_uuid: "4e321ca4dfe44e9e84ba0aa46c707d53" member_type: VOTER last_known_addr { host: "127.24.73.131" port: 37815 } health_report { overall_health: HEALTHY } } }
I20260608 10:05:31.651551 25742 leader_election.cc:290] T eefb8a5dbd1d4b27abb4d739dacd5c7f P 77d03060dfea4ee7a10193845045dfbc [CANDIDATE]: Term 1 election: Requested vote from peers 483884bafcc54660847aee5bbbb6616e (127.24.73.129:45007), 4e321ca4dfe44e9e84ba0aa46c707d53 (127.24.73.131:37815)
I20260608 10:05:31.658124 25539 tablet_service.cc:1917] Received RequestConsensusVote() RPC: tablet_id: "eefb8a5dbd1d4b27abb4d739dacd5c7f" candidate_uuid: "77d03060dfea4ee7a10193845045dfbc" candidate_term: 1 candidate_status { last_received { term: 0 index: 0 } } ignore_live_leader: false dest_uuid: "483884bafcc54660847aee5bbbb6616e"
I20260608 10:05:31.658684 25539 raft_consensus.cc:3060] T eefb8a5dbd1d4b27abb4d739dacd5c7f P 483884bafcc54660847aee5bbbb6616e [term 0 FOLLOWER]: Advancing to term 1
I20260608 10:05:31.657691 25737 leader_election.cc:290] T bc9fa5842aff4dea85da5238538cf7a1 P 483884bafcc54660847aee5bbbb6616e [CANDIDATE]: Term 1 pre-election: Requested pre-vote from peers 77d03060dfea4ee7a10193845045dfbc (127.24.73.130:36615), 4e321ca4dfe44e9e84ba0aa46c707d53 (127.24.73.131:37815)
I20260608 10:05:31.660760 25733 ts_tablet_manager.cc:1434] T bc9fa5842aff4dea85da5238538cf7a1 P 483884bafcc54660847aee5bbbb6616e: Time spent starting tablet: real 0.069s	user 0.019s	sys 0.022s
I20260608 10:05:31.671425 25539 raft_consensus.cc:2468] T eefb8a5dbd1d4b27abb4d739dacd5c7f P 483884bafcc54660847aee5bbbb6616e [term 1 FOLLOWER]: Leader election vote request: Granting yes vote for candidate 77d03060dfea4ee7a10193845045dfbc in term 1.
I20260608 10:05:31.672083 25736 tablet_bootstrap.cc:492] T a84c2797fbc7464d857864da359aace0 P 77d03060dfea4ee7a10193845045dfbc: No bootstrap required, opened a new log
I20260608 10:05:31.672554 25736 ts_tablet_manager.cc:1403] T a84c2797fbc7464d857864da359aace0 P 77d03060dfea4ee7a10193845045dfbc: Time spent bootstrapping tablet: real 0.100s	user 0.028s	sys 0.041s
I20260608 10:05:31.666692 25688 raft_consensus.cc:2468] T eefb8a5dbd1d4b27abb4d739dacd5c7f P 4e321ca4dfe44e9e84ba0aa46c707d53 [term 1 FOLLOWER]: Leader election vote request: Granting yes vote for candidate 77d03060dfea4ee7a10193845045dfbc in term 1.
I20260608 10:05:31.672952 25580 leader_election.cc:304] T eefb8a5dbd1d4b27abb4d739dacd5c7f P 77d03060dfea4ee7a10193845045dfbc [CANDIDATE]: Term 1 election: Election decided. Result: candidate won. Election summary: received 2 responses out of 3 voters: 2 yes votes; 0 no votes. yes voters: 483884bafcc54660847aee5bbbb6616e, 77d03060dfea4ee7a10193845045dfbc; no voters: 
I20260608 10:05:31.674907 25742 raft_consensus.cc:2804] T eefb8a5dbd1d4b27abb4d739dacd5c7f P 77d03060dfea4ee7a10193845045dfbc [term 1 FOLLOWER]: Leader election won for term 1
I20260608 10:05:31.675436 25742 raft_consensus.cc:697] T eefb8a5dbd1d4b27abb4d739dacd5c7f P 77d03060dfea4ee7a10193845045dfbc [term 1 LEADER]: Becoming Leader. State: Replica: 77d03060dfea4ee7a10193845045dfbc, State: Running, Role: LEADER
I20260608 10:05:31.676005 25736 raft_consensus.cc:359] T a84c2797fbc7464d857864da359aace0 P 77d03060dfea4ee7a10193845045dfbc [term 0 FOLLOWER]: Replica starting. Triggering 0 pending ops. Active config: opid_index: -1 OBSOLETE_local: false peers { permanent_uuid: "483884bafcc54660847aee5bbbb6616e" member_type: VOTER last_known_addr { host: "127.24.73.129" port: 45007 } } peers { permanent_uuid: "77d03060dfea4ee7a10193845045dfbc" member_type: VOTER last_known_addr { host: "127.24.73.130" port: 36615 } } peers { permanent_uuid: "4e321ca4dfe44e9e84ba0aa46c707d53" member_type: VOTER last_known_addr { host: "127.24.73.131" port: 37815 } }
I20260608 10:05:31.676260 25742 consensus_queue.cc:237] T eefb8a5dbd1d4b27abb4d739dacd5c7f P 77d03060dfea4ee7a10193845045dfbc [LEADER]: Queue going to LEADER mode. State: All replicated index: 0, Majority replicated index: 0, Committed index: 0, Last appended: 0.0, Last appended by leader: 0, Current term: 1, Majority size: 2, State: 0, Mode: LEADER, active raft config: opid_index: -1 OBSOLETE_local: false peers { permanent_uuid: "483884bafcc54660847aee5bbbb6616e" member_type: VOTER last_known_addr { host: "127.24.73.129" port: 45007 } } peers { permanent_uuid: "77d03060dfea4ee7a10193845045dfbc" member_type: VOTER last_known_addr { host: "127.24.73.130" port: 36615 } } peers { permanent_uuid: "4e321ca4dfe44e9e84ba0aa46c707d53" member_type: VOTER last_known_addr { host: "127.24.73.131" port: 37815 } }
I20260608 10:05:31.676719 25736 raft_consensus.cc:385] T a84c2797fbc7464d857864da359aace0 P 77d03060dfea4ee7a10193845045dfbc [term 0 FOLLOWER]: Consensus starting up: Expiring failure detector timer to make a prompt election more likely
I20260608 10:05:31.677016 25736 raft_consensus.cc:740] T a84c2797fbc7464d857864da359aace0 P 77d03060dfea4ee7a10193845045dfbc [term 0 FOLLOWER]: Becoming Follower/Learner. State: Replica: 77d03060dfea4ee7a10193845045dfbc, State: Initialized, Role: FOLLOWER
I20260608 10:05:31.678133 25736 consensus_queue.cc:260] T a84c2797fbc7464d857864da359aace0 P 77d03060dfea4ee7a10193845045dfbc [NON_LEADER]: Queue going to NON_LEADER mode. State: All replicated index: 0, Majority replicated index: 0, Committed index: 0, Last appended: 0.0, Last appended by leader: 0, Current term: 0, Majority size: -1, State: 0, Mode: NON_LEADER, active raft config: opid_index: -1 OBSOLETE_local: false peers { permanent_uuid: "483884bafcc54660847aee5bbbb6616e" member_type: VOTER last_known_addr { host: "127.24.73.129" port: 45007 } } peers { permanent_uuid: "77d03060dfea4ee7a10193845045dfbc" member_type: VOTER last_known_addr { host: "127.24.73.130" port: 36615 } } peers { permanent_uuid: "4e321ca4dfe44e9e84ba0aa46c707d53" member_type: VOTER last_known_addr { host: "127.24.73.131" port: 37815 } }
