I20260608 10:06:51.105957 28400 raft_consensus.cc:2955] T 23c3f5b68ec94774854a2f109475f0f3 P 14fb2b52b71e4012a7408dfa6cde608b [term 1 LEADER]: Committing config change with OpId 1.4: config changed from index 3 to 4, VOTER ec43dfe59c9949db874a8ca88a6cbf47 (127.24.73.132) evicted. New config: { opid_index: 4 OBSOLETE_local: false peers { permanent_uuid: "ac7609a6b4604974ba16f645e214ecc3" member_type: VOTER last_known_addr { host: "127.24.73.129" port: 43167 } } peers { permanent_uuid: "14fb2b52b71e4012a7408dfa6cde608b" member_type: VOTER last_known_addr { host: "127.24.73.130" port: 39619 } } peers { permanent_uuid: "5f78fcd05dc44edab881fa220fd07ad0" member_type: VOTER last_known_addr { host: "127.24.73.131" port: 38115 } attrs { promote: false } } }
I20260608 10:06:51.110622 27875 raft_consensus.cc:2955] T 23c3f5b68ec94774854a2f109475f0f3 P ac7609a6b4604974ba16f645e214ecc3 [term 1 FOLLOWER]: Committing config change with OpId 1.4: config changed from index 3 to 4, VOTER ec43dfe59c9949db874a8ca88a6cbf47 (127.24.73.132) evicted. New config: { opid_index: 4 OBSOLETE_local: false peers { permanent_uuid: "ac7609a6b4604974ba16f645e214ecc3" member_type: VOTER last_known_addr { host: "127.24.73.129" port: 43167 } } peers { permanent_uuid: "14fb2b52b71e4012a7408dfa6cde608b" member_type: VOTER last_known_addr { host: "127.24.73.130" port: 39619 } } peers { permanent_uuid: "5f78fcd05dc44edab881fa220fd07ad0" member_type: VOTER last_known_addr { host: "127.24.73.131" port: 38115 } attrs { promote: false } } }
I20260608 10:06:51.113077 28025 raft_consensus.cc:2955] T 23c3f5b68ec94774854a2f109475f0f3 P 5f78fcd05dc44edab881fa220fd07ad0 [term 1 FOLLOWER]: Committing config change with OpId 1.4: config changed from index 3 to 4, VOTER ec43dfe59c9949db874a8ca88a6cbf47 (127.24.73.132) evicted. New config: { opid_index: 4 OBSOLETE_local: false peers { permanent_uuid: "ac7609a6b4604974ba16f645e214ecc3" member_type: VOTER last_known_addr { host: "127.24.73.129" port: 43167 } } peers { permanent_uuid: "14fb2b52b71e4012a7408dfa6cde608b" member_type: VOTER last_known_addr { host: "127.24.73.130" port: 39619 } } peers { permanent_uuid: "5f78fcd05dc44edab881fa220fd07ad0" member_type: VOTER last_known_addr { host: "127.24.73.131" port: 38115 } attrs { promote: false } } }
I20260608 10:06:51.118796 28350 raft_consensus.cc:1064] T 214fd7a5cf5e4aac9d3fc69f9dfcfd0d P ac7609a6b4604974ba16f645e214ecc3: attempting to promote NON_VOTER 14fb2b52b71e4012a7408dfa6cde608b to VOTER
I20260608 10:06:51.126569 27775 catalog_manager.cc:5696] T 23c3f5b68ec94774854a2f109475f0f3 P 5f78fcd05dc44edab881fa220fd07ad0 reported cstate change: config changed from index 3 to 4, VOTER ec43dfe59c9949db874a8ca88a6cbf47 (127.24.73.132) evicted. New cstate: current_term: 1 leader_uuid: "14fb2b52b71e4012a7408dfa6cde608b" committed_config { opid_index: 4 OBSOLETE_local: false peers { permanent_uuid: "ac7609a6b4604974ba16f645e214ecc3" member_type: VOTER last_known_addr { host: "127.24.73.129" port: 43167 } } peers { permanent_uuid: "14fb2b52b71e4012a7408dfa6cde608b" member_type: VOTER last_known_addr { host: "127.24.73.130" port: 39619 } } peers { permanent_uuid: "5f78fcd05dc44edab881fa220fd07ad0" member_type: VOTER last_known_addr { host: "127.24.73.131" port: 38115 } attrs { promote: false } } }
I20260608 10:06:51.127120 28350 consensus_queue.cc:237] T 214fd7a5cf5e4aac9d3fc69f9dfcfd0d P ac7609a6b4604974ba16f645e214ecc3 [LEADER]: Queue going to LEADER mode. State: All replicated index: 0, Majority replicated index: 2, Committed index: 2, Last appended: 1.2, Last appended by leader: 0, Current term: 1, Majority size: 3, State: 0, Mode: LEADER, active raft config: opid_index: 3 OBSOLETE_local: false peers { permanent_uuid: "ec43dfe59c9949db874a8ca88a6cbf47" member_type: VOTER last_known_addr { host: "127.24.73.132" port: 37103 } attrs { replace: true } } peers { permanent_uuid: "ac7609a6b4604974ba16f645e214ecc3" member_type: VOTER last_known_addr { host: "127.24.73.129" port: 43167 } } peers { permanent_uuid: "5f78fcd05dc44edab881fa220fd07ad0" member_type: VOTER last_known_addr { host: "127.24.73.131" port: 38115 } } peers { permanent_uuid: "14fb2b52b71e4012a7408dfa6cde608b" member_type: VOTER last_known_addr { host: "127.24.73.130" port: 39619 } attrs { promote: false } }
I20260608 10:06:51.128583 28177 raft_consensus.cc:1275] T eeeacfede5c44686950d784bd31f0366 P ec43dfe59c9949db874a8ca88a6cbf47 [term 2 LEARNER]: Refusing update from remote peer ac7609a6b4604974ba16f645e214ecc3: Log matching property violated. Preceding OpId in replica: term: 2 index: 3. Preceding OpId from leader: term: 2 index: 4. (index mismatch)
I20260608 10:06:51.130828 28385 consensus_queue.cc:1048] T eeeacfede5c44686950d784bd31f0366 P ac7609a6b4604974ba16f645e214ecc3 [LEADER]: Connected to new peer: Peer: permanent_uuid: "ec43dfe59c9949db874a8ca88a6cbf47" member_type: VOTER last_known_addr { host: "127.24.73.132" port: 37103 } attrs { promote: false }, Status: LMP_MISMATCH, Last received: 0.0, Next index: 4, Last known committed idx: 3, Time since last communication: 0.001s
I20260608 10:06:51.138398 28166 tablet_service.cc:1558] Processing DeleteTablet for tablet 23c3f5b68ec94774854a2f109475f0f3 with delete_type TABLET_DATA_TOMBSTONED (TS ec43dfe59c9949db874a8ca88a6cbf47 not found in new config with opid_index 4) from {username='slave'} at 127.0.0.1:55694
I20260608 10:06:51.141434 28025 raft_consensus.cc:1275] T eeeacfede5c44686950d784bd31f0366 P 5f78fcd05dc44edab881fa220fd07ad0 [term 2 FOLLOWER]: Refusing update from remote peer ac7609a6b4604974ba16f645e214ecc3: Log matching property violated. Preceding OpId in replica: term: 2 index: 3. Preceding OpId from leader: term: 2 index: 4. (index mismatch)
I20260608 10:06:51.142941 28385 consensus_queue.cc:1048] T eeeacfede5c44686950d784bd31f0366 P ac7609a6b4604974ba16f645e214ecc3 [LEADER]: Connected to new peer: Peer: permanent_uuid: "5f78fcd05dc44edab881fa220fd07ad0" member_type: VOTER last_known_addr { host: "127.24.73.131" port: 38115 } attrs { replace: true }, Status: LMP_MISMATCH, Last received: 0.0, Next index: 4, Last known committed idx: 3, Time since last communication: 0.000s
I20260608 10:06:51.155030 27761 catalog_manager.cc:5209] ChangeConfig:REMOVE_PEER RPC for tablet 23c3f5b68ec94774854a2f109475f0f3 with cas_config_opid_index 3: ChangeConfig:REMOVE_PEER succeeded (attempt 1)
I20260608 10:06:51.162134 28411 tablet_replica.cc:333] T 23c3f5b68ec94774854a2f109475f0f3 P ec43dfe59c9949db874a8ca88a6cbf47: stopping tablet replica
I20260608 10:06:51.163172 28411 raft_consensus.cc:2243] T 23c3f5b68ec94774854a2f109475f0f3 P ec43dfe59c9949db874a8ca88a6cbf47 [term 1 FOLLOWER]: Raft consensus shutting down.
I20260608 10:06:51.165762 28411 raft_consensus.cc:2272] T 23c3f5b68ec94774854a2f109475f0f3 P ec43dfe59c9949db874a8ca88a6cbf47 [term 1 FOLLOWER]: Raft consensus is shut down!
I20260608 10:06:51.170974 28410 raft_consensus.cc:2955] T eeeacfede5c44686950d784bd31f0366 P ac7609a6b4604974ba16f645e214ecc3 [term 2 LEADER]: Committing config change with OpId 2.4: config changed from index 3 to 4, ec43dfe59c9949db874a8ca88a6cbf47 (127.24.73.132) changed from NON_VOTER to VOTER. New config: { opid_index: 4 OBSOLETE_local: false peers { permanent_uuid: "ac7609a6b4604974ba16f645e214ecc3" member_type: VOTER last_known_addr { host: "127.24.73.129" port: 43167 } } peers { permanent_uuid: "14fb2b52b71e4012a7408dfa6cde608b" member_type: VOTER last_known_addr { host: "127.24.73.130" port: 39619 } } peers { permanent_uuid: "5f78fcd05dc44edab881fa220fd07ad0" member_type: VOTER last_known_addr { host: "127.24.73.131" port: 38115 } attrs { replace: true } } peers { permanent_uuid: "ec43dfe59c9949db874a8ca88a6cbf47" member_type: VOTER last_known_addr { host: "127.24.73.132" port: 37103 } attrs { promote: false } } }
I20260608 10:06:51.175128 27951 raft_consensus.cc:1275] T eeeacfede5c44686950d784bd31f0366 P 14fb2b52b71e4012a7408dfa6cde608b [term 2 FOLLOWER]: Refusing update from remote peer ac7609a6b4604974ba16f645e214ecc3: Log matching property violated. Preceding OpId in replica: term: 2 index: 3. Preceding OpId from leader: term: 2 index: 4. (index mismatch)
I20260608 10:06:51.176735 28411 ts_tablet_manager.cc:1916] T 23c3f5b68ec94774854a2f109475f0f3 P ec43dfe59c9949db874a8ca88a6cbf47: Deleting tablet data with delete state TABLET_DATA_TOMBSTONED
I20260608 10:06:51.178467 28026 raft_consensus.cc:1275] T 214fd7a5cf5e4aac9d3fc69f9dfcfd0d P 5f78fcd05dc44edab881fa220fd07ad0 [term 1 FOLLOWER]: Refusing update from remote peer ac7609a6b4604974ba16f645e214ecc3: Log matching property violated. Preceding OpId in replica: term: 1 index: 2. Preceding OpId from leader: term: 1 index: 3. (index mismatch)
I20260608 10:06:51.175977 28025 raft_consensus.cc:2955] T eeeacfede5c44686950d784bd31f0366 P 5f78fcd05dc44edab881fa220fd07ad0 [term 2 FOLLOWER]: Committing config change with OpId 2.4: config changed from index 3 to 4, ec43dfe59c9949db874a8ca88a6cbf47 (127.24.73.132) changed from NON_VOTER to VOTER. New config: { opid_index: 4 OBSOLETE_local: false peers { permanent_uuid: "ac7609a6b4604974ba16f645e214ecc3" member_type: VOTER last_known_addr { host: "127.24.73.129" port: 43167 } } peers { permanent_uuid: "14fb2b52b71e4012a7408dfa6cde608b" member_type: VOTER last_known_addr { host: "127.24.73.130" port: 39619 } } peers { permanent_uuid: "5f78fcd05dc44edab881fa220fd07ad0" member_type: VOTER last_known_addr { host: "127.24.73.131" port: 38115 } attrs { replace: true } } peers { permanent_uuid: "ec43dfe59c9949db874a8ca88a6cbf47" member_type: VOTER last_known_addr { host: "127.24.73.132" port: 37103 } attrs { promote: false } } }
I20260608 10:06:51.180204 28415 consensus_queue.cc:1048] T eeeacfede5c44686950d784bd31f0366 P ac7609a6b4604974ba16f645e214ecc3 [LEADER]: Connected to new peer: Peer: permanent_uuid: "14fb2b52b71e4012a7408dfa6cde608b" member_type: VOTER last_known_addr { host: "127.24.73.130" port: 39619 }, Status: LMP_MISMATCH, Last received: 0.0, Next index: 4, Last known committed idx: 3, Time since last communication: 0.001s
I20260608 10:06:51.182760 28415 consensus_queue.cc:1048] T 214fd7a5cf5e4aac9d3fc69f9dfcfd0d P ac7609a6b4604974ba16f645e214ecc3 [LEADER]: Connected to new peer: Peer: permanent_uuid: "5f78fcd05dc44edab881fa220fd07ad0" member_type: VOTER last_known_addr { host: "127.24.73.131" port: 38115 }, Status: LMP_MISMATCH, Last received: 0.0, Next index: 3, Last known committed idx: 2, Time since last communication: 0.000s
I20260608 10:06:51.188098 28177 raft_consensus.cc:2955] T eeeacfede5c44686950d784bd31f0366 P ec43dfe59c9949db874a8ca88a6cbf47 [term 2 FOLLOWER]: Committing config change with OpId 2.4: config changed from index 3 to 4, ec43dfe59c9949db874a8ca88a6cbf47 (127.24.73.132) changed from NON_VOTER to VOTER. New config: { opid_index: 4 OBSOLETE_local: false peers { permanent_uuid: "ac7609a6b4604974ba16f645e214ecc3" member_type: VOTER last_known_addr { host: "127.24.73.129" port: 43167 } } peers { permanent_uuid: "14fb2b52b71e4012a7408dfa6cde608b" member_type: VOTER last_known_addr { host: "127.24.73.130" port: 39619 } } peers { permanent_uuid: "5f78fcd05dc44edab881fa220fd07ad0" member_type: VOTER last_known_addr { host: "127.24.73.131" port: 38115 } attrs { replace: true } } peers { permanent_uuid: "ec43dfe59c9949db874a8ca88a6cbf47" member_type: VOTER last_known_addr { host: "127.24.73.132" port: 37103 } attrs { promote: false } } }
I20260608 10:06:51.193426 28178 raft_consensus.cc:1275] T 214fd7a5cf5e4aac9d3fc69f9dfcfd0d P ec43dfe59c9949db874a8ca88a6cbf47 [term 1 FOLLOWER]: Refusing update from remote peer ac7609a6b4604974ba16f645e214ecc3: Log matching property violated. Preceding OpId in replica: term: 1 index: 2. Preceding OpId from leader: term: 1 index: 3. (index mismatch)
I20260608 10:06:51.194869 27952 raft_consensus.cc:1275] T 214fd7a5cf5e4aac9d3fc69f9dfcfd0d P 14fb2b52b71e4012a7408dfa6cde608b [term 1 LEARNER]: Refusing update from remote peer ac7609a6b4604974ba16f645e214ecc3: Log matching property violated. Preceding OpId in replica: term: 1 index: 2. Preceding OpId from leader: term: 1 index: 3. (index mismatch)
I20260608 10:06:51.195677 28350 consensus_queue.cc:1048] T 214fd7a5cf5e4aac9d3fc69f9dfcfd0d P ac7609a6b4604974ba16f645e214ecc3 [LEADER]: Connected to new peer: Peer: permanent_uuid: "ec43dfe59c9949db874a8ca88a6cbf47" member_type: VOTER last_known_addr { host: "127.24.73.132" port: 37103 } attrs { replace: true }, Status: LMP_MISMATCH, Last received: 0.0, Next index: 3, Last known committed idx: 2, Time since last communication: 0.001s
I20260608 10:06:51.205372 27775 catalog_manager.cc:5696] T eeeacfede5c44686950d784bd31f0366 P ec43dfe59c9949db874a8ca88a6cbf47 reported cstate change: config changed from index 3 to 4, ec43dfe59c9949db874a8ca88a6cbf47 (127.24.73.132) changed from NON_VOTER to VOTER. New cstate: current_term: 2 leader_uuid: "ac7609a6b4604974ba16f645e214ecc3" committed_config { opid_index: 4 OBSOLETE_local: false peers { permanent_uuid: "ac7609a6b4604974ba16f645e214ecc3" member_type: VOTER last_known_addr { host: "127.24.73.129" port: 43167 } } peers { permanent_uuid: "14fb2b52b71e4012a7408dfa6cde608b" member_type: VOTER last_known_addr { host: "127.24.73.130" port: 39619 } } peers { permanent_uuid: "5f78fcd05dc44edab881fa220fd07ad0" member_type: VOTER last_known_addr { host: "127.24.73.131" port: 38115 } attrs { replace: true } } peers { permanent_uuid: "ec43dfe59c9949db874a8ca88a6cbf47" member_type: VOTER last_known_addr { host: "127.24.73.132" port: 37103 } attrs { promote: false } } }
I20260608 10:06:51.212209 28411 ts_tablet_manager.cc:1929] T 23c3f5b68ec94774854a2f109475f0f3 P ec43dfe59c9949db874a8ca88a6cbf47: tablet deleted with delete type TABLET_DATA_TOMBSTONED: last-logged OpId 1.3
I20260608 10:06:51.212687 28411 log.cc:1199] T 23c3f5b68ec94774854a2f109475f0f3 P ec43dfe59c9949db874a8ca88a6cbf47: Deleting WAL directory at /tmp/dist-test-taskjjuxJi/test-tmp/auto_rebalancer-test.0.AutoRebalancerTest.RangeAwareRebalancesNewRangeReplicas.1780913124460641-24870-0/minicluster-data/ts-3-root/wals/23c3f5b68ec94774854a2f109475f0f3
I20260608 10:06:51.215107 27951 raft_consensus.cc:2955] T eeeacfede5c44686950d784bd31f0366 P 14fb2b52b71e4012a7408dfa6cde608b [term 2 FOLLOWER]: Committing config change with OpId 2.4: config changed from index 3 to 4, ec43dfe59c9949db874a8ca88a6cbf47 (127.24.73.132) changed from NON_VOTER to VOTER. New config: { opid_index: 4 OBSOLETE_local: false peers { permanent_uuid: "ac7609a6b4604974ba16f645e214ecc3" member_type: VOTER last_known_addr { host: "127.24.73.129" port: 43167 } } peers { permanent_uuid: "14fb2b52b71e4012a7408dfa6cde608b" member_type: VOTER last_known_addr { host: "127.24.73.130" port: 39619 } } peers { permanent_uuid: "5f78fcd05dc44edab881fa220fd07ad0" member_type: VOTER last_known_addr { host: "127.24.73.131" port: 38115 } attrs { replace: true } } peers { permanent_uuid: "ec43dfe59c9949db874a8ca88a6cbf47" member_type: VOTER last_known_addr { host: "127.24.73.132" port: 37103 } attrs { promote: false } } }
I20260608 10:06:51.216455 27760 catalog_manager.cc:5027] TS ec43dfe59c9949db874a8ca88a6cbf47 (127.24.73.132:37103): tablet 23c3f5b68ec94774854a2f109475f0f3 (table range_aware_rebalance_new_range [id=29f48a8f31cb4d94ab37578451b12e7f]) successfully deleted
I20260608 10:06:51.221468 28415 consensus_queue.cc:1048] T 214fd7a5cf5e4aac9d3fc69f9dfcfd0d P ac7609a6b4604974ba16f645e214ecc3 [LEADER]: Connected to new peer: Peer: permanent_uuid: "14fb2b52b71e4012a7408dfa6cde608b" member_type: VOTER last_known_addr { host: "127.24.73.130" port: 39619 } attrs { promote: false }, Status: LMP_MISMATCH, Last received: 0.0, Next index: 3, Last known committed idx: 2, Time since last communication: 0.004s
I20260608 10:06:51.234305 28416 raft_consensus.cc:2955] T 214fd7a5cf5e4aac9d3fc69f9dfcfd0d P ac7609a6b4604974ba16f645e214ecc3 [term 1 LEADER]: Committing config change with OpId 1.3: config changed from index 2 to 3, 14fb2b52b71e4012a7408dfa6cde608b (127.24.73.130) changed from NON_VOTER to VOTER. New config: { opid_index: 3 OBSOLETE_local: false peers { permanent_uuid: "ec43dfe59c9949db874a8ca88a6cbf47" member_type: VOTER last_known_addr { host: "127.24.73.132" port: 37103 } attrs { replace: true } } peers { permanent_uuid: "ac7609a6b4604974ba16f645e214ecc3" member_type: VOTER last_known_addr { host: "127.24.73.129" port: 43167 } } peers { permanent_uuid: "5f78fcd05dc44edab881fa220fd07ad0" member_type: VOTER last_known_addr { host: "127.24.73.131" port: 38115 } } peers { permanent_uuid: "14fb2b52b71e4012a7408dfa6cde608b" member_type: VOTER last_known_addr { host: "127.24.73.130" port: 39619 } attrs { promote: false } } }
I20260608 10:06:51.236709 28025 raft_consensus.cc:2955] T 214fd7a5cf5e4aac9d3fc69f9dfcfd0d P 5f78fcd05dc44edab881fa220fd07ad0 [term 1 FOLLOWER]: Committing config change with OpId 1.3: config changed from index 2 to 3, 14fb2b52b71e4012a7408dfa6cde608b (127.24.73.130) changed from NON_VOTER to VOTER. New config: { opid_index: 3 OBSOLETE_local: false peers { permanent_uuid: "ec43dfe59c9949db874a8ca88a6cbf47" member_type: VOTER last_known_addr { host: "127.24.73.132" port: 37103 } attrs { replace: true } } peers { permanent_uuid: "ac7609a6b4604974ba16f645e214ecc3" member_type: VOTER last_known_addr { host: "127.24.73.129" port: 43167 } } peers { permanent_uuid: "5f78fcd05dc44edab881fa220fd07ad0" member_type: VOTER last_known_addr { host: "127.24.73.131" port: 38115 } } peers { permanent_uuid: "14fb2b52b71e4012a7408dfa6cde608b" member_type: VOTER last_known_addr { host: "127.24.73.130" port: 39619 } attrs { promote: false } } }
I20260608 10:06:51.246752 28178 raft_consensus.cc:2955] T 214fd7a5cf5e4aac9d3fc69f9dfcfd0d P ec43dfe59c9949db874a8ca88a6cbf47 [term 1 FOLLOWER]: Committing config change with OpId 1.3: config changed from index 2 to 3, 14fb2b52b71e4012a7408dfa6cde608b (127.24.73.130) changed from NON_VOTER to VOTER. New config: { opid_index: 3 OBSOLETE_local: false peers { permanent_uuid: "ec43dfe59c9949db874a8ca88a6cbf47" member_type: VOTER last_known_addr { host: "127.24.73.132" port: 37103 } attrs { replace: true } } peers { permanent_uuid: "ac7609a6b4604974ba16f645e214ecc3" member_type: VOTER last_known_addr { host: "127.24.73.129" port: 43167 } } peers { permanent_uuid: "5f78fcd05dc44edab881fa220fd07ad0" member_type: VOTER last_known_addr { host: "127.24.73.131" port: 38115 } } peers { permanent_uuid: "14fb2b52b71e4012a7408dfa6cde608b" member_type: VOTER last_known_addr { host: "127.24.73.130" port: 39619 } attrs { promote: false } } }
I20260608 10:06:51.252130 27775 catalog_manager.cc:5696] T 214fd7a5cf5e4aac9d3fc69f9dfcfd0d P 5f78fcd05dc44edab881fa220fd07ad0 reported cstate change: config changed from index 2 to 3, 14fb2b52b71e4012a7408dfa6cde608b (127.24.73.130) changed from NON_VOTER to VOTER. New cstate: current_term: 1 leader_uuid: "ac7609a6b4604974ba16f645e214ecc3" committed_config { opid_index: 3 OBSOLETE_local: false peers { permanent_uuid: "ec43dfe59c9949db874a8ca88a6cbf47" member_type: VOTER last_known_addr { host: "127.24.73.132" port: 37103 } attrs { replace: true } } peers { permanent_uuid: "ac7609a6b4604974ba16f645e214ecc3" member_type: VOTER last_known_addr { host: "127.24.73.129" port: 43167 } } peers { permanent_uuid: "5f78fcd05dc44edab881fa220fd07ad0" member_type: VOTER last_known_addr { host: "127.24.73.131" port: 38115 } } peers { permanent_uuid: "14fb2b52b71e4012a7408dfa6cde608b" member_type: VOTER last_known_addr { host: "127.24.73.130" port: 39619 } attrs { promote: false } } }
I20260608 10:06:51.258981 27951 raft_consensus.cc:2955] T 214fd7a5cf5e4aac9d3fc69f9dfcfd0d P 14fb2b52b71e4012a7408dfa6cde608b [term 1 FOLLOWER]: Committing config change with OpId 1.3: config changed from index 2 to 3, 14fb2b52b71e4012a7408dfa6cde608b (127.24.73.130) changed from NON_VOTER to VOTER. New config: { opid_index: 3 OBSOLETE_local: false peers { permanent_uuid: "ec43dfe59c9949db874a8ca88a6cbf47" member_type: VOTER last_known_addr { host: "127.24.73.132" port: 37103 } attrs { replace: true } } peers { permanent_uuid: "ac7609a6b4604974ba16f645e214ecc3" member_type: VOTER last_known_addr { host: "127.24.73.129" port: 43167 } } peers { permanent_uuid: "5f78fcd05dc44edab881fa220fd07ad0" member_type: VOTER last_known_addr { host: "127.24.73.131" port: 38115 } } peers { permanent_uuid: "14fb2b52b71e4012a7408dfa6cde608b" member_type: VOTER last_known_addr { host: "127.24.73.130" port: 39619 } attrs { promote: false } } }
I20260608 10:06:51.274188 27875 consensus_queue.cc:237] T 214fd7a5cf5e4aac9d3fc69f9dfcfd0d P ac7609a6b4604974ba16f645e214ecc3 [LEADER]: Queue going to LEADER mode. State: All replicated index: 0, Majority replicated index: 3, Committed index: 3, Last appended: 1.3, Last appended by leader: 0, Current term: 1, Majority size: 2, State: 0, Mode: LEADER, active raft config: opid_index: 4 OBSOLETE_local: false peers { permanent_uuid: "ac7609a6b4604974ba16f645e214ecc3" member_type: VOTER last_known_addr { host: "127.24.73.129" port: 43167 } } peers { permanent_uuid: "5f78fcd05dc44edab881fa220fd07ad0" member_type: VOTER last_known_addr { host: "127.24.73.131" port: 38115 } } peers { permanent_uuid: "14fb2b52b71e4012a7408dfa6cde608b" member_type: VOTER last_known_addr { host: "127.24.73.130" port: 39619 } attrs { promote: false } }
I20260608 10:06:51.278980 27951 raft_consensus.cc:1275] T 214fd7a5cf5e4aac9d3fc69f9dfcfd0d P 14fb2b52b71e4012a7408dfa6cde608b [term 1 FOLLOWER]: Refusing update from remote peer ac7609a6b4604974ba16f645e214ecc3: Log matching property violated. Preceding OpId in replica: term: 1 index: 3. Preceding OpId from leader: term: 1 index: 4. (index mismatch)
I20260608 10:06:51.279021 28025 raft_consensus.cc:1275] T 214fd7a5cf5e4aac9d3fc69f9dfcfd0d P 5f78fcd05dc44edab881fa220fd07ad0 [term 1 FOLLOWER]: Refusing update from remote peer ac7609a6b4604974ba16f645e214ecc3: Log matching property violated. Preceding OpId in replica: term: 1 index: 3. Preceding OpId from leader: term: 1 index: 4. (index mismatch)
I20260608 10:06:51.280385 28416 consensus_queue.cc:1048] T 214fd7a5cf5e4aac9d3fc69f9dfcfd0d P ac7609a6b4604974ba16f645e214ecc3 [LEADER]: Connected to new peer: Peer: permanent_uuid: "14fb2b52b71e4012a7408dfa6cde608b" member_type: VOTER last_known_addr { host: "127.24.73.130" port: 39619 } attrs { promote: false }, Status: LMP_MISMATCH, Last received: 0.0, Next index: 4, Last known committed idx: 3, Time since last communication: 0.000s
I20260608 10:06:51.281281 28415 consensus_queue.cc:1048] T 214fd7a5cf5e4aac9d3fc69f9dfcfd0d P ac7609a6b4604974ba16f645e214ecc3 [LEADER]: Connected to new peer: Peer: permanent_uuid: "5f78fcd05dc44edab881fa220fd07ad0" member_type: VOTER last_known_addr { host: "127.24.73.131" port: 38115 }, Status: LMP_MISMATCH, Last received: 0.0, Next index: 4, Last known committed idx: 3, Time since last communication: 0.000s
I20260608 10:06:51.288201 28370 raft_consensus.cc:2955] T 214fd7a5cf5e4aac9d3fc69f9dfcfd0d P ac7609a6b4604974ba16f645e214ecc3 [term 1 LEADER]: Committing config change with OpId 1.4: config changed from index 3 to 4, VOTER ec43dfe59c9949db874a8ca88a6cbf47 (127.24.73.132) evicted. New config: { opid_index: 4 OBSOLETE_local: false peers { permanent_uuid: "ac7609a6b4604974ba16f645e214ecc3" member_type: VOTER last_known_addr { host: "127.24.73.129" port: 43167 } } peers { permanent_uuid: "5f78fcd05dc44edab881fa220fd07ad0" member_type: VOTER last_known_addr { host: "127.24.73.131" port: 38115 } } peers { permanent_uuid: "14fb2b52b71e4012a7408dfa6cde608b" member_type: VOTER last_known_addr { host: "127.24.73.130" port: 39619 } attrs { promote: false } } }
I20260608 10:06:51.289563 27951 raft_consensus.cc:2955] T 214fd7a5cf5e4aac9d3fc69f9dfcfd0d P 14fb2b52b71e4012a7408dfa6cde608b [term 1 FOLLOWER]: Committing config change with OpId 1.4: config changed from index 3 to 4, VOTER ec43dfe59c9949db874a8ca88a6cbf47 (127.24.73.132) evicted. New config: { opid_index: 4 OBSOLETE_local: false peers { permanent_uuid: "ac7609a6b4604974ba16f645e214ecc3" member_type: VOTER last_known_addr { host: "127.24.73.129" port: 43167 } } peers { permanent_uuid: "5f78fcd05dc44edab881fa220fd07ad0" member_type: VOTER last_known_addr { host: "127.24.73.131" port: 38115 } } peers { permanent_uuid: "14fb2b52b71e4012a7408dfa6cde608b" member_type: VOTER last_known_addr { host: "127.24.73.130" port: 39619 } attrs { promote: false } } }
I20260608 10:06:51.290279 28025 raft_consensus.cc:2955] T 214fd7a5cf5e4aac9d3fc69f9dfcfd0d P 5f78fcd05dc44edab881fa220fd07ad0 [term 1 FOLLOWER]: Committing config change with OpId 1.4: config changed from index 3 to 4, VOTER ec43dfe59c9949db874a8ca88a6cbf47 (127.24.73.132) evicted. New config: { opid_index: 4 OBSOLETE_local: false peers { permanent_uuid: "ac7609a6b4604974ba16f645e214ecc3" member_type: VOTER last_known_addr { host: "127.24.73.129" port: 43167 } } peers { permanent_uuid: "5f78fcd05dc44edab881fa220fd07ad0" member_type: VOTER last_known_addr { host: "127.24.73.131" port: 38115 } } peers { permanent_uuid: "14fb2b52b71e4012a7408dfa6cde608b" member_type: VOTER last_known_addr { host: "127.24.73.130" port: 39619 } attrs { promote: false } } }
I20260608 10:06:51.301471 27774 catalog_manager.cc:5696] T 214fd7a5cf5e4aac9d3fc69f9dfcfd0d P 5f78fcd05dc44edab881fa220fd07ad0 reported cstate change: config changed from index 3 to 4, VOTER ec43dfe59c9949db874a8ca88a6cbf47 (127.24.73.132) evicted. New cstate: current_term: 1 leader_uuid: "ac7609a6b4604974ba16f645e214ecc3" committed_config { opid_index: 4 OBSOLETE_local: false peers { permanent_uuid: "ac7609a6b4604974ba16f645e214ecc3" member_type: VOTER last_known_addr { host: "127.24.73.129" port: 43167 } } peers { permanent_uuid: "5f78fcd05dc44edab881fa220fd07ad0" member_type: VOTER last_known_addr { host: "127.24.73.131" port: 38115 } } peers { permanent_uuid: "14fb2b52b71e4012a7408dfa6cde608b" member_type: VOTER last_known_addr { host: "127.24.73.130" port: 39619 } attrs { promote: false } } }
I20260608 10:06:51.306610 27760 catalog_manager.cc:5209] ChangeConfig:REMOVE_PEER RPC for tablet 214fd7a5cf5e4aac9d3fc69f9dfcfd0d with cas_config_opid_index 3: ChangeConfig:REMOVE_PEER succeeded (attempt 1)
I20260608 10:06:51.311650 28166 tablet_service.cc:1558] Processing DeleteTablet for tablet 214fd7a5cf5e4aac9d3fc69f9dfcfd0d with delete_type TABLET_DATA_TOMBSTONED (TS ec43dfe59c9949db874a8ca88a6cbf47 not found in new config with opid_index 4) from {username='slave'} at 127.0.0.1:55694
I20260608 10:06:51.312570 28411 tablet_replica.cc:333] T 214fd7a5cf5e4aac9d3fc69f9dfcfd0d P ec43dfe59c9949db874a8ca88a6cbf47: stopping tablet replica
I20260608 10:06:51.313433 28411 raft_consensus.cc:2243] T 214fd7a5cf5e4aac9d3fc69f9dfcfd0d P ec43dfe59c9949db874a8ca88a6cbf47 [term 1 FOLLOWER]: Raft consensus shutting down.
I20260608 10:06:51.314040 28411 raft_consensus.cc:2272] T 214fd7a5cf5e4aac9d3fc69f9dfcfd0d P ec43dfe59c9949db874a8ca88a6cbf47 [term 1 FOLLOWER]: Raft consensus is shut down!
I20260608 10:06:51.317317 28411 ts_tablet_manager.cc:1916] T 214fd7a5cf5e4aac9d3fc69f9dfcfd0d P ec43dfe59c9949db874a8ca88a6cbf47: Deleting tablet data with delete state TABLET_DATA_TOMBSTONED
I20260608 10:06:51.331692 28411 ts_tablet_manager.cc:1929] T 214fd7a5cf5e4aac9d3fc69f9dfcfd0d P ec43dfe59c9949db874a8ca88a6cbf47: tablet deleted with delete type TABLET_DATA_TOMBSTONED: last-logged OpId 1.3
I20260608 10:06:51.332094 28411 log.cc:1199] T 214fd7a5cf5e4aac9d3fc69f9dfcfd0d P ec43dfe59c9949db874a8ca88a6cbf47: Deleting WAL directory at /tmp/dist-test-taskjjuxJi/test-tmp/auto_rebalancer-test.0.AutoRebalancerTest.RangeAwareRebalancesNewRangeReplicas.1780913124460641-24870-0/minicluster-data/ts-3-root/wals/214fd7a5cf5e4aac9d3fc69f9dfcfd0d
I20260608 10:06:51.333719 27760 catalog_manager.cc:5027] TS ec43dfe59c9949db874a8ca88a6cbf47 (127.24.73.132:37103): tablet 214fd7a5cf5e4aac9d3fc69f9dfcfd0d (table range_aware_rebalance_new_range [id=29f48a8f31cb4d94ab37578451b12e7f]) successfully deleted
I20260608 10:06:51.671157 27875 consensus_queue.cc:237] T eeeacfede5c44686950d784bd31f0366 P ac7609a6b4604974ba16f645e214ecc3 [LEADER]: Queue going to LEADER mode. State: All replicated index: 0, Majority replicated index: 4, Committed index: 4, Last appended: 2.4, Last appended by leader: 1, Current term: 2, Majority size: 2, State: 0, Mode: LEADER, active raft config: opid_index: 5 OBSOLETE_local: false peers { permanent_uuid: "ac7609a6b4604974ba16f645e214ecc3" member_type: VOTER last_known_addr { host: "127.24.73.129" port: 43167 } } peers { permanent_uuid: "14fb2b52b71e4012a7408dfa6cde608b" member_type: VOTER last_known_addr { host: "127.24.73.130" port: 39619 } } peers { permanent_uuid: "ec43dfe59c9949db874a8ca88a6cbf47" member_type: VOTER last_known_addr { host: "127.24.73.132" port: 37103 } attrs { promote: false } }
I20260608 10:06:51.676002 28178 raft_consensus.cc:1275] T eeeacfede5c44686950d784bd31f0366 P ec43dfe59c9949db874a8ca88a6cbf47 [term 2 FOLLOWER]: Refusing update from remote peer ac7609a6b4604974ba16f645e214ecc3: Log matching property violated. Preceding OpId in replica: term: 2 index: 4. Preceding OpId from leader: term: 2 index: 5. (index mismatch)
I20260608 10:06:51.676061 27951 raft_consensus.cc:1275] T eeeacfede5c44686950d784bd31f0366 P 14fb2b52b71e4012a7408dfa6cde608b [term 2 FOLLOWER]: Refusing update from remote peer ac7609a6b4604974ba16f645e214ecc3: Log matching property violated. Preceding OpId in replica: term: 2 index: 4. Preceding OpId from leader: term: 2 index: 5. (index mismatch)
I20260608 10:06:51.677659 28416 consensus_queue.cc:1048] T eeeacfede5c44686950d784bd31f0366 P ac7609a6b4604974ba16f645e214ecc3 [LEADER]: Connected to new peer: Peer: permanent_uuid: "14fb2b52b71e4012a7408dfa6cde608b" member_type: VOTER last_known_addr { host: "127.24.73.130" port: 39619 }, Status: LMP_MISMATCH, Last received: 0.0, Next index: 5, Last known committed idx: 4, Time since last communication: 0.000s
I20260608 10:06:51.678580 28370 consensus_queue.cc:1048] T eeeacfede5c44686950d784bd31f0366 P ac7609a6b4604974ba16f645e214ecc3 [LEADER]: Connected to new peer: Peer: permanent_uuid: "ec43dfe59c9949db874a8ca88a6cbf47" member_type: VOTER last_known_addr { host: "127.24.73.132" port: 37103 } attrs { promote: false }, Status: LMP_MISMATCH, Last received: 0.0, Next index: 5, Last known committed idx: 4, Time since last communication: 0.000s
I20260608 10:06:51.684665 28370 raft_consensus.cc:2955] T eeeacfede5c44686950d784bd31f0366 P ac7609a6b4604974ba16f645e214ecc3 [term 2 LEADER]: Committing config change with OpId 2.5: config changed from index 4 to 5, VOTER 5f78fcd05dc44edab881fa220fd07ad0 (127.24.73.131) evicted. New config: { opid_index: 5 OBSOLETE_local: false peers { permanent_uuid: "ac7609a6b4604974ba16f645e214ecc3" member_type: VOTER last_known_addr { host: "127.24.73.129" port: 43167 } } peers { permanent_uuid: "14fb2b52b71e4012a7408dfa6cde608b" member_type: VOTER last_known_addr { host: "127.24.73.130" port: 39619 } } peers { permanent_uuid: "ec43dfe59c9949db874a8ca88a6cbf47" member_type: VOTER last_known_addr { host: "127.24.73.132" port: 37103 } attrs { promote: false } } }
I20260608 10:06:51.686888 27951 raft_consensus.cc:2955] T eeeacfede5c44686950d784bd31f0366 P 14fb2b52b71e4012a7408dfa6cde608b [term 2 FOLLOWER]: Committing config change with OpId 2.5: config changed from index 4 to 5, VOTER 5f78fcd05dc44edab881fa220fd07ad0 (127.24.73.131) evicted. New config: { opid_index: 5 OBSOLETE_local: false peers { permanent_uuid: "ac7609a6b4604974ba16f645e214ecc3" member_type: VOTER last_known_addr { host: "127.24.73.129" port: 43167 } } peers { permanent_uuid: "14fb2b52b71e4012a7408dfa6cde608b" member_type: VOTER last_known_addr { host: "127.24.73.130" port: 39619 } } peers { permanent_uuid: "ec43dfe59c9949db874a8ca88a6cbf47" member_type: VOTER last_known_addr { host: "127.24.73.132" port: 37103 } attrs { promote: false } } }
I20260608 10:06:51.690341 28177 raft_consensus.cc:2955] T eeeacfede5c44686950d784bd31f0366 P ec43dfe59c9949db874a8ca88a6cbf47 [term 2 FOLLOWER]: Committing config change with OpId 2.5: config changed from index 4 to 5, VOTER 5f78fcd05dc44edab881fa220fd07ad0 (127.24.73.131) evicted. New config: { opid_index: 5 OBSOLETE_local: false peers { permanent_uuid: "ac7609a6b4604974ba16f645e214ecc3" member_type: VOTER last_known_addr { host: "127.24.73.129" port: 43167 } } peers { permanent_uuid: "14fb2b52b71e4012a7408dfa6cde608b" member_type: VOTER last_known_addr { host: "127.24.73.130" port: 39619 } } peers { permanent_uuid: "ec43dfe59c9949db874a8ca88a6cbf47" member_type: VOTER last_known_addr { host: "127.24.73.132" port: 37103 } attrs { promote: false } } }
I20260608 10:06:51.699180 27760 catalog_manager.cc:5209] ChangeConfig:REMOVE_PEER RPC for tablet eeeacfede5c44686950d784bd31f0366 with cas_config_opid_index 4: ChangeConfig:REMOVE_PEER succeeded (attempt 1)
I20260608 10:06:51.698633 27775 catalog_manager.cc:5696] T eeeacfede5c44686950d784bd31f0366 P 14fb2b52b71e4012a7408dfa6cde608b reported cstate change: config changed from index 4 to 5, VOTER 5f78fcd05dc44edab881fa220fd07ad0 (127.24.73.131) evicted. New cstate: current_term: 2 leader_uuid: "ac7609a6b4604974ba16f645e214ecc3" committed_config { opid_index: 5 OBSOLETE_local: false peers { permanent_uuid: "ac7609a6b4604974ba16f645e214ecc3" member_type: VOTER last_known_addr { host: "127.24.73.129" port: 43167 } } peers { permanent_uuid: "14fb2b52b71e4012a7408dfa6cde608b" member_type: VOTER last_known_addr { host: "127.24.73.130" port: 39619 } } peers { permanent_uuid: "ec43dfe59c9949db874a8ca88a6cbf47" member_type: VOTER last_known_addr { host: "127.24.73.132" port: 37103 } attrs { promote: false } } }
I20260608 10:06:51.709867 28009 tablet_service.cc:1558] Processing DeleteTablet for tablet eeeacfede5c44686950d784bd31f0366 with delete_type TABLET_DATA_TOMBSTONED (TS 5f78fcd05dc44edab881fa220fd07ad0 not found in new config with opid_index 5) from {username='slave'} at 127.0.0.1:49476
I20260608 10:06:51.711608 28424 tablet_replica.cc:333] T eeeacfede5c44686950d784bd31f0366 P 5f78fcd05dc44edab881fa220fd07ad0: stopping tablet replica
I20260608 10:06:51.712600 28424 raft_consensus.cc:2243] T eeeacfede5c44686950d784bd31f0366 P 5f78fcd05dc44edab881fa220fd07ad0 [term 2 FOLLOWER]: Raft consensus shutting down.
I20260608 10:06:51.713322 28424 raft_consensus.cc:2272] T eeeacfede5c44686950d784bd31f0366 P 5f78fcd05dc44edab881fa220fd07ad0 [term 2 FOLLOWER]: Raft consensus is shut down!
I20260608 10:06:51.716023 28424 ts_tablet_manager.cc:1916] T eeeacfede5c44686950d784bd31f0366 P 5f78fcd05dc44edab881fa220fd07ad0: Deleting tablet data with delete state TABLET_DATA_TOMBSTONED
I20260608 10:06:51.727169 28424 ts_tablet_manager.cc:1929] T eeeacfede5c44686950d784bd31f0366 P 5f78fcd05dc44edab881fa220fd07ad0: tablet deleted with delete type TABLET_DATA_TOMBSTONED: last-logged OpId 2.4
I20260608 10:06:51.727464 28424 log.cc:1199] T eeeacfede5c44686950d784bd31f0366 P 5f78fcd05dc44edab881fa220fd07ad0: Deleting WAL directory at /tmp/dist-test-taskjjuxJi/test-tmp/auto_rebalancer-test.0.AutoRebalancerTest.RangeAwareRebalancesNewRangeReplicas.1780913124460641-24870-0/minicluster-data/ts-2-root/wals/eeeacfede5c44686950d784bd31f0366
I20260608 10:06:51.728659 27761 catalog_manager.cc:5027] TS 5f78fcd05dc44edab881fa220fd07ad0 (127.24.73.131:38115): tablet eeeacfede5c44686950d784bd31f0366 (table range_aware_rebalance_new_range [id=29f48a8f31cb4d94ab37578451b12e7f]) successfully deleted
I20260608 10:06:52.398754 27828 auto_leader_rebalancer.cc:140] leader rebalance for table range_aware_rebalance_new_range
I20260608 10:06:52.411907 27828 auto_leader_rebalancer.cc:388] table: range_aware_rebalance_new_range, leader rebalance finish, leader transfer count: 0
I20260608 10:06:52.412356 27828 auto_leader_rebalancer.cc:451] All tables' leader rebalancing finished this round
I20260608 10:06:52.733448 28025 consensus_queue.cc:237] T 50e4dae3188d4045bc10a681a862812d P 5f78fcd05dc44edab881fa220fd07ad0 [LEADER]: Queue going to LEADER mode. State: All replicated index: 0, Majority replicated index: 1, Committed index: 1, Last appended: 1.1, Last appended by leader: 0, Current term: 1, Majority size: 2, State: 0, Mode: LEADER, active raft config: opid_index: 2 OBSOLETE_local: false peers { permanent_uuid: "14fb2b52b71e4012a7408dfa6cde608b" member_type: VOTER last_known_addr { host: "127.24.73.130" port: 39619 } attrs { replace: true } } peers { permanent_uuid: "ac7609a6b4604974ba16f645e214ecc3" member_type: VOTER last_known_addr { host: "127.24.73.129" port: 43167 } } peers { permanent_uuid: "5f78fcd05dc44edab881fa220fd07ad0" member_type: VOTER last_known_addr { host: "127.24.73.131" port: 38115 } } peers { permanent_uuid: "ec43dfe59c9949db874a8ca88a6cbf47" member_type: NON_VOTER last_known_addr { host: "127.24.73.132" port: 37103 } attrs { promote: true } }
I20260608 10:06:52.739104 27875 raft_consensus.cc:1275] T 50e4dae3188d4045bc10a681a862812d P ac7609a6b4604974ba16f645e214ecc3 [term 1 FOLLOWER]: Refusing update from remote peer 5f78fcd05dc44edab881fa220fd07ad0: Log matching property violated. Preceding OpId in replica: term: 1 index: 1. Preceding OpId from leader: term: 1 index: 2. (index mismatch)
I20260608 10:06:52.740545 27951 raft_consensus.cc:1275] T 50e4dae3188d4045bc10a681a862812d P 14fb2b52b71e4012a7408dfa6cde608b [term 1 FOLLOWER]: Refusing update from remote peer 5f78fcd05dc44edab881fa220fd07ad0: Log matching property violated. Preceding OpId in replica: term: 1 index: 1. Preceding OpId from leader: term: 1 index: 2. (index mismatch)
I20260608 10:06:52.740545 28429 consensus_queue.cc:1048] T 50e4dae3188d4045bc10a681a862812d P 5f78fcd05dc44edab881fa220fd07ad0 [LEADER]: Connected to new peer: Peer: permanent_uuid: "ac7609a6b4604974ba16f645e214ecc3" member_type: VOTER last_known_addr { host: "127.24.73.129" port: 43167 }, Status: LMP_MISMATCH, Last received: 0.0, Next index: 2, Last known committed idx: 1, Time since last communication: 0.000s
W20260608 10:06:52.741686 27990 consensus_peers.cc:597] T 50e4dae3188d4045bc10a681a862812d P 5f78fcd05dc44edab881fa220fd07ad0 -> Peer ec43dfe59c9949db874a8ca88a6cbf47 (127.24.73.132:37103): Couldn't send request to peer ec43dfe59c9949db874a8ca88a6cbf47. Error code: TABLET_NOT_FOUND (6). Status: Not found: Tablet not found: 50e4dae3188d4045bc10a681a862812d. This is attempt 1: this message will repeat every 5th retry.
I20260608 10:06:52.742027 28344 consensus_queue.cc:1048] T 50e4dae3188d4045bc10a681a862812d P 5f78fcd05dc44edab881fa220fd07ad0 [LEADER]: Connected to new peer: Peer: permanent_uuid: "14fb2b52b71e4012a7408dfa6cde608b" member_type: VOTER last_known_addr { host: "127.24.73.130" port: 39619 } attrs { replace: true }, Status: LMP_MISMATCH, Last received: 0.0, Next index: 2, Last known committed idx: 1, Time since last communication: 0.000s
I20260608 10:06:52.747923 28429 raft_consensus.cc:2955] T 50e4dae3188d4045bc10a681a862812d P 5f78fcd05dc44edab881fa220fd07ad0 [term 1 LEADER]: Committing config change with OpId 1.2: config changed from index -1 to 2, NON_VOTER ec43dfe59c9949db874a8ca88a6cbf47 (127.24.73.132) added. New config: { opid_index: 2 OBSOLETE_local: false peers { permanent_uuid: "14fb2b52b71e4012a7408dfa6cde608b" member_type: VOTER last_known_addr { host: "127.24.73.130" port: 39619 } attrs { replace: true } } peers { permanent_uuid: "ac7609a6b4604974ba16f645e214ecc3" member_type: VOTER last_known_addr { host: "127.24.73.129" port: 43167 } } peers { permanent_uuid: "5f78fcd05dc44edab881fa220fd07ad0" member_type: VOTER last_known_addr { host: "127.24.73.131" port: 38115 } } peers { permanent_uuid: "ec43dfe59c9949db874a8ca88a6cbf47" member_type: NON_VOTER last_known_addr { host: "127.24.73.132" port: 37103 } attrs { promote: true } } }
I20260608 10:06:52.750751 27875 raft_consensus.cc:2955] T 50e4dae3188d4045bc10a681a862812d P ac7609a6b4604974ba16f645e214ecc3 [term 1 FOLLOWER]: Committing config change with OpId 1.2: config changed from index -1 to 2, NON_VOTER ec43dfe59c9949db874a8ca88a6cbf47 (127.24.73.132) added. New config: { opid_index: 2 OBSOLETE_local: false peers { permanent_uuid: "14fb2b52b71e4012a7408dfa6cde608b" member_type: VOTER last_known_addr { host: "127.24.73.130" port: 39619 } attrs { replace: true } } peers { permanent_uuid: "ac7609a6b4604974ba16f645e214ecc3" member_type: VOTER last_known_addr { host: "127.24.73.129" port: 43167 } } peers { permanent_uuid: "5f78fcd05dc44edab881fa220fd07ad0" member_type: VOTER last_known_addr { host: "127.24.73.131" port: 38115 } } peers { permanent_uuid: "ec43dfe59c9949db874a8ca88a6cbf47" member_type: NON_VOTER last_known_addr { host: "127.24.73.132" port: 37103 } attrs { promote: true } } }
I20260608 10:06:52.751893 27951 raft_consensus.cc:2955] T 50e4dae3188d4045bc10a681a862812d P 14fb2b52b71e4012a7408dfa6cde608b [term 1 FOLLOWER]: Committing config change with OpId 1.2: config changed from index -1 to 2, NON_VOTER ec43dfe59c9949db874a8ca88a6cbf47 (127.24.73.132) added. New config: { opid_index: 2 OBSOLETE_local: false peers { permanent_uuid: "14fb2b52b71e4012a7408dfa6cde608b" member_type: VOTER last_known_addr { host: "127.24.73.130" port: 39619 } attrs { replace: true } } peers { permanent_uuid: "ac7609a6b4604974ba16f645e214ecc3" member_type: VOTER last_known_addr { host: "127.24.73.129" port: 43167 } } peers { permanent_uuid: "5f78fcd05dc44edab881fa220fd07ad0" member_type: VOTER last_known_addr { host: "127.24.73.131" port: 38115 } } peers { permanent_uuid: "ec43dfe59c9949db874a8ca88a6cbf47" member_type: NON_VOTER last_known_addr { host: "127.24.73.132" port: 37103 } attrs { promote: true } } }
I20260608 10:06:52.762239 27773 catalog_manager.cc:5696] T 50e4dae3188d4045bc10a681a862812d P ac7609a6b4604974ba16f645e214ecc3 reported cstate change: config changed from index -1 to 2, NON_VOTER ec43dfe59c9949db874a8ca88a6cbf47 (127.24.73.132) added. New cstate: current_term: 1 leader_uuid: "5f78fcd05dc44edab881fa220fd07ad0" committed_config { opid_index: 2 OBSOLETE_local: false peers { permanent_uuid: "14fb2b52b71e4012a7408dfa6cde608b" member_type: VOTER last_known_addr { host: "127.24.73.130" port: 39619 } attrs { replace: true } } peers { permanent_uuid: "ac7609a6b4604974ba16f645e214ecc3" member_type: VOTER last_known_addr { host: "127.24.73.129" port: 43167 } } peers { permanent_uuid: "5f78fcd05dc44edab881fa220fd07ad0" member_type: VOTER last_known_addr { host: "127.24.73.131" port: 38115 } } peers { permanent_uuid: "ec43dfe59c9949db874a8ca88a6cbf47" member_type: NON_VOTER last_known_addr { host: "127.24.73.132" port: 37103 } attrs { promote: true } } }
I20260608 10:06:53.194525 28436 ts_tablet_manager.cc:933] T 50e4dae3188d4045bc10a681a862812d P ec43dfe59c9949db874a8ca88a6cbf47: Initiating tablet copy from peer 5f78fcd05dc44edab881fa220fd07ad0 (127.24.73.131:38115)
I20260608 10:06:53.196277 28436 tablet_copy_client.cc:323] T 50e4dae3188d4045bc10a681a862812d P ec43dfe59c9949db874a8ca88a6cbf47: tablet copy: Beginning tablet copy session from remote peer at address 127.24.73.131:38115
I20260608 10:06:53.197930 28036 tablet_copy_service.cc:140] P 5f78fcd05dc44edab881fa220fd07ad0: Received BeginTabletCopySession request for tablet 50e4dae3188d4045bc10a681a862812d from peer ec43dfe59c9949db874a8ca88a6cbf47 ({username='slave'} at 127.0.0.1:49502)
I20260608 10:06:53.198496 28036 tablet_copy_service.cc:161] P 5f78fcd05dc44edab881fa220fd07ad0: Beginning new tablet copy session on tablet 50e4dae3188d4045bc10a681a862812d from peer ec43dfe59c9949db874a8ca88a6cbf47 at {username='slave'} at 127.0.0.1:49502: session id = ec43dfe59c9949db874a8ca88a6cbf47-50e4dae3188d4045bc10a681a862812d
I20260608 10:06:53.205864 28036 tablet_copy_source_session.cc:215] T 50e4dae3188d4045bc10a681a862812d P 5f78fcd05dc44edab881fa220fd07ad0: Tablet Copy: opened 0 blocks and 1 log segments
I20260608 10:06:53.208891 28436 data_dirs.cc:400] Could only allocate 1 dirs of requested 3 for tablet 50e4dae3188d4045bc10a681a862812d. 1 dirs total, 0 dirs full, 0 dirs failed
I20260608 10:06:53.219619 28436 tablet_copy_client.cc:806] T 50e4dae3188d4045bc10a681a862812d P ec43dfe59c9949db874a8ca88a6cbf47: tablet copy: Starting download of 0 data blocks...
I20260608 10:06:53.220130 28436 tablet_copy_client.cc:670] T 50e4dae3188d4045bc10a681a862812d P ec43dfe59c9949db874a8ca88a6cbf47: tablet copy: Starting download of 1 WAL segments...
I20260608 10:06:53.223966 28436 tablet_copy_client.cc:538] T 50e4dae3188d4045bc10a681a862812d P ec43dfe59c9949db874a8ca88a6cbf47: tablet copy: Tablet Copy complete. Replacing tablet superblock.
I20260608 10:06:53.229652 28436 tablet_bootstrap.cc:492] T 50e4dae3188d4045bc10a681a862812d P ec43dfe59c9949db874a8ca88a6cbf47: Bootstrap starting.
I20260608 10:06:53.246737 28436 tablet_bootstrap.cc:492] T 50e4dae3188d4045bc10a681a862812d P ec43dfe59c9949db874a8ca88a6cbf47: Bootstrap replayed 1/1 log segments. Stats: ops{read=2 overwritten=0 applied=2 ignored=0} inserts{seen=0 ignored=0} mutations{seen=0 ignored=0} orphaned_commits=0. Pending: 0 replicates
I20260608 10:06:53.247573 28436 tablet_bootstrap.cc:492] T 50e4dae3188d4045bc10a681a862812d P ec43dfe59c9949db874a8ca88a6cbf47: Bootstrap complete.
I20260608 10:06:53.248239 28436 ts_tablet_manager.cc:1403] T 50e4dae3188d4045bc10a681a862812d P ec43dfe59c9949db874a8ca88a6cbf47: Time spent bootstrapping tablet: real 0.019s	user 0.021s	sys 0.000s
I20260608 10:06:53.251179 28436 raft_consensus.cc:359] T 50e4dae3188d4045bc10a681a862812d P ec43dfe59c9949db874a8ca88a6cbf47 [term 1 LEARNER]: Replica starting. Triggering 0 pending ops. Active config: opid_index: 2 OBSOLETE_local: false peers { permanent_uuid: "14fb2b52b71e4012a7408dfa6cde608b" member_type: VOTER last_known_addr { host: "127.24.73.130" port: 39619 } attrs { replace: true } } peers { permanent_uuid: "ac7609a6b4604974ba16f645e214ecc3" member_type: VOTER last_known_addr { host: "127.24.73.129" port: 43167 } } peers { permanent_uuid: "5f78fcd05dc44edab881fa220fd07ad0" member_type: VOTER last_known_addr { host: "127.24.73.131" port: 38115 } } peers { permanent_uuid: "ec43dfe59c9949db874a8ca88a6cbf47" member_type: NON_VOTER last_known_addr { host: "127.24.73.132" port: 37103 } attrs { promote: true } }
I20260608 10:06:53.252008 28436 raft_consensus.cc:740] T 50e4dae3188d4045bc10a681a862812d P ec43dfe59c9949db874a8ca88a6cbf47 [term 1 LEARNER]: Becoming Follower/Learner. State: Replica: ec43dfe59c9949db874a8ca88a6cbf47, State: Initialized, Role: LEARNER
I20260608 10:06:53.252658 28436 consensus_queue.cc:260] T 50e4dae3188d4045bc10a681a862812d P ec43dfe59c9949db874a8ca88a6cbf47 [NON_LEADER]: Queue going to NON_LEADER mode. State: All replicated index: 0, Majority replicated index: 0, Committed index: 2, Last appended: 1.2, Last appended by leader: 2, Current term: 0, Majority size: -1, State: 0, Mode: NON_LEADER, active raft config: opid_index: 2 OBSOLETE_local: false peers { permanent_uuid: "14fb2b52b71e4012a7408dfa6cde608b" member_type: VOTER last_known_addr { host: "127.24.73.130" port: 39619 } attrs { replace: true } } peers { permanent_uuid: "ac7609a6b4604974ba16f645e214ecc3" member_type: VOTER last_known_addr { host: "127.24.73.129" port: 43167 } } peers { permanent_uuid: "5f78fcd05dc44edab881fa220fd07ad0" member_type: VOTER last_known_addr { host: "127.24.73.131" port: 38115 } } peers { permanent_uuid: "ec43dfe59c9949db874a8ca88a6cbf47" member_type: NON_VOTER last_known_addr { host: "127.24.73.132" port: 37103 } attrs { promote: true } }
I20260608 10:06:53.255108 28436 ts_tablet_manager.cc:1434] T 50e4dae3188d4045bc10a681a862812d P ec43dfe59c9949db874a8ca88a6cbf47: Time spent starting tablet: real 0.007s	user 0.006s	sys 0.000s
I20260608 10:06:53.257305 28036 tablet_copy_service.cc:342] P 5f78fcd05dc44edab881fa220fd07ad0: Request end of tablet copy session ec43dfe59c9949db874a8ca88a6cbf47-50e4dae3188d4045bc10a681a862812d received from {username='slave'} at 127.0.0.1:49502
I20260608 10:06:53.257751 28036 tablet_copy_service.cc:434] P 5f78fcd05dc44edab881fa220fd07ad0: ending tablet copy session ec43dfe59c9949db874a8ca88a6cbf47-50e4dae3188d4045bc10a681a862812d on tablet 50e4dae3188d4045bc10a681a862812d with peer ec43dfe59c9949db874a8ca88a6cbf47
I20260608 10:06:53.806923 28177 raft_consensus.cc:1217] T 50e4dae3188d4045bc10a681a862812d P ec43dfe59c9949db874a8ca88a6cbf47 [term 1 LEARNER]: Deduplicated request from leader. Original: 1.1->[1.2-1.2]   Dedup: 1.2->[]
I20260608 10:06:54.285445 28439 raft_consensus.cc:1064] T 50e4dae3188d4045bc10a681a862812d P 5f78fcd05dc44edab881fa220fd07ad0: attempting to promote NON_VOTER ec43dfe59c9949db874a8ca88a6cbf47 to VOTER
I20260608 10:06:54.287429 28439 consensus_queue.cc:237] T 50e4dae3188d4045bc10a681a862812d P 5f78fcd05dc44edab881fa220fd07ad0 [LEADER]: Queue going to LEADER mode. State: All replicated index: 0, Majority replicated index: 2, Committed index: 2, Last appended: 1.2, Last appended by leader: 0, Current term: 1, Majority size: 3, State: 0, Mode: LEADER, active raft config: opid_index: 3 OBSOLETE_local: false peers { permanent_uuid: "14fb2b52b71e4012a7408dfa6cde608b" member_type: VOTER last_known_addr { host: "127.24.73.130" port: 39619 } attrs { replace: true } } peers { permanent_uuid: "ac7609a6b4604974ba16f645e214ecc3" member_type: VOTER last_known_addr { host: "127.24.73.129" port: 43167 } } peers { permanent_uuid: "5f78fcd05dc44edab881fa220fd07ad0" member_type: VOTER last_known_addr { host: "127.24.73.131" port: 38115 } } peers { permanent_uuid: "ec43dfe59c9949db874a8ca88a6cbf47" member_type: VOTER last_known_addr { host: "127.24.73.132" port: 37103 } attrs { promote: false } }
I20260608 10:06:54.295743 27875 raft_consensus.cc:1275] T 50e4dae3188d4045bc10a681a862812d P ac7609a6b4604974ba16f645e214ecc3 [term 1 FOLLOWER]: Refusing update from remote peer 5f78fcd05dc44edab881fa220fd07ad0: Log matching property violated. Preceding OpId in replica: term: 1 index: 2. Preceding OpId from leader: term: 1 index: 3. (index mismatch)
