I20260608 10:06:39.062458  2602 tablet_copy_service.cc:434] P ffc34c6f5d294fbf88b2a1eda0cd2ea8: ending tablet copy session 2082bb294fc84c2fb4c912cb92223146-f0bb5e1dff6f48c7aab054ed270b3a7b on tablet f0bb5e1dff6f48c7aab054ed270b3a7b with peer 2082bb294fc84c2fb4c912cb92223146
I20260608 10:06:39.063992  2968 tablet_copy_client.cc:323] T 949f3abc35ad4155ba65fa3e1e2e3706 P 2082bb294fc84c2fb4c912cb92223146: tablet copy: Beginning tablet copy session from remote peer at address 127.31.65.3:41573
I20260608 10:06:39.065958  2676 tablet_copy_service.cc:140] P 313658895781405cbc9c6a574eba6552: Received BeginTabletCopySession request for tablet 949f3abc35ad4155ba65fa3e1e2e3706 from peer 2082bb294fc84c2fb4c912cb92223146 ({username='slave'} at 127.0.0.1:38648)
I20260608 10:06:39.066586  2676 tablet_copy_service.cc:161] P 313658895781405cbc9c6a574eba6552: Beginning new tablet copy session on tablet 949f3abc35ad4155ba65fa3e1e2e3706 from peer 2082bb294fc84c2fb4c912cb92223146 at {username='slave'} at 127.0.0.1:38648: session id = 2082bb294fc84c2fb4c912cb92223146-949f3abc35ad4155ba65fa3e1e2e3706
I20260608 10:06:39.070616  2963 ts_tablet_manager.cc:933] T 1d7a0fa1d0a044baa0b82f2982013251 P 2082bb294fc84c2fb4c912cb92223146: Initiating tablet copy from peer 467cc8fd938a4eac9184d4f9bd80f48c (127.31.65.1:36487)
I20260608 10:06:39.137643  2527 tablet_copy_source_session.cc:215] T 25e4fd05cabf4646be1b4bc35346b279 P 467cc8fd938a4eac9184d4f9bd80f48c: Tablet Copy: opened 0 blocks and 1 log segments
I20260608 10:06:39.145622  2965 data_dirs.cc:400] Could only allocate 1 dirs of requested 3 for tablet 25e4fd05cabf4646be1b4bc35346b279. 1 dirs total, 0 dirs full, 0 dirs failed
I20260608 10:06:39.139514  2676 tablet_copy_source_session.cc:215] T 949f3abc35ad4155ba65fa3e1e2e3706 P 313658895781405cbc9c6a574eba6552: Tablet Copy: opened 0 blocks and 1 log segments
I20260608 10:06:39.157065  2968 data_dirs.cc:400] Could only allocate 1 dirs of requested 3 for tablet 949f3abc35ad4155ba65fa3e1e2e3706. 1 dirs total, 0 dirs full, 0 dirs failed
I20260608 10:06:39.172864  2963 tablet_copy_client.cc:323] T 1d7a0fa1d0a044baa0b82f2982013251 P 2082bb294fc84c2fb4c912cb92223146: tablet copy: Beginning tablet copy session from remote peer at address 127.31.65.1:36487
I20260608 10:06:39.174943  2527 tablet_copy_service.cc:140] P 467cc8fd938a4eac9184d4f9bd80f48c: Received BeginTabletCopySession request for tablet 1d7a0fa1d0a044baa0b82f2982013251 from peer 2082bb294fc84c2fb4c912cb92223146 ({username='slave'} at 127.0.0.1:47802)
I20260608 10:06:39.175544  2527 tablet_copy_service.cc:161] P 467cc8fd938a4eac9184d4f9bd80f48c: Beginning new tablet copy session on tablet 1d7a0fa1d0a044baa0b82f2982013251 from peer 2082bb294fc84c2fb4c912cb92223146 at {username='slave'} at 127.0.0.1:47802: session id = 2082bb294fc84c2fb4c912cb92223146-1d7a0fa1d0a044baa0b82f2982013251
I20260608 10:06:39.179410  2968 tablet_copy_client.cc:806] T 949f3abc35ad4155ba65fa3e1e2e3706 P 2082bb294fc84c2fb4c912cb92223146: tablet copy: Starting download of 0 data blocks...
I20260608 10:06:39.180052  2968 tablet_copy_client.cc:670] T 949f3abc35ad4155ba65fa3e1e2e3706 P 2082bb294fc84c2fb4c912cb92223146: tablet copy: Starting download of 1 WAL segments...
I20260608 10:06:39.184651  2968 tablet_copy_client.cc:538] T 949f3abc35ad4155ba65fa3e1e2e3706 P 2082bb294fc84c2fb4c912cb92223146: tablet copy: Tablet Copy complete. Replacing tablet superblock.
I20260608 10:06:39.185403  2527 tablet_copy_source_session.cc:215] T 1d7a0fa1d0a044baa0b82f2982013251 P 467cc8fd938a4eac9184d4f9bd80f48c: Tablet Copy: opened 0 blocks and 1 log segments
I20260608 10:06:39.188947  2963 data_dirs.cc:400] Could only allocate 1 dirs of requested 3 for tablet 1d7a0fa1d0a044baa0b82f2982013251. 1 dirs total, 0 dirs full, 0 dirs failed
I20260608 10:06:39.195739  2968 tablet_bootstrap.cc:492] T 949f3abc35ad4155ba65fa3e1e2e3706 P 2082bb294fc84c2fb4c912cb92223146: Bootstrap starting.
I20260608 10:06:39.201550  2965 tablet_copy_client.cc:806] T 25e4fd05cabf4646be1b4bc35346b279 P 2082bb294fc84c2fb4c912cb92223146: tablet copy: Starting download of 0 data blocks...
I20260608 10:06:39.202183  2965 tablet_copy_client.cc:670] T 25e4fd05cabf4646be1b4bc35346b279 P 2082bb294fc84c2fb4c912cb92223146: tablet copy: Starting download of 1 WAL segments...
I20260608 10:06:39.207476  2965 tablet_copy_client.cc:538] T 25e4fd05cabf4646be1b4bc35346b279 P 2082bb294fc84c2fb4c912cb92223146: tablet copy: Tablet Copy complete. Replacing tablet superblock.
I20260608 10:06:39.217316  2965 tablet_bootstrap.cc:492] T 25e4fd05cabf4646be1b4bc35346b279 P 2082bb294fc84c2fb4c912cb92223146: Bootstrap starting.
I20260608 10:06:39.225440  2963 tablet_copy_client.cc:806] T 1d7a0fa1d0a044baa0b82f2982013251 P 2082bb294fc84c2fb4c912cb92223146: tablet copy: Starting download of 0 data blocks...
I20260608 10:06:39.226101  2963 tablet_copy_client.cc:670] T 1d7a0fa1d0a044baa0b82f2982013251 P 2082bb294fc84c2fb4c912cb92223146: tablet copy: Starting download of 1 WAL segments...
I20260608 10:06:39.241709  2963 tablet_copy_client.cc:538] T 1d7a0fa1d0a044baa0b82f2982013251 P 2082bb294fc84c2fb4c912cb92223146: tablet copy: Tablet Copy complete. Replacing tablet superblock.
I20260608 10:06:39.257992  2968 tablet_bootstrap.cc:492] T 949f3abc35ad4155ba65fa3e1e2e3706 P 2082bb294fc84c2fb4c912cb92223146: Bootstrap replayed 1/1 log segments. Stats: ops{read=2 overwritten=0 applied=2 ignored=0} inserts{seen=0 ignored=0} mutations{seen=0 ignored=0} orphaned_commits=0. Pending: 0 replicates
I20260608 10:06:39.259078  2968 tablet_bootstrap.cc:492] T 949f3abc35ad4155ba65fa3e1e2e3706 P 2082bb294fc84c2fb4c912cb92223146: Bootstrap complete.
I20260608 10:06:39.259829  2968 ts_tablet_manager.cc:1403] T 949f3abc35ad4155ba65fa3e1e2e3706 P 2082bb294fc84c2fb4c912cb92223146: Time spent bootstrapping tablet: real 0.064s	user 0.032s	sys 0.004s
I20260608 10:06:39.263502  2968 raft_consensus.cc:359] T 949f3abc35ad4155ba65fa3e1e2e3706 P 2082bb294fc84c2fb4c912cb92223146 [term 1 LEARNER]: Replica starting. Triggering 0 pending ops. Active config: opid_index: 2 OBSOLETE_local: false peers { permanent_uuid: "ffc34c6f5d294fbf88b2a1eda0cd2ea8" member_type: VOTER last_known_addr { host: "127.31.65.2" port: 46329 } } peers { permanent_uuid: "467cc8fd938a4eac9184d4f9bd80f48c" member_type: VOTER last_known_addr { host: "127.31.65.1" port: 36487 } attrs { replace: true } } peers { permanent_uuid: "313658895781405cbc9c6a574eba6552" member_type: VOTER last_known_addr { host: "127.31.65.3" port: 41573 } } peers { permanent_uuid: "2082bb294fc84c2fb4c912cb92223146" member_type: NON_VOTER last_known_addr { host: "127.31.65.4" port: 44039 } attrs { promote: true } }
I20260608 10:06:39.264545  2968 raft_consensus.cc:740] T 949f3abc35ad4155ba65fa3e1e2e3706 P 2082bb294fc84c2fb4c912cb92223146 [term 1 LEARNER]: Becoming Follower/Learner. State: Replica: 2082bb294fc84c2fb4c912cb92223146, State: Initialized, Role: LEARNER
I20260608 10:06:39.259699  2963 tablet_bootstrap.cc:492] T 1d7a0fa1d0a044baa0b82f2982013251 P 2082bb294fc84c2fb4c912cb92223146: Bootstrap starting.
I20260608 10:06:39.270417  2468 auto_leader_rebalancer.cc:140] leader rebalance for table range_aware_rebalance_new_range
I20260608 10:06:39.265350  2968 consensus_queue.cc:260] T 949f3abc35ad4155ba65fa3e1e2e3706 P 2082bb294fc84c2fb4c912cb92223146 [NON_LEADER]: Queue going to NON_LEADER mode. State: All replicated index: 0, Majority replicated index: 0, Committed index: 2, Last appended: 1.2, Last appended by leader: 2, Current term: 0, Majority size: -1, State: 0, Mode: NON_LEADER, active raft config: opid_index: 2 OBSOLETE_local: false peers { permanent_uuid: "ffc34c6f5d294fbf88b2a1eda0cd2ea8" member_type: VOTER last_known_addr { host: "127.31.65.2" port: 46329 } } peers { permanent_uuid: "467cc8fd938a4eac9184d4f9bd80f48c" member_type: VOTER last_known_addr { host: "127.31.65.1" port: 36487 } attrs { replace: true } } peers { permanent_uuid: "313658895781405cbc9c6a574eba6552" member_type: VOTER last_known_addr { host: "127.31.65.3" port: 41573 } } peers { permanent_uuid: "2082bb294fc84c2fb4c912cb92223146" member_type: NON_VOTER last_known_addr { host: "127.31.65.4" port: 44039 } attrs { promote: true } }
I20260608 10:06:39.274658  2968 ts_tablet_manager.cc:1434] T 949f3abc35ad4155ba65fa3e1e2e3706 P 2082bb294fc84c2fb4c912cb92223146: Time spent starting tablet: real 0.014s	user 0.008s	sys 0.004s
I20260608 10:06:39.276953  2676 tablet_copy_service.cc:342] P 313658895781405cbc9c6a574eba6552: Request end of tablet copy session 2082bb294fc84c2fb4c912cb92223146-949f3abc35ad4155ba65fa3e1e2e3706 received from {username='slave'} at 127.0.0.1:38648
I20260608 10:06:39.277420  2676 tablet_copy_service.cc:434] P 313658895781405cbc9c6a574eba6552: ending tablet copy session 2082bb294fc84c2fb4c912cb92223146-949f3abc35ad4155ba65fa3e1e2e3706 on tablet 949f3abc35ad4155ba65fa3e1e2e3706 with peer 2082bb294fc84c2fb4c912cb92223146
I20260608 10:06:39.308867  2963 tablet_bootstrap.cc:492] T 1d7a0fa1d0a044baa0b82f2982013251 P 2082bb294fc84c2fb4c912cb92223146: Bootstrap replayed 1/1 log segments. Stats: ops{read=2 overwritten=0 applied=2 ignored=0} inserts{seen=0 ignored=0} mutations{seen=0 ignored=0} orphaned_commits=0. Pending: 0 replicates
I20260608 10:06:39.309983  2963 tablet_bootstrap.cc:492] T 1d7a0fa1d0a044baa0b82f2982013251 P 2082bb294fc84c2fb4c912cb92223146: Bootstrap complete.
I20260608 10:06:39.309055  2965 tablet_bootstrap.cc:492] T 25e4fd05cabf4646be1b4bc35346b279 P 2082bb294fc84c2fb4c912cb92223146: Bootstrap replayed 1/1 log segments. Stats: ops{read=2 overwritten=0 applied=2 ignored=0} inserts{seen=0 ignored=0} mutations{seen=0 ignored=0} orphaned_commits=0. Pending: 0 replicates
I20260608 10:06:39.312767  2965 tablet_bootstrap.cc:492] T 25e4fd05cabf4646be1b4bc35346b279 P 2082bb294fc84c2fb4c912cb92223146: Bootstrap complete.
I20260608 10:06:39.313619  2965 ts_tablet_manager.cc:1403] T 25e4fd05cabf4646be1b4bc35346b279 P 2082bb294fc84c2fb4c912cb92223146: Time spent bootstrapping tablet: real 0.097s	user 0.035s	sys 0.006s
I20260608 10:06:39.310736  2963 ts_tablet_manager.cc:1403] T 1d7a0fa1d0a044baa0b82f2982013251 P 2082bb294fc84c2fb4c912cb92223146: Time spent bootstrapping tablet: real 0.051s	user 0.024s	sys 0.012s
I20260608 10:06:39.326174  2965 raft_consensus.cc:359] T 25e4fd05cabf4646be1b4bc35346b279 P 2082bb294fc84c2fb4c912cb92223146 [term 1 LEARNER]: Replica starting. Triggering 0 pending ops. Active config: opid_index: 2 OBSOLETE_local: false peers { permanent_uuid: "467cc8fd938a4eac9184d4f9bd80f48c" member_type: VOTER last_known_addr { host: "127.31.65.1" port: 36487 } } peers { permanent_uuid: "ffc34c6f5d294fbf88b2a1eda0cd2ea8" member_type: VOTER last_known_addr { host: "127.31.65.2" port: 46329 } attrs { replace: true } } peers { permanent_uuid: "313658895781405cbc9c6a574eba6552" member_type: VOTER last_known_addr { host: "127.31.65.3" port: 41573 } } peers { permanent_uuid: "2082bb294fc84c2fb4c912cb92223146" member_type: NON_VOTER last_known_addr { host: "127.31.65.4" port: 44039 } attrs { promote: true } }
I20260608 10:06:39.327529  2965 raft_consensus.cc:740] T 25e4fd05cabf4646be1b4bc35346b279 P 2082bb294fc84c2fb4c912cb92223146 [term 1 LEARNER]: Becoming Follower/Learner. State: Replica: 2082bb294fc84c2fb4c912cb92223146, State: Initialized, Role: LEARNER
I20260608 10:06:39.328881  2965 consensus_queue.cc:260] T 25e4fd05cabf4646be1b4bc35346b279 P 2082bb294fc84c2fb4c912cb92223146 [NON_LEADER]: Queue going to NON_LEADER mode. State: All replicated index: 0, Majority replicated index: 0, Committed index: 2, Last appended: 1.2, Last appended by leader: 2, Current term: 0, Majority size: -1, State: 0, Mode: NON_LEADER, active raft config: opid_index: 2 OBSOLETE_local: false peers { permanent_uuid: "467cc8fd938a4eac9184d4f9bd80f48c" member_type: VOTER last_known_addr { host: "127.31.65.1" port: 36487 } } peers { permanent_uuid: "ffc34c6f5d294fbf88b2a1eda0cd2ea8" member_type: VOTER last_known_addr { host: "127.31.65.2" port: 46329 } attrs { replace: true } } peers { permanent_uuid: "313658895781405cbc9c6a574eba6552" member_type: VOTER last_known_addr { host: "127.31.65.3" port: 41573 } } peers { permanent_uuid: "2082bb294fc84c2fb4c912cb92223146" member_type: NON_VOTER last_known_addr { host: "127.31.65.4" port: 44039 } attrs { promote: true } }
I20260608 10:06:39.333849  2965 ts_tablet_manager.cc:1434] T 25e4fd05cabf4646be1b4bc35346b279 P 2082bb294fc84c2fb4c912cb92223146: Time spent starting tablet: real 0.013s	user 0.009s	sys 0.001s
I20260608 10:06:39.336230  2527 tablet_copy_service.cc:342] P 467cc8fd938a4eac9184d4f9bd80f48c: Request end of tablet copy session 2082bb294fc84c2fb4c912cb92223146-25e4fd05cabf4646be1b4bc35346b279 received from {username='slave'} at 127.0.0.1:47802
I20260608 10:06:39.336753  2527 tablet_copy_service.cc:434] P 467cc8fd938a4eac9184d4f9bd80f48c: ending tablet copy session 2082bb294fc84c2fb4c912cb92223146-25e4fd05cabf4646be1b4bc35346b279 on tablet 25e4fd05cabf4646be1b4bc35346b279 with peer 2082bb294fc84c2fb4c912cb92223146
I20260608 10:06:39.336513  2963 raft_consensus.cc:359] T 1d7a0fa1d0a044baa0b82f2982013251 P 2082bb294fc84c2fb4c912cb92223146 [term 1 LEARNER]: Replica starting. Triggering 0 pending ops. Active config: opid_index: 2 OBSOLETE_local: false peers { permanent_uuid: "467cc8fd938a4eac9184d4f9bd80f48c" member_type: VOTER last_known_addr { host: "127.31.65.1" port: 36487 } } peers { permanent_uuid: "ffc34c6f5d294fbf88b2a1eda0cd2ea8" member_type: VOTER last_known_addr { host: "127.31.65.2" port: 46329 } } peers { permanent_uuid: "313658895781405cbc9c6a574eba6552" member_type: VOTER last_known_addr { host: "127.31.65.3" port: 41573 } attrs { replace: true } } peers { permanent_uuid: "2082bb294fc84c2fb4c912cb92223146" member_type: NON_VOTER last_known_addr { host: "127.31.65.4" port: 44039 } attrs { promote: true } }
I20260608 10:06:39.337407  2963 raft_consensus.cc:740] T 1d7a0fa1d0a044baa0b82f2982013251 P 2082bb294fc84c2fb4c912cb92223146 [term 1 LEARNER]: Becoming Follower/Learner. State: Replica: 2082bb294fc84c2fb4c912cb92223146, State: Initialized, Role: LEARNER
I20260608 10:06:39.338179  2963 consensus_queue.cc:260] T 1d7a0fa1d0a044baa0b82f2982013251 P 2082bb294fc84c2fb4c912cb92223146 [NON_LEADER]: Queue going to NON_LEADER mode. State: All replicated index: 0, Majority replicated index: 0, Committed index: 2, Last appended: 1.2, Last appended by leader: 2, Current term: 0, Majority size: -1, State: 0, Mode: NON_LEADER, active raft config: opid_index: 2 OBSOLETE_local: false peers { permanent_uuid: "467cc8fd938a4eac9184d4f9bd80f48c" member_type: VOTER last_known_addr { host: "127.31.65.1" port: 36487 } } peers { permanent_uuid: "ffc34c6f5d294fbf88b2a1eda0cd2ea8" member_type: VOTER last_known_addr { host: "127.31.65.2" port: 46329 } } peers { permanent_uuid: "313658895781405cbc9c6a574eba6552" member_type: VOTER last_known_addr { host: "127.31.65.3" port: 41573 } attrs { replace: true } } peers { permanent_uuid: "2082bb294fc84c2fb4c912cb92223146" member_type: NON_VOTER last_known_addr { host: "127.31.65.4" port: 44039 } attrs { promote: true } }
I20260608 10:06:39.341055  2963 ts_tablet_manager.cc:1434] T 1d7a0fa1d0a044baa0b82f2982013251 P 2082bb294fc84c2fb4c912cb92223146: Time spent starting tablet: real 0.020s	user 0.007s	sys 0.001s
I20260608 10:06:39.345448  2527 tablet_copy_service.cc:342] P 467cc8fd938a4eac9184d4f9bd80f48c: Request end of tablet copy session 2082bb294fc84c2fb4c912cb92223146-1d7a0fa1d0a044baa0b82f2982013251 received from {username='slave'} at 127.0.0.1:47802
I20260608 10:06:39.345952  2527 tablet_copy_service.cc:434] P 467cc8fd938a4eac9184d4f9bd80f48c: ending tablet copy session 2082bb294fc84c2fb4c912cb92223146-1d7a0fa1d0a044baa0b82f2982013251 on tablet 1d7a0fa1d0a044baa0b82f2982013251 with peer 2082bb294fc84c2fb4c912cb92223146
I20260608 10:06:39.381273  2516 tablet_service.cc:2072] Received LeaderStepDown RPC: tablet_id: "021da3d9ffe5400bb7db69388ad5f9a7"
dest_uuid: "467cc8fd938a4eac9184d4f9bd80f48c"
mode: GRACEFUL
new_leader_uuid: "ffc34c6f5d294fbf88b2a1eda0cd2ea8"
 from {username='slave'} at 127.0.0.1:47818
I20260608 10:06:39.382036  2516 raft_consensus.cc:606] T 021da3d9ffe5400bb7db69388ad5f9a7 P 467cc8fd938a4eac9184d4f9bd80f48c [term 1 LEADER]: Received request to transfer leadership to TS ffc34c6f5d294fbf88b2a1eda0cd2ea8
I20260608 10:06:39.398095  2825 raft_consensus.cc:1217] T f0bb5e1dff6f48c7aab054ed270b3a7b P 2082bb294fc84c2fb4c912cb92223146 [term 1 LEARNER]: Deduplicated request from leader. Original: 1.1->[1.2-1.2]   Dedup: 1.2->[]
I20260608 10:06:39.409742  2664 tablet_service.cc:2072] Received LeaderStepDown RPC: tablet_id: "34f91a8ffa36453c88ec7a086808c21d"
dest_uuid: "313658895781405cbc9c6a574eba6552"
mode: GRACEFUL
new_leader_uuid: "2082bb294fc84c2fb4c912cb92223146"
 from {username='slave'} at 127.0.0.1:38670
I20260608 10:06:39.410338  2664 raft_consensus.cc:606] T 34f91a8ffa36453c88ec7a086808c21d P 313658895781405cbc9c6a574eba6552 [term 1 LEADER]: Received request to transfer leadership to TS 2082bb294fc84c2fb4c912cb92223146
I20260608 10:06:39.413661  2516 tablet_service.cc:2072] Received LeaderStepDown RPC: tablet_id: "56b351ba1ee04aff8359e8bd0542a85f"
dest_uuid: "467cc8fd938a4eac9184d4f9bd80f48c"
mode: GRACEFUL
new_leader_uuid: "ffc34c6f5d294fbf88b2a1eda0cd2ea8"
 from {username='slave'} at 127.0.0.1:47818
I20260608 10:06:39.414278  2516 raft_consensus.cc:606] T 56b351ba1ee04aff8359e8bd0542a85f P 467cc8fd938a4eac9184d4f9bd80f48c [term 1 LEADER]: Received request to transfer leadership to TS ffc34c6f5d294fbf88b2a1eda0cd2ea8
I20260608 10:06:39.417531  2516 tablet_service.cc:2072] Received LeaderStepDown RPC: tablet_id: "a9664cbe767f43bda35f09b4ce063b18"
dest_uuid: "467cc8fd938a4eac9184d4f9bd80f48c"
mode: GRACEFUL
new_leader_uuid: "ffc34c6f5d294fbf88b2a1eda0cd2ea8"
 from {username='slave'} at 127.0.0.1:47818
I20260608 10:06:39.418198  2516 raft_consensus.cc:606] T a9664cbe767f43bda35f09b4ce063b18 P 467cc8fd938a4eac9184d4f9bd80f48c [term 1 LEADER]: Received request to transfer leadership to TS ffc34c6f5d294fbf88b2a1eda0cd2ea8
I20260608 10:06:39.419724  2468 auto_leader_rebalancer.cc:388] table: range_aware_rebalance_new_range, leader rebalance finish, leader transfer count: 4
I20260608 10:06:39.420553  2468 auto_leader_rebalancer.cc:451] All tables' leader rebalancing finished this round
I20260608 10:06:39.439181  2825 raft_consensus.cc:1217] T 949f3abc35ad4155ba65fa3e1e2e3706 P 2082bb294fc84c2fb4c912cb92223146 [term 1 LEARNER]: Deduplicated request from leader. Original: 1.1->[1.2-1.2]   Dedup: 1.2->[]
I20260608 10:06:39.496354  2825 raft_consensus.cc:1217] T 1d7a0fa1d0a044baa0b82f2982013251 P 2082bb294fc84c2fb4c912cb92223146 [term 1 LEARNER]: Deduplicated request from leader. Original: 1.1->[1.2-1.2]   Dedup: 1.2->[]
I20260608 10:06:39.508569  2909 raft_consensus.cc:993] T 021da3d9ffe5400bb7db69388ad5f9a7 P 467cc8fd938a4eac9184d4f9bd80f48c: : Instructing follower ffc34c6f5d294fbf88b2a1eda0cd2ea8 to start an election
I20260608 10:06:39.509119  2762 raft_consensus.cc:1081] T 021da3d9ffe5400bb7db69388ad5f9a7 P 467cc8fd938a4eac9184d4f9bd80f48c [term 1 LEADER]: Signalling peer ffc34c6f5d294fbf88b2a1eda0cd2ea8 to start an election
I20260608 10:06:39.511593  2592 tablet_service.cc:2044] Received Run Leader Election RPC: tablet_id: "021da3d9ffe5400bb7db69388ad5f9a7"
dest_uuid: "ffc34c6f5d294fbf88b2a1eda0cd2ea8"
 from {username='slave'} at 127.0.0.1:51652
I20260608 10:06:39.512271  2592 raft_consensus.cc:493] T 021da3d9ffe5400bb7db69388ad5f9a7 P ffc34c6f5d294fbf88b2a1eda0cd2ea8 [term 1 FOLLOWER]: Starting forced leader election (received explicit request)
I20260608 10:06:39.512853  2592 raft_consensus.cc:3060] T 021da3d9ffe5400bb7db69388ad5f9a7 P ffc34c6f5d294fbf88b2a1eda0cd2ea8 [term 1 FOLLOWER]: Advancing to term 2
I20260608 10:06:39.521170  2592 raft_consensus.cc:515] T 021da3d9ffe5400bb7db69388ad5f9a7 P ffc34c6f5d294fbf88b2a1eda0cd2ea8 [term 2 FOLLOWER]: Starting forced leader election with config: opid_index: -1 OBSOLETE_local: false peers { permanent_uuid: "ffc34c6f5d294fbf88b2a1eda0cd2ea8" member_type: VOTER last_known_addr { host: "127.31.65.2" port: 46329 } } peers { permanent_uuid: "2082bb294fc84c2fb4c912cb92223146" member_type: VOTER last_known_addr { host: "127.31.65.4" port: 44039 } } peers { permanent_uuid: "467cc8fd938a4eac9184d4f9bd80f48c" member_type: VOTER last_known_addr { host: "127.31.65.1" port: 36487 } }
I20260608 10:06:39.525465  2825 tablet_service.cc:1917] Received RequestConsensusVote() RPC: tablet_id: "021da3d9ffe5400bb7db69388ad5f9a7" candidate_uuid: "ffc34c6f5d294fbf88b2a1eda0cd2ea8" candidate_term: 2 candidate_status { last_received { term: 1 index: 1 } } ignore_live_leader: true dest_uuid: "2082bb294fc84c2fb4c912cb92223146"
I20260608 10:06:39.526186  2825 raft_consensus.cc:3060] T 021da3d9ffe5400bb7db69388ad5f9a7 P 2082bb294fc84c2fb4c912cb92223146 [term 1 FOLLOWER]: Advancing to term 2
I20260608 10:06:39.527925  2592 leader_election.cc:290] T 021da3d9ffe5400bb7db69388ad5f9a7 P ffc34c6f5d294fbf88b2a1eda0cd2ea8 [CANDIDATE]: Term 2 election: Requested vote from peers 2082bb294fc84c2fb4c912cb92223146 (127.31.65.4:44039), 467cc8fd938a4eac9184d4f9bd80f48c (127.31.65.1:36487)
I20260608 10:06:39.530570  2516 tablet_service.cc:1917] Received RequestConsensusVote() RPC: tablet_id: "021da3d9ffe5400bb7db69388ad5f9a7" candidate_uuid: "ffc34c6f5d294fbf88b2a1eda0cd2ea8" candidate_term: 2 candidate_status { last_received { term: 1 index: 1 } } ignore_live_leader: true dest_uuid: "467cc8fd938a4eac9184d4f9bd80f48c"
I20260608 10:06:39.531212  2516 raft_consensus.cc:3055] T 021da3d9ffe5400bb7db69388ad5f9a7 P 467cc8fd938a4eac9184d4f9bd80f48c [term 1 LEADER]: Stepping down as leader of term 1
I20260608 10:06:39.531560  2516 raft_consensus.cc:740] T 021da3d9ffe5400bb7db69388ad5f9a7 P 467cc8fd938a4eac9184d4f9bd80f48c [term 1 LEADER]: Becoming Follower/Learner. State: Replica: 467cc8fd938a4eac9184d4f9bd80f48c, State: Running, Role: LEADER
I20260608 10:06:39.532620  2516 consensus_queue.cc:260] T 021da3d9ffe5400bb7db69388ad5f9a7 P 467cc8fd938a4eac9184d4f9bd80f48c [NON_LEADER]: Queue going to NON_LEADER mode. State: All replicated index: 0, Majority replicated index: 1, Committed index: 1, Last appended: 1.1, Last appended by leader: 1, Current term: 1, Majority size: -1, State: 0, Mode: NON_LEADER, active raft config: opid_index: -1 OBSOLETE_local: false peers { permanent_uuid: "ffc34c6f5d294fbf88b2a1eda0cd2ea8" member_type: VOTER last_known_addr { host: "127.31.65.2" port: 46329 } } peers { permanent_uuid: "2082bb294fc84c2fb4c912cb92223146" member_type: VOTER last_known_addr { host: "127.31.65.4" port: 44039 } } peers { permanent_uuid: "467cc8fd938a4eac9184d4f9bd80f48c" member_type: VOTER last_known_addr { host: "127.31.65.1" port: 36487 } }
I20260608 10:06:39.534235  2516 raft_consensus.cc:3060] T 021da3d9ffe5400bb7db69388ad5f9a7 P 467cc8fd938a4eac9184d4f9bd80f48c [term 1 FOLLOWER]: Advancing to term 2
I20260608 10:06:39.538091  2825 raft_consensus.cc:2468] T 021da3d9ffe5400bb7db69388ad5f9a7 P 2082bb294fc84c2fb4c912cb92223146 [term 2 FOLLOWER]: Leader election vote request: Granting yes vote for candidate ffc34c6f5d294fbf88b2a1eda0cd2ea8 in term 2.
I20260608 10:06:39.539877  2555 leader_election.cc:304] T 021da3d9ffe5400bb7db69388ad5f9a7 P ffc34c6f5d294fbf88b2a1eda0cd2ea8 [CANDIDATE]: Term 2 election: Election decided. Result: candidate won. Election summary: received 2 responses out of 3 voters: 2 yes votes; 0 no votes. yes voters: 2082bb294fc84c2fb4c912cb92223146, ffc34c6f5d294fbf88b2a1eda0cd2ea8; no voters: 
I20260608 10:06:39.540954  2976 raft_consensus.cc:2804] T 021da3d9ffe5400bb7db69388ad5f9a7 P ffc34c6f5d294fbf88b2a1eda0cd2ea8 [term 2 FOLLOWER]: Leader election won for term 2
I20260608 10:06:39.541507  2976 raft_consensus.cc:697] T 021da3d9ffe5400bb7db69388ad5f9a7 P ffc34c6f5d294fbf88b2a1eda0cd2ea8 [term 2 LEADER]: Becoming Leader. State: Replica: ffc34c6f5d294fbf88b2a1eda0cd2ea8, State: Running, Role: LEADER
I20260608 10:06:39.542440  2976 consensus_queue.cc:237] T 021da3d9ffe5400bb7db69388ad5f9a7 P ffc34c6f5d294fbf88b2a1eda0cd2ea8 [LEADER]: Queue going to LEADER mode. State: All replicated index: 0, Majority replicated index: 1, Committed index: 1, Last appended: 1.1, Last appended by leader: 1, Current term: 2, Majority size: 2, State: 0, Mode: LEADER, active raft config: opid_index: -1 OBSOLETE_local: false peers { permanent_uuid: "ffc34c6f5d294fbf88b2a1eda0cd2ea8" member_type: VOTER last_known_addr { host: "127.31.65.2" port: 46329 } } peers { permanent_uuid: "2082bb294fc84c2fb4c912cb92223146" member_type: VOTER last_known_addr { host: "127.31.65.4" port: 44039 } } peers { permanent_uuid: "467cc8fd938a4eac9184d4f9bd80f48c" member_type: VOTER last_known_addr { host: "127.31.65.1" port: 36487 } }
I20260608 10:06:39.547890  2762 raft_consensus.cc:993] T a9664cbe767f43bda35f09b4ce063b18 P 467cc8fd938a4eac9184d4f9bd80f48c: : Instructing follower ffc34c6f5d294fbf88b2a1eda0cd2ea8 to start an election
I20260608 10:06:39.548439  2978 raft_consensus.cc:1081] T a9664cbe767f43bda35f09b4ce063b18 P 467cc8fd938a4eac9184d4f9bd80f48c [term 1 LEADER]: Signalling peer ffc34c6f5d294fbf88b2a1eda0cd2ea8 to start an election
I20260608 10:06:39.550676  2590 tablet_service.cc:2044] Received Run Leader Election RPC: tablet_id: "a9664cbe767f43bda35f09b4ce063b18"
dest_uuid: "ffc34c6f5d294fbf88b2a1eda0cd2ea8"
 from {username='slave'} at 127.0.0.1:51652
I20260608 10:06:39.551290  2590 raft_consensus.cc:493] T a9664cbe767f43bda35f09b4ce063b18 P ffc34c6f5d294fbf88b2a1eda0cd2ea8 [term 1 FOLLOWER]: Starting forced leader election (received explicit request)
I20260608 10:06:39.551681  2590 raft_consensus.cc:3060] T a9664cbe767f43bda35f09b4ce063b18 P ffc34c6f5d294fbf88b2a1eda0cd2ea8 [term 1 FOLLOWER]: Advancing to term 2
I20260608 10:06:39.549085  2516 raft_consensus.cc:2468] T 021da3d9ffe5400bb7db69388ad5f9a7 P 467cc8fd938a4eac9184d4f9bd80f48c [term 2 FOLLOWER]: Leader election vote request: Granting yes vote for candidate ffc34c6f5d294fbf88b2a1eda0cd2ea8 in term 2.
I20260608 10:06:39.559896  2590 raft_consensus.cc:515] T a9664cbe767f43bda35f09b4ce063b18 P ffc34c6f5d294fbf88b2a1eda0cd2ea8 [term 2 FOLLOWER]: Starting forced leader election with config: opid_index: -1 OBSOLETE_local: false peers { permanent_uuid: "2082bb294fc84c2fb4c912cb92223146" member_type: VOTER last_known_addr { host: "127.31.65.4" port: 44039 } } peers { permanent_uuid: "467cc8fd938a4eac9184d4f9bd80f48c" member_type: VOTER last_known_addr { host: "127.31.65.1" port: 36487 } } peers { permanent_uuid: "ffc34c6f5d294fbf88b2a1eda0cd2ea8" member_type: VOTER last_known_addr { host: "127.31.65.2" port: 46329 } }
I20260608 10:06:39.569463  2516 tablet_service.cc:1917] Received RequestConsensusVote() RPC: tablet_id: "a9664cbe767f43bda35f09b4ce063b18" candidate_uuid: "ffc34c6f5d294fbf88b2a1eda0cd2ea8" candidate_term: 2 candidate_status { last_received { term: 1 index: 1 } } ignore_live_leader: true dest_uuid: "467cc8fd938a4eac9184d4f9bd80f48c"
I20260608 10:06:39.571111  2825 tablet_service.cc:1917] Received RequestConsensusVote() RPC: tablet_id: "a9664cbe767f43bda35f09b4ce063b18" candidate_uuid: "ffc34c6f5d294fbf88b2a1eda0cd2ea8" candidate_term: 2 candidate_status { last_received { term: 1 index: 1 } } ignore_live_leader: true dest_uuid: "2082bb294fc84c2fb4c912cb92223146"
I20260608 10:06:39.571851  2825 raft_consensus.cc:3060] T a9664cbe767f43bda35f09b4ce063b18 P 2082bb294fc84c2fb4c912cb92223146 [term 1 FOLLOWER]: Advancing to term 2
I20260608 10:06:39.573446  2414 catalog_manager.cc:5696] T 021da3d9ffe5400bb7db69388ad5f9a7 P ffc34c6f5d294fbf88b2a1eda0cd2ea8 reported cstate change: term changed from 1 to 2, leader changed from 467cc8fd938a4eac9184d4f9bd80f48c (127.31.65.1) to ffc34c6f5d294fbf88b2a1eda0cd2ea8 (127.31.65.2). New cstate: current_term: 2 leader_uuid: "ffc34c6f5d294fbf88b2a1eda0cd2ea8" committed_config { opid_index: -1 OBSOLETE_local: false peers { permanent_uuid: "ffc34c6f5d294fbf88b2a1eda0cd2ea8" member_type: VOTER last_known_addr { host: "127.31.65.2" port: 46329 } health_report { overall_health: HEALTHY } } peers { permanent_uuid: "2082bb294fc84c2fb4c912cb92223146" member_type: VOTER last_known_addr { host: "127.31.65.4" port: 44039 } health_report { overall_health: UNKNOWN } } peers { permanent_uuid: "467cc8fd938a4eac9184d4f9bd80f48c" member_type: VOTER last_known_addr { host: "127.31.65.1" port: 36487 } health_report { overall_health: UNKNOWN } } }
I20260608 10:06:39.570294  2516 raft_consensus.cc:3055] T a9664cbe767f43bda35f09b4ce063b18 P 467cc8fd938a4eac9184d4f9bd80f48c [term 1 LEADER]: Stepping down as leader of term 1
I20260608 10:06:39.577131  2516 raft_consensus.cc:740] T a9664cbe767f43bda35f09b4ce063b18 P 467cc8fd938a4eac9184d4f9bd80f48c [term 1 LEADER]: Becoming Follower/Learner. State: Replica: 467cc8fd938a4eac9184d4f9bd80f48c, State: Running, Role: LEADER
I20260608 10:06:39.578902  2516 consensus_queue.cc:260] T a9664cbe767f43bda35f09b4ce063b18 P 467cc8fd938a4eac9184d4f9bd80f48c [NON_LEADER]: Queue going to NON_LEADER mode. State: All replicated index: 0, Majority replicated index: 1, Committed index: 1, Last appended: 1.1, Last appended by leader: 1, Current term: 1, Majority size: -1, State: 0, Mode: NON_LEADER, active raft config: opid_index: -1 OBSOLETE_local: false peers { permanent_uuid: "2082bb294fc84c2fb4c912cb92223146" member_type: VOTER last_known_addr { host: "127.31.65.4" port: 44039 } } peers { permanent_uuid: "467cc8fd938a4eac9184d4f9bd80f48c" member_type: VOTER last_known_addr { host: "127.31.65.1" port: 36487 } } peers { permanent_uuid: "ffc34c6f5d294fbf88b2a1eda0cd2ea8" member_type: VOTER last_known_addr { host: "127.31.65.2" port: 46329 } }
I20260608 10:06:39.580884  2825 raft_consensus.cc:2468] T a9664cbe767f43bda35f09b4ce063b18 P 2082bb294fc84c2fb4c912cb92223146 [term 2 FOLLOWER]: Leader election vote request: Granting yes vote for candidate ffc34c6f5d294fbf88b2a1eda0cd2ea8 in term 2.
I20260608 10:06:39.581609  2516 raft_consensus.cc:3060] T a9664cbe767f43bda35f09b4ce063b18 P 467cc8fd938a4eac9184d4f9bd80f48c [term 1 FOLLOWER]: Advancing to term 2
I20260608 10:06:39.582437  2555 leader_election.cc:304] T a9664cbe767f43bda35f09b4ce063b18 P ffc34c6f5d294fbf88b2a1eda0cd2ea8 [CANDIDATE]: Term 2 election: Election decided. Result: candidate won. Election summary: received 2 responses out of 3 voters: 2 yes votes; 0 no votes. yes voters: 2082bb294fc84c2fb4c912cb92223146, ffc34c6f5d294fbf88b2a1eda0cd2ea8; no voters: 
I20260608 10:06:39.579846  2590 leader_election.cc:290] T a9664cbe767f43bda35f09b4ce063b18 P ffc34c6f5d294fbf88b2a1eda0cd2ea8 [CANDIDATE]: Term 2 election: Requested vote from peers 2082bb294fc84c2fb4c912cb92223146 (127.31.65.4:44039), 467cc8fd938a4eac9184d4f9bd80f48c (127.31.65.1:36487)
I20260608 10:06:39.583674  2976 raft_consensus.cc:2804] T a9664cbe767f43bda35f09b4ce063b18 P ffc34c6f5d294fbf88b2a1eda0cd2ea8 [term 2 FOLLOWER]: Leader election won for term 2
I20260608 10:06:39.584210  2976 raft_consensus.cc:697] T a9664cbe767f43bda35f09b4ce063b18 P ffc34c6f5d294fbf88b2a1eda0cd2ea8 [term 2 LEADER]: Becoming Leader. State: Replica: ffc34c6f5d294fbf88b2a1eda0cd2ea8, State: Running, Role: LEADER
I20260608 10:06:39.585157  2976 consensus_queue.cc:237] T a9664cbe767f43bda35f09b4ce063b18 P ffc34c6f5d294fbf88b2a1eda0cd2ea8 [LEADER]: Queue going to LEADER mode. State: All replicated index: 0, Majority replicated index: 1, Committed index: 1, Last appended: 1.1, Last appended by leader: 1, Current term: 2, Majority size: 2, State: 0, Mode: LEADER, active raft config: opid_index: -1 OBSOLETE_local: false peers { permanent_uuid: "2082bb294fc84c2fb4c912cb92223146" member_type: VOTER last_known_addr { host: "127.31.65.4" port: 44039 } } peers { permanent_uuid: "467cc8fd938a4eac9184d4f9bd80f48c" member_type: VOTER last_known_addr { host: "127.31.65.1" port: 36487 } } peers { permanent_uuid: "ffc34c6f5d294fbf88b2a1eda0cd2ea8" member_type: VOTER last_known_addr { host: "127.31.65.2" port: 46329 } }
I20260608 10:06:39.605257  2516 raft_consensus.cc:2468] T a9664cbe767f43bda35f09b4ce063b18 P 467cc8fd938a4eac9184d4f9bd80f48c [term 2 FOLLOWER]: Leader election vote request: Granting yes vote for candidate ffc34c6f5d294fbf88b2a1eda0cd2ea8 in term 2.
I20260608 10:06:39.613776  2825 raft_consensus.cc:1217] T 25e4fd05cabf4646be1b4bc35346b279 P 2082bb294fc84c2fb4c912cb92223146 [term 1 LEARNER]: Deduplicated request from leader. Original: 1.1->[1.2-1.2]   Dedup: 1.2->[]
I20260608 10:06:39.624898  2413 catalog_manager.cc:5696] T a9664cbe767f43bda35f09b4ce063b18 P ffc34c6f5d294fbf88b2a1eda0cd2ea8 reported cstate change: term changed from 1 to 2, leader changed from 467cc8fd938a4eac9184d4f9bd80f48c (127.31.65.1) to ffc34c6f5d294fbf88b2a1eda0cd2ea8 (127.31.65.2). New cstate: current_term: 2 leader_uuid: "ffc34c6f5d294fbf88b2a1eda0cd2ea8" committed_config { opid_index: -1 OBSOLETE_local: false peers { permanent_uuid: "2082bb294fc84c2fb4c912cb92223146" member_type: VOTER last_known_addr { host: "127.31.65.4" port: 44039 } health_report { overall_health: UNKNOWN } } peers { permanent_uuid: "467cc8fd938a4eac9184d4f9bd80f48c" member_type: VOTER last_known_addr { host: "127.31.65.1" port: 36487 } health_report { overall_health: UNKNOWN } } peers { permanent_uuid: "ffc34c6f5d294fbf88b2a1eda0cd2ea8" member_type: VOTER last_known_addr { host: "127.31.65.2" port: 46329 } health_report { overall_health: HEALTHY } } }
I20260608 10:06:39.796204  2981 raft_consensus.cc:993] T 34f91a8ffa36453c88ec7a086808c21d P 313658895781405cbc9c6a574eba6552: : Instructing follower 2082bb294fc84c2fb4c912cb92223146 to start an election
I20260608 10:06:39.796759  2901 raft_consensus.cc:1081] T 34f91a8ffa36453c88ec7a086808c21d P 313658895781405cbc9c6a574eba6552 [term 1 LEADER]: Signalling peer 2082bb294fc84c2fb4c912cb92223146 to start an election
I20260608 10:06:39.798584  2825 tablet_service.cc:2044] Received Run Leader Election RPC: tablet_id: "34f91a8ffa36453c88ec7a086808c21d"
dest_uuid: "2082bb294fc84c2fb4c912cb92223146"
 from {username='slave'} at 127.0.0.1:44402
I20260608 10:06:39.799214  2825 raft_consensus.cc:493] T 34f91a8ffa36453c88ec7a086808c21d P 2082bb294fc84c2fb4c912cb92223146 [term 1 FOLLOWER]: Starting forced leader election (received explicit request)
I20260608 10:06:39.799615  2825 raft_consensus.cc:3060] T 34f91a8ffa36453c88ec7a086808c21d P 2082bb294fc84c2fb4c912cb92223146 [term 1 FOLLOWER]: Advancing to term 2
I20260608 10:06:39.808687  2825 raft_consensus.cc:515] T 34f91a8ffa36453c88ec7a086808c21d P 2082bb294fc84c2fb4c912cb92223146 [term 2 FOLLOWER]: Starting forced leader election with config: opid_index: -1 OBSOLETE_local: false peers { permanent_uuid: "313658895781405cbc9c6a574eba6552" member_type: VOTER last_known_addr { host: "127.31.65.3" port: 41573 } } peers { permanent_uuid: "2082bb294fc84c2fb4c912cb92223146" member_type: VOTER last_known_addr { host: "127.31.65.4" port: 44039 } } peers { permanent_uuid: "467cc8fd938a4eac9184d4f9bd80f48c" member_type: VOTER last_known_addr { host: "127.31.65.1" port: 36487 } }
I20260608 10:06:39.811319  2825 leader_election.cc:290] T 34f91a8ffa36453c88ec7a086808c21d P 2082bb294fc84c2fb4c912cb92223146 [CANDIDATE]: Term 2 election: Requested vote from peers 313658895781405cbc9c6a574eba6552 (127.31.65.3:41573), 467cc8fd938a4eac9184d4f9bd80f48c (127.31.65.1:36487)
I20260608 10:06:39.812132  2664 tablet_service.cc:1917] Received RequestConsensusVote() RPC: tablet_id: "34f91a8ffa36453c88ec7a086808c21d" candidate_uuid: "2082bb294fc84c2fb4c912cb92223146" candidate_term: 2 candidate_status { last_received { term: 1 index: 1 } } ignore_live_leader: true dest_uuid: "313658895781405cbc9c6a574eba6552"
I20260608 10:06:39.812794  2664 raft_consensus.cc:3055] T 34f91a8ffa36453c88ec7a086808c21d P 313658895781405cbc9c6a574eba6552 [term 1 LEADER]: Stepping down as leader of term 1
I20260608 10:06:39.813126  2664 raft_consensus.cc:740] T 34f91a8ffa36453c88ec7a086808c21d P 313658895781405cbc9c6a574eba6552 [term 1 LEADER]: Becoming Follower/Learner. State: Replica: 313658895781405cbc9c6a574eba6552, State: Running, Role: LEADER
I20260608 10:06:39.813961  2664 consensus_queue.cc:260] T 34f91a8ffa36453c88ec7a086808c21d P 313658895781405cbc9c6a574eba6552 [NON_LEADER]: Queue going to NON_LEADER mode. State: All replicated index: 0, Majority replicated index: 1, Committed index: 1, Last appended: 1.1, Last appended by leader: 1, Current term: 1, Majority size: -1, State: 0, Mode: NON_LEADER, active raft config: opid_index: -1 OBSOLETE_local: false peers { permanent_uuid: "313658895781405cbc9c6a574eba6552" member_type: VOTER last_known_addr { host: "127.31.65.3" port: 41573 } } peers { permanent_uuid: "2082bb294fc84c2fb4c912cb92223146" member_type: VOTER last_known_addr { host: "127.31.65.4" port: 44039 } } peers { permanent_uuid: "467cc8fd938a4eac9184d4f9bd80f48c" member_type: VOTER last_known_addr { host: "127.31.65.1" port: 36487 } }
I20260608 10:06:39.815275  2664 raft_consensus.cc:3060] T 34f91a8ffa36453c88ec7a086808c21d P 313658895781405cbc9c6a574eba6552 [term 1 FOLLOWER]: Advancing to term 2
I20260608 10:06:39.818302  2516 tablet_service.cc:1917] Received RequestConsensusVote() RPC: tablet_id: "34f91a8ffa36453c88ec7a086808c21d" candidate_uuid: "2082bb294fc84c2fb4c912cb92223146" candidate_term: 2 candidate_status { last_received { term: 1 index: 1 } } ignore_live_leader: true dest_uuid: "467cc8fd938a4eac9184d4f9bd80f48c"
I20260608 10:06:39.819022  2516 raft_consensus.cc:3060] T 34f91a8ffa36453c88ec7a086808c21d P 467cc8fd938a4eac9184d4f9bd80f48c [term 1 FOLLOWER]: Advancing to term 2
I20260608 10:06:39.823467  2664 raft_consensus.cc:2468] T 34f91a8ffa36453c88ec7a086808c21d P 313658895781405cbc9c6a574eba6552 [term 2 FOLLOWER]: Leader election vote request: Granting yes vote for candidate 2082bb294fc84c2fb4c912cb92223146 in term 2.
I20260608 10:06:39.825364  2789 leader_election.cc:304] T 34f91a8ffa36453c88ec7a086808c21d P 2082bb294fc84c2fb4c912cb92223146 [CANDIDATE]: Term 2 election: Election decided. Result: candidate won. Election summary: received 2 responses out of 3 voters: 2 yes votes; 0 no votes. yes voters: 2082bb294fc84c2fb4c912cb92223146, 313658895781405cbc9c6a574eba6552; no voters: 
I20260608 10:06:39.826457  2960 raft_consensus.cc:2804] T 34f91a8ffa36453c88ec7a086808c21d P 2082bb294fc84c2fb4c912cb92223146 [term 2 FOLLOWER]: Leader election won for term 2
I20260608 10:06:39.837285  2516 raft_consensus.cc:2468] T 34f91a8ffa36453c88ec7a086808c21d P 467cc8fd938a4eac9184d4f9bd80f48c [term 2 FOLLOWER]: Leader election vote request: Granting yes vote for candidate 2082bb294fc84c2fb4c912cb92223146 in term 2.
I20260608 10:06:39.837561  2960 raft_consensus.cc:697] T 34f91a8ffa36453c88ec7a086808c21d P 2082bb294fc84c2fb4c912cb92223146 [term 2 LEADER]: Becoming Leader. State: Replica: 2082bb294fc84c2fb4c912cb92223146, State: Running, Role: LEADER
I20260608 10:06:39.838683  2960 consensus_queue.cc:237] T 34f91a8ffa36453c88ec7a086808c21d P 2082bb294fc84c2fb4c912cb92223146 [LEADER]: Queue going to LEADER mode. State: All replicated index: 0, Majority replicated index: 1, Committed index: 1, Last appended: 1.1, Last appended by leader: 1, Current term: 2, Majority size: 2, State: 0, Mode: LEADER, active raft config: opid_index: -1 OBSOLETE_local: false peers { permanent_uuid: "313658895781405cbc9c6a574eba6552" member_type: VOTER last_known_addr { host: "127.31.65.3" port: 41573 } } peers { permanent_uuid: "2082bb294fc84c2fb4c912cb92223146" member_type: VOTER last_known_addr { host: "127.31.65.4" port: 44039 } } peers { permanent_uuid: "467cc8fd938a4eac9184d4f9bd80f48c" member_type: VOTER last_known_addr { host: "127.31.65.1" port: 36487 } }
I20260608 10:06:39.849139  2413 catalog_manager.cc:5696] T 34f91a8ffa36453c88ec7a086808c21d P 2082bb294fc84c2fb4c912cb92223146 reported cstate change: term changed from 1 to 2, leader changed from 313658895781405cbc9c6a574eba6552 (127.31.65.3) to 2082bb294fc84c2fb4c912cb92223146 (127.31.65.4). New cstate: current_term: 2 leader_uuid: "2082bb294fc84c2fb4c912cb92223146" committed_config { opid_index: -1 OBSOLETE_local: false peers { permanent_uuid: "313658895781405cbc9c6a574eba6552" member_type: VOTER last_known_addr { host: "127.31.65.3" port: 41573 } health_report { overall_health: UNKNOWN } } peers { permanent_uuid: "2082bb294fc84c2fb4c912cb92223146" member_type: VOTER last_known_addr { host: "127.31.65.4" port: 44039 } health_report { overall_health: HEALTHY } } peers { permanent_uuid: "467cc8fd938a4eac9184d4f9bd80f48c" member_type: VOTER last_known_addr { host: "127.31.65.1" port: 36487 } health_report { overall_health: UNKNOWN } } }
I20260608 10:06:39.929077  2978 raft_consensus.cc:993] T 56b351ba1ee04aff8359e8bd0542a85f P 467cc8fd938a4eac9184d4f9bd80f48c: : Instructing follower ffc34c6f5d294fbf88b2a1eda0cd2ea8 to start an election
I20260608 10:06:39.930902  2762 raft_consensus.cc:1081] T 56b351ba1ee04aff8359e8bd0542a85f P 467cc8fd938a4eac9184d4f9bd80f48c [term 1 LEADER]: Signalling peer ffc34c6f5d294fbf88b2a1eda0cd2ea8 to start an election
I20260608 10:06:39.933595  2590 tablet_service.cc:2044] Received Run Leader Election RPC: tablet_id: "56b351ba1ee04aff8359e8bd0542a85f"
dest_uuid: "ffc34c6f5d294fbf88b2a1eda0cd2ea8"
 from {username='slave'} at 127.0.0.1:51652
I20260608 10:06:39.934388  2590 raft_consensus.cc:493] T 56b351ba1ee04aff8359e8bd0542a85f P ffc34c6f5d294fbf88b2a1eda0cd2ea8 [term 1 FOLLOWER]: Starting forced leader election (received explicit request)
I20260608 10:06:39.934890  2590 raft_consensus.cc:3060] T 56b351ba1ee04aff8359e8bd0542a85f P ffc34c6f5d294fbf88b2a1eda0cd2ea8 [term 1 FOLLOWER]: Advancing to term 2
I20260608 10:06:39.947647  2516 raft_consensus.cc:1275] T 021da3d9ffe5400bb7db69388ad5f9a7 P 467cc8fd938a4eac9184d4f9bd80f48c [term 2 FOLLOWER]: Refusing update from remote peer ffc34c6f5d294fbf88b2a1eda0cd2ea8: Log matching property violated. Preceding OpId in replica: term: 1 index: 1. Preceding OpId from leader: term: 2 index: 2. (index mismatch)
I20260608 10:06:39.949671  2977 consensus_queue.cc:1048] T 021da3d9ffe5400bb7db69388ad5f9a7 P ffc34c6f5d294fbf88b2a1eda0cd2ea8 [LEADER]: Connected to new peer: Peer: permanent_uuid: "467cc8fd938a4eac9184d4f9bd80f48c" member_type: VOTER last_known_addr { host: "127.31.65.1" port: 36487 }, Status: LMP_MISMATCH, Last received: 0.0, Next index: 2, Last known committed idx: 1, Time since last communication: 0.001s
I20260608 10:06:39.949733  2590 raft_consensus.cc:515] T 56b351ba1ee04aff8359e8bd0542a85f P ffc34c6f5d294fbf88b2a1eda0cd2ea8 [term 2 FOLLOWER]: Starting forced leader election with config: opid_index: -1 OBSOLETE_local: false peers { permanent_uuid: "ffc34c6f5d294fbf88b2a1eda0cd2ea8" member_type: VOTER last_known_addr { host: "127.31.65.2" port: 46329 } } peers { permanent_uuid: "467cc8fd938a4eac9184d4f9bd80f48c" member_type: VOTER last_known_addr { host: "127.31.65.1" port: 36487 } } peers { permanent_uuid: "313658895781405cbc9c6a574eba6552" member_type: VOTER last_known_addr { host: "127.31.65.3" port: 41573 } }
I20260608 10:06:39.955772  2762 raft_consensus.cc:1064] T 1d7a0fa1d0a044baa0b82f2982013251 P 467cc8fd938a4eac9184d4f9bd80f48c: attempting to promote NON_VOTER 2082bb294fc84c2fb4c912cb92223146 to VOTER
I20260608 10:06:39.956364  2515 tablet_service.cc:1917] Received RequestConsensusVote() RPC: tablet_id: "56b351ba1ee04aff8359e8bd0542a85f" candidate_uuid: "ffc34c6f5d294fbf88b2a1eda0cd2ea8" candidate_term: 2 candidate_status { last_received { term: 1 index: 1 } } ignore_live_leader: true dest_uuid: "467cc8fd938a4eac9184d4f9bd80f48c"
I20260608 10:06:39.957096  2515 raft_consensus.cc:3055] T 56b351ba1ee04aff8359e8bd0542a85f P 467cc8fd938a4eac9184d4f9bd80f48c [term 1 LEADER]: Stepping down as leader of term 1
I20260608 10:06:39.957475  2515 raft_consensus.cc:740] T 56b351ba1ee04aff8359e8bd0542a85f P 467cc8fd938a4eac9184d4f9bd80f48c [term 1 LEADER]: Becoming Follower/Learner. State: Replica: 467cc8fd938a4eac9184d4f9bd80f48c, State: Running, Role: LEADER
I20260608 10:06:39.958273  2762 consensus_queue.cc:237] T 1d7a0fa1d0a044baa0b82f2982013251 P 467cc8fd938a4eac9184d4f9bd80f48c [LEADER]: Queue going to LEADER mode. State: All replicated index: 0, Majority replicated index: 2, Committed index: 2, Last appended: 1.2, Last appended by leader: 0, Current term: 1, Majority size: 3, State: 0, Mode: LEADER, active raft config: opid_index: 3 OBSOLETE_local: false peers { permanent_uuid: "467cc8fd938a4eac9184d4f9bd80f48c" member_type: VOTER last_known_addr { host: "127.31.65.1" port: 36487 } } peers { permanent_uuid: "ffc34c6f5d294fbf88b2a1eda0cd2ea8" member_type: VOTER last_known_addr { host: "127.31.65.2" port: 46329 } } peers { permanent_uuid: "313658895781405cbc9c6a574eba6552" member_type: VOTER last_known_addr { host: "127.31.65.3" port: 41573 } attrs { replace: true } } peers { permanent_uuid: "2082bb294fc84c2fb4c912cb92223146" member_type: VOTER last_known_addr { host: "127.31.65.4" port: 44039 } attrs { promote: false } }
I20260608 10:06:39.958449  2515 consensus_queue.cc:260] T 56b351ba1ee04aff8359e8bd0542a85f P 467cc8fd938a4eac9184d4f9bd80f48c [NON_LEADER]: Queue going to NON_LEADER mode. State: All replicated index: 0, Majority replicated index: 1, Committed index: 1, Last appended: 1.1, Last appended by leader: 1, Current term: 1, Majority size: -1, State: 0, Mode: NON_LEADER, active raft config: opid_index: -1 OBSOLETE_local: false peers { permanent_uuid: "ffc34c6f5d294fbf88b2a1eda0cd2ea8" member_type: VOTER last_known_addr { host: "127.31.65.2" port: 46329 } } peers { permanent_uuid: "467cc8fd938a4eac9184d4f9bd80f48c" member_type: VOTER last_known_addr { host: "127.31.65.1" port: 36487 } } peers { permanent_uuid: "313658895781405cbc9c6a574eba6552" member_type: VOTER last_known_addr { host: "127.31.65.3" port: 41573 } }
I20260608 10:06:39.959795  2515 raft_consensus.cc:3060] T 56b351ba1ee04aff8359e8bd0542a85f P 467cc8fd938a4eac9184d4f9bd80f48c [term 1 FOLLOWER]: Advancing to term 2
I20260608 10:06:39.978833  2515 raft_consensus.cc:2468] T 56b351ba1ee04aff8359e8bd0542a85f P 467cc8fd938a4eac9184d4f9bd80f48c [term 2 FOLLOWER]: Leader election vote request: Granting yes vote for candidate ffc34c6f5d294fbf88b2a1eda0cd2ea8 in term 2.
I20260608 10:06:39.981346  2901 raft_consensus.cc:1064] T 949f3abc35ad4155ba65fa3e1e2e3706 P 313658895781405cbc9c6a574eba6552: attempting to promote NON_VOTER 2082bb294fc84c2fb4c912cb92223146 to VOTER
I20260608 10:06:39.985322  2590 leader_election.cc:290] T 56b351ba1ee04aff8359e8bd0542a85f P ffc34c6f5d294fbf88b2a1eda0cd2ea8 [CANDIDATE]: Term 2 election: Requested vote from peers 467cc8fd938a4eac9184d4f9bd80f48c (127.31.65.1:36487), 313658895781405cbc9c6a574eba6552 (127.31.65.3:41573)
I20260608 10:06:39.984277  2664 tablet_service.cc:1917] Received RequestConsensusVote() RPC: tablet_id: "56b351ba1ee04aff8359e8bd0542a85f" candidate_uuid: "ffc34c6f5d294fbf88b2a1eda0cd2ea8" candidate_term: 2 candidate_status { last_received { term: 1 index: 1 } } ignore_live_leader: true dest_uuid: "313658895781405cbc9c6a574eba6552"
I20260608 10:06:39.987491  2664 raft_consensus.cc:3060] T 56b351ba1ee04aff8359e8bd0542a85f P 313658895781405cbc9c6a574eba6552 [term 1 FOLLOWER]: Advancing to term 2
I20260608 10:06:39.987592  2901 consensus_queue.cc:237] T 949f3abc35ad4155ba65fa3e1e2e3706 P 313658895781405cbc9c6a574eba6552 [LEADER]: Queue going to LEADER mode. State: All replicated index: 0, Majority replicated index: 2, Committed index: 2, Last appended: 1.2, Last appended by leader: 0, Current term: 1, Majority size: 3, State: 0, Mode: LEADER, active raft config: opid_index: 3 OBSOLETE_local: false peers { permanent_uuid: "ffc34c6f5d294fbf88b2a1eda0cd2ea8" member_type: VOTER last_known_addr { host: "127.31.65.2" port: 46329 } } peers { permanent_uuid: "467cc8fd938a4eac9184d4f9bd80f48c" member_type: VOTER last_known_addr { host: "127.31.65.1" port: 36487 } attrs { replace: true } } peers { permanent_uuid: "313658895781405cbc9c6a574eba6552" member_type: VOTER last_known_addr { host: "127.31.65.3" port: 41573 } } peers { permanent_uuid: "2082bb294fc84c2fb4c912cb92223146" member_type: VOTER last_known_addr { host: "127.31.65.4" port: 44039 } attrs { promote: false } }
I20260608 10:06:39.991915  2555 leader_election.cc:304] T 56b351ba1ee04aff8359e8bd0542a85f P ffc34c6f5d294fbf88b2a1eda0cd2ea8 [CANDIDATE]: Term 2 election: Election decided. Result: candidate won. Election summary: received 2 responses out of 3 voters: 2 yes votes; 0 no votes. yes voters: 467cc8fd938a4eac9184d4f9bd80f48c, ffc34c6f5d294fbf88b2a1eda0cd2ea8; no voters: 
I20260608 10:06:39.992998  2977 raft_consensus.cc:2804] T 56b351ba1ee04aff8359e8bd0542a85f P ffc34c6f5d294fbf88b2a1eda0cd2ea8 [term 2 FOLLOWER]: Leader election won for term 2
I20260608 10:06:39.993568  2977 raft_consensus.cc:697] T 56b351ba1ee04aff8359e8bd0542a85f P ffc34c6f5d294fbf88b2a1eda0cd2ea8 [term 2 LEADER]: Becoming Leader. State: Replica: ffc34c6f5d294fbf88b2a1eda0cd2ea8, State: Running, Role: LEADER
I20260608 10:06:39.994472  2977 consensus_queue.cc:237] T 56b351ba1ee04aff8359e8bd0542a85f P ffc34c6f5d294fbf88b2a1eda0cd2ea8 [LEADER]: Queue going to LEADER mode. State: All replicated index: 0, Majority replicated index: 1, Committed index: 1, Last appended: 1.1, Last appended by leader: 1, Current term: 2, Majority size: 2, State: 0, Mode: LEADER, active raft config: opid_index: -1 OBSOLETE_local: false peers { permanent_uuid: "ffc34c6f5d294fbf88b2a1eda0cd2ea8" member_type: VOTER last_known_addr { host: "127.31.65.2" port: 46329 } } peers { permanent_uuid: "467cc8fd938a4eac9184d4f9bd80f48c" member_type: VOTER last_known_addr { host: "127.31.65.1" port: 36487 } } peers { permanent_uuid: "313658895781405cbc9c6a574eba6552" member_type: VOTER last_known_addr { host: "127.31.65.3" port: 41573 } }
