I20260608 10:05:20.017498   399 consensus_queue.cc:260] T eebb667179d248d682fd58778b75eec1 P a181c591d4984be2a6295357eb79e6d6 [NON_LEADER]: Queue going to NON_LEADER mode. State: All replicated index: 0, Majority replicated index: 0, Committed index: 0, Last appended: 0.0, Last appended by leader: 0, Current term: 0, Majority size: -1, State: 0, Mode: NON_LEADER, active raft config: opid_index: -1 OBSOLETE_local: false peers { permanent_uuid: "cfe71a988f1b460e8c70d9b4997b2900" member_type: VOTER last_known_addr { host: "127.31.65.1" port: 42839 } } peers { permanent_uuid: "a181c591d4984be2a6295357eb79e6d6" member_type: VOTER last_known_addr { host: "127.31.65.2" port: 45581 } } peers { permanent_uuid: "596675a15c6848c38077404b28c95eaa" member_type: VOTER last_known_addr { host: "127.31.65.3" port: 37455 } }
I20260608 10:05:20.019433   400 ts_tablet_manager.cc:1434] T 5ad1439ee9f14fb4b0462ba97f179a68 P cfe71a988f1b460e8c70d9b4997b2900: Time spent starting tablet: real 0.008s	user 0.010s	sys 0.000s
I20260608 10:05:20.020164   399 ts_tablet_manager.cc:1434] T eebb667179d248d682fd58778b75eec1 P a181c591d4984be2a6295357eb79e6d6: Time spent starting tablet: real 0.007s	user 0.006s	sys 0.000s
I20260608 10:05:20.021188   399 tablet_bootstrap.cc:492] T 0c38392ebce7470f923309cf91d18654 P a181c591d4984be2a6295357eb79e6d6: Bootstrap starting.
I20260608 10:05:20.022778   400 tablet_bootstrap.cc:492] T 3d22e0030e0d4483a3cfca1d24633198 P cfe71a988f1b460e8c70d9b4997b2900: Bootstrap starting.
I20260608 10:05:20.027850   399 tablet_bootstrap.cc:654] T 0c38392ebce7470f923309cf91d18654 P a181c591d4984be2a6295357eb79e6d6: Neither blocks nor log segments found. Creating new log.
I20260608 10:05:20.029608   400 tablet_bootstrap.cc:654] T 3d22e0030e0d4483a3cfca1d24633198 P cfe71a988f1b460e8c70d9b4997b2900: Neither blocks nor log segments found. Creating new log.
I20260608 10:05:20.033824   401 ts_tablet_manager.cc:1434] T 711475b1e5314ba482d07b7e2a05bb35 P 596675a15c6848c38077404b28c95eaa: Time spent starting tablet: real 0.025s	user 0.009s	sys 0.000s
I20260608 10:05:20.041296   403 raft_consensus.cc:493] T c33e9fd9c57d49cc8c0dcc60f68633a0 P a181c591d4984be2a6295357eb79e6d6 [term 0 FOLLOWER]: Starting pre-election (no leader contacted us within the election timeout)
I20260608 10:05:20.041476   401 tablet_bootstrap.cc:492] T 5ad1439ee9f14fb4b0462ba97f179a68 P 596675a15c6848c38077404b28c95eaa: Bootstrap starting.
I20260608 10:05:20.042356   399 tablet_bootstrap.cc:492] T 0c38392ebce7470f923309cf91d18654 P a181c591d4984be2a6295357eb79e6d6: No bootstrap required, opened a new log
I20260608 10:05:20.041894   403 raft_consensus.cc:515] T c33e9fd9c57d49cc8c0dcc60f68633a0 P a181c591d4984be2a6295357eb79e6d6 [term 0 FOLLOWER]: Starting pre-election with config: opid_index: -1 OBSOLETE_local: false peers { permanent_uuid: "a181c591d4984be2a6295357eb79e6d6" member_type: VOTER last_known_addr { host: "127.31.65.2" port: 45581 } } peers { permanent_uuid: "cfe71a988f1b460e8c70d9b4997b2900" member_type: VOTER last_known_addr { host: "127.31.65.1" port: 42839 } } peers { permanent_uuid: "596675a15c6848c38077404b28c95eaa" member_type: VOTER last_known_addr { host: "127.31.65.3" port: 37455 } }
I20260608 10:05:20.042943   399 ts_tablet_manager.cc:1403] T 0c38392ebce7470f923309cf91d18654 P a181c591d4984be2a6295357eb79e6d6: Time spent bootstrapping tablet: real 0.022s	user 0.016s	sys 0.003s
I20260608 10:05:20.046885   400 tablet_bootstrap.cc:492] T 3d22e0030e0d4483a3cfca1d24633198 P cfe71a988f1b460e8c70d9b4997b2900: No bootstrap required, opened a new log
I20260608 10:05:20.046645   399 raft_consensus.cc:359] T 0c38392ebce7470f923309cf91d18654 P a181c591d4984be2a6295357eb79e6d6 [term 0 FOLLOWER]: Replica starting. Triggering 0 pending ops. Active config: opid_index: -1 OBSOLETE_local: false peers { permanent_uuid: "cfe71a988f1b460e8c70d9b4997b2900" member_type: VOTER last_known_addr { host: "127.31.65.1" port: 42839 } } peers { permanent_uuid: "a181c591d4984be2a6295357eb79e6d6" member_type: VOTER last_known_addr { host: "127.31.65.2" port: 45581 } } peers { permanent_uuid: "596675a15c6848c38077404b28c95eaa" member_type: VOTER last_known_addr { host: "127.31.65.3" port: 37455 } }
I20260608 10:05:20.047632   400 ts_tablet_manager.cc:1403] T 3d22e0030e0d4483a3cfca1d24633198 P cfe71a988f1b460e8c70d9b4997b2900: Time spent bootstrapping tablet: real 0.027s	user 0.012s	sys 0.007s
I20260608 10:05:20.047618   399 raft_consensus.cc:385] T 0c38392ebce7470f923309cf91d18654 P a181c591d4984be2a6295357eb79e6d6 [term 0 FOLLOWER]: Consensus starting up: Expiring failure detector timer to make a prompt election more likely
I20260608 10:05:20.048348   399 raft_consensus.cc:740] T 0c38392ebce7470f923309cf91d18654 P a181c591d4984be2a6295357eb79e6d6 [term 0 FOLLOWER]: Becoming Follower/Learner. State: Replica: a181c591d4984be2a6295357eb79e6d6, State: Initialized, Role: FOLLOWER
I20260608 10:05:20.049314   399 consensus_queue.cc:260] T 0c38392ebce7470f923309cf91d18654 P a181c591d4984be2a6295357eb79e6d6 [NON_LEADER]: Queue going to NON_LEADER mode. State: All replicated index: 0, Majority replicated index: 0, Committed index: 0, Last appended: 0.0, Last appended by leader: 0, Current term: 0, Majority size: -1, State: 0, Mode: NON_LEADER, active raft config: opid_index: -1 OBSOLETE_local: false peers { permanent_uuid: "cfe71a988f1b460e8c70d9b4997b2900" member_type: VOTER last_known_addr { host: "127.31.65.1" port: 42839 } } peers { permanent_uuid: "a181c591d4984be2a6295357eb79e6d6" member_type: VOTER last_known_addr { host: "127.31.65.2" port: 45581 } } peers { permanent_uuid: "596675a15c6848c38077404b28c95eaa" member_type: VOTER last_known_addr { host: "127.31.65.3" port: 37455 } }
I20260608 10:05:20.049922   401 tablet_bootstrap.cc:654] T 5ad1439ee9f14fb4b0462ba97f179a68 P 596675a15c6848c38077404b28c95eaa: Neither blocks nor log segments found. Creating new log.
I20260608 10:05:20.051795   400 raft_consensus.cc:359] T 3d22e0030e0d4483a3cfca1d24633198 P cfe71a988f1b460e8c70d9b4997b2900 [term 0 FOLLOWER]: Replica starting. Triggering 0 pending ops. Active config: opid_index: -1 OBSOLETE_local: false peers { permanent_uuid: "cfe71a988f1b460e8c70d9b4997b2900" member_type: VOTER last_known_addr { host: "127.31.65.1" port: 42839 } } peers { permanent_uuid: "a181c591d4984be2a6295357eb79e6d6" member_type: VOTER last_known_addr { host: "127.31.65.2" port: 45581 } } peers { permanent_uuid: "596675a15c6848c38077404b28c95eaa" member_type: VOTER last_known_addr { host: "127.31.65.3" port: 37455 } }
I20260608 10:05:20.053395   400 raft_consensus.cc:385] T 3d22e0030e0d4483a3cfca1d24633198 P cfe71a988f1b460e8c70d9b4997b2900 [term 0 FOLLOWER]: Consensus starting up: Expiring failure detector timer to make a prompt election more likely
I20260608 10:05:20.053905   400 raft_consensus.cc:740] T 3d22e0030e0d4483a3cfca1d24633198 P cfe71a988f1b460e8c70d9b4997b2900 [term 0 FOLLOWER]: Becoming Follower/Learner. State: Replica: cfe71a988f1b460e8c70d9b4997b2900, State: Initialized, Role: FOLLOWER
I20260608 10:05:20.055605   403 leader_election.cc:290] T c33e9fd9c57d49cc8c0dcc60f68633a0 P a181c591d4984be2a6295357eb79e6d6 [CANDIDATE]: Term 1 pre-election: Requested pre-vote from peers cfe71a988f1b460e8c70d9b4997b2900 (127.31.65.1:42839), 596675a15c6848c38077404b28c95eaa (127.31.65.3:37455)
I20260608 10:05:20.055193   400 consensus_queue.cc:260] T 3d22e0030e0d4483a3cfca1d24633198 P cfe71a988f1b460e8c70d9b4997b2900 [NON_LEADER]: Queue going to NON_LEADER mode. State: All replicated index: 0, Majority replicated index: 0, Committed index: 0, Last appended: 0.0, Last appended by leader: 0, Current term: 0, Majority size: -1, State: 0, Mode: NON_LEADER, active raft config: opid_index: -1 OBSOLETE_local: false peers { permanent_uuid: "cfe71a988f1b460e8c70d9b4997b2900" member_type: VOTER last_known_addr { host: "127.31.65.1" port: 42839 } } peers { permanent_uuid: "a181c591d4984be2a6295357eb79e6d6" member_type: VOTER last_known_addr { host: "127.31.65.2" port: 45581 } } peers { permanent_uuid: "596675a15c6848c38077404b28c95eaa" member_type: VOTER last_known_addr { host: "127.31.65.3" port: 37455 } }
I20260608 10:05:20.058116   400 ts_tablet_manager.cc:1434] T 3d22e0030e0d4483a3cfca1d24633198 P cfe71a988f1b460e8c70d9b4997b2900: Time spent starting tablet: real 0.010s	user 0.007s	sys 0.000s
I20260608 10:05:20.059209   400 tablet_bootstrap.cc:492] T eebb667179d248d682fd58778b75eec1 P cfe71a988f1b460e8c70d9b4997b2900: Bootstrap starting.
I20260608 10:05:20.060444   399 ts_tablet_manager.cc:1434] T 0c38392ebce7470f923309cf91d18654 P a181c591d4984be2a6295357eb79e6d6: Time spent starting tablet: real 0.017s	user 0.002s	sys 0.014s
I20260608 10:05:20.063796   401 tablet_bootstrap.cc:492] T 5ad1439ee9f14fb4b0462ba97f179a68 P 596675a15c6848c38077404b28c95eaa: No bootstrap required, opened a new log
I20260608 10:05:20.064348   401 ts_tablet_manager.cc:1403] T 5ad1439ee9f14fb4b0462ba97f179a68 P 596675a15c6848c38077404b28c95eaa: Time spent bootstrapping tablet: real 0.023s	user 0.011s	sys 0.008s
I20260608 10:05:20.066313   400 tablet_bootstrap.cc:654] T eebb667179d248d682fd58778b75eec1 P cfe71a988f1b460e8c70d9b4997b2900: Neither blocks nor log segments found. Creating new log.
I20260608 10:05:20.067641   401 raft_consensus.cc:359] T 5ad1439ee9f14fb4b0462ba97f179a68 P 596675a15c6848c38077404b28c95eaa [term 0 FOLLOWER]: Replica starting. Triggering 0 pending ops. Active config: opid_index: -1 OBSOLETE_local: false peers { permanent_uuid: "cfe71a988f1b460e8c70d9b4997b2900" member_type: VOTER last_known_addr { host: "127.31.65.1" port: 42839 } } peers { permanent_uuid: "a181c591d4984be2a6295357eb79e6d6" member_type: VOTER last_known_addr { host: "127.31.65.2" port: 45581 } } peers { permanent_uuid: "596675a15c6848c38077404b28c95eaa" member_type: VOTER last_known_addr { host: "127.31.65.3" port: 37455 } }
I20260608 10:05:20.068467   401 raft_consensus.cc:385] T 5ad1439ee9f14fb4b0462ba97f179a68 P 596675a15c6848c38077404b28c95eaa [term 0 FOLLOWER]: Consensus starting up: Expiring failure detector timer to make a prompt election more likely
I20260608 10:05:20.068801   401 raft_consensus.cc:740] T 5ad1439ee9f14fb4b0462ba97f179a68 P 596675a15c6848c38077404b28c95eaa [term 0 FOLLOWER]: Becoming Follower/Learner. State: Replica: 596675a15c6848c38077404b28c95eaa, State: Initialized, Role: FOLLOWER
I20260608 10:05:20.070147   399 tablet_bootstrap.cc:492] T 711475b1e5314ba482d07b7e2a05bb35 P a181c591d4984be2a6295357eb79e6d6: Bootstrap starting.
I20260608 10:05:20.070187   401 consensus_queue.cc:260] T 5ad1439ee9f14fb4b0462ba97f179a68 P 596675a15c6848c38077404b28c95eaa [NON_LEADER]: Queue going to NON_LEADER mode. State: All replicated index: 0, Majority replicated index: 0, Committed index: 0, Last appended: 0.0, Last appended by leader: 0, Current term: 0, Majority size: -1, State: 0, Mode: NON_LEADER, active raft config: opid_index: -1 OBSOLETE_local: false peers { permanent_uuid: "cfe71a988f1b460e8c70d9b4997b2900" member_type: VOTER last_known_addr { host: "127.31.65.1" port: 42839 } } peers { permanent_uuid: "a181c591d4984be2a6295357eb79e6d6" member_type: VOTER last_known_addr { host: "127.31.65.2" port: 45581 } } peers { permanent_uuid: "596675a15c6848c38077404b28c95eaa" member_type: VOTER last_known_addr { host: "127.31.65.3" port: 37455 } }
I20260608 10:05:20.074358   401 ts_tablet_manager.cc:1434] T 5ad1439ee9f14fb4b0462ba97f179a68 P 596675a15c6848c38077404b28c95eaa: Time spent starting tablet: real 0.010s	user 0.006s	sys 0.000s
I20260608 10:05:20.075503   401 tablet_bootstrap.cc:492] T 0c38392ebce7470f923309cf91d18654 P 596675a15c6848c38077404b28c95eaa: Bootstrap starting.
I20260608 10:05:20.078768   399 tablet_bootstrap.cc:654] T 711475b1e5314ba482d07b7e2a05bb35 P a181c591d4984be2a6295357eb79e6d6: Neither blocks nor log segments found. Creating new log.
I20260608 10:05:20.082679   401 tablet_bootstrap.cc:654] T 0c38392ebce7470f923309cf91d18654 P 596675a15c6848c38077404b28c95eaa: Neither blocks nor log segments found. Creating new log.
I20260608 10:05:20.095264   399 tablet_bootstrap.cc:492] T 711475b1e5314ba482d07b7e2a05bb35 P a181c591d4984be2a6295357eb79e6d6: No bootstrap required, opened a new log
I20260608 10:05:20.095870   399 ts_tablet_manager.cc:1403] T 711475b1e5314ba482d07b7e2a05bb35 P a181c591d4984be2a6295357eb79e6d6: Time spent bootstrapping tablet: real 0.026s	user 0.014s	sys 0.009s
I20260608 10:05:20.097810   401 tablet_bootstrap.cc:492] T 0c38392ebce7470f923309cf91d18654 P 596675a15c6848c38077404b28c95eaa: No bootstrap required, opened a new log
I20260608 10:05:20.098325   401 ts_tablet_manager.cc:1403] T 0c38392ebce7470f923309cf91d18654 P 596675a15c6848c38077404b28c95eaa: Time spent bootstrapping tablet: real 0.023s	user 0.015s	sys 0.000s
I20260608 10:05:20.098956   399 raft_consensus.cc:359] T 711475b1e5314ba482d07b7e2a05bb35 P a181c591d4984be2a6295357eb79e6d6 [term 0 FOLLOWER]: Replica starting. Triggering 0 pending ops. Active config: opid_index: -1 OBSOLETE_local: false peers { permanent_uuid: "cfe71a988f1b460e8c70d9b4997b2900" member_type: VOTER last_known_addr { host: "127.31.65.1" port: 42839 } } peers { permanent_uuid: "a181c591d4984be2a6295357eb79e6d6" member_type: VOTER last_known_addr { host: "127.31.65.2" port: 45581 } } peers { permanent_uuid: "596675a15c6848c38077404b28c95eaa" member_type: VOTER last_known_addr { host: "127.31.65.3" port: 37455 } }
I20260608 10:05:20.099761   399 raft_consensus.cc:385] T 711475b1e5314ba482d07b7e2a05bb35 P a181c591d4984be2a6295357eb79e6d6 [term 0 FOLLOWER]: Consensus starting up: Expiring failure detector timer to make a prompt election more likely
I20260608 10:05:20.100076   399 raft_consensus.cc:740] T 711475b1e5314ba482d07b7e2a05bb35 P a181c591d4984be2a6295357eb79e6d6 [term 0 FOLLOWER]: Becoming Follower/Learner. State: Replica: a181c591d4984be2a6295357eb79e6d6, State: Initialized, Role: FOLLOWER
I20260608 10:05:20.100874   399 consensus_queue.cc:260] T 711475b1e5314ba482d07b7e2a05bb35 P a181c591d4984be2a6295357eb79e6d6 [NON_LEADER]: Queue going to NON_LEADER mode. State: All replicated index: 0, Majority replicated index: 0, Committed index: 0, Last appended: 0.0, Last appended by leader: 0, Current term: 0, Majority size: -1, State: 0, Mode: NON_LEADER, active raft config: opid_index: -1 OBSOLETE_local: false peers { permanent_uuid: "cfe71a988f1b460e8c70d9b4997b2900" member_type: VOTER last_known_addr { host: "127.31.65.1" port: 42839 } } peers { permanent_uuid: "a181c591d4984be2a6295357eb79e6d6" member_type: VOTER last_known_addr { host: "127.31.65.2" port: 45581 } } peers { permanent_uuid: "596675a15c6848c38077404b28c95eaa" member_type: VOTER last_known_addr { host: "127.31.65.3" port: 37455 } }
I20260608 10:05:20.101421   401 raft_consensus.cc:359] T 0c38392ebce7470f923309cf91d18654 P 596675a15c6848c38077404b28c95eaa [term 0 FOLLOWER]: Replica starting. Triggering 0 pending ops. Active config: opid_index: -1 OBSOLETE_local: false peers { permanent_uuid: "cfe71a988f1b460e8c70d9b4997b2900" member_type: VOTER last_known_addr { host: "127.31.65.1" port: 42839 } } peers { permanent_uuid: "a181c591d4984be2a6295357eb79e6d6" member_type: VOTER last_known_addr { host: "127.31.65.2" port: 45581 } } peers { permanent_uuid: "596675a15c6848c38077404b28c95eaa" member_type: VOTER last_known_addr { host: "127.31.65.3" port: 37455 } }
I20260608 10:05:20.102113   401 raft_consensus.cc:385] T 0c38392ebce7470f923309cf91d18654 P 596675a15c6848c38077404b28c95eaa [term 0 FOLLOWER]: Consensus starting up: Expiring failure detector timer to make a prompt election more likely
I20260608 10:05:20.102427   401 raft_consensus.cc:740] T 0c38392ebce7470f923309cf91d18654 P 596675a15c6848c38077404b28c95eaa [term 0 FOLLOWER]: Becoming Follower/Learner. State: Replica: 596675a15c6848c38077404b28c95eaa, State: Initialized, Role: FOLLOWER
I20260608 10:05:20.103468   401 consensus_queue.cc:260] T 0c38392ebce7470f923309cf91d18654 P 596675a15c6848c38077404b28c95eaa [NON_LEADER]: Queue going to NON_LEADER mode. State: All replicated index: 0, Majority replicated index: 0, Committed index: 0, Last appended: 0.0, Last appended by leader: 0, Current term: 0, Majority size: -1, State: 0, Mode: NON_LEADER, active raft config: opid_index: -1 OBSOLETE_local: false peers { permanent_uuid: "cfe71a988f1b460e8c70d9b4997b2900" member_type: VOTER last_known_addr { host: "127.31.65.1" port: 42839 } } peers { permanent_uuid: "a181c591d4984be2a6295357eb79e6d6" member_type: VOTER last_known_addr { host: "127.31.65.2" port: 45581 } } peers { permanent_uuid: "596675a15c6848c38077404b28c95eaa" member_type: VOTER last_known_addr { host: "127.31.65.3" port: 37455 } }
I20260608 10:05:20.106009   401 ts_tablet_manager.cc:1434] T 0c38392ebce7470f923309cf91d18654 P 596675a15c6848c38077404b28c95eaa: Time spent starting tablet: real 0.007s	user 0.008s	sys 0.000s
I20260608 10:05:20.106582   399 ts_tablet_manager.cc:1434] T 711475b1e5314ba482d07b7e2a05bb35 P a181c591d4984be2a6295357eb79e6d6: Time spent starting tablet: real 0.010s	user 0.007s	sys 0.000s
I20260608 10:05:20.107128   401 tablet_bootstrap.cc:492] T 954040c4f6b347f0b7250a0a25036c4b P 596675a15c6848c38077404b28c95eaa: Bootstrap starting.
I20260608 10:05:20.107649   399 tablet_bootstrap.cc:492] T 5ad1439ee9f14fb4b0462ba97f179a68 P a181c591d4984be2a6295357eb79e6d6: Bootstrap starting.
I20260608 10:05:20.114919   401 tablet_bootstrap.cc:654] T 954040c4f6b347f0b7250a0a25036c4b P 596675a15c6848c38077404b28c95eaa: Neither blocks nor log segments found. Creating new log.
I20260608 10:05:20.115060   399 tablet_bootstrap.cc:654] T 5ad1439ee9f14fb4b0462ba97f179a68 P a181c591d4984be2a6295357eb79e6d6: Neither blocks nor log segments found. Creating new log.
I20260608 10:05:20.131263   400 tablet_bootstrap.cc:492] T eebb667179d248d682fd58778b75eec1 P cfe71a988f1b460e8c70d9b4997b2900: No bootstrap required, opened a new log
I20260608 10:05:20.132057   400 ts_tablet_manager.cc:1403] T eebb667179d248d682fd58778b75eec1 P cfe71a988f1b460e8c70d9b4997b2900: Time spent bootstrapping tablet: real 0.073s	user 0.022s	sys 0.029s
I20260608 10:05:20.137168   399 tablet_bootstrap.cc:492] T 5ad1439ee9f14fb4b0462ba97f179a68 P a181c591d4984be2a6295357eb79e6d6: No bootstrap required, opened a new log
I20260608 10:05:20.137748   399 ts_tablet_manager.cc:1403] T 5ad1439ee9f14fb4b0462ba97f179a68 P a181c591d4984be2a6295357eb79e6d6: Time spent bootstrapping tablet: real 0.030s	user 0.020s	sys 0.003s
I20260608 10:05:20.140466   403 raft_consensus.cc:493] T 711475b1e5314ba482d07b7e2a05bb35 P a181c591d4984be2a6295357eb79e6d6 [term 0 FOLLOWER]: Starting pre-election (no leader contacted us within the election timeout)
I20260608 10:05:20.141057   403 raft_consensus.cc:515] T 711475b1e5314ba482d07b7e2a05bb35 P a181c591d4984be2a6295357eb79e6d6 [term 0 FOLLOWER]: Starting pre-election with config: opid_index: -1 OBSOLETE_local: false peers { permanent_uuid: "cfe71a988f1b460e8c70d9b4997b2900" member_type: VOTER last_known_addr { host: "127.31.65.1" port: 42839 } } peers { permanent_uuid: "a181c591d4984be2a6295357eb79e6d6" member_type: VOTER last_known_addr { host: "127.31.65.2" port: 45581 } } peers { permanent_uuid: "596675a15c6848c38077404b28c95eaa" member_type: VOTER last_known_addr { host: "127.31.65.3" port: 37455 } }
I20260608 10:05:20.142012   399 raft_consensus.cc:359] T 5ad1439ee9f14fb4b0462ba97f179a68 P a181c591d4984be2a6295357eb79e6d6 [term 0 FOLLOWER]: Replica starting. Triggering 0 pending ops. Active config: opid_index: -1 OBSOLETE_local: false peers { permanent_uuid: "cfe71a988f1b460e8c70d9b4997b2900" member_type: VOTER last_known_addr { host: "127.31.65.1" port: 42839 } } peers { permanent_uuid: "a181c591d4984be2a6295357eb79e6d6" member_type: VOTER last_known_addr { host: "127.31.65.2" port: 45581 } } peers { permanent_uuid: "596675a15c6848c38077404b28c95eaa" member_type: VOTER last_known_addr { host: "127.31.65.3" port: 37455 } }
I20260608 10:05:20.142614   399 raft_consensus.cc:385] T 5ad1439ee9f14fb4b0462ba97f179a68 P a181c591d4984be2a6295357eb79e6d6 [term 0 FOLLOWER]: Consensus starting up: Expiring failure detector timer to make a prompt election more likely
I20260608 10:05:20.142867   399 raft_consensus.cc:740] T 5ad1439ee9f14fb4b0462ba97f179a68 P a181c591d4984be2a6295357eb79e6d6 [term 0 FOLLOWER]: Becoming Follower/Learner. State: Replica: a181c591d4984be2a6295357eb79e6d6, State: Initialized, Role: FOLLOWER
I20260608 10:05:20.143618   399 consensus_queue.cc:260] T 5ad1439ee9f14fb4b0462ba97f179a68 P a181c591d4984be2a6295357eb79e6d6 [NON_LEADER]: Queue going to NON_LEADER mode. State: All replicated index: 0, Majority replicated index: 0, Committed index: 0, Last appended: 0.0, Last appended by leader: 0, Current term: 0, Majority size: -1, State: 0, Mode: NON_LEADER, active raft config: opid_index: -1 OBSOLETE_local: false peers { permanent_uuid: "cfe71a988f1b460e8c70d9b4997b2900" member_type: VOTER last_known_addr { host: "127.31.65.1" port: 42839 } } peers { permanent_uuid: "a181c591d4984be2a6295357eb79e6d6" member_type: VOTER last_known_addr { host: "127.31.65.2" port: 45581 } } peers { permanent_uuid: "596675a15c6848c38077404b28c95eaa" member_type: VOTER last_known_addr { host: "127.31.65.3" port: 37455 } }
I20260608 10:05:20.144495   413 raft_consensus.cc:493] T 5ad1439ee9f14fb4b0462ba97f179a68 P a181c591d4984be2a6295357eb79e6d6 [term 0 FOLLOWER]: Starting pre-election (no leader contacted us within the election timeout)
I20260608 10:05:20.145064   413 raft_consensus.cc:515] T 5ad1439ee9f14fb4b0462ba97f179a68 P a181c591d4984be2a6295357eb79e6d6 [term 0 FOLLOWER]: Starting pre-election with config: opid_index: -1 OBSOLETE_local: false peers { permanent_uuid: "cfe71a988f1b460e8c70d9b4997b2900" member_type: VOTER last_known_addr { host: "127.31.65.1" port: 42839 } } peers { permanent_uuid: "a181c591d4984be2a6295357eb79e6d6" member_type: VOTER last_known_addr { host: "127.31.65.2" port: 45581 } } peers { permanent_uuid: "596675a15c6848c38077404b28c95eaa" member_type: VOTER last_known_addr { host: "127.31.65.3" port: 37455 } }
I20260608 10:05:20.146759   401 tablet_bootstrap.cc:492] T 954040c4f6b347f0b7250a0a25036c4b P 596675a15c6848c38077404b28c95eaa: No bootstrap required, opened a new log
I20260608 10:05:20.147293   401 ts_tablet_manager.cc:1403] T 954040c4f6b347f0b7250a0a25036c4b P 596675a15c6848c38077404b28c95eaa: Time spent bootstrapping tablet: real 0.040s	user 0.024s	sys 0.008s
I20260608 10:05:20.147501   413 leader_election.cc:290] T 5ad1439ee9f14fb4b0462ba97f179a68 P a181c591d4984be2a6295357eb79e6d6 [CANDIDATE]: Term 1 pre-election: Requested pre-vote from peers cfe71a988f1b460e8c70d9b4997b2900 (127.31.65.1:42839), 596675a15c6848c38077404b28c95eaa (127.31.65.3:37455)
I20260608 10:05:20.150750   399 ts_tablet_manager.cc:1434] T 5ad1439ee9f14fb4b0462ba97f179a68 P a181c591d4984be2a6295357eb79e6d6: Time spent starting tablet: real 0.013s	user 0.009s	sys 0.003s
I20260608 10:05:20.150373   401 raft_consensus.cc:359] T 954040c4f6b347f0b7250a0a25036c4b P 596675a15c6848c38077404b28c95eaa [term 0 FOLLOWER]: Replica starting. Triggering 0 pending ops. Active config: opid_index: -1 OBSOLETE_local: false peers { permanent_uuid: "cfe71a988f1b460e8c70d9b4997b2900" member_type: VOTER last_known_addr { host: "127.31.65.1" port: 42839 } } peers { permanent_uuid: "a181c591d4984be2a6295357eb79e6d6" member_type: VOTER last_known_addr { host: "127.31.65.2" port: 45581 } } peers { permanent_uuid: "596675a15c6848c38077404b28c95eaa" member_type: VOTER last_known_addr { host: "127.31.65.3" port: 37455 } }
I20260608 10:05:20.151319   401 raft_consensus.cc:385] T 954040c4f6b347f0b7250a0a25036c4b P 596675a15c6848c38077404b28c95eaa [term 0 FOLLOWER]: Consensus starting up: Expiring failure detector timer to make a prompt election more likely
I20260608 10:05:20.151654   401 raft_consensus.cc:740] T 954040c4f6b347f0b7250a0a25036c4b P 596675a15c6848c38077404b28c95eaa [term 0 FOLLOWER]: Becoming Follower/Learner. State: Replica: 596675a15c6848c38077404b28c95eaa, State: Initialized, Role: FOLLOWER
I20260608 10:05:20.151852   399 tablet_bootstrap.cc:492] T 3d22e0030e0d4483a3cfca1d24633198 P a181c591d4984be2a6295357eb79e6d6: Bootstrap starting.
I20260608 10:05:20.151751   353 tablet_service.cc:1917] Received RequestConsensusVote() RPC: tablet_id: "711475b1e5314ba482d07b7e2a05bb35" candidate_uuid: "a181c591d4984be2a6295357eb79e6d6" candidate_term: 1 candidate_status { last_received { term: 0 index: 0 } } ignore_live_leader: false dest_uuid: "596675a15c6848c38077404b28c95eaa" is_pre_election: true
I20260608 10:05:20.152542   353 raft_consensus.cc:2468] T 711475b1e5314ba482d07b7e2a05bb35 P 596675a15c6848c38077404b28c95eaa [term 0 FOLLOWER]: Leader pre-election vote request: Granting yes vote for candidate a181c591d4984be2a6295357eb79e6d6 in term 0.
I20260608 10:05:20.152659   401 consensus_queue.cc:260] T 954040c4f6b347f0b7250a0a25036c4b P 596675a15c6848c38077404b28c95eaa [NON_LEADER]: Queue going to NON_LEADER mode. State: All replicated index: 0, Majority replicated index: 0, Committed index: 0, Last appended: 0.0, Last appended by leader: 0, Current term: 0, Majority size: -1, State: 0, Mode: NON_LEADER, active raft config: opid_index: -1 OBSOLETE_local: false peers { permanent_uuid: "cfe71a988f1b460e8c70d9b4997b2900" member_type: VOTER last_known_addr { host: "127.31.65.1" port: 42839 } } peers { permanent_uuid: "a181c591d4984be2a6295357eb79e6d6" member_type: VOTER last_known_addr { host: "127.31.65.2" port: 45581 } } peers { permanent_uuid: "596675a15c6848c38077404b28c95eaa" member_type: VOTER last_known_addr { host: "127.31.65.3" port: 37455 } }
W20260608 10:05:20.153389 32619 auto_rebalancer.cc:259] Could not retrieve cluster info: Service unavailable: Tablet not running
I20260608 10:05:20.144244   403 leader_election.cc:290] T 711475b1e5314ba482d07b7e2a05bb35 P a181c591d4984be2a6295357eb79e6d6 [CANDIDATE]: Term 1 pre-election: Requested pre-vote from peers cfe71a988f1b460e8c70d9b4997b2900 (127.31.65.1:42839), 596675a15c6848c38077404b28c95eaa (127.31.65.3:37455)
I20260608 10:05:20.153940   352 tablet_service.cc:1917] Received RequestConsensusVote() RPC: tablet_id: "5ad1439ee9f14fb4b0462ba97f179a68" candidate_uuid: "a181c591d4984be2a6295357eb79e6d6" candidate_term: 1 candidate_status { last_received { term: 0 index: 0 } } ignore_live_leader: false dest_uuid: "596675a15c6848c38077404b28c95eaa" is_pre_election: true
I20260608 10:05:20.154659   352 raft_consensus.cc:2468] T 5ad1439ee9f14fb4b0462ba97f179a68 P 596675a15c6848c38077404b28c95eaa [term 0 FOLLOWER]: Leader pre-election vote request: Granting yes vote for candidate a181c591d4984be2a6295357eb79e6d6 in term 0.
I20260608 10:05:20.157222   401 ts_tablet_manager.cc:1434] T 954040c4f6b347f0b7250a0a25036c4b P 596675a15c6848c38077404b28c95eaa: Time spent starting tablet: real 0.010s	user 0.009s	sys 0.000s
I20260608 10:05:20.157830 32624 auto_leader_rebalancer.cc:140] leader rebalance for table test-workload
I20260608 10:05:20.158494   401 tablet_bootstrap.cc:492] T c33e9fd9c57d49cc8c0dcc60f68633a0 P 596675a15c6848c38077404b28c95eaa: Bootstrap starting.
W20260608 10:05:20.159008 32624 auto_leader_rebalancer.cc:460] the master instance isn't leader: Service unavailable: Tablet not running
I20260608 10:05:20.159148   399 tablet_bootstrap.cc:654] T 3d22e0030e0d4483a3cfca1d24633198 P a181c591d4984be2a6295357eb79e6d6: Neither blocks nor log segments found. Creating new log.
I20260608 10:05:20.165231 32673 tablet_service.cc:1917] Received RequestConsensusVote() RPC: tablet_id: "c33e9fd9c57d49cc8c0dcc60f68633a0" candidate_uuid: "a181c591d4984be2a6295357eb79e6d6" candidate_term: 1 candidate_status { last_received { term: 0 index: 0 } } ignore_live_leader: false dest_uuid: "cfe71a988f1b460e8c70d9b4997b2900" is_pre_election: true
I20260608 10:05:20.151183   354 tablet_service.cc:1917] Received RequestConsensusVote() RPC: tablet_id: "c33e9fd9c57d49cc8c0dcc60f68633a0" candidate_uuid: "a181c591d4984be2a6295357eb79e6d6" candidate_term: 1 candidate_status { last_received { term: 0 index: 0 } } ignore_live_leader: false dest_uuid: "596675a15c6848c38077404b28c95eaa" is_pre_election: true
I20260608 10:05:20.166788 32672 tablet_service.cc:1917] Received RequestConsensusVote() RPC: tablet_id: "711475b1e5314ba482d07b7e2a05bb35" candidate_uuid: "a181c591d4984be2a6295357eb79e6d6" candidate_term: 1 candidate_status { last_received { term: 0 index: 0 } } ignore_live_leader: false dest_uuid: "cfe71a988f1b460e8c70d9b4997b2900" is_pre_election: true
I20260608 10:05:20.170861 32712 leader_election.cc:304] T 711475b1e5314ba482d07b7e2a05bb35 P a181c591d4984be2a6295357eb79e6d6 [CANDIDATE]: Term 1 pre-election: Election decided. Result: candidate won. Election summary: received 2 responses out of 3 voters: 2 yes votes; 0 no votes. yes voters: 596675a15c6848c38077404b28c95eaa, a181c591d4984be2a6295357eb79e6d6; no voters: 
I20260608 10:05:20.174352 32673 tablet_service.cc:1917] Received RequestConsensusVote() RPC: tablet_id: "5ad1439ee9f14fb4b0462ba97f179a68" candidate_uuid: "a181c591d4984be2a6295357eb79e6d6" candidate_term: 1 candidate_status { last_received { term: 0 index: 0 } } ignore_live_leader: false dest_uuid: "cfe71a988f1b460e8c70d9b4997b2900" is_pre_election: true
I20260608 10:05:20.175066 32673 raft_consensus.cc:2468] T 5ad1439ee9f14fb4b0462ba97f179a68 P cfe71a988f1b460e8c70d9b4997b2900 [term 0 FOLLOWER]: Leader pre-election vote request: Granting yes vote for candidate a181c591d4984be2a6295357eb79e6d6 in term 0.
I20260608 10:05:20.175150 32712 leader_election.cc:304] T 5ad1439ee9f14fb4b0462ba97f179a68 P a181c591d4984be2a6295357eb79e6d6 [CANDIDATE]: Term 1 pre-election: Election decided. Result: candidate won. Election summary: received 2 responses out of 3 voters: 2 yes votes; 0 no votes. yes voters: 596675a15c6848c38077404b28c95eaa, a181c591d4984be2a6295357eb79e6d6; no voters: 
W20260608 10:05:20.172884 32713 leader_election.cc:343] T c33e9fd9c57d49cc8c0dcc60f68633a0 P a181c591d4984be2a6295357eb79e6d6 [CANDIDATE]: Term 1 pre-election: Tablet error from VoteRequest() call to peer cfe71a988f1b460e8c70d9b4997b2900 (127.31.65.1:42839): Illegal state: must be running to vote when last-logged opid is not known
W20260608 10:05:20.176714 32712 leader_election.cc:343] T c33e9fd9c57d49cc8c0dcc60f68633a0 P a181c591d4984be2a6295357eb79e6d6 [CANDIDATE]: Term 1 pre-election: Tablet error from VoteRequest() call to peer 596675a15c6848c38077404b28c95eaa (127.31.65.3:37455): Illegal state: must be running to vote when last-logged opid is not known
W20260608 10:05:20.176872 32713 leader_election.cc:343] T 711475b1e5314ba482d07b7e2a05bb35 P a181c591d4984be2a6295357eb79e6d6 [CANDIDATE]: Term 1 pre-election: Tablet error from VoteRequest() call to peer cfe71a988f1b460e8c70d9b4997b2900 (127.31.65.1:42839): Illegal state: must be running to vote when last-logged opid is not known
I20260608 10:05:20.177217 32712 leader_election.cc:304] T c33e9fd9c57d49cc8c0dcc60f68633a0 P a181c591d4984be2a6295357eb79e6d6 [CANDIDATE]: Term 1 pre-election: Election decided. Result: candidate lost. Election summary: received 3 responses out of 3 voters: 1 yes votes; 2 no votes. yes voters: a181c591d4984be2a6295357eb79e6d6; no voters: 596675a15c6848c38077404b28c95eaa, cfe71a988f1b460e8c70d9b4997b2900
I20260608 10:05:20.177711   401 tablet_bootstrap.cc:654] T c33e9fd9c57d49cc8c0dcc60f68633a0 P 596675a15c6848c38077404b28c95eaa: Neither blocks nor log segments found. Creating new log.
I20260608 10:05:20.178949   403 raft_consensus.cc:2749] T c33e9fd9c57d49cc8c0dcc60f68633a0 P a181c591d4984be2a6295357eb79e6d6 [term 0 FOLLOWER]: Leader pre-election lost for term 1. Reason: could not achieve majority
I20260608 10:05:20.178982   420 raft_consensus.cc:2804] T 5ad1439ee9f14fb4b0462ba97f179a68 P a181c591d4984be2a6295357eb79e6d6 [term 0 FOLLOWER]: Leader pre-election won for term 1
I20260608 10:05:20.180222   420 raft_consensus.cc:493] T 5ad1439ee9f14fb4b0462ba97f179a68 P a181c591d4984be2a6295357eb79e6d6 [term 0 FOLLOWER]: Starting leader election (no leader contacted us within the election timeout)
I20260608 10:05:20.180696   420 raft_consensus.cc:3060] T 5ad1439ee9f14fb4b0462ba97f179a68 P a181c591d4984be2a6295357eb79e6d6 [term 0 FOLLOWER]: Advancing to term 1
I20260608 10:05:20.181046   413 raft_consensus.cc:2804] T 711475b1e5314ba482d07b7e2a05bb35 P a181c591d4984be2a6295357eb79e6d6 [term 0 FOLLOWER]: Leader pre-election won for term 1
I20260608 10:05:20.181452   413 raft_consensus.cc:493] T 711475b1e5314ba482d07b7e2a05bb35 P a181c591d4984be2a6295357eb79e6d6 [term 0 FOLLOWER]: Starting leader election (no leader contacted us within the election timeout)
I20260608 10:05:20.181808   413 raft_consensus.cc:3060] T 711475b1e5314ba482d07b7e2a05bb35 P a181c591d4984be2a6295357eb79e6d6 [term 0 FOLLOWER]: Advancing to term 1
I20260608 10:05:20.167824   400 raft_consensus.cc:359] T eebb667179d248d682fd58778b75eec1 P cfe71a988f1b460e8c70d9b4997b2900 [term 0 FOLLOWER]: Replica starting. Triggering 0 pending ops. Active config: opid_index: -1 OBSOLETE_local: false peers { permanent_uuid: "cfe71a988f1b460e8c70d9b4997b2900" member_type: VOTER last_known_addr { host: "127.31.65.1" port: 42839 } } peers { permanent_uuid: "a181c591d4984be2a6295357eb79e6d6" member_type: VOTER last_known_addr { host: "127.31.65.2" port: 45581 } } peers { permanent_uuid: "596675a15c6848c38077404b28c95eaa" member_type: VOTER last_known_addr { host: "127.31.65.3" port: 37455 } }
I20260608 10:05:20.188774   400 raft_consensus.cc:385] T eebb667179d248d682fd58778b75eec1 P cfe71a988f1b460e8c70d9b4997b2900 [term 0 FOLLOWER]: Consensus starting up: Expiring failure detector timer to make a prompt election more likely
I20260608 10:05:20.189172   400 raft_consensus.cc:740] T eebb667179d248d682fd58778b75eec1 P cfe71a988f1b460e8c70d9b4997b2900 [term 0 FOLLOWER]: Becoming Follower/Learner. State: Replica: cfe71a988f1b460e8c70d9b4997b2900, State: Initialized, Role: FOLLOWER
I20260608 10:05:20.190351   420 raft_consensus.cc:515] T 5ad1439ee9f14fb4b0462ba97f179a68 P a181c591d4984be2a6295357eb79e6d6 [term 1 FOLLOWER]: Starting leader election with config: opid_index: -1 OBSOLETE_local: false peers { permanent_uuid: "cfe71a988f1b460e8c70d9b4997b2900" member_type: VOTER last_known_addr { host: "127.31.65.1" port: 42839 } } peers { permanent_uuid: "a181c591d4984be2a6295357eb79e6d6" member_type: VOTER last_known_addr { host: "127.31.65.2" port: 45581 } } peers { permanent_uuid: "596675a15c6848c38077404b28c95eaa" member_type: VOTER last_known_addr { host: "127.31.65.3" port: 37455 } }
I20260608 10:05:20.191587   413 raft_consensus.cc:515] T 711475b1e5314ba482d07b7e2a05bb35 P a181c591d4984be2a6295357eb79e6d6 [term 1 FOLLOWER]: Starting leader election with config: opid_index: -1 OBSOLETE_local: false peers { permanent_uuid: "cfe71a988f1b460e8c70d9b4997b2900" member_type: VOTER last_known_addr { host: "127.31.65.1" port: 42839 } } peers { permanent_uuid: "a181c591d4984be2a6295357eb79e6d6" member_type: VOTER last_known_addr { host: "127.31.65.2" port: 45581 } } peers { permanent_uuid: "596675a15c6848c38077404b28c95eaa" member_type: VOTER last_known_addr { host: "127.31.65.3" port: 37455 } }
I20260608 10:05:20.192068   407 raft_consensus.cc:493] T 0c38392ebce7470f923309cf91d18654 P 596675a15c6848c38077404b28c95eaa [term 0 FOLLOWER]: Starting pre-election (no leader contacted us within the election timeout)
I20260608 10:05:20.192757   407 raft_consensus.cc:515] T 0c38392ebce7470f923309cf91d18654 P 596675a15c6848c38077404b28c95eaa [term 0 FOLLOWER]: Starting pre-election with config: opid_index: -1 OBSOLETE_local: false peers { permanent_uuid: "cfe71a988f1b460e8c70d9b4997b2900" member_type: VOTER last_known_addr { host: "127.31.65.1" port: 42839 } } peers { permanent_uuid: "a181c591d4984be2a6295357eb79e6d6" member_type: VOTER last_known_addr { host: "127.31.65.2" port: 45581 } } peers { permanent_uuid: "596675a15c6848c38077404b28c95eaa" member_type: VOTER last_known_addr { host: "127.31.65.3" port: 37455 } }
I20260608 10:05:20.193921 32673 tablet_service.cc:1917] Received RequestConsensusVote() RPC: tablet_id: "5ad1439ee9f14fb4b0462ba97f179a68" candidate_uuid: "a181c591d4984be2a6295357eb79e6d6" candidate_term: 1 candidate_status { last_received { term: 0 index: 0 } } ignore_live_leader: false dest_uuid: "cfe71a988f1b460e8c70d9b4997b2900"
I20260608 10:05:20.194217   354 tablet_service.cc:1917] Received RequestConsensusVote() RPC: tablet_id: "5ad1439ee9f14fb4b0462ba97f179a68" candidate_uuid: "a181c591d4984be2a6295357eb79e6d6" candidate_term: 1 candidate_status { last_received { term: 0 index: 0 } } ignore_live_leader: false dest_uuid: "596675a15c6848c38077404b28c95eaa"
I20260608 10:05:20.194561 32673 raft_consensus.cc:3060] T 5ad1439ee9f14fb4b0462ba97f179a68 P cfe71a988f1b460e8c70d9b4997b2900 [term 0 FOLLOWER]: Advancing to term 1
I20260608 10:05:20.195048   354 raft_consensus.cc:3060] T 5ad1439ee9f14fb4b0462ba97f179a68 P 596675a15c6848c38077404b28c95eaa [term 0 FOLLOWER]: Advancing to term 1
I20260608 10:05:20.194604   400 consensus_queue.cc:260] T eebb667179d248d682fd58778b75eec1 P cfe71a988f1b460e8c70d9b4997b2900 [NON_LEADER]: Queue going to NON_LEADER mode. State: All replicated index: 0, Majority replicated index: 0, Committed index: 0, Last appended: 0.0, Last appended by leader: 0, Current term: 0, Majority size: -1, State: 0, Mode: NON_LEADER, active raft config: opid_index: -1 OBSOLETE_local: false peers { permanent_uuid: "cfe71a988f1b460e8c70d9b4997b2900" member_type: VOTER last_known_addr { host: "127.31.65.1" port: 42839 } } peers { permanent_uuid: "a181c591d4984be2a6295357eb79e6d6" member_type: VOTER last_known_addr { host: "127.31.65.2" port: 45581 } } peers { permanent_uuid: "596675a15c6848c38077404b28c95eaa" member_type: VOTER last_known_addr { host: "127.31.65.3" port: 37455 } }
I20260608 10:05:20.197400   407 leader_election.cc:290] T 0c38392ebce7470f923309cf91d18654 P 596675a15c6848c38077404b28c95eaa [CANDIDATE]: Term 1 pre-election: Requested pre-vote from peers cfe71a988f1b460e8c70d9b4997b2900 (127.31.65.1:42839), a181c591d4984be2a6295357eb79e6d6 (127.31.65.2:45581)
I20260608 10:05:20.197801   400 ts_tablet_manager.cc:1434] T eebb667179d248d682fd58778b75eec1 P cfe71a988f1b460e8c70d9b4997b2900: Time spent starting tablet: real 0.065s	user 0.007s	sys 0.002s
I20260608 10:05:20.199009   400 tablet_bootstrap.cc:492] T 711475b1e5314ba482d07b7e2a05bb35 P cfe71a988f1b460e8c70d9b4997b2900: Bootstrap starting.
I20260608 10:05:20.201005 32672 tablet_service.cc:1917] Received RequestConsensusVote() RPC: tablet_id: "711475b1e5314ba482d07b7e2a05bb35" candidate_uuid: "a181c591d4984be2a6295357eb79e6d6" candidate_term: 1 candidate_status { last_received { term: 0 index: 0 } } ignore_live_leader: false dest_uuid: "cfe71a988f1b460e8c70d9b4997b2900"
I20260608 10:05:20.203233   399 tablet_bootstrap.cc:492] T 3d22e0030e0d4483a3cfca1d24633198 P a181c591d4984be2a6295357eb79e6d6: No bootstrap required, opened a new log
I20260608 10:05:20.203907   399 ts_tablet_manager.cc:1403] T 3d22e0030e0d4483a3cfca1d24633198 P a181c591d4984be2a6295357eb79e6d6: Time spent bootstrapping tablet: real 0.052s	user 0.013s	sys 0.008s
I20260608 10:05:20.203168   413 leader_election.cc:290] T 711475b1e5314ba482d07b7e2a05bb35 P a181c591d4984be2a6295357eb79e6d6 [CANDIDATE]: Term 1 election: Requested vote from peers cfe71a988f1b460e8c70d9b4997b2900 (127.31.65.1:42839), 596675a15c6848c38077404b28c95eaa (127.31.65.3:37455)
W20260608 10:05:20.205744 32713 leader_election.cc:343] T 711475b1e5314ba482d07b7e2a05bb35 P a181c591d4984be2a6295357eb79e6d6 [CANDIDATE]: Term 1 election: Tablet error from VoteRequest() call to peer cfe71a988f1b460e8c70d9b4997b2900 (127.31.65.1:42839): Illegal state: must be running to vote when last-logged opid is not known
I20260608 10:05:20.209329   354 raft_consensus.cc:2468] T 5ad1439ee9f14fb4b0462ba97f179a68 P 596675a15c6848c38077404b28c95eaa [term 1 FOLLOWER]: Leader election vote request: Granting yes vote for candidate a181c591d4984be2a6295357eb79e6d6 in term 1.
I20260608 10:05:20.210666   420 leader_election.cc:290] T 5ad1439ee9f14fb4b0462ba97f179a68 P a181c591d4984be2a6295357eb79e6d6 [CANDIDATE]: Term 1 election: Requested vote from peers cfe71a988f1b460e8c70d9b4997b2900 (127.31.65.1:42839), 596675a15c6848c38077404b28c95eaa (127.31.65.3:37455)
I20260608 10:05:20.210857   399 raft_consensus.cc:359] T 3d22e0030e0d4483a3cfca1d24633198 P a181c591d4984be2a6295357eb79e6d6 [term 0 FOLLOWER]: Replica starting. Triggering 0 pending ops. Active config: opid_index: -1 OBSOLETE_local: false peers { permanent_uuid: "cfe71a988f1b460e8c70d9b4997b2900" member_type: VOTER last_known_addr { host: "127.31.65.1" port: 42839 } } peers { permanent_uuid: "a181c591d4984be2a6295357eb79e6d6" member_type: VOTER last_known_addr { host: "127.31.65.2" port: 45581 } } peers { permanent_uuid: "596675a15c6848c38077404b28c95eaa" member_type: VOTER last_known_addr { host: "127.31.65.3" port: 37455 } }
I20260608 10:05:20.212811   399 raft_consensus.cc:385] T 3d22e0030e0d4483a3cfca1d24633198 P a181c591d4984be2a6295357eb79e6d6 [term 0 FOLLOWER]: Consensus starting up: Expiring failure detector timer to make a prompt election more likely
I20260608 10:05:20.213415   399 raft_consensus.cc:740] T 3d22e0030e0d4483a3cfca1d24633198 P a181c591d4984be2a6295357eb79e6d6 [term 0 FOLLOWER]: Becoming Follower/Learner. State: Replica: a181c591d4984be2a6295357eb79e6d6, State: Initialized, Role: FOLLOWER
I20260608 10:05:20.214777   399 consensus_queue.cc:260] T 3d22e0030e0d4483a3cfca1d24633198 P a181c591d4984be2a6295357eb79e6d6 [NON_LEADER]: Queue going to NON_LEADER mode. State: All replicated index: 0, Majority replicated index: 0, Committed index: 0, Last appended: 0.0, Last appended by leader: 0, Current term: 0, Majority size: -1, State: 0, Mode: NON_LEADER, active raft config: opid_index: -1 OBSOLETE_local: false peers { permanent_uuid: "cfe71a988f1b460e8c70d9b4997b2900" member_type: VOTER last_known_addr { host: "127.31.65.1" port: 42839 } } peers { permanent_uuid: "a181c591d4984be2a6295357eb79e6d6" member_type: VOTER last_known_addr { host: "127.31.65.2" port: 45581 } } peers { permanent_uuid: "596675a15c6848c38077404b28c95eaa" member_type: VOTER last_known_addr { host: "127.31.65.3" port: 37455 } }
I20260608 10:05:20.218228   399 ts_tablet_manager.cc:1434] T 3d22e0030e0d4483a3cfca1d24633198 P a181c591d4984be2a6295357eb79e6d6: Time spent starting tablet: real 0.014s	user 0.005s	sys 0.005s
I20260608 10:05:20.221741 32712 leader_election.cc:304] T 5ad1439ee9f14fb4b0462ba97f179a68 P a181c591d4984be2a6295357eb79e6d6 [CANDIDATE]: Term 1 election: Election decided. Result: candidate won. Election summary: received 2 responses out of 3 voters: 2 yes votes; 0 no votes. yes voters: 596675a15c6848c38077404b28c95eaa, a181c591d4984be2a6295357eb79e6d6; no voters: 
I20260608 10:05:20.218386   400 tablet_bootstrap.cc:654] T 711475b1e5314ba482d07b7e2a05bb35 P cfe71a988f1b460e8c70d9b4997b2900: Neither blocks nor log segments found. Creating new log.
I20260608 10:05:20.223097   420 raft_consensus.cc:2804] T 5ad1439ee9f14fb4b0462ba97f179a68 P a181c591d4984be2a6295357eb79e6d6 [term 1 FOLLOWER]: Leader election won for term 1
I20260608 10:05:20.221905 32673 raft_consensus.cc:2468] T 5ad1439ee9f14fb4b0462ba97f179a68 P cfe71a988f1b460e8c70d9b4997b2900 [term 1 FOLLOWER]: Leader election vote request: Granting yes vote for candidate a181c591d4984be2a6295357eb79e6d6 in term 1.
I20260608 10:05:20.224560   399 tablet_bootstrap.cc:492] T edbacc4d42d442f9a1bf2df505368f72 P a181c591d4984be2a6295357eb79e6d6: Bootstrap starting.
I20260608 10:05:20.223882   420 raft_consensus.cc:697] T 5ad1439ee9f14fb4b0462ba97f179a68 P a181c591d4984be2a6295357eb79e6d6 [term 1 LEADER]: Becoming Leader. State: Replica: a181c591d4984be2a6295357eb79e6d6, State: Running, Role: LEADER
I20260608 10:05:20.228855   354 tablet_service.cc:1917] Received RequestConsensusVote() RPC: tablet_id: "711475b1e5314ba482d07b7e2a05bb35" candidate_uuid: "a181c591d4984be2a6295357eb79e6d6" candidate_term: 1 candidate_status { last_received { term: 0 index: 0 } } ignore_live_leader: false dest_uuid: "596675a15c6848c38077404b28c95eaa"
I20260608 10:05:20.229519   354 raft_consensus.cc:3060] T 711475b1e5314ba482d07b7e2a05bb35 P 596675a15c6848c38077404b28c95eaa [term 0 FOLLOWER]: Advancing to term 1
I20260608 10:05:20.227159   420 consensus_queue.cc:237] T 5ad1439ee9f14fb4b0462ba97f179a68 P a181c591d4984be2a6295357eb79e6d6 [LEADER]: Queue going to LEADER mode. State: All replicated index: 0, Majority replicated index: 0, Committed index: 0, Last appended: 0.0, Last appended by leader: 0, Current term: 1, Majority size: 2, State: 0, Mode: LEADER, active raft config: opid_index: -1 OBSOLETE_local: false peers { permanent_uuid: "cfe71a988f1b460e8c70d9b4997b2900" member_type: VOTER last_known_addr { host: "127.31.65.1" port: 42839 } } peers { permanent_uuid: "a181c591d4984be2a6295357eb79e6d6" member_type: VOTER last_known_addr { host: "127.31.65.2" port: 45581 } } peers { permanent_uuid: "596675a15c6848c38077404b28c95eaa" member_type: VOTER last_known_addr { host: "127.31.65.3" port: 37455 } }
I20260608 10:05:20.242202 32673 tablet_service.cc:1917] Received RequestConsensusVote() RPC: tablet_id: "0c38392ebce7470f923309cf91d18654" candidate_uuid: "596675a15c6848c38077404b28c95eaa" candidate_term: 1 candidate_status { last_received { term: 0 index: 0 } } ignore_live_leader: false dest_uuid: "cfe71a988f1b460e8c70d9b4997b2900" is_pre_election: true
I20260608 10:05:20.243750   354 raft_consensus.cc:2468] T 711475b1e5314ba482d07b7e2a05bb35 P 596675a15c6848c38077404b28c95eaa [term 1 FOLLOWER]: Leader election vote request: Granting yes vote for candidate a181c591d4984be2a6295357eb79e6d6 in term 1.
I20260608 10:05:20.243623   401 tablet_bootstrap.cc:492] T c33e9fd9c57d49cc8c0dcc60f68633a0 P 596675a15c6848c38077404b28c95eaa: No bootstrap required, opened a new log
W20260608 10:05:20.245885   319 leader_election.cc:343] T 0c38392ebce7470f923309cf91d18654 P 596675a15c6848c38077404b28c95eaa [CANDIDATE]: Term 1 pre-election: Tablet error from VoteRequest() call to peer cfe71a988f1b460e8c70d9b4997b2900 (127.31.65.1:42839): Illegal state: must be running to vote when last-logged opid is not known
I20260608 10:05:20.246178   401 ts_tablet_manager.cc:1403] T c33e9fd9c57d49cc8c0dcc60f68633a0 P 596675a15c6848c38077404b28c95eaa: Time spent bootstrapping tablet: real 0.088s	user 0.013s	sys 0.008s
I20260608 10:05:20.248507 32712 leader_election.cc:304] T 711475b1e5314ba482d07b7e2a05bb35 P a181c591d4984be2a6295357eb79e6d6 [CANDIDATE]: Term 1 election: Election decided. Result: candidate won. Election summary: received 3 responses out of 3 voters: 2 yes votes; 1 no votes. yes voters: 596675a15c6848c38077404b28c95eaa, a181c591d4984be2a6295357eb79e6d6; no voters: cfe71a988f1b460e8c70d9b4997b2900
I20260608 10:05:20.249557   401 raft_consensus.cc:359] T c33e9fd9c57d49cc8c0dcc60f68633a0 P 596675a15c6848c38077404b28c95eaa [term 0 FOLLOWER]: Replica starting. Triggering 0 pending ops. Active config: opid_index: -1 OBSOLETE_local: false peers { permanent_uuid: "a181c591d4984be2a6295357eb79e6d6" member_type: VOTER last_known_addr { host: "127.31.65.2" port: 45581 } } peers { permanent_uuid: "cfe71a988f1b460e8c70d9b4997b2900" member_type: VOTER last_known_addr { host: "127.31.65.1" port: 42839 } } peers { permanent_uuid: "596675a15c6848c38077404b28c95eaa" member_type: VOTER last_known_addr { host: "127.31.65.3" port: 37455 } }
I20260608 10:05:20.250141   413 raft_consensus.cc:2804] T 711475b1e5314ba482d07b7e2a05bb35 P a181c591d4984be2a6295357eb79e6d6 [term 1 FOLLOWER]: Leader election won for term 1
I20260608 10:05:20.250447   401 raft_consensus.cc:385] T c33e9fd9c57d49cc8c0dcc60f68633a0 P 596675a15c6848c38077404b28c95eaa [term 0 FOLLOWER]: Consensus starting up: Expiring failure detector timer to make a prompt election more likely
I20260608 10:05:20.251039   400 tablet_bootstrap.cc:492] T 711475b1e5314ba482d07b7e2a05bb35 P cfe71a988f1b460e8c70d9b4997b2900: No bootstrap required, opened a new log
I20260608 10:05:20.250941   413 raft_consensus.cc:697] T 711475b1e5314ba482d07b7e2a05bb35 P a181c591d4984be2a6295357eb79e6d6 [term 1 LEADER]: Becoming Leader. State: Replica: a181c591d4984be2a6295357eb79e6d6, State: Running, Role: LEADER
I20260608 10:05:20.250931   401 raft_consensus.cc:740] T c33e9fd9c57d49cc8c0dcc60f68633a0 P 596675a15c6848c38077404b28c95eaa [term 0 FOLLOWER]: Becoming Follower/Learner. State: Replica: 596675a15c6848c38077404b28c95eaa, State: Initialized, Role: FOLLOWER
I20260608 10:05:20.251999   413 consensus_queue.cc:237] T 711475b1e5314ba482d07b7e2a05bb35 P a181c591d4984be2a6295357eb79e6d6 [LEADER]: Queue going to LEADER mode. State: All replicated index: 0, Majority replicated index: 0, Committed index: 0, Last appended: 0.0, Last appended by leader: 0, Current term: 1, Majority size: 2, State: 0, Mode: LEADER, active raft config: opid_index: -1 OBSOLETE_local: false peers { permanent_uuid: "cfe71a988f1b460e8c70d9b4997b2900" member_type: VOTER last_known_addr { host: "127.31.65.1" port: 42839 } } peers { permanent_uuid: "a181c591d4984be2a6295357eb79e6d6" member_type: VOTER last_known_addr { host: "127.31.65.2" port: 45581 } } peers { permanent_uuid: "596675a15c6848c38077404b28c95eaa" member_type: VOTER last_known_addr { host: "127.31.65.3" port: 37455 } }
