W20260608 10:06:37.334789 17179 leader_election.cc:343] T a0774f1f090a4aeba1c16f4690f93719 P ae7bbda50c3e4da2b109cf25c329bb23 [CANDIDATE]: Term 1 pre-election: Tablet error from VoteRequest() call to peer 4f3017d99ab14b3ba27b882188df008c (127.13.190.4:45535): Illegal state: must be running to vote when last-logged opid is not known
I20260608 10:06:37.328577 17423 raft_consensus.cc:493] T a228d4d890d64080b5ddec9709236d0f P 4f3017d99ab14b3ba27b882188df008c [term 0 FOLLOWER]: Starting pre-election (no leader contacted us within the election timeout)
I20260608 10:06:37.338433 17423 raft_consensus.cc:515] T a228d4d890d64080b5ddec9709236d0f P 4f3017d99ab14b3ba27b882188df008c [term 0 FOLLOWER]: Starting pre-election with config: opid_index: -1 OBSOLETE_local: false peers { permanent_uuid: "4f3017d99ab14b3ba27b882188df008c" member_type: VOTER last_known_addr { host: "127.13.190.4" port: 45535 } } peers { permanent_uuid: "ae7bbda50c3e4da2b109cf25c329bb23" member_type: VOTER last_known_addr { host: "127.13.190.3" port: 34475 } } peers { permanent_uuid: "be5a771afca2419bba03b898b823ea28" member_type: VOTER last_known_addr { host: "127.13.190.1" port: 46689 } }
I20260608 10:06:37.328712 17063 tablet_service.cc:1917] Received RequestConsensusVote() RPC: tablet_id: "a0774f1f090a4aeba1c16f4690f93719" candidate_uuid: "ae7bbda50c3e4da2b109cf25c329bb23" candidate_term: 1 candidate_status { last_received { term: 0 index: 0 } } ignore_live_leader: false dest_uuid: "be5a771afca2419bba03b898b823ea28" is_pre_election: true
I20260608 10:06:37.332096 17414 ts_tablet_manager.cc:1434] T a0774f1f090a4aeba1c16f4690f93719 P ae7bbda50c3e4da2b109cf25c329bb23: Time spent starting tablet: real 0.045s	user 0.006s	sys 0.003s
I20260608 10:06:37.344666 17063 raft_consensus.cc:2468] T a0774f1f090a4aeba1c16f4690f93719 P be5a771afca2419bba03b898b823ea28 [term 0 FOLLOWER]: Leader pre-election vote request: Granting yes vote for candidate ae7bbda50c3e4da2b109cf25c329bb23 in term 0.
I20260608 10:06:37.345940 17414 tablet_bootstrap.cc:492] T b0392ef8c5a4440ab68518dc23b6d7bf P ae7bbda50c3e4da2b109cf25c329bb23: Bootstrap starting.
I20260608 10:06:37.336378 17064 tablet_service.cc:1917] Received RequestConsensusVote() RPC: tablet_id: "a228d4d890d64080b5ddec9709236d0f" candidate_uuid: "ae7bbda50c3e4da2b109cf25c329bb23" candidate_term: 1 candidate_status { last_received { term: 0 index: 0 } } ignore_live_leader: false dest_uuid: "be5a771afca2419bba03b898b823ea28"
I20260608 10:06:37.349424 17064 raft_consensus.cc:3060] T a228d4d890d64080b5ddec9709236d0f P be5a771afca2419bba03b898b823ea28 [term 0 FOLLOWER]: Advancing to term 1
I20260608 10:06:37.351604 17176 leader_election.cc:304] T a0774f1f090a4aeba1c16f4690f93719 P ae7bbda50c3e4da2b109cf25c329bb23 [CANDIDATE]: Term 1 pre-election: Election decided. Result: candidate won. Election summary: received 3 responses out of 3 voters: 2 yes votes; 1 no votes. yes voters: ae7bbda50c3e4da2b109cf25c329bb23, be5a771afca2419bba03b898b823ea28; no voters: 4f3017d99ab14b3ba27b882188df008c
I20260608 10:06:37.356886 17268 raft_consensus.cc:2804] T a0774f1f090a4aeba1c16f4690f93719 P ae7bbda50c3e4da2b109cf25c329bb23 [term 0 FOLLOWER]: Leader pre-election won for term 1
I20260608 10:06:37.357496 17268 raft_consensus.cc:493] T a0774f1f090a4aeba1c16f4690f93719 P ae7bbda50c3e4da2b109cf25c329bb23 [term 0 FOLLOWER]: Starting leader election (no leader contacted us within the election timeout)
I20260608 10:06:37.357903 17268 raft_consensus.cc:3060] T a0774f1f090a4aeba1c16f4690f93719 P ae7bbda50c3e4da2b109cf25c329bb23 [term 0 FOLLOWER]: Advancing to term 1
I20260608 10:06:37.336980 17418 tablet_bootstrap.cc:654] T 9cfd9319137c4fa2b206aed7583da2b6 P 4f3017d99ab14b3ba27b882188df008c: Neither blocks nor log segments found. Creating new log.
I20260608 10:06:37.366255 17423 leader_election.cc:290] T a228d4d890d64080b5ddec9709236d0f P 4f3017d99ab14b3ba27b882188df008c [CANDIDATE]: Term 1 pre-election: Requested pre-vote from peers ae7bbda50c3e4da2b109cf25c329bb23 (127.13.190.3:34475), be5a771afca2419bba03b898b823ea28 (127.13.190.1:46689)
I20260608 10:06:37.373193 17064 raft_consensus.cc:2468] T a228d4d890d64080b5ddec9709236d0f P be5a771afca2419bba03b898b823ea28 [term 1 FOLLOWER]: Leader election vote request: Granting yes vote for candidate ae7bbda50c3e4da2b109cf25c329bb23 in term 1.
I20260608 10:06:37.345773 16958 catalog_manager.cc:5696] T 63b76c4231834f0dab5604383ab70d22 P 6d0c6f5029014fb4b77b909f40a6e87d reported cstate change: term changed from 0 to 1, leader changed from <none> to 6d0c6f5029014fb4b77b909f40a6e87d (127.13.190.2). New cstate: current_term: 1 leader_uuid: "6d0c6f5029014fb4b77b909f40a6e87d" committed_config { opid_index: -1 OBSOLETE_local: false peers { permanent_uuid: "4f3017d99ab14b3ba27b882188df008c" member_type: VOTER last_known_addr { host: "127.13.190.4" port: 45535 } health_report { overall_health: UNKNOWN } } peers { permanent_uuid: "6d0c6f5029014fb4b77b909f40a6e87d" member_type: VOTER last_known_addr { host: "127.13.190.2" port: 46175 } health_report { overall_health: HEALTHY } } peers { permanent_uuid: "ae7bbda50c3e4da2b109cf25c329bb23" member_type: VOTER last_known_addr { host: "127.13.190.3" port: 34475 } health_report { overall_health: UNKNOWN } } }
I20260608 10:06:37.381568 17414 tablet_bootstrap.cc:654] T b0392ef8c5a4440ab68518dc23b6d7bf P ae7bbda50c3e4da2b109cf25c329bb23: Neither blocks nor log segments found. Creating new log.
I20260608 10:06:37.382990 17268 raft_consensus.cc:515] T a0774f1f090a4aeba1c16f4690f93719 P ae7bbda50c3e4da2b109cf25c329bb23 [term 1 FOLLOWER]: Starting leader election with config: opid_index: -1 OBSOLETE_local: false peers { permanent_uuid: "4f3017d99ab14b3ba27b882188df008c" member_type: VOTER last_known_addr { host: "127.13.190.4" port: 45535 } } peers { permanent_uuid: "be5a771afca2419bba03b898b823ea28" member_type: VOTER last_known_addr { host: "127.13.190.1" port: 46689 } } peers { permanent_uuid: "ae7bbda50c3e4da2b109cf25c329bb23" member_type: VOTER last_known_addr { host: "127.13.190.3" port: 34475 } }
I20260608 10:06:37.407539 17411 tablet_bootstrap.cc:492] T b0392ef8c5a4440ab68518dc23b6d7bf P 6d0c6f5029014fb4b77b909f40a6e87d: No bootstrap required, opened a new log
I20260608 10:06:37.408483 17411 ts_tablet_manager.cc:1403] T b0392ef8c5a4440ab68518dc23b6d7bf P 6d0c6f5029014fb4b77b909f40a6e87d: Time spent bootstrapping tablet: real 0.183s	user 0.036s	sys 0.014s
I20260608 10:06:37.426808 17379 tablet_service.cc:1917] Received RequestConsensusVote() RPC: tablet_id: "a228d4d890d64080b5ddec9709236d0f" candidate_uuid: "ae7bbda50c3e4da2b109cf25c329bb23" candidate_term: 1 candidate_status { last_received { term: 0 index: 0 } } ignore_live_leader: false dest_uuid: "4f3017d99ab14b3ba27b882188df008c"
I20260608 10:06:37.427142 17378 tablet_service.cc:1917] Received RequestConsensusVote() RPC: tablet_id: "a0774f1f090a4aeba1c16f4690f93719" candidate_uuid: "ae7bbda50c3e4da2b109cf25c329bb23" candidate_term: 1 candidate_status { last_received { term: 0 index: 0 } } ignore_live_leader: false dest_uuid: "4f3017d99ab14b3ba27b882188df008c"
I20260608 10:06:37.423467 17176 leader_election.cc:304] T a228d4d890d64080b5ddec9709236d0f P ae7bbda50c3e4da2b109cf25c329bb23 [CANDIDATE]: Term 1 election: Election decided. Result: candidate won. Election summary: received 2 responses out of 3 voters: 2 yes votes; 0 no votes. yes voters: ae7bbda50c3e4da2b109cf25c329bb23, be5a771afca2419bba03b898b823ea28; no voters: 
I20260608 10:06:37.427562 17414 tablet_bootstrap.cc:492] T b0392ef8c5a4440ab68518dc23b6d7bf P ae7bbda50c3e4da2b109cf25c329bb23: No bootstrap required, opened a new log
I20260608 10:06:37.427567 17379 raft_consensus.cc:3060] T a228d4d890d64080b5ddec9709236d0f P 4f3017d99ab14b3ba27b882188df008c [term 0 FOLLOWER]: Advancing to term 1
I20260608 10:06:37.428625 17414 ts_tablet_manager.cc:1403] T b0392ef8c5a4440ab68518dc23b6d7bf P ae7bbda50c3e4da2b109cf25c329bb23: Time spent bootstrapping tablet: real 0.083s	user 0.010s	sys 0.011s
W20260608 10:06:37.430325 17179 leader_election.cc:343] T a0774f1f090a4aeba1c16f4690f93719 P ae7bbda50c3e4da2b109cf25c329bb23 [CANDIDATE]: Term 1 election: Tablet error from VoteRequest() call to peer 4f3017d99ab14b3ba27b882188df008c (127.13.190.4:45535): Illegal state: must be running to vote when last-logged opid is not known
I20260608 10:06:37.430949 17325 raft_consensus.cc:2804] T a228d4d890d64080b5ddec9709236d0f P ae7bbda50c3e4da2b109cf25c329bb23 [term 1 FOLLOWER]: Leader election won for term 1
I20260608 10:06:37.432371 17064 tablet_service.cc:1917] Received RequestConsensusVote() RPC: tablet_id: "a0774f1f090a4aeba1c16f4690f93719" candidate_uuid: "ae7bbda50c3e4da2b109cf25c329bb23" candidate_term: 1 candidate_status { last_received { term: 0 index: 0 } } ignore_live_leader: false dest_uuid: "be5a771afca2419bba03b898b823ea28"
I20260608 10:06:37.432703 17325 raft_consensus.cc:697] T a228d4d890d64080b5ddec9709236d0f P ae7bbda50c3e4da2b109cf25c329bb23 [term 1 LEADER]: Becoming Leader. State: Replica: ae7bbda50c3e4da2b109cf25c329bb23, State: Running, Role: LEADER
I20260608 10:06:37.433161 17064 raft_consensus.cc:3060] T a0774f1f090a4aeba1c16f4690f93719 P be5a771afca2419bba03b898b823ea28 [term 0 FOLLOWER]: Advancing to term 1
I20260608 10:06:37.433800 17325 consensus_queue.cc:237] T a228d4d890d64080b5ddec9709236d0f P ae7bbda50c3e4da2b109cf25c329bb23 [LEADER]: Queue going to LEADER mode. State: All replicated index: 0, Majority replicated index: 0, Committed index: 0, Last appended: 0.0, Last appended by leader: 0, Current term: 1, Majority size: 2, State: 0, Mode: LEADER, active raft config: opid_index: -1 OBSOLETE_local: false peers { permanent_uuid: "4f3017d99ab14b3ba27b882188df008c" member_type: VOTER last_known_addr { host: "127.13.190.4" port: 45535 } } peers { permanent_uuid: "ae7bbda50c3e4da2b109cf25c329bb23" member_type: VOTER last_known_addr { host: "127.13.190.3" port: 34475 } } peers { permanent_uuid: "be5a771afca2419bba03b898b823ea28" member_type: VOTER last_known_addr { host: "127.13.190.1" port: 46689 } }
I20260608 10:06:37.438617 17412 tablet_bootstrap.cc:492] T 79c24ee8075842489eac8688f64797fc P be5a771afca2419bba03b898b823ea28: No bootstrap required, opened a new log
I20260608 10:06:37.425954 17268 leader_election.cc:290] T a0774f1f090a4aeba1c16f4690f93719 P ae7bbda50c3e4da2b109cf25c329bb23 [CANDIDATE]: Term 1 election: Requested vote from peers 4f3017d99ab14b3ba27b882188df008c (127.13.190.4:45535), be5a771afca2419bba03b898b823ea28 (127.13.190.1:46689)
I20260608 10:06:37.443529 17015 auto_leader_rebalancer.cc:140] leader rebalance for table range_aware_rebalance_new_range
I20260608 10:06:37.445004 17412 ts_tablet_manager.cc:1403] T 79c24ee8075842489eac8688f64797fc P be5a771afca2419bba03b898b823ea28: Time spent bootstrapping tablet: real 0.170s	user 0.035s	sys 0.050s
I20260608 10:06:37.451460 17414 raft_consensus.cc:359] T b0392ef8c5a4440ab68518dc23b6d7bf P ae7bbda50c3e4da2b109cf25c329bb23 [term 0 FOLLOWER]: Replica starting. Triggering 0 pending ops. Active config: opid_index: -1 OBSOLETE_local: false peers { permanent_uuid: "6d0c6f5029014fb4b77b909f40a6e87d" member_type: VOTER last_known_addr { host: "127.13.190.2" port: 46175 } } peers { permanent_uuid: "4f3017d99ab14b3ba27b882188df008c" member_type: VOTER last_known_addr { host: "127.13.190.4" port: 45535 } } peers { permanent_uuid: "ae7bbda50c3e4da2b109cf25c329bb23" member_type: VOTER last_known_addr { host: "127.13.190.3" port: 34475 } }
I20260608 10:06:37.452409 17414 raft_consensus.cc:385] T b0392ef8c5a4440ab68518dc23b6d7bf P ae7bbda50c3e4da2b109cf25c329bb23 [term 0 FOLLOWER]: Consensus starting up: Expiring failure detector timer to make a prompt election more likely
I20260608 10:06:37.452795 17414 raft_consensus.cc:740] T b0392ef8c5a4440ab68518dc23b6d7bf P ae7bbda50c3e4da2b109cf25c329bb23 [term 0 FOLLOWER]: Becoming Follower/Learner. State: Replica: ae7bbda50c3e4da2b109cf25c329bb23, State: Initialized, Role: FOLLOWER
W20260608 10:06:37.453290 17015 auto_leader_rebalancer.cc:460] the master instance isn't leader: Service unavailable: Tablet not running
I20260608 10:06:37.453801 17414 consensus_queue.cc:260] T b0392ef8c5a4440ab68518dc23b6d7bf P ae7bbda50c3e4da2b109cf25c329bb23 [NON_LEADER]: Queue going to NON_LEADER mode. State: All replicated index: 0, Majority replicated index: 0, Committed index: 0, Last appended: 0.0, Last appended by leader: 0, Current term: 0, Majority size: -1, State: 0, Mode: NON_LEADER, active raft config: opid_index: -1 OBSOLETE_local: false peers { permanent_uuid: "6d0c6f5029014fb4b77b909f40a6e87d" member_type: VOTER last_known_addr { host: "127.13.190.2" port: 46175 } } peers { permanent_uuid: "4f3017d99ab14b3ba27b882188df008c" member_type: VOTER last_known_addr { host: "127.13.190.4" port: 45535 } } peers { permanent_uuid: "ae7bbda50c3e4da2b109cf25c329bb23" member_type: VOTER last_known_addr { host: "127.13.190.3" port: 34475 } }
I20260608 10:06:37.460248 17418 tablet_bootstrap.cc:492] T 9cfd9319137c4fa2b206aed7583da2b6 P 4f3017d99ab14b3ba27b882188df008c: No bootstrap required, opened a new log
I20260608 10:06:37.460961 17418 ts_tablet_manager.cc:1403] T 9cfd9319137c4fa2b206aed7583da2b6 P 4f3017d99ab14b3ba27b882188df008c: Time spent bootstrapping tablet: real 0.144s	user 0.016s	sys 0.019s
I20260608 10:06:37.462576 17411 raft_consensus.cc:359] T b0392ef8c5a4440ab68518dc23b6d7bf P 6d0c6f5029014fb4b77b909f40a6e87d [term 0 FOLLOWER]: Replica starting. Triggering 0 pending ops. Active config: opid_index: -1 OBSOLETE_local: false peers { permanent_uuid: "6d0c6f5029014fb4b77b909f40a6e87d" member_type: VOTER last_known_addr { host: "127.13.190.2" port: 46175 } } peers { permanent_uuid: "4f3017d99ab14b3ba27b882188df008c" member_type: VOTER last_known_addr { host: "127.13.190.4" port: 45535 } } peers { permanent_uuid: "ae7bbda50c3e4da2b109cf25c329bb23" member_type: VOTER last_known_addr { host: "127.13.190.3" port: 34475 } }
I20260608 10:06:37.482556 16958 catalog_manager.cc:5696] T a228d4d890d64080b5ddec9709236d0f P ae7bbda50c3e4da2b109cf25c329bb23 reported cstate change: term changed from 0 to 1, leader changed from <none> to ae7bbda50c3e4da2b109cf25c329bb23 (127.13.190.3). New cstate: current_term: 1 leader_uuid: "ae7bbda50c3e4da2b109cf25c329bb23" committed_config { opid_index: -1 OBSOLETE_local: false peers { permanent_uuid: "4f3017d99ab14b3ba27b882188df008c" member_type: VOTER last_known_addr { host: "127.13.190.4" port: 45535 } health_report { overall_health: UNKNOWN } } peers { permanent_uuid: "ae7bbda50c3e4da2b109cf25c329bb23" member_type: VOTER last_known_addr { host: "127.13.190.3" port: 34475 } health_report { overall_health: HEALTHY } } peers { permanent_uuid: "be5a771afca2419bba03b898b823ea28" member_type: VOTER last_known_addr { host: "127.13.190.1" port: 46689 } health_report { overall_health: UNKNOWN } } }
I20260608 10:06:37.485102 17379 raft_consensus.cc:2468] T a228d4d890d64080b5ddec9709236d0f P 4f3017d99ab14b3ba27b882188df008c [term 1 FOLLOWER]: Leader election vote request: Granting yes vote for candidate ae7bbda50c3e4da2b109cf25c329bb23 in term 1.
I20260608 10:06:37.486759 17414 ts_tablet_manager.cc:1434] T b0392ef8c5a4440ab68518dc23b6d7bf P ae7bbda50c3e4da2b109cf25c329bb23: Time spent starting tablet: real 0.057s	user 0.009s	sys 0.000s
I20260608 10:06:37.501145 17324 raft_consensus.cc:493] T 79c24ee8075842489eac8688f64797fc P ae7bbda50c3e4da2b109cf25c329bb23 [term 0 FOLLOWER]: Starting pre-election (no leader contacted us within the election timeout)
I20260608 10:06:37.469725 17411 raft_consensus.cc:385] T b0392ef8c5a4440ab68518dc23b6d7bf P 6d0c6f5029014fb4b77b909f40a6e87d [term 0 FOLLOWER]: Consensus starting up: Expiring failure detector timer to make a prompt election more likely
I20260608 10:06:37.502177 17324 raft_consensus.cc:515] T 79c24ee8075842489eac8688f64797fc P ae7bbda50c3e4da2b109cf25c329bb23 [term 0 FOLLOWER]: Starting pre-election with config: opid_index: -1 OBSOLETE_local: false peers { permanent_uuid: "be5a771afca2419bba03b898b823ea28" member_type: VOTER last_known_addr { host: "127.13.190.1" port: 46689 } } peers { permanent_uuid: "4f3017d99ab14b3ba27b882188df008c" member_type: VOTER last_known_addr { host: "127.13.190.4" port: 45535 } } peers { permanent_uuid: "ae7bbda50c3e4da2b109cf25c329bb23" member_type: VOTER last_known_addr { host: "127.13.190.3" port: 34475 } }
I20260608 10:06:37.503527 17411 raft_consensus.cc:740] T b0392ef8c5a4440ab68518dc23b6d7bf P 6d0c6f5029014fb4b77b909f40a6e87d [term 0 FOLLOWER]: Becoming Follower/Learner. State: Replica: 6d0c6f5029014fb4b77b909f40a6e87d, State: Initialized, Role: FOLLOWER
I20260608 10:06:37.510548 17412 raft_consensus.cc:359] T 79c24ee8075842489eac8688f64797fc P be5a771afca2419bba03b898b823ea28 [term 0 FOLLOWER]: Replica starting. Triggering 0 pending ops. Active config: opid_index: -1 OBSOLETE_local: false peers { permanent_uuid: "be5a771afca2419bba03b898b823ea28" member_type: VOTER last_known_addr { host: "127.13.190.1" port: 46689 } } peers { permanent_uuid: "4f3017d99ab14b3ba27b882188df008c" member_type: VOTER last_known_addr { host: "127.13.190.4" port: 45535 } } peers { permanent_uuid: "ae7bbda50c3e4da2b109cf25c329bb23" member_type: VOTER last_known_addr { host: "127.13.190.3" port: 34475 } }
I20260608 10:06:37.512729 17412 raft_consensus.cc:385] T 79c24ee8075842489eac8688f64797fc P be5a771afca2419bba03b898b823ea28 [term 0 FOLLOWER]: Consensus starting up: Expiring failure detector timer to make a prompt election more likely
I20260608 10:06:37.513197 17412 raft_consensus.cc:740] T 79c24ee8075842489eac8688f64797fc P be5a771afca2419bba03b898b823ea28 [term 0 FOLLOWER]: Becoming Follower/Learner. State: Replica: be5a771afca2419bba03b898b823ea28, State: Initialized, Role: FOLLOWER
I20260608 10:06:37.513413 17064 raft_consensus.cc:2468] T a0774f1f090a4aeba1c16f4690f93719 P be5a771afca2419bba03b898b823ea28 [term 1 FOLLOWER]: Leader election vote request: Granting yes vote for candidate ae7bbda50c3e4da2b109cf25c329bb23 in term 1.
I20260608 10:06:37.511480 17324 leader_election.cc:290] T 79c24ee8075842489eac8688f64797fc P ae7bbda50c3e4da2b109cf25c329bb23 [CANDIDATE]: Term 1 pre-election: Requested pre-vote from peers be5a771afca2419bba03b898b823ea28 (127.13.190.1:46689), 4f3017d99ab14b3ba27b882188df008c (127.13.190.4:45535)
I20260608 10:06:37.512164 17379 tablet_service.cc:1917] Received RequestConsensusVote() RPC: tablet_id: "79c24ee8075842489eac8688f64797fc" candidate_uuid: "ae7bbda50c3e4da2b109cf25c329bb23" candidate_term: 1 candidate_status { last_received { term: 0 index: 0 } } ignore_live_leader: false dest_uuid: "4f3017d99ab14b3ba27b882188df008c" is_pre_election: true
I20260608 10:06:37.512048 17318 consensus_queue.cc:1048] T 9cfd9319137c4fa2b206aed7583da2b6 P 6d0c6f5029014fb4b77b909f40a6e87d [LEADER]: Connected to new peer: Peer: permanent_uuid: "be5a771afca2419bba03b898b823ea28" member_type: VOTER last_known_addr { host: "127.13.190.1" port: 46689 }, Status: LMP_MISMATCH, Last received: 0.0, Next index: 1, Last known committed idx: 0, Time since last communication: 0.000s
W20260608 10:06:37.512363 17010 auto_rebalancer.cc:259] Could not retrieve cluster info: Service unavailable: Tablet not running
I20260608 10:06:37.514091 17412 consensus_queue.cc:260] T 79c24ee8075842489eac8688f64797fc P be5a771afca2419bba03b898b823ea28 [NON_LEADER]: Queue going to NON_LEADER mode. State: All replicated index: 0, Majority replicated index: 0, Committed index: 0, Last appended: 0.0, Last appended by leader: 0, Current term: 0, Majority size: -1, State: 0, Mode: NON_LEADER, active raft config: opid_index: -1 OBSOLETE_local: false peers { permanent_uuid: "be5a771afca2419bba03b898b823ea28" member_type: VOTER last_known_addr { host: "127.13.190.1" port: 46689 } } peers { permanent_uuid: "4f3017d99ab14b3ba27b882188df008c" member_type: VOTER last_known_addr { host: "127.13.190.4" port: 45535 } } peers { permanent_uuid: "ae7bbda50c3e4da2b109cf25c329bb23" member_type: VOTER last_known_addr { host: "127.13.190.3" port: 34475 } }
W20260608 10:06:37.515641 17179 leader_election.cc:343] T 79c24ee8075842489eac8688f64797fc P ae7bbda50c3e4da2b109cf25c329bb23 [CANDIDATE]: Term 1 pre-election: Tablet error from VoteRequest() call to peer 4f3017d99ab14b3ba27b882188df008c (127.13.190.4:45535): Illegal state: must be running to vote when last-logged opid is not known
I20260608 10:06:37.516673 17411 consensus_queue.cc:260] T b0392ef8c5a4440ab68518dc23b6d7bf P 6d0c6f5029014fb4b77b909f40a6e87d [NON_LEADER]: Queue going to NON_LEADER mode. State: All replicated index: 0, Majority replicated index: 0, Committed index: 0, Last appended: 0.0, Last appended by leader: 0, Current term: 0, Majority size: -1, State: 0, Mode: NON_LEADER, active raft config: opid_index: -1 OBSOLETE_local: false peers { permanent_uuid: "6d0c6f5029014fb4b77b909f40a6e87d" member_type: VOTER last_known_addr { host: "127.13.190.2" port: 46175 } } peers { permanent_uuid: "4f3017d99ab14b3ba27b882188df008c" member_type: VOTER last_known_addr { host: "127.13.190.4" port: 45535 } } peers { permanent_uuid: "ae7bbda50c3e4da2b109cf25c329bb23" member_type: VOTER last_known_addr { host: "127.13.190.3" port: 34475 } }
I20260608 10:06:37.520190 17411 ts_tablet_manager.cc:1434] T b0392ef8c5a4440ab68518dc23b6d7bf P 6d0c6f5029014fb4b77b909f40a6e87d: Time spent starting tablet: real 0.111s	user 0.010s	sys 0.002s
I20260608 10:06:37.522996 17418 raft_consensus.cc:359] T 9cfd9319137c4fa2b206aed7583da2b6 P 4f3017d99ab14b3ba27b882188df008c [term 0 FOLLOWER]: Replica starting. Triggering 0 pending ops. Active config: opid_index: -1 OBSOLETE_local: false peers { permanent_uuid: "4f3017d99ab14b3ba27b882188df008c" member_type: VOTER last_known_addr { host: "127.13.190.4" port: 45535 } } peers { permanent_uuid: "6d0c6f5029014fb4b77b909f40a6e87d" member_type: VOTER last_known_addr { host: "127.13.190.2" port: 46175 } } peers { permanent_uuid: "be5a771afca2419bba03b898b823ea28" member_type: VOTER last_known_addr { host: "127.13.190.1" port: 46689 } }
I20260608 10:06:37.526203 17418 raft_consensus.cc:385] T 9cfd9319137c4fa2b206aed7583da2b6 P 4f3017d99ab14b3ba27b882188df008c [term 0 FOLLOWER]: Consensus starting up: Expiring failure detector timer to make a prompt election more likely
I20260608 10:06:37.526546 17412 ts_tablet_manager.cc:1434] T 79c24ee8075842489eac8688f64797fc P be5a771afca2419bba03b898b823ea28: Time spent starting tablet: real 0.077s	user 0.008s	sys 0.000s
I20260608 10:06:37.526563 17418 raft_consensus.cc:740] T 9cfd9319137c4fa2b206aed7583da2b6 P 4f3017d99ab14b3ba27b882188df008c [term 0 FOLLOWER]: Becoming Follower/Learner. State: Replica: 4f3017d99ab14b3ba27b882188df008c, State: Initialized, Role: FOLLOWER
I20260608 10:06:37.534060 17176 leader_election.cc:304] T a0774f1f090a4aeba1c16f4690f93719 P ae7bbda50c3e4da2b109cf25c329bb23 [CANDIDATE]: Term 1 election: Election decided. Result: candidate won. Election summary: received 3 responses out of 3 voters: 2 yes votes; 1 no votes. yes voters: ae7bbda50c3e4da2b109cf25c329bb23, be5a771afca2419bba03b898b823ea28; no voters: 4f3017d99ab14b3ba27b882188df008c
I20260608 10:06:37.539796 17063 tablet_service.cc:1917] Received RequestConsensusVote() RPC: tablet_id: "79c24ee8075842489eac8688f64797fc" candidate_uuid: "ae7bbda50c3e4da2b109cf25c329bb23" candidate_term: 1 candidate_status { last_received { term: 0 index: 0 } } ignore_live_leader: false dest_uuid: "be5a771afca2419bba03b898b823ea28" is_pre_election: true
I20260608 10:06:37.540699 17063 raft_consensus.cc:2468] T 79c24ee8075842489eac8688f64797fc P be5a771afca2419bba03b898b823ea28 [term 0 FOLLOWER]: Leader pre-election vote request: Granting yes vote for candidate ae7bbda50c3e4da2b109cf25c329bb23 in term 0.
I20260608 10:06:37.541388 17412 tablet_bootstrap.cc:492] T 2ade979491394089b7b6d2eec0769cb5 P be5a771afca2419bba03b898b823ea28: Bootstrap starting.
I20260608 10:06:37.538475 17062 tablet_service.cc:1917] Received RequestConsensusVote() RPC: tablet_id: "a228d4d890d64080b5ddec9709236d0f" candidate_uuid: "4f3017d99ab14b3ba27b882188df008c" candidate_term: 1 candidate_status { last_received { term: 0 index: 0 } } ignore_live_leader: false dest_uuid: "be5a771afca2419bba03b898b823ea28" is_pre_election: true
I20260608 10:06:37.527676 17418 consensus_queue.cc:260] T 9cfd9319137c4fa2b206aed7583da2b6 P 4f3017d99ab14b3ba27b882188df008c [NON_LEADER]: Queue going to NON_LEADER mode. State: All replicated index: 0, Majority replicated index: 0, Committed index: 0, Last appended: 0.0, Last appended by leader: 0, Current term: 0, Majority size: -1, State: 0, Mode: NON_LEADER, active raft config: opid_index: -1 OBSOLETE_local: false peers { permanent_uuid: "4f3017d99ab14b3ba27b882188df008c" member_type: VOTER last_known_addr { host: "127.13.190.4" port: 45535 } } peers { permanent_uuid: "6d0c6f5029014fb4b77b909f40a6e87d" member_type: VOTER last_known_addr { host: "127.13.190.2" port: 46175 } } peers { permanent_uuid: "be5a771afca2419bba03b898b823ea28" member_type: VOTER last_known_addr { host: "127.13.190.1" port: 46689 } }
I20260608 10:06:37.544371 17062 raft_consensus.cc:2393] T a228d4d890d64080b5ddec9709236d0f P be5a771afca2419bba03b898b823ea28 [term 1 FOLLOWER]: Leader pre-election vote request: Denying vote to candidate 4f3017d99ab14b3ba27b882188df008c in current term 1: Already voted for candidate ae7bbda50c3e4da2b109cf25c329bb23 in this term.
I20260608 10:06:37.538113 17325 raft_consensus.cc:2804] T a0774f1f090a4aeba1c16f4690f93719 P ae7bbda50c3e4da2b109cf25c329bb23 [term 1 FOLLOWER]: Leader election won for term 1
I20260608 10:06:37.544082 17176 leader_election.cc:304] T 79c24ee8075842489eac8688f64797fc P ae7bbda50c3e4da2b109cf25c329bb23 [CANDIDATE]: Term 1 pre-election: Election decided. Result: candidate won. Election summary: received 3 responses out of 3 voters: 2 yes votes; 1 no votes. yes voters: ae7bbda50c3e4da2b109cf25c329bb23, be5a771afca2419bba03b898b823ea28; no voters: 4f3017d99ab14b3ba27b882188df008c
I20260608 10:06:37.537892 17212 tablet_service.cc:1917] Received RequestConsensusVote() RPC: tablet_id: "a228d4d890d64080b5ddec9709236d0f" candidate_uuid: "4f3017d99ab14b3ba27b882188df008c" candidate_term: 1 candidate_status { last_received { term: 0 index: 0 } } ignore_live_leader: false dest_uuid: "ae7bbda50c3e4da2b109cf25c329bb23" is_pre_election: true
I20260608 10:06:37.548096 17418 ts_tablet_manager.cc:1434] T 9cfd9319137c4fa2b206aed7583da2b6 P 4f3017d99ab14b3ba27b882188df008c: Time spent starting tablet: real 0.087s	user 0.008s	sys 0.004s
I20260608 10:06:37.549023 17418 tablet_bootstrap.cc:492] T 79c24ee8075842489eac8688f64797fc P 4f3017d99ab14b3ba27b882188df008c: Bootstrap starting.
I20260608 10:06:37.549381 17325 raft_consensus.cc:697] T a0774f1f090a4aeba1c16f4690f93719 P ae7bbda50c3e4da2b109cf25c329bb23 [term 1 LEADER]: Becoming Leader. State: Replica: ae7bbda50c3e4da2b109cf25c329bb23, State: Running, Role: LEADER
I20260608 10:06:37.552078 17324 raft_consensus.cc:2804] T 79c24ee8075842489eac8688f64797fc P ae7bbda50c3e4da2b109cf25c329bb23 [term 0 FOLLOWER]: Leader pre-election won for term 1
I20260608 10:06:37.558046 17324 raft_consensus.cc:493] T 79c24ee8075842489eac8688f64797fc P ae7bbda50c3e4da2b109cf25c329bb23 [term 0 FOLLOWER]: Starting leader election (no leader contacted us within the election timeout)
I20260608 10:06:37.558568 17324 raft_consensus.cc:3060] T 79c24ee8075842489eac8688f64797fc P ae7bbda50c3e4da2b109cf25c329bb23 [term 0 FOLLOWER]: Advancing to term 1
I20260608 10:06:37.558104 17423 raft_consensus.cc:493] T 42b89e19ce2c405a92c33d551e12969e P 4f3017d99ab14b3ba27b882188df008c [term 0 FOLLOWER]: Starting pre-election (no leader contacted us within the election timeout)
I20260608 10:06:37.559799 17423 raft_consensus.cc:515] T 42b89e19ce2c405a92c33d551e12969e P 4f3017d99ab14b3ba27b882188df008c [term 0 FOLLOWER]: Starting pre-election with config: opid_index: -1 OBSOLETE_local: false peers { permanent_uuid: "4f3017d99ab14b3ba27b882188df008c" member_type: VOTER last_known_addr { host: "127.13.190.4" port: 45535 } } peers { permanent_uuid: "be5a771afca2419bba03b898b823ea28" member_type: VOTER last_known_addr { host: "127.13.190.1" port: 46689 } } peers { permanent_uuid: "6d0c6f5029014fb4b77b909f40a6e87d" member_type: VOTER last_known_addr { host: "127.13.190.2" port: 46175 } }
I20260608 10:06:37.561512 17325 consensus_queue.cc:237] T a0774f1f090a4aeba1c16f4690f93719 P ae7bbda50c3e4da2b109cf25c329bb23 [LEADER]: Queue going to LEADER mode. State: All replicated index: 0, Majority replicated index: 0, Committed index: 0, Last appended: 0.0, Last appended by leader: 0, Current term: 1, Majority size: 2, State: 0, Mode: LEADER, active raft config: opid_index: -1 OBSOLETE_local: false peers { permanent_uuid: "4f3017d99ab14b3ba27b882188df008c" member_type: VOTER last_known_addr { host: "127.13.190.4" port: 45535 } } peers { permanent_uuid: "be5a771afca2419bba03b898b823ea28" member_type: VOTER last_known_addr { host: "127.13.190.1" port: 46689 } } peers { permanent_uuid: "ae7bbda50c3e4da2b109cf25c329bb23" member_type: VOTER last_known_addr { host: "127.13.190.3" port: 34475 } }
I20260608 10:06:37.563948 17423 leader_election.cc:290] T 42b89e19ce2c405a92c33d551e12969e P 4f3017d99ab14b3ba27b882188df008c [CANDIDATE]: Term 1 pre-election: Requested pre-vote from peers be5a771afca2419bba03b898b823ea28 (127.13.190.1:46689), 6d0c6f5029014fb4b77b909f40a6e87d (127.13.190.2:46175)
I20260608 10:06:37.578011 17343 leader_election.cc:304] T a228d4d890d64080b5ddec9709236d0f P 4f3017d99ab14b3ba27b882188df008c [CANDIDATE]: Term 1 pre-election: Election decided. Result: candidate lost. Election summary: received 3 responses out of 3 voters: 1 yes votes; 2 no votes. yes voters: 4f3017d99ab14b3ba27b882188df008c; no voters: ae7bbda50c3e4da2b109cf25c329bb23, be5a771afca2419bba03b898b823ea28
I20260608 10:06:37.575704 17324 raft_consensus.cc:515] T 79c24ee8075842489eac8688f64797fc P ae7bbda50c3e4da2b109cf25c329bb23 [term 1 FOLLOWER]: Starting leader election with config: opid_index: -1 OBSOLETE_local: false peers { permanent_uuid: "be5a771afca2419bba03b898b823ea28" member_type: VOTER last_known_addr { host: "127.13.190.1" port: 46689 } } peers { permanent_uuid: "4f3017d99ab14b3ba27b882188df008c" member_type: VOTER last_known_addr { host: "127.13.190.4" port: 45535 } } peers { permanent_uuid: "ae7bbda50c3e4da2b109cf25c329bb23" member_type: VOTER last_known_addr { host: "127.13.190.3" port: 34475 } }
I20260608 10:06:37.590003 17268 raft_consensus.cc:493] T b0392ef8c5a4440ab68518dc23b6d7bf P ae7bbda50c3e4da2b109cf25c329bb23 [term 0 FOLLOWER]: Starting pre-election (no leader contacted us within the election timeout)
I20260608 10:06:37.591852 17064 tablet_service.cc:1917] Received RequestConsensusVote() RPC: tablet_id: "42b89e19ce2c405a92c33d551e12969e" candidate_uuid: "4f3017d99ab14b3ba27b882188df008c" candidate_term: 1 candidate_status { last_received { term: 0 index: 0 } } ignore_live_leader: false dest_uuid: "be5a771afca2419bba03b898b823ea28" is_pre_election: true
I20260608 10:06:37.592549 17064 raft_consensus.cc:2468] T 42b89e19ce2c405a92c33d551e12969e P be5a771afca2419bba03b898b823ea28 [term 0 FOLLOWER]: Leader pre-election vote request: Granting yes vote for candidate 4f3017d99ab14b3ba27b882188df008c in term 0.
I20260608 10:06:37.594679 17324 leader_election.cc:290] T 79c24ee8075842489eac8688f64797fc P ae7bbda50c3e4da2b109cf25c329bb23 [CANDIDATE]: Term 1 election: Requested vote from peers be5a771afca2419bba03b898b823ea28 (127.13.190.1:46689), 4f3017d99ab14b3ba27b882188df008c (127.13.190.4:45535)
I20260608 10:06:37.590581 17268 raft_consensus.cc:515] T b0392ef8c5a4440ab68518dc23b6d7bf P ae7bbda50c3e4da2b109cf25c329bb23 [term 0 FOLLOWER]: Starting pre-election with config: opid_index: -1 OBSOLETE_local: false peers { permanent_uuid: "6d0c6f5029014fb4b77b909f40a6e87d" member_type: VOTER last_known_addr { host: "127.13.190.2" port: 46175 } } peers { permanent_uuid: "4f3017d99ab14b3ba27b882188df008c" member_type: VOTER last_known_addr { host: "127.13.190.4" port: 45535 } } peers { permanent_uuid: "ae7bbda50c3e4da2b109cf25c329bb23" member_type: VOTER last_known_addr { host: "127.13.190.3" port: 34475 } }
I20260608 10:06:37.579866 17423 raft_consensus.cc:2749] T a228d4d890d64080b5ddec9709236d0f P 4f3017d99ab14b3ba27b882188df008c [term 1 FOLLOWER]: Leader pre-election lost for term 1. Reason: could not achieve majority
I20260608 10:06:37.602512 17379 raft_consensus.cc:3060] T 9cfd9319137c4fa2b206aed7583da2b6 P 4f3017d99ab14b3ba27b882188df008c [term 0 FOLLOWER]: Advancing to term 1
I20260608 10:06:37.604071 17340 leader_election.cc:304] T 42b89e19ce2c405a92c33d551e12969e P 4f3017d99ab14b3ba27b882188df008c [CANDIDATE]: Term 1 pre-election: Election decided. Result: candidate won. Election summary: received 2 responses out of 3 voters: 2 yes votes; 0 no votes. yes voters: 4f3017d99ab14b3ba27b882188df008c, be5a771afca2419bba03b898b823ea28; no voters: 
I20260608 10:06:37.604516 17378 tablet_service.cc:1917] Received RequestConsensusVote() RPC: tablet_id: "79c24ee8075842489eac8688f64797fc" candidate_uuid: "ae7bbda50c3e4da2b109cf25c329bb23" candidate_term: 1 candidate_status { last_received { term: 0 index: 0 } } ignore_live_leader: false dest_uuid: "4f3017d99ab14b3ba27b882188df008c"
I20260608 10:06:37.611089 17423 raft_consensus.cc:2804] T 42b89e19ce2c405a92c33d551e12969e P 4f3017d99ab14b3ba27b882188df008c [term 0 FOLLOWER]: Leader pre-election won for term 1
I20260608 10:06:37.611590 17423 raft_consensus.cc:493] T 42b89e19ce2c405a92c33d551e12969e P 4f3017d99ab14b3ba27b882188df008c [term 0 FOLLOWER]: Starting leader election (no leader contacted us within the election timeout)
I20260608 10:06:37.611976 17423 raft_consensus.cc:3060] T 42b89e19ce2c405a92c33d551e12969e P 4f3017d99ab14b3ba27b882188df008c [term 0 FOLLOWER]: Advancing to term 1
I20260608 10:06:37.613732 17138 tablet_service.cc:1917] Received RequestConsensusVote() RPC: tablet_id: "b0392ef8c5a4440ab68518dc23b6d7bf" candidate_uuid: "ae7bbda50c3e4da2b109cf25c329bb23" candidate_term: 1 candidate_status { last_received { term: 0 index: 0 } } ignore_live_leader: false dest_uuid: "6d0c6f5029014fb4b77b909f40a6e87d" is_pre_election: true
I20260608 10:06:37.614538 17138 raft_consensus.cc:2468] T b0392ef8c5a4440ab68518dc23b6d7bf P 6d0c6f5029014fb4b77b909f40a6e87d [term 0 FOLLOWER]: Leader pre-election vote request: Granting yes vote for candidate ae7bbda50c3e4da2b109cf25c329bb23 in term 0.
I20260608 10:06:37.616147 17177 leader_election.cc:304] T b0392ef8c5a4440ab68518dc23b6d7bf P ae7bbda50c3e4da2b109cf25c329bb23 [CANDIDATE]: Term 1 pre-election: Election decided. Result: candidate won. Election summary: received 2 responses out of 3 voters: 2 yes votes; 0 no votes. yes voters: 6d0c6f5029014fb4b77b909f40a6e87d, ae7bbda50c3e4da2b109cf25c329bb23; no voters: 
I20260608 10:06:37.617077 17325 raft_consensus.cc:2804] T b0392ef8c5a4440ab68518dc23b6d7bf P ae7bbda50c3e4da2b109cf25c329bb23 [term 0 FOLLOWER]: Leader pre-election won for term 1
I20260608 10:06:37.617498 17325 raft_consensus.cc:493] T b0392ef8c5a4440ab68518dc23b6d7bf P ae7bbda50c3e4da2b109cf25c329bb23 [term 0 FOLLOWER]: Starting leader election (no leader contacted us within the election timeout)
I20260608 10:06:37.617884 17325 raft_consensus.cc:3060] T b0392ef8c5a4440ab68518dc23b6d7bf P ae7bbda50c3e4da2b109cf25c329bb23 [term 0 FOLLOWER]: Advancing to term 1
I20260608 10:06:37.622202 17318 consensus_queue.cc:1048] T 9cfd9319137c4fa2b206aed7583da2b6 P 6d0c6f5029014fb4b77b909f40a6e87d [LEADER]: Connected to new peer: Peer: permanent_uuid: "4f3017d99ab14b3ba27b882188df008c" member_type: VOTER last_known_addr { host: "127.13.190.4" port: 45535 }, Status: LMP_MISMATCH, Last received: 0.0, Next index: 1, Last known committed idx: 0, Time since last communication: 0.001s
I20260608 10:06:37.625252 17062 tablet_service.cc:1917] Received RequestConsensusVote() RPC: tablet_id: "79c24ee8075842489eac8688f64797fc" candidate_uuid: "ae7bbda50c3e4da2b109cf25c329bb23" candidate_term: 1 candidate_status { last_received { term: 0 index: 0 } } ignore_live_leader: false dest_uuid: "be5a771afca2419bba03b898b823ea28"
I20260608 10:06:37.626020 17062 raft_consensus.cc:3060] T 79c24ee8075842489eac8688f64797fc P be5a771afca2419bba03b898b823ea28 [term 0 FOLLOWER]: Advancing to term 1
I20260608 10:06:37.625555 17412 tablet_bootstrap.cc:654] T 2ade979491394089b7b6d2eec0769cb5 P be5a771afca2419bba03b898b823ea28: Neither blocks nor log segments found. Creating new log.
I20260608 10:06:37.629406 17325 raft_consensus.cc:515] T b0392ef8c5a4440ab68518dc23b6d7bf P ae7bbda50c3e4da2b109cf25c329bb23 [term 1 FOLLOWER]: Starting leader election with config: opid_index: -1 OBSOLETE_local: false peers { permanent_uuid: "6d0c6f5029014fb4b77b909f40a6e87d" member_type: VOTER last_known_addr { host: "127.13.190.2" port: 46175 } } peers { permanent_uuid: "4f3017d99ab14b3ba27b882188df008c" member_type: VOTER last_known_addr { host: "127.13.190.4" port: 45535 } } peers { permanent_uuid: "ae7bbda50c3e4da2b109cf25c329bb23" member_type: VOTER last_known_addr { host: "127.13.190.3" port: 34475 } }
I20260608 10:06:37.630268 17318 raft_consensus.cc:493] T 42b89e19ce2c405a92c33d551e12969e P 6d0c6f5029014fb4b77b909f40a6e87d [term 0 FOLLOWER]: Starting pre-election (no leader contacted us within the election timeout)
I20260608 10:06:37.635104 17268 leader_election.cc:290] T b0392ef8c5a4440ab68518dc23b6d7bf P ae7bbda50c3e4da2b109cf25c329bb23 [CANDIDATE]: Term 1 pre-election: Requested pre-vote from peers 6d0c6f5029014fb4b77b909f40a6e87d (127.13.190.2:46175), 4f3017d99ab14b3ba27b882188df008c (127.13.190.4:45535)
I20260608 10:06:37.636540 17318 raft_consensus.cc:515] T 42b89e19ce2c405a92c33d551e12969e P 6d0c6f5029014fb4b77b909f40a6e87d [term 0 FOLLOWER]: Starting pre-election with config: opid_index: -1 OBSOLETE_local: false peers { permanent_uuid: "4f3017d99ab14b3ba27b882188df008c" member_type: VOTER last_known_addr { host: "127.13.190.4" port: 45535 } } peers { permanent_uuid: "be5a771afca2419bba03b898b823ea28" member_type: VOTER last_known_addr { host: "127.13.190.1" port: 46689 } } peers { permanent_uuid: "6d0c6f5029014fb4b77b909f40a6e87d" member_type: VOTER last_known_addr { host: "127.13.190.2" port: 46175 } }
I20260608 10:06:37.640527 17325 leader_election.cc:290] T b0392ef8c5a4440ab68518dc23b6d7bf P ae7bbda50c3e4da2b109cf25c329bb23 [CANDIDATE]: Term 1 election: Requested vote from peers 6d0c6f5029014fb4b77b909f40a6e87d (127.13.190.2:46175), 4f3017d99ab14b3ba27b882188df008c (127.13.190.4:45535)
I20260608 10:06:37.646003 17138 tablet_service.cc:1917] Received RequestConsensusVote() RPC: tablet_id: "b0392ef8c5a4440ab68518dc23b6d7bf" candidate_uuid: "ae7bbda50c3e4da2b109cf25c329bb23" candidate_term: 1 candidate_status { last_received { term: 0 index: 0 } } ignore_live_leader: false dest_uuid: "6d0c6f5029014fb4b77b909f40a6e87d"
I20260608 10:06:37.656102 17378 tablet_service.cc:1917] Received RequestConsensusVote() RPC: tablet_id: "42b89e19ce2c405a92c33d551e12969e" candidate_uuid: "6d0c6f5029014fb4b77b909f40a6e87d" candidate_term: 1 candidate_status { last_received { term: 0 index: 0 } } ignore_live_leader: false dest_uuid: "4f3017d99ab14b3ba27b882188df008c" is_pre_election: true
I20260608 10:06:37.659857 17376 tablet_service.cc:1917] Received RequestConsensusVote() RPC: tablet_id: "b0392ef8c5a4440ab68518dc23b6d7bf" candidate_uuid: "ae7bbda50c3e4da2b109cf25c329bb23" candidate_term: 1 candidate_status { last_received { term: 0 index: 0 } } ignore_live_leader: false dest_uuid: "4f3017d99ab14b3ba27b882188df008c"
I20260608 10:06:37.660205 17063 tablet_service.cc:1917] Received RequestConsensusVote() RPC: tablet_id: "42b89e19ce2c405a92c33d551e12969e" candidate_uuid: "6d0c6f5029014fb4b77b909f40a6e87d" candidate_term: 1 candidate_status { last_received { term: 0 index: 0 } } ignore_live_leader: false dest_uuid: "be5a771afca2419bba03b898b823ea28" is_pre_election: true
I20260608 10:06:37.660928 17063 raft_consensus.cc:2468] T 42b89e19ce2c405a92c33d551e12969e P be5a771afca2419bba03b898b823ea28 [term 0 FOLLOWER]: Leader pre-election vote request: Granting yes vote for candidate 6d0c6f5029014fb4b77b909f40a6e87d in term 0.
W20260608 10:06:37.662179 17179 leader_election.cc:343] T 79c24ee8075842489eac8688f64797fc P ae7bbda50c3e4da2b109cf25c329bb23 [CANDIDATE]: Term 1 election: Tablet error from VoteRequest() call to peer 4f3017d99ab14b3ba27b882188df008c (127.13.190.4:45535): Illegal state: must be running to vote when last-logged opid is not known
W20260608 10:06:37.663075 17179 leader_election.cc:343] T b0392ef8c5a4440ab68518dc23b6d7bf P ae7bbda50c3e4da2b109cf25c329bb23 [CANDIDATE]: Term 1 election: Tablet error from VoteRequest() call to peer 4f3017d99ab14b3ba27b882188df008c (127.13.190.4:45535): Illegal state: must be running to vote when last-logged opid is not known
I20260608 10:06:37.663774 17423 raft_consensus.cc:515] T 42b89e19ce2c405a92c33d551e12969e P 4f3017d99ab14b3ba27b882188df008c [term 1 FOLLOWER]: Starting leader election with config: opid_index: -1 OBSOLETE_local: false peers { permanent_uuid: "4f3017d99ab14b3ba27b882188df008c" member_type: VOTER last_known_addr { host: "127.13.190.4" port: 45535 } } peers { permanent_uuid: "be5a771afca2419bba03b898b823ea28" member_type: VOTER last_known_addr { host: "127.13.190.1" port: 46689 } } peers { permanent_uuid: "6d0c6f5029014fb4b77b909f40a6e87d" member_type: VOTER last_known_addr { host: "127.13.190.2" port: 46175 } }
I20260608 10:06:37.664443 17102 leader_election.cc:304] T 42b89e19ce2c405a92c33d551e12969e P 6d0c6f5029014fb4b77b909f40a6e87d [CANDIDATE]: Term 1 pre-election: Election decided. Result: candidate won. Election summary: received 2 responses out of 3 voters: 2 yes votes; 0 no votes. yes voters: 6d0c6f5029014fb4b77b909f40a6e87d, be5a771afca2419bba03b898b823ea28; no voters: 
I20260608 10:06:37.654474 17138 raft_consensus.cc:3060] T b0392ef8c5a4440ab68518dc23b6d7bf P 6d0c6f5029014fb4b77b909f40a6e87d [term 0 FOLLOWER]: Advancing to term 1
I20260608 10:06:37.652809 17318 leader_election.cc:290] T 42b89e19ce2c405a92c33d551e12969e P 6d0c6f5029014fb4b77b909f40a6e87d [CANDIDATE]: Term 1 pre-election: Requested pre-vote from peers 4f3017d99ab14b3ba27b882188df008c (127.13.190.4:45535), be5a771afca2419bba03b898b823ea28 (127.13.190.1:46689)
I20260608 10:06:37.690209 17318 raft_consensus.cc:493] T 2ade979491394089b7b6d2eec0769cb5 P 6d0c6f5029014fb4b77b909f40a6e87d [term 0 FOLLOWER]: Starting pre-election (no leader contacted us within the election timeout)
I20260608 10:06:37.690884 17318 raft_consensus.cc:515] T 2ade979491394089b7b6d2eec0769cb5 P 6d0c6f5029014fb4b77b909f40a6e87d [term 0 FOLLOWER]: Starting pre-election with config: opid_index: -1 OBSOLETE_local: false peers { permanent_uuid: "4f3017d99ab14b3ba27b882188df008c" member_type: VOTER last_known_addr { host: "127.13.190.4" port: 45535 } } peers { permanent_uuid: "be5a771afca2419bba03b898b823ea28" member_type: VOTER last_known_addr { host: "127.13.190.1" port: 46689 } } peers { permanent_uuid: "6d0c6f5029014fb4b77b909f40a6e87d" member_type: VOTER last_known_addr { host: "127.13.190.2" port: 46175 } }
I20260608 10:06:37.695371 17378 raft_consensus.cc:2393] T 42b89e19ce2c405a92c33d551e12969e P 4f3017d99ab14b3ba27b882188df008c [term 1 FOLLOWER]: Leader pre-election vote request: Denying vote to candidate 6d0c6f5029014fb4b77b909f40a6e87d in current term 1: Already voted for candidate 4f3017d99ab14b3ba27b882188df008c in this term.
I20260608 10:06:37.700495 17139 tablet_service.cc:1917] Received RequestConsensusVote() RPC: tablet_id: "42b89e19ce2c405a92c33d551e12969e" candidate_uuid: "4f3017d99ab14b3ba27b882188df008c" candidate_term: 1 candidate_status { last_received { term: 0 index: 0 } } ignore_live_leader: false dest_uuid: "6d0c6f5029014fb4b77b909f40a6e87d" is_pre_election: true
I20260608 10:06:37.701367 17139 raft_consensus.cc:2468] T 42b89e19ce2c405a92c33d551e12969e P 6d0c6f5029014fb4b77b909f40a6e87d [term 0 FOLLOWER]: Leader pre-election vote request: Granting yes vote for candidate 4f3017d99ab14b3ba27b882188df008c in term 0.
I20260608 10:06:37.706257 17418 tablet_bootstrap.cc:654] T 79c24ee8075842489eac8688f64797fc P 4f3017d99ab14b3ba27b882188df008c: Neither blocks nor log segments found. Creating new log.
I20260608 10:06:37.677973 17379 tablet_service.cc:1917] Received RequestConsensusVote() RPC: tablet_id: "b0392ef8c5a4440ab68518dc23b6d7bf" candidate_uuid: "ae7bbda50c3e4da2b109cf25c329bb23" candidate_term: 1 candidate_status { last_received { term: 0 index: 0 } } ignore_live_leader: false dest_uuid: "4f3017d99ab14b3ba27b882188df008c" is_pre_election: true
I20260608 10:06:37.717564 17285 raft_consensus.cc:2804] T 42b89e19ce2c405a92c33d551e12969e P 6d0c6f5029014fb4b77b909f40a6e87d [term 0 FOLLOWER]: Leader pre-election won for term 1
I20260608 10:06:37.725404 17423 leader_election.cc:290] T 42b89e19ce2c405a92c33d551e12969e P 4f3017d99ab14b3ba27b882188df008c [CANDIDATE]: Term 1 election: Requested vote from peers be5a771afca2419bba03b898b823ea28 (127.13.190.1:46689), 6d0c6f5029014fb4b77b909f40a6e87d (127.13.190.2:46175)
W20260608 10:06:37.725925 17179 leader_election.cc:343] T b0392ef8c5a4440ab68518dc23b6d7bf P ae7bbda50c3e4da2b109cf25c329bb23 [CANDIDATE]: Term 1 pre-election: Tablet error from VoteRequest() call to peer 4f3017d99ab14b3ba27b882188df008c (127.13.190.4:45535): Illegal state: must be running to vote when last-logged opid is not known
I20260608 10:06:37.732338 17285 raft_consensus.cc:493] T 42b89e19ce2c405a92c33d551e12969e P 6d0c6f5029014fb4b77b909f40a6e87d [term 0 FOLLOWER]: Starting leader election (no leader contacted us within the election timeout)
I20260608 10:06:37.732873 17285 raft_consensus.cc:3060] T 42b89e19ce2c405a92c33d551e12969e P 6d0c6f5029014fb4b77b909f40a6e87d [term 0 FOLLOWER]: Advancing to term 1
I20260608 10:06:37.733598 17062 raft_consensus.cc:2468] T 79c24ee8075842489eac8688f64797fc P be5a771afca2419bba03b898b823ea28 [term 1 FOLLOWER]: Leader election vote request: Granting yes vote for candidate ae7bbda50c3e4da2b109cf25c329bb23 in term 1.
I20260608 10:06:37.727504 17139 tablet_service.cc:1917] Received RequestConsensusVote() RPC: tablet_id: "42b89e19ce2c405a92c33d551e12969e" candidate_uuid: "4f3017d99ab14b3ba27b882188df008c" candidate_term: 1 candidate_status { last_received { term: 0 index: 0 } } ignore_live_leader: false dest_uuid: "6d0c6f5029014fb4b77b909f40a6e87d"
I20260608 10:06:37.729740 17318 leader_election.cc:290] T 2ade979491394089b7b6d2eec0769cb5 P 6d0c6f5029014fb4b77b909f40a6e87d [CANDIDATE]: Term 1 pre-election: Requested pre-vote from peers 4f3017d99ab14b3ba27b882188df008c (127.13.190.4:45535), be5a771afca2419bba03b898b823ea28 (127.13.190.1:46689)
I20260608 10:06:37.730237 16961 catalog_manager.cc:5696] T a0774f1f090a4aeba1c16f4690f93719 P ae7bbda50c3e4da2b109cf25c329bb23 reported cstate change: term changed from 0 to 1, leader changed from <none> to ae7bbda50c3e4da2b109cf25c329bb23 (127.13.190.3). New cstate: current_term: 1 leader_uuid: "ae7bbda50c3e4da2b109cf25c329bb23" committed_config { opid_index: -1 OBSOLETE_local: false peers { permanent_uuid: "4f3017d99ab14b3ba27b882188df008c" member_type: VOTER last_known_addr { host: "127.13.190.4" port: 45535 } health_report { overall_health: UNKNOWN } } peers { permanent_uuid: "be5a771afca2419bba03b898b823ea28" member_type: VOTER last_known_addr { host: "127.13.190.1" port: 46689 } health_report { overall_health: UNKNOWN } } peers { permanent_uuid: "ae7bbda50c3e4da2b109cf25c329bb23" member_type: VOTER last_known_addr { host: "127.13.190.3" port: 34475 } health_report { overall_health: HEALTHY } } }
I20260608 10:06:37.726369 17063 tablet_service.cc:1917] Received RequestConsensusVote() RPC: tablet_id: "42b89e19ce2c405a92c33d551e12969e" candidate_uuid: "4f3017d99ab14b3ba27b882188df008c" candidate_term: 1 candidate_status { last_received { term: 0 index: 0 } } ignore_live_leader: false dest_uuid: "be5a771afca2419bba03b898b823ea28"
I20260608 10:06:37.735585 17379 tablet_service.cc:1917] Received RequestConsensusVote() RPC: tablet_id: "2ade979491394089b7b6d2eec0769cb5" candidate_uuid: "6d0c6f5029014fb4b77b909f40a6e87d" candidate_term: 1 candidate_status { last_received { term: 0 index: 0 } } ignore_live_leader: false dest_uuid: "4f3017d99ab14b3ba27b882188df008c" is_pre_election: true
I20260608 10:06:37.741397 17063 raft_consensus.cc:3060] T 42b89e19ce2c405a92c33d551e12969e P be5a771afca2419bba03b898b823ea28 [term 0 FOLLOWER]: Advancing to term 1
I20260608 10:06:37.735836 17176 leader_election.cc:304] T 79c24ee8075842489eac8688f64797fc P ae7bbda50c3e4da2b109cf25c329bb23 [CANDIDATE]: Term 1 election: Election decided. Result: candidate won. Election summary: received 3 responses out of 3 voters: 2 yes votes; 1 no votes. yes voters: ae7bbda50c3e4da2b109cf25c329bb23, be5a771afca2419bba03b898b823ea28; no voters: 4f3017d99ab14b3ba27b882188df008c
I20260608 10:06:37.747109 17325 raft_consensus.cc:2804] T 79c24ee8075842489eac8688f64797fc P ae7bbda50c3e4da2b109cf25c329bb23 [term 1 FOLLOWER]: Leader election won for term 1
I20260608 10:06:37.747725 17325 raft_consensus.cc:697] T 79c24ee8075842489eac8688f64797fc P ae7bbda50c3e4da2b109cf25c329bb23 [term 1 LEADER]: Becoming Leader. State: Replica: ae7bbda50c3e4da2b109cf25c329bb23, State: Running, Role: LEADER
