W20260608 10:05:35.828917 15875 instance_detector.cc:116] could not retrieve Azure instance metadata: Network error: curl error: HTTP response code said error: The requested URL returned error: 404
W20260608 10:05:35.832772 15877 instance_detector.cc:116] could not retrieve OpenStack instance metadata: Network error: curl error: HTTP response code said error: The requested URL returned error: 404
I20260608 10:05:35.833302 14072 server_base.cc:1061] running on GCE node
I20260608 10:05:35.833917 15870 heartbeater.cc:344] Connected to a master server at 127.13.190.62:40781
I20260608 10:05:35.834352 15870 heartbeater.cc:461] Registering TS with master...
I20260608 10:05:35.834630 14072 hybrid_clock.cc:584] initializing the hybrid clock with 'system_unsync' time source
W20260608 10:05:35.834867 14072 system_unsync_time.cc:38] NTP support is disabled. Clock error bounds will not be accurate. This configuration is not suitable for distributed clusters.
I20260608 10:05:35.835103 14072 hybrid_clock.cc:648] HybridClock initialized: now 1780913135835035 us; error 0 us; skew 500 ppm
I20260608 10:05:35.835302 15870 heartbeater.cc:507] Master 127.13.190.62:40781 requested a full tablet report, sending...
I20260608 10:05:35.835933 14072 server_base.cc:861] Flag tcmalloc_max_total_thread_cache_bytes is not working since tcmalloc is not enabled.
I20260608 10:05:35.838295 15743 ts_manager.cc:194] Registered new tserver with Master: d471f5b5eee248448b28f1fd07b934bc (127.13.190.1:33929)
I20260608 10:05:35.839092 14072 webserver.cc:533] Webserver started at http://127.13.190.2:44989/ using document root <none> and password file <none>
I20260608 10:05:35.839740 14072 fs_manager.cc:362] Metadata directory not provided
I20260608 10:05:35.839951 14072 fs_manager.cc:368] Using write-ahead log directory (fs_wal_dir) as metadata directory
I20260608 10:05:35.840273 14072 server_base.cc:909] This appears to be a new deployment of Kudu; creating new FS layout
I20260608 10:05:35.840670 15743 master_service.cc:502] Signed X509 certificate for tserver {username='slave'} at 127.0.0.1:54740
I20260608 10:05:35.841545 14072 fs_manager.cc:1068] Generated new instance metadata in path /tmp/dist-test-taskLRNAza/test-tmp/auto_rebalancer-test.0.AutoRebalancerTest.MovesScheduledIfAddTserver.1780913111543729-14072-0/minicluster-data/ts-1-root/instance:
uuid: "0aad60772b9d4834b2e144350cb43b24"
format_stamp: "Formatted at 2026-06-08 10:05:35 on dist-test-slave-4dd3"
I20260608 10:05:35.846815 14072 fs_manager.cc:696] Time spent creating directory manager: real 0.005s	user 0.007s	sys 0.000s
I20260608 10:05:35.850901 15882 log_block_manager.cc:4031] Time spent loading block containers with low live blocks: real 0.000s	user 0.000s	sys 0.000s
I20260608 10:05:35.852186 14072 fs_manager.cc:730] Time spent opening block manager: real 0.003s	user 0.003s	sys 0.000s
I20260608 10:05:35.852524 14072 fs_manager.cc:647] Opened local filesystem: /tmp/dist-test-taskLRNAza/test-tmp/auto_rebalancer-test.0.AutoRebalancerTest.MovesScheduledIfAddTserver.1780913111543729-14072-0/minicluster-data/ts-1-root
uuid: "0aad60772b9d4834b2e144350cb43b24"
format_stamp: "Formatted at 2026-06-08 10:05:35 on dist-test-slave-4dd3"
I20260608 10:05:35.852803 14072 fs_report.cc:389] FS layout report
--------------------
wal directory: /tmp/dist-test-taskLRNAza/test-tmp/auto_rebalancer-test.0.AutoRebalancerTest.MovesScheduledIfAddTserver.1780913111543729-14072-0/minicluster-data/ts-1-root
metadata directory: /tmp/dist-test-taskLRNAza/test-tmp/auto_rebalancer-test.0.AutoRebalancerTest.MovesScheduledIfAddTserver.1780913111543729-14072-0/minicluster-data/ts-1-root
1 data directories: /tmp/dist-test-taskLRNAza/test-tmp/auto_rebalancer-test.0.AutoRebalancerTest.MovesScheduledIfAddTserver.1780913111543729-14072-0/minicluster-data/ts-1-root/data
Total live blocks: 0
Total live bytes: 0
Total live bytes (after alignment): 0
Total number of LBM containers: 0 (0 full)
Did not check for missing blocks
Did not check for orphaned blocks
Total full LBM containers with extra space: 0 (0 repaired)
Total full LBM container extra space in bytes: 0 (0 repaired)
Total incomplete LBM containers: 0 (0 repaired)
Total LBM partial records: 0 (0 repaired)
Total corrupted LBM metadata records in RocksDB: 0 (0 repaired)
I20260608 10:05:35.874585 14072 rpc_server.cc:225] running with OpenSSL 1.1.1  11 Sep 2018
I20260608 10:05:35.875910 14072 kserver.cc:163] Server-wide thread pool size limit: 3276
I20260608 10:05:35.877468 14072 txn_system_client.cc:432] TxnSystemClient initialization is disabled...
I20260608 10:05:35.880059 14072 ts_tablet_manager.cc:585] Loaded tablet metadata (0 total tablets, 0 live tablets)
I20260608 10:05:35.880280 14072 ts_tablet_manager.cc:531] Time spent load tablet metadata: real 0.000s	user 0.000s	sys 0.000s
I20260608 10:05:35.880606 14072 ts_tablet_manager.cc:616] Registered 0 tablets
I20260608 10:05:35.880769 14072 ts_tablet_manager.cc:595] Time spent register tablets: real 0.000s	user 0.000s	sys 0.000s
I20260608 10:05:35.927404 14072 rpc_server.cc:307] RPC server started. Bound to: 127.13.190.2:44251
I20260608 10:05:35.927582 15944 acceptor_pool.cc:272] collecting diagnostics on the listening RPC socket 127.13.190.2:44251 every 8 connection(s)
I20260608 10:05:35.933262 14072 file_cache.cc:492] Constructed file cache file cache with capacity 419430
W20260608 10:05:35.941579 15948 instance_detector.cc:116] could not retrieve AWS instance metadata: Network error: curl error: HTTP response code said error: The requested URL returned error: 404
W20260608 10:05:35.943481 15949 instance_detector.cc:116] could not retrieve Azure instance metadata: Network error: curl error: HTTP response code said error: The requested URL returned error: 404
W20260608 10:05:35.945150 15951 instance_detector.cc:116] could not retrieve OpenStack instance metadata: Network error: curl error: HTTP response code said error: The requested URL returned error: 404
I20260608 10:05:35.947485 14072 server_base.cc:1061] running on GCE node
I20260608 10:05:35.948422 14072 hybrid_clock.cc:584] initializing the hybrid clock with 'system_unsync' time source
W20260608 10:05:35.948685 14072 system_unsync_time.cc:38] NTP support is disabled. Clock error bounds will not be accurate. This configuration is not suitable for distributed clusters.
I20260608 10:05:35.948895 14072 hybrid_clock.cc:648] HybridClock initialized: now 1780913135948871 us; error 0 us; skew 500 ppm
I20260608 10:05:35.949015 15945 heartbeater.cc:344] Connected to a master server at 127.13.190.62:40781
I20260608 10:05:35.949450 15945 heartbeater.cc:461] Registering TS with master...
I20260608 10:05:35.949806 14072 server_base.cc:861] Flag tcmalloc_max_total_thread_cache_bytes is not working since tcmalloc is not enabled.
I20260608 10:05:35.950459 15945 heartbeater.cc:507] Master 127.13.190.62:40781 requested a full tablet report, sending...
I20260608 10:05:35.953140 15743 ts_manager.cc:194] Registered new tserver with Master: 0aad60772b9d4834b2e144350cb43b24 (127.13.190.2:44251)
I20260608 10:05:35.953311 14072 webserver.cc:533] Webserver started at http://127.13.190.3:40229/ using document root <none> and password file <none>
I20260608 10:05:35.954017 14072 fs_manager.cc:362] Metadata directory not provided
I20260608 10:05:35.954305 14072 fs_manager.cc:368] Using write-ahead log directory (fs_wal_dir) as metadata directory
I20260608 10:05:35.954674 14072 server_base.cc:909] This appears to be a new deployment of Kudu; creating new FS layout
I20260608 10:05:35.954924 15743 master_service.cc:502] Signed X509 certificate for tserver {username='slave'} at 127.0.0.1:54742
I20260608 10:05:35.956379 14072 fs_manager.cc:1068] Generated new instance metadata in path /tmp/dist-test-taskLRNAza/test-tmp/auto_rebalancer-test.0.AutoRebalancerTest.MovesScheduledIfAddTserver.1780913111543729-14072-0/minicluster-data/ts-2-root/instance:
uuid: "fdc0cfe604bc4f9ca6cb25d8f04d4df9"
format_stamp: "Formatted at 2026-06-08 10:05:35 on dist-test-slave-4dd3"
I20260608 10:05:35.962234 14072 fs_manager.cc:696] Time spent creating directory manager: real 0.005s	user 0.003s	sys 0.003s
I20260608 10:05:35.966632 15956 log_block_manager.cc:4031] Time spent loading block containers with low live blocks: real 0.000s	user 0.000s	sys 0.000s
I20260608 10:05:35.967717 14072 fs_manager.cc:730] Time spent opening block manager: real 0.003s	user 0.003s	sys 0.000s
I20260608 10:05:35.968195 14072 fs_manager.cc:647] Opened local filesystem: /tmp/dist-test-taskLRNAza/test-tmp/auto_rebalancer-test.0.AutoRebalancerTest.MovesScheduledIfAddTserver.1780913111543729-14072-0/minicluster-data/ts-2-root
uuid: "fdc0cfe604bc4f9ca6cb25d8f04d4df9"
format_stamp: "Formatted at 2026-06-08 10:05:35 on dist-test-slave-4dd3"
I20260608 10:05:35.968528 14072 fs_report.cc:389] FS layout report
--------------------
wal directory: /tmp/dist-test-taskLRNAza/test-tmp/auto_rebalancer-test.0.AutoRebalancerTest.MovesScheduledIfAddTserver.1780913111543729-14072-0/minicluster-data/ts-2-root
metadata directory: /tmp/dist-test-taskLRNAza/test-tmp/auto_rebalancer-test.0.AutoRebalancerTest.MovesScheduledIfAddTserver.1780913111543729-14072-0/minicluster-data/ts-2-root
1 data directories: /tmp/dist-test-taskLRNAza/test-tmp/auto_rebalancer-test.0.AutoRebalancerTest.MovesScheduledIfAddTserver.1780913111543729-14072-0/minicluster-data/ts-2-root/data
Total live blocks: 0
Total live bytes: 0
Total live bytes (after alignment): 0
Total number of LBM containers: 0 (0 full)
Did not check for missing blocks
Did not check for orphaned blocks
Total full LBM containers with extra space: 0 (0 repaired)
Total full LBM container extra space in bytes: 0 (0 repaired)
Total incomplete LBM containers: 0 (0 repaired)
Total LBM partial records: 0 (0 repaired)
Total corrupted LBM metadata records in RocksDB: 0 (0 repaired)
I20260608 10:05:35.983668 14072 rpc_server.cc:225] running with OpenSSL 1.1.1  11 Sep 2018
I20260608 10:05:35.985109 14072 kserver.cc:163] Server-wide thread pool size limit: 3276
I20260608 10:05:35.986725 14072 txn_system_client.cc:432] TxnSystemClient initialization is disabled...
I20260608 10:05:35.989490 14072 ts_tablet_manager.cc:585] Loaded tablet metadata (0 total tablets, 0 live tablets)
I20260608 10:05:35.989754 14072 ts_tablet_manager.cc:531] Time spent load tablet metadata: real 0.000s	user 0.000s	sys 0.000s
I20260608 10:05:35.990013 14072 ts_tablet_manager.cc:616] Registered 0 tablets
I20260608 10:05:35.990212 14072 ts_tablet_manager.cc:595] Time spent register tablets: real 0.000s	user 0.000s	sys 0.000s
I20260608 10:05:36.041486 14072 rpc_server.cc:307] RPC server started. Bound to: 127.13.190.3:38153
I20260608 10:05:36.041659 16018 acceptor_pool.cc:272] collecting diagnostics on the listening RPC socket 127.13.190.3:38153 every 8 connection(s)
I20260608 10:05:36.058741 16019 heartbeater.cc:344] Connected to a master server at 127.13.190.62:40781
I20260608 10:05:36.059329 16019 heartbeater.cc:461] Registering TS with master...
I20260608 10:05:36.060163 16019 heartbeater.cc:507] Master 127.13.190.62:40781 requested a full tablet report, sending...
I20260608 10:05:36.062490 15743 ts_manager.cc:194] Registered new tserver with Master: fdc0cfe604bc4f9ca6cb25d8f04d4df9 (127.13.190.3:38153)
I20260608 10:05:36.063279 14072 internal_mini_cluster.cc:371] 3 TS(s) registered with all masters after 0.017700237s
I20260608 10:05:36.064293 15743 master_service.cc:502] Signed X509 certificate for tserver {username='slave'} at 127.0.0.1:54752
I20260608 10:05:36.844090 15870 heartbeater.cc:499] Master 127.13.190.62:40781 was elected leader, sending a full tablet report...
I20260608 10:05:36.958441 15945 heartbeater.cc:499] Master 127.13.190.62:40781 was elected leader, sending a full tablet report...
I20260608 10:05:37.068106 16019 heartbeater.cc:499] Master 127.13.190.62:40781 was elected leader, sending a full tablet report...
I20260608 10:05:37.145435 15743 catalog_manager.cc:2282] Servicing CreateTable request from {username='slave'} at 127.0.0.1:58930:
name: "test-workload"
schema {
  columns {
    name: "key"
    type: INT32
    is_key: true
    is_nullable: false
    encoding: AUTO_ENCODING
    compression: DEFAULT_COMPRESSION
    cfile_block_size: 0
    immutable: false
  }
  columns {
    name: "int_val"
    type: INT32
    is_key: false
    is_nullable: false
    encoding: AUTO_ENCODING
    compression: DEFAULT_COMPRESSION
    cfile_block_size: 0
    immutable: false
  }
  columns {
    name: "string_val"
    type: STRING
    is_key: false
    is_nullable: true
    encoding: AUTO_ENCODING
    compression: DEFAULT_COMPRESSION
    cfile_block_size: 0
    immutable: false
  }
}
num_replicas: 3
split_rows_range_bounds {
  rows: "\004\001\000\377\377\377?""\004\001\000\377\377\377?"
  indirect_data: """"
}
partition_schema {
  range_schema {
    columns {
      name: "key"
    }
  }
}
W20260608 10:05:37.150441 15743 catalog_manager.cc:7076] The number of live tablet servers is not enough to re-replicate a tablet replica of the newly created table test-workload in case of a server failure: 4 tablet servers would be needed, 3 are available. Consider bringing up more tablet servers.
I20260608 10:05:37.238842 15910 tablet_service.cc:1511] Processing CreateTablet for tablet 58879bc6bcc34853be5f9b0966948d51 (DEFAULT_TABLE table=test-workload [id=422abf32f07441b08f165e20fdcb8a62]), partition=RANGE (key) PARTITION VALUES < 1073741823
I20260608 10:05:37.238843 15909 tablet_service.cc:1511] Processing CreateTablet for tablet fd45fb749bef45dcb2b5f4e29cc119f8 (DEFAULT_TABLE table=test-workload [id=422abf32f07441b08f165e20fdcb8a62]), partition=RANGE (key) PARTITION 1073741823 <= VALUES
I20260608 10:05:37.240798 15835 tablet_service.cc:1511] Processing CreateTablet for tablet 58879bc6bcc34853be5f9b0966948d51 (DEFAULT_TABLE table=test-workload [id=422abf32f07441b08f165e20fdcb8a62]), partition=RANGE (key) PARTITION VALUES < 1073741823
I20260608 10:05:37.241772 15909 data_dirs.cc:400] Could only allocate 1 dirs of requested 3 for tablet fd45fb749bef45dcb2b5f4e29cc119f8. 1 dirs total, 0 dirs full, 0 dirs failed
I20260608 10:05:37.243512 15835 data_dirs.cc:400] Could only allocate 1 dirs of requested 3 for tablet 58879bc6bcc34853be5f9b0966948d51. 1 dirs total, 0 dirs full, 0 dirs failed
I20260608 10:05:37.244338 15910 data_dirs.cc:400] Could only allocate 1 dirs of requested 3 for tablet 58879bc6bcc34853be5f9b0966948d51. 1 dirs total, 0 dirs full, 0 dirs failed
I20260608 10:05:37.246714 15984 tablet_service.cc:1511] Processing CreateTablet for tablet 58879bc6bcc34853be5f9b0966948d51 (DEFAULT_TABLE table=test-workload [id=422abf32f07441b08f165e20fdcb8a62]), partition=RANGE (key) PARTITION VALUES < 1073741823
I20260608 10:05:37.243798 15983 tablet_service.cc:1511] Processing CreateTablet for tablet fd45fb749bef45dcb2b5f4e29cc119f8 (DEFAULT_TABLE table=test-workload [id=422abf32f07441b08f165e20fdcb8a62]), partition=RANGE (key) PARTITION 1073741823 <= VALUES
I20260608 10:05:37.243786 15834 tablet_service.cc:1511] Processing CreateTablet for tablet fd45fb749bef45dcb2b5f4e29cc119f8 (DEFAULT_TABLE table=test-workload [id=422abf32f07441b08f165e20fdcb8a62]), partition=RANGE (key) PARTITION 1073741823 <= VALUES
I20260608 10:05:37.248874 15984 data_dirs.cc:400] Could only allocate 1 dirs of requested 3 for tablet 58879bc6bcc34853be5f9b0966948d51. 1 dirs total, 0 dirs full, 0 dirs failed
I20260608 10:05:37.249181 15834 data_dirs.cc:400] Could only allocate 1 dirs of requested 3 for tablet fd45fb749bef45dcb2b5f4e29cc119f8. 1 dirs total, 0 dirs full, 0 dirs failed
I20260608 10:05:37.250412 15983 data_dirs.cc:400] Could only allocate 1 dirs of requested 3 for tablet fd45fb749bef45dcb2b5f4e29cc119f8. 1 dirs total, 0 dirs full, 0 dirs failed
I20260608 10:05:37.300304 16040 tablet_bootstrap.cc:492] T fd45fb749bef45dcb2b5f4e29cc119f8 P fdc0cfe604bc4f9ca6cb25d8f04d4df9: Bootstrap starting.
I20260608 10:05:37.301580 16039 tablet_bootstrap.cc:492] T fd45fb749bef45dcb2b5f4e29cc119f8 P 0aad60772b9d4834b2e144350cb43b24: Bootstrap starting.
I20260608 10:05:37.304724 16041 tablet_bootstrap.cc:492] T 58879bc6bcc34853be5f9b0966948d51 P d471f5b5eee248448b28f1fd07b934bc: Bootstrap starting.
I20260608 10:05:37.315863 16041 tablet_bootstrap.cc:654] T 58879bc6bcc34853be5f9b0966948d51 P d471f5b5eee248448b28f1fd07b934bc: Neither blocks nor log segments found. Creating new log.
I20260608 10:05:37.315919 16039 tablet_bootstrap.cc:654] T fd45fb749bef45dcb2b5f4e29cc119f8 P 0aad60772b9d4834b2e144350cb43b24: Neither blocks nor log segments found. Creating new log.
I20260608 10:05:37.316807 16040 tablet_bootstrap.cc:654] T fd45fb749bef45dcb2b5f4e29cc119f8 P fdc0cfe604bc4f9ca6cb25d8f04d4df9: Neither blocks nor log segments found. Creating new log.
I20260608 10:05:37.323593 16041 tablet_bootstrap.cc:492] T 58879bc6bcc34853be5f9b0966948d51 P d471f5b5eee248448b28f1fd07b934bc: No bootstrap required, opened a new log
I20260608 10:05:37.323537 16039 tablet_bootstrap.cc:492] T fd45fb749bef45dcb2b5f4e29cc119f8 P 0aad60772b9d4834b2e144350cb43b24: No bootstrap required, opened a new log
I20260608 10:05:37.324272 16041 ts_tablet_manager.cc:1403] T 58879bc6bcc34853be5f9b0966948d51 P d471f5b5eee248448b28f1fd07b934bc: Time spent bootstrapping tablet: real 0.020s	user 0.014s	sys 0.004s
I20260608 10:05:37.324487 16039 ts_tablet_manager.cc:1403] T fd45fb749bef45dcb2b5f4e29cc119f8 P 0aad60772b9d4834b2e144350cb43b24: Time spent bootstrapping tablet: real 0.025s	user 0.010s	sys 0.009s
I20260608 10:05:37.325290 16040 tablet_bootstrap.cc:492] T fd45fb749bef45dcb2b5f4e29cc119f8 P fdc0cfe604bc4f9ca6cb25d8f04d4df9: No bootstrap required, opened a new log
I20260608 10:05:37.325831 16040 ts_tablet_manager.cc:1403] T fd45fb749bef45dcb2b5f4e29cc119f8 P fdc0cfe604bc4f9ca6cb25d8f04d4df9: Time spent bootstrapping tablet: real 0.026s	user 0.016s	sys 0.000s
I20260608 10:05:37.327154 16041 raft_consensus.cc:359] T 58879bc6bcc34853be5f9b0966948d51 P d471f5b5eee248448b28f1fd07b934bc [term 0 FOLLOWER]: Replica starting. Triggering 0 pending ops. Active config: opid_index: -1 OBSOLETE_local: false peers { permanent_uuid: "fdc0cfe604bc4f9ca6cb25d8f04d4df9" member_type: VOTER last_known_addr { host: "127.13.190.3" port: 38153 } } peers { permanent_uuid: "0aad60772b9d4834b2e144350cb43b24" member_type: VOTER last_known_addr { host: "127.13.190.2" port: 44251 } } peers { permanent_uuid: "d471f5b5eee248448b28f1fd07b934bc" member_type: VOTER last_known_addr { host: "127.13.190.1" port: 33929 } }
I20260608 10:05:37.328356 16041 raft_consensus.cc:385] T 58879bc6bcc34853be5f9b0966948d51 P d471f5b5eee248448b28f1fd07b934bc [term 0 FOLLOWER]: Consensus starting up: Expiring failure detector timer to make a prompt election more likely
I20260608 10:05:37.328084 16039 raft_consensus.cc:359] T fd45fb749bef45dcb2b5f4e29cc119f8 P 0aad60772b9d4834b2e144350cb43b24 [term 0 FOLLOWER]: Replica starting. Triggering 0 pending ops. Active config: opid_index: -1 OBSOLETE_local: false peers { permanent_uuid: "d471f5b5eee248448b28f1fd07b934bc" member_type: VOTER last_known_addr { host: "127.13.190.1" port: 33929 } } peers { permanent_uuid: "0aad60772b9d4834b2e144350cb43b24" member_type: VOTER last_known_addr { host: "127.13.190.2" port: 44251 } } peers { permanent_uuid: "fdc0cfe604bc4f9ca6cb25d8f04d4df9" member_type: VOTER last_known_addr { host: "127.13.190.3" port: 38153 } }
I20260608 10:05:37.328943 16039 raft_consensus.cc:385] T fd45fb749bef45dcb2b5f4e29cc119f8 P 0aad60772b9d4834b2e144350cb43b24 [term 0 FOLLOWER]: Consensus starting up: Expiring failure detector timer to make a prompt election more likely
I20260608 10:05:37.328857 16041 raft_consensus.cc:740] T 58879bc6bcc34853be5f9b0966948d51 P d471f5b5eee248448b28f1fd07b934bc [term 0 FOLLOWER]: Becoming Follower/Learner. State: Replica: d471f5b5eee248448b28f1fd07b934bc, State: Initialized, Role: FOLLOWER
I20260608 10:05:37.329481 16039 raft_consensus.cc:740] T fd45fb749bef45dcb2b5f4e29cc119f8 P 0aad60772b9d4834b2e144350cb43b24 [term 0 FOLLOWER]: Becoming Follower/Learner. State: Replica: 0aad60772b9d4834b2e144350cb43b24, State: Initialized, Role: FOLLOWER
I20260608 10:05:37.329252 16040 raft_consensus.cc:359] T fd45fb749bef45dcb2b5f4e29cc119f8 P fdc0cfe604bc4f9ca6cb25d8f04d4df9 [term 0 FOLLOWER]: Replica starting. Triggering 0 pending ops. Active config: opid_index: -1 OBSOLETE_local: false peers { permanent_uuid: "d471f5b5eee248448b28f1fd07b934bc" member_type: VOTER last_known_addr { host: "127.13.190.1" port: 33929 } } peers { permanent_uuid: "0aad60772b9d4834b2e144350cb43b24" member_type: VOTER last_known_addr { host: "127.13.190.2" port: 44251 } } peers { permanent_uuid: "fdc0cfe604bc4f9ca6cb25d8f04d4df9" member_type: VOTER last_known_addr { host: "127.13.190.3" port: 38153 } }
I20260608 10:05:37.330071 16040 raft_consensus.cc:385] T fd45fb749bef45dcb2b5f4e29cc119f8 P fdc0cfe604bc4f9ca6cb25d8f04d4df9 [term 0 FOLLOWER]: Consensus starting up: Expiring failure detector timer to make a prompt election more likely
I20260608 10:05:37.330461 16040 raft_consensus.cc:740] T fd45fb749bef45dcb2b5f4e29cc119f8 P fdc0cfe604bc4f9ca6cb25d8f04d4df9 [term 0 FOLLOWER]: Becoming Follower/Learner. State: Replica: fdc0cfe604bc4f9ca6cb25d8f04d4df9, State: Initialized, Role: FOLLOWER
I20260608 10:05:37.330431 16041 consensus_queue.cc:260] T 58879bc6bcc34853be5f9b0966948d51 P d471f5b5eee248448b28f1fd07b934bc [NON_LEADER]: Queue going to NON_LEADER mode. State: All replicated index: 0, Majority replicated index: 0, Committed index: 0, Last appended: 0.0, Last appended by leader: 0, Current term: 0, Majority size: -1, State: 0, Mode: NON_LEADER, active raft config: opid_index: -1 OBSOLETE_local: false peers { permanent_uuid: "fdc0cfe604bc4f9ca6cb25d8f04d4df9" member_type: VOTER last_known_addr { host: "127.13.190.3" port: 38153 } } peers { permanent_uuid: "0aad60772b9d4834b2e144350cb43b24" member_type: VOTER last_known_addr { host: "127.13.190.2" port: 44251 } } peers { permanent_uuid: "d471f5b5eee248448b28f1fd07b934bc" member_type: VOTER last_known_addr { host: "127.13.190.1" port: 33929 } }
I20260608 10:05:37.330469 16039 consensus_queue.cc:260] T fd45fb749bef45dcb2b5f4e29cc119f8 P 0aad60772b9d4834b2e144350cb43b24 [NON_LEADER]: Queue going to NON_LEADER mode. State: All replicated index: 0, Majority replicated index: 0, Committed index: 0, Last appended: 0.0, Last appended by leader: 0, Current term: 0, Majority size: -1, State: 0, Mode: NON_LEADER, active raft config: opid_index: -1 OBSOLETE_local: false peers { permanent_uuid: "d471f5b5eee248448b28f1fd07b934bc" member_type: VOTER last_known_addr { host: "127.13.190.1" port: 33929 } } peers { permanent_uuid: "0aad60772b9d4834b2e144350cb43b24" member_type: VOTER last_known_addr { host: "127.13.190.2" port: 44251 } } peers { permanent_uuid: "fdc0cfe604bc4f9ca6cb25d8f04d4df9" member_type: VOTER last_known_addr { host: "127.13.190.3" port: 38153 } }
I20260608 10:05:37.331665 16040 consensus_queue.cc:260] T fd45fb749bef45dcb2b5f4e29cc119f8 P fdc0cfe604bc4f9ca6cb25d8f04d4df9 [NON_LEADER]: Queue going to NON_LEADER mode. State: All replicated index: 0, Majority replicated index: 0, Committed index: 0, Last appended: 0.0, Last appended by leader: 0, Current term: 0, Majority size: -1, State: 0, Mode: NON_LEADER, active raft config: opid_index: -1 OBSOLETE_local: false peers { permanent_uuid: "d471f5b5eee248448b28f1fd07b934bc" member_type: VOTER last_known_addr { host: "127.13.190.1" port: 33929 } } peers { permanent_uuid: "0aad60772b9d4834b2e144350cb43b24" member_type: VOTER last_known_addr { host: "127.13.190.2" port: 44251 } } peers { permanent_uuid: "fdc0cfe604bc4f9ca6cb25d8f04d4df9" member_type: VOTER last_known_addr { host: "127.13.190.3" port: 38153 } }
I20260608 10:05:37.335004 16039 ts_tablet_manager.cc:1434] T fd45fb749bef45dcb2b5f4e29cc119f8 P 0aad60772b9d4834b2e144350cb43b24: Time spent starting tablet: real 0.010s	user 0.009s	sys 0.000s
I20260608 10:05:37.339417 16041 ts_tablet_manager.cc:1434] T 58879bc6bcc34853be5f9b0966948d51 P d471f5b5eee248448b28f1fd07b934bc: Time spent starting tablet: real 0.015s	user 0.010s	sys 0.003s
I20260608 10:05:37.340768 16039 tablet_bootstrap.cc:492] T 58879bc6bcc34853be5f9b0966948d51 P 0aad60772b9d4834b2e144350cb43b24: Bootstrap starting.
I20260608 10:05:37.341908 16040 ts_tablet_manager.cc:1434] T fd45fb749bef45dcb2b5f4e29cc119f8 P fdc0cfe604bc4f9ca6cb25d8f04d4df9: Time spent starting tablet: real 0.016s	user 0.002s	sys 0.015s
I20260608 10:05:37.342128 16041 tablet_bootstrap.cc:492] T fd45fb749bef45dcb2b5f4e29cc119f8 P d471f5b5eee248448b28f1fd07b934bc: Bootstrap starting.
I20260608 10:05:37.346069 16040 tablet_bootstrap.cc:492] T 58879bc6bcc34853be5f9b0966948d51 P fdc0cfe604bc4f9ca6cb25d8f04d4df9: Bootstrap starting.
I20260608 10:05:37.349367 16039 tablet_bootstrap.cc:654] T 58879bc6bcc34853be5f9b0966948d51 P 0aad60772b9d4834b2e144350cb43b24: Neither blocks nor log segments found. Creating new log.
I20260608 10:05:37.350317 16041 tablet_bootstrap.cc:654] T fd45fb749bef45dcb2b5f4e29cc119f8 P d471f5b5eee248448b28f1fd07b934bc: Neither blocks nor log segments found. Creating new log.
I20260608 10:05:37.356137 16040 tablet_bootstrap.cc:654] T 58879bc6bcc34853be5f9b0966948d51 P fdc0cfe604bc4f9ca6cb25d8f04d4df9: Neither blocks nor log segments found. Creating new log.
I20260608 10:05:37.363292 16039 tablet_bootstrap.cc:492] T 58879bc6bcc34853be5f9b0966948d51 P 0aad60772b9d4834b2e144350cb43b24: No bootstrap required, opened a new log
I20260608 10:05:37.364171 16039 ts_tablet_manager.cc:1403] T 58879bc6bcc34853be5f9b0966948d51 P 0aad60772b9d4834b2e144350cb43b24: Time spent bootstrapping tablet: real 0.024s	user 0.010s	sys 0.011s
I20260608 10:05:37.368314 16039 raft_consensus.cc:359] T 58879bc6bcc34853be5f9b0966948d51 P 0aad60772b9d4834b2e144350cb43b24 [term 0 FOLLOWER]: Replica starting. Triggering 0 pending ops. Active config: opid_index: -1 OBSOLETE_local: false peers { permanent_uuid: "fdc0cfe604bc4f9ca6cb25d8f04d4df9" member_type: VOTER last_known_addr { host: "127.13.190.3" port: 38153 } } peers { permanent_uuid: "0aad60772b9d4834b2e144350cb43b24" member_type: VOTER last_known_addr { host: "127.13.190.2" port: 44251 } } peers { permanent_uuid: "d471f5b5eee248448b28f1fd07b934bc" member_type: VOTER last_known_addr { host: "127.13.190.1" port: 33929 } }
I20260608 10:05:37.369395 16039 raft_consensus.cc:385] T 58879bc6bcc34853be5f9b0966948d51 P 0aad60772b9d4834b2e144350cb43b24 [term 0 FOLLOWER]: Consensus starting up: Expiring failure detector timer to make a prompt election more likely
I20260608 10:05:37.369902 16040 tablet_bootstrap.cc:492] T 58879bc6bcc34853be5f9b0966948d51 P fdc0cfe604bc4f9ca6cb25d8f04d4df9: No bootstrap required, opened a new log
I20260608 10:05:37.369800 16039 raft_consensus.cc:740] T 58879bc6bcc34853be5f9b0966948d51 P 0aad60772b9d4834b2e144350cb43b24 [term 0 FOLLOWER]: Becoming Follower/Learner. State: Replica: 0aad60772b9d4834b2e144350cb43b24, State: Initialized, Role: FOLLOWER
I20260608 10:05:37.370563 16040 ts_tablet_manager.cc:1403] T 58879bc6bcc34853be5f9b0966948d51 P fdc0cfe604bc4f9ca6cb25d8f04d4df9: Time spent bootstrapping tablet: real 0.025s	user 0.022s	sys 0.000s
I20260608 10:05:37.371326 16039 consensus_queue.cc:260] T 58879bc6bcc34853be5f9b0966948d51 P 0aad60772b9d4834b2e144350cb43b24 [NON_LEADER]: Queue going to NON_LEADER mode. State: All replicated index: 0, Majority replicated index: 0, Committed index: 0, Last appended: 0.0, Last appended by leader: 0, Current term: 0, Majority size: -1, State: 0, Mode: NON_LEADER, active raft config: opid_index: -1 OBSOLETE_local: false peers { permanent_uuid: "fdc0cfe604bc4f9ca6cb25d8f04d4df9" member_type: VOTER last_known_addr { host: "127.13.190.3" port: 38153 } } peers { permanent_uuid: "0aad60772b9d4834b2e144350cb43b24" member_type: VOTER last_known_addr { host: "127.13.190.2" port: 44251 } } peers { permanent_uuid: "d471f5b5eee248448b28f1fd07b934bc" member_type: VOTER last_known_addr { host: "127.13.190.1" port: 33929 } }
I20260608 10:05:37.375419 16039 ts_tablet_manager.cc:1434] T 58879bc6bcc34853be5f9b0966948d51 P 0aad60772b9d4834b2e144350cb43b24: Time spent starting tablet: real 0.011s	user 0.006s	sys 0.004s
I20260608 10:05:37.375361 16040 raft_consensus.cc:359] T 58879bc6bcc34853be5f9b0966948d51 P fdc0cfe604bc4f9ca6cb25d8f04d4df9 [term 0 FOLLOWER]: Replica starting. Triggering 0 pending ops. Active config: opid_index: -1 OBSOLETE_local: false peers { permanent_uuid: "fdc0cfe604bc4f9ca6cb25d8f04d4df9" member_type: VOTER last_known_addr { host: "127.13.190.3" port: 38153 } } peers { permanent_uuid: "0aad60772b9d4834b2e144350cb43b24" member_type: VOTER last_known_addr { host: "127.13.190.2" port: 44251 } } peers { permanent_uuid: "d471f5b5eee248448b28f1fd07b934bc" member_type: VOTER last_known_addr { host: "127.13.190.1" port: 33929 } }
I20260608 10:05:37.376600 16040 raft_consensus.cc:385] T 58879bc6bcc34853be5f9b0966948d51 P fdc0cfe604bc4f9ca6cb25d8f04d4df9 [term 0 FOLLOWER]: Consensus starting up: Expiring failure detector timer to make a prompt election more likely
I20260608 10:05:37.377079 16040 raft_consensus.cc:740] T 58879bc6bcc34853be5f9b0966948d51 P fdc0cfe604bc4f9ca6cb25d8f04d4df9 [term 0 FOLLOWER]: Becoming Follower/Learner. State: Replica: fdc0cfe604bc4f9ca6cb25d8f04d4df9, State: Initialized, Role: FOLLOWER
I20260608 10:05:37.378109 16040 consensus_queue.cc:260] T 58879bc6bcc34853be5f9b0966948d51 P fdc0cfe604bc4f9ca6cb25d8f04d4df9 [NON_LEADER]: Queue going to NON_LEADER mode. State: All replicated index: 0, Majority replicated index: 0, Committed index: 0, Last appended: 0.0, Last appended by leader: 0, Current term: 0, Majority size: -1, State: 0, Mode: NON_LEADER, active raft config: opid_index: -1 OBSOLETE_local: false peers { permanent_uuid: "fdc0cfe604bc4f9ca6cb25d8f04d4df9" member_type: VOTER last_known_addr { host: "127.13.190.3" port: 38153 } } peers { permanent_uuid: "0aad60772b9d4834b2e144350cb43b24" member_type: VOTER last_known_addr { host: "127.13.190.2" port: 44251 } } peers { permanent_uuid: "d471f5b5eee248448b28f1fd07b934bc" member_type: VOTER last_known_addr { host: "127.13.190.1" port: 33929 } }
I20260608 10:05:37.381456 16040 ts_tablet_manager.cc:1434] T 58879bc6bcc34853be5f9b0966948d51 P fdc0cfe604bc4f9ca6cb25d8f04d4df9: Time spent starting tablet: real 0.010s	user 0.008s	sys 0.000s
I20260608 10:05:37.391600 16041 tablet_bootstrap.cc:492] T fd45fb749bef45dcb2b5f4e29cc119f8 P d471f5b5eee248448b28f1fd07b934bc: No bootstrap required, opened a new log
I20260608 10:05:37.392189 16041 ts_tablet_manager.cc:1403] T fd45fb749bef45dcb2b5f4e29cc119f8 P d471f5b5eee248448b28f1fd07b934bc: Time spent bootstrapping tablet: real 0.050s	user 0.021s	sys 0.026s
I20260608 10:05:37.394546 16041 raft_consensus.cc:359] T fd45fb749bef45dcb2b5f4e29cc119f8 P d471f5b5eee248448b28f1fd07b934bc [term 0 FOLLOWER]: Replica starting. Triggering 0 pending ops. Active config: opid_index: -1 OBSOLETE_local: false peers { permanent_uuid: "d471f5b5eee248448b28f1fd07b934bc" member_type: VOTER last_known_addr { host: "127.13.190.1" port: 33929 } } peers { permanent_uuid: "0aad60772b9d4834b2e144350cb43b24" member_type: VOTER last_known_addr { host: "127.13.190.2" port: 44251 } } peers { permanent_uuid: "fdc0cfe604bc4f9ca6cb25d8f04d4df9" member_type: VOTER last_known_addr { host: "127.13.190.3" port: 38153 } }
I20260608 10:05:37.395165 16041 raft_consensus.cc:385] T fd45fb749bef45dcb2b5f4e29cc119f8 P d471f5b5eee248448b28f1fd07b934bc [term 0 FOLLOWER]: Consensus starting up: Expiring failure detector timer to make a prompt election more likely
I20260608 10:05:37.395486 16041 raft_consensus.cc:740] T fd45fb749bef45dcb2b5f4e29cc119f8 P d471f5b5eee248448b28f1fd07b934bc [term 0 FOLLOWER]: Becoming Follower/Learner. State: Replica: d471f5b5eee248448b28f1fd07b934bc, State: Initialized, Role: FOLLOWER
I20260608 10:05:37.396183 16041 consensus_queue.cc:260] T fd45fb749bef45dcb2b5f4e29cc119f8 P d471f5b5eee248448b28f1fd07b934bc [NON_LEADER]: Queue going to NON_LEADER mode. State: All replicated index: 0, Majority replicated index: 0, Committed index: 0, Last appended: 0.0, Last appended by leader: 0, Current term: 0, Majority size: -1, State: 0, Mode: NON_LEADER, active raft config: opid_index: -1 OBSOLETE_local: false peers { permanent_uuid: "d471f5b5eee248448b28f1fd07b934bc" member_type: VOTER last_known_addr { host: "127.13.190.1" port: 33929 } } peers { permanent_uuid: "0aad60772b9d4834b2e144350cb43b24" member_type: VOTER last_known_addr { host: "127.13.190.2" port: 44251 } } peers { permanent_uuid: "fdc0cfe604bc4f9ca6cb25d8f04d4df9" member_type: VOTER last_known_addr { host: "127.13.190.3" port: 38153 } }
I20260608 10:05:37.398522 16041 ts_tablet_manager.cc:1434] T fd45fb749bef45dcb2b5f4e29cc119f8 P d471f5b5eee248448b28f1fd07b934bc: Time spent starting tablet: real 0.006s	user 0.004s	sys 0.000s
I20260608 10:05:37.561117 16046 raft_consensus.cc:493] T fd45fb749bef45dcb2b5f4e29cc119f8 P 0aad60772b9d4834b2e144350cb43b24 [term 0 FOLLOWER]: Starting pre-election (no leader contacted us within the election timeout)
I20260608 10:05:37.561705 16046 raft_consensus.cc:515] T fd45fb749bef45dcb2b5f4e29cc119f8 P 0aad60772b9d4834b2e144350cb43b24 [term 0 FOLLOWER]: Starting pre-election with config: opid_index: -1 OBSOLETE_local: false peers { permanent_uuid: "d471f5b5eee248448b28f1fd07b934bc" member_type: VOTER last_known_addr { host: "127.13.190.1" port: 33929 } } peers { permanent_uuid: "0aad60772b9d4834b2e144350cb43b24" member_type: VOTER last_known_addr { host: "127.13.190.2" port: 44251 } } peers { permanent_uuid: "fdc0cfe604bc4f9ca6cb25d8f04d4df9" member_type: VOTER last_known_addr { host: "127.13.190.3" port: 38153 } }
I20260608 10:05:37.564080 16046 leader_election.cc:290] T fd45fb749bef45dcb2b5f4e29cc119f8 P 0aad60772b9d4834b2e144350cb43b24 [CANDIDATE]: Term 1 pre-election: Requested pre-vote from peers d471f5b5eee248448b28f1fd07b934bc (127.13.190.1:33929), fdc0cfe604bc4f9ca6cb25d8f04d4df9 (127.13.190.3:38153)
I20260608 10:05:37.577862 15994 tablet_service.cc:1917] Received RequestConsensusVote() RPC: tablet_id: "fd45fb749bef45dcb2b5f4e29cc119f8" candidate_uuid: "0aad60772b9d4834b2e144350cb43b24" candidate_term: 1 candidate_status { last_received { term: 0 index: 0 } } ignore_live_leader: false dest_uuid: "fdc0cfe604bc4f9ca6cb25d8f04d4df9" is_pre_election: true
I20260608 10:05:37.578099 15845 tablet_service.cc:1917] Received RequestConsensusVote() RPC: tablet_id: "fd45fb749bef45dcb2b5f4e29cc119f8" candidate_uuid: "0aad60772b9d4834b2e144350cb43b24" candidate_term: 1 candidate_status { last_received { term: 0 index: 0 } } ignore_live_leader: false dest_uuid: "d471f5b5eee248448b28f1fd07b934bc" is_pre_election: true
I20260608 10:05:37.578683 15994 raft_consensus.cc:2468] T fd45fb749bef45dcb2b5f4e29cc119f8 P fdc0cfe604bc4f9ca6cb25d8f04d4df9 [term 0 FOLLOWER]: Leader pre-election vote request: Granting yes vote for candidate 0aad60772b9d4834b2e144350cb43b24 in term 0.
I20260608 10:05:37.578794 15845 raft_consensus.cc:2468] T fd45fb749bef45dcb2b5f4e29cc119f8 P d471f5b5eee248448b28f1fd07b934bc [term 0 FOLLOWER]: Leader pre-election vote request: Granting yes vote for candidate 0aad60772b9d4834b2e144350cb43b24 in term 0.
I20260608 10:05:37.580421 15885 leader_election.cc:304] T fd45fb749bef45dcb2b5f4e29cc119f8 P 0aad60772b9d4834b2e144350cb43b24 [CANDIDATE]: Term 1 pre-election: Election decided. Result: candidate won. Election summary: received 2 responses out of 3 voters: 2 yes votes; 0 no votes. yes voters: 0aad60772b9d4834b2e144350cb43b24, fdc0cfe604bc4f9ca6cb25d8f04d4df9; no voters: 
I20260608 10:05:37.581295 16046 raft_consensus.cc:2804] T fd45fb749bef45dcb2b5f4e29cc119f8 P 0aad60772b9d4834b2e144350cb43b24 [term 0 FOLLOWER]: Leader pre-election won for term 1
I20260608 10:05:37.581604 16046 raft_consensus.cc:493] T fd45fb749bef45dcb2b5f4e29cc119f8 P 0aad60772b9d4834b2e144350cb43b24 [term 0 FOLLOWER]: Starting leader election (no leader contacted us within the election timeout)
I20260608 10:05:37.581851 16046 raft_consensus.cc:3060] T fd45fb749bef45dcb2b5f4e29cc119f8 P 0aad60772b9d4834b2e144350cb43b24 [term 0 FOLLOWER]: Advancing to term 1
I20260608 10:05:37.587559 16046 raft_consensus.cc:515] T fd45fb749bef45dcb2b5f4e29cc119f8 P 0aad60772b9d4834b2e144350cb43b24 [term 1 FOLLOWER]: Starting leader election with config: opid_index: -1 OBSOLETE_local: false peers { permanent_uuid: "d471f5b5eee248448b28f1fd07b934bc" member_type: VOTER last_known_addr { host: "127.13.190.1" port: 33929 } } peers { permanent_uuid: "0aad60772b9d4834b2e144350cb43b24" member_type: VOTER last_known_addr { host: "127.13.190.2" port: 44251 } } peers { permanent_uuid: "fdc0cfe604bc4f9ca6cb25d8f04d4df9" member_type: VOTER last_known_addr { host: "127.13.190.3" port: 38153 } }
I20260608 10:05:37.589632 16046 leader_election.cc:290] T fd45fb749bef45dcb2b5f4e29cc119f8 P 0aad60772b9d4834b2e144350cb43b24 [CANDIDATE]: Term 1 election: Requested vote from peers d471f5b5eee248448b28f1fd07b934bc (127.13.190.1:33929), fdc0cfe604bc4f9ca6cb25d8f04d4df9 (127.13.190.3:38153)
I20260608 10:05:37.590961 15994 tablet_service.cc:1917] Received RequestConsensusVote() RPC: tablet_id: "fd45fb749bef45dcb2b5f4e29cc119f8" candidate_uuid: "0aad60772b9d4834b2e144350cb43b24" candidate_term: 1 candidate_status { last_received { term: 0 index: 0 } } ignore_live_leader: false dest_uuid: "fdc0cfe604bc4f9ca6cb25d8f04d4df9"
I20260608 10:05:37.590823 15845 tablet_service.cc:1917] Received RequestConsensusVote() RPC: tablet_id: "fd45fb749bef45dcb2b5f4e29cc119f8" candidate_uuid: "0aad60772b9d4834b2e144350cb43b24" candidate_term: 1 candidate_status { last_received { term: 0 index: 0 } } ignore_live_leader: false dest_uuid: "d471f5b5eee248448b28f1fd07b934bc"
I20260608 10:05:37.591650 15994 raft_consensus.cc:3060] T fd45fb749bef45dcb2b5f4e29cc119f8 P fdc0cfe604bc4f9ca6cb25d8f04d4df9 [term 0 FOLLOWER]: Advancing to term 1
I20260608 10:05:37.591658 15845 raft_consensus.cc:3060] T fd45fb749bef45dcb2b5f4e29cc119f8 P d471f5b5eee248448b28f1fd07b934bc [term 0 FOLLOWER]: Advancing to term 1
I20260608 10:05:37.599910 15845 raft_consensus.cc:2468] T fd45fb749bef45dcb2b5f4e29cc119f8 P d471f5b5eee248448b28f1fd07b934bc [term 1 FOLLOWER]: Leader election vote request: Granting yes vote for candidate 0aad60772b9d4834b2e144350cb43b24 in term 1.
I20260608 10:05:37.599910 15994 raft_consensus.cc:2468] T fd45fb749bef45dcb2b5f4e29cc119f8 P fdc0cfe604bc4f9ca6cb25d8f04d4df9 [term 1 FOLLOWER]: Leader election vote request: Granting yes vote for candidate 0aad60772b9d4834b2e144350cb43b24 in term 1.
I20260608 10:05:37.600137 16045 raft_consensus.cc:493] T 58879bc6bcc34853be5f9b0966948d51 P d471f5b5eee248448b28f1fd07b934bc [term 0 FOLLOWER]: Starting pre-election (no leader contacted us within the election timeout)
I20260608 10:05:37.600906 16045 raft_consensus.cc:515] T 58879bc6bcc34853be5f9b0966948d51 P d471f5b5eee248448b28f1fd07b934bc [term 0 FOLLOWER]: Starting pre-election with config: opid_index: -1 OBSOLETE_local: false peers { permanent_uuid: "fdc0cfe604bc4f9ca6cb25d8f04d4df9" member_type: VOTER last_known_addr { host: "127.13.190.3" port: 38153 } } peers { permanent_uuid: "0aad60772b9d4834b2e144350cb43b24" member_type: VOTER last_known_addr { host: "127.13.190.2" port: 44251 } } peers { permanent_uuid: "d471f5b5eee248448b28f1fd07b934bc" member_type: VOTER last_known_addr { host: "127.13.190.1" port: 33929 } }
I20260608 10:05:37.601553 15885 leader_election.cc:304] T fd45fb749bef45dcb2b5f4e29cc119f8 P 0aad60772b9d4834b2e144350cb43b24 [CANDIDATE]: Term 1 election: Election decided. Result: candidate won. Election summary: received 2 responses out of 3 voters: 2 yes votes; 0 no votes. yes voters: 0aad60772b9d4834b2e144350cb43b24, fdc0cfe604bc4f9ca6cb25d8f04d4df9; no voters: 
I20260608 10:05:37.602526 16046 raft_consensus.cc:2804] T fd45fb749bef45dcb2b5f4e29cc119f8 P 0aad60772b9d4834b2e144350cb43b24 [term 1 FOLLOWER]: Leader election won for term 1
I20260608 10:05:37.603996 16046 raft_consensus.cc:697] T fd45fb749bef45dcb2b5f4e29cc119f8 P 0aad60772b9d4834b2e144350cb43b24 [term 1 LEADER]: Becoming Leader. State: Replica: 0aad60772b9d4834b2e144350cb43b24, State: Running, Role: LEADER
I20260608 10:05:37.604156 16045 leader_election.cc:290] T 58879bc6bcc34853be5f9b0966948d51 P d471f5b5eee248448b28f1fd07b934bc [CANDIDATE]: Term 1 pre-election: Requested pre-vote from peers fdc0cfe604bc4f9ca6cb25d8f04d4df9 (127.13.190.3:38153), 0aad60772b9d4834b2e144350cb43b24 (127.13.190.2:44251)
I20260608 10:05:37.605129 16046 consensus_queue.cc:237] T fd45fb749bef45dcb2b5f4e29cc119f8 P 0aad60772b9d4834b2e144350cb43b24 [LEADER]: Queue going to LEADER mode. State: All replicated index: 0, Majority replicated index: 0, Committed index: 0, Last appended: 0.0, Last appended by leader: 0, Current term: 1, Majority size: 2, State: 0, Mode: LEADER, active raft config: opid_index: -1 OBSOLETE_local: false peers { permanent_uuid: "d471f5b5eee248448b28f1fd07b934bc" member_type: VOTER last_known_addr { host: "127.13.190.1" port: 33929 } } peers { permanent_uuid: "0aad60772b9d4834b2e144350cb43b24" member_type: VOTER last_known_addr { host: "127.13.190.2" port: 44251 } } peers { permanent_uuid: "fdc0cfe604bc4f9ca6cb25d8f04d4df9" member_type: VOTER last_known_addr { host: "127.13.190.3" port: 38153 } }
I20260608 10:05:37.617342 15994 tablet_service.cc:1917] Received RequestConsensusVote() RPC: tablet_id: "58879bc6bcc34853be5f9b0966948d51" candidate_uuid: "d471f5b5eee248448b28f1fd07b934bc" candidate_term: 1 candidate_status { last_received { term: 0 index: 0 } } ignore_live_leader: false dest_uuid: "fdc0cfe604bc4f9ca6cb25d8f04d4df9" is_pre_election: true
I20260608 10:05:37.617975 15994 raft_consensus.cc:2468] T 58879bc6bcc34853be5f9b0966948d51 P fdc0cfe604bc4f9ca6cb25d8f04d4df9 [term 0 FOLLOWER]: Leader pre-election vote request: Granting yes vote for candidate d471f5b5eee248448b28f1fd07b934bc in term 0.
I20260608 10:05:37.618366 15741 catalog_manager.cc:5696] T fd45fb749bef45dcb2b5f4e29cc119f8 P 0aad60772b9d4834b2e144350cb43b24 reported cstate change: term changed from 0 to 1, leader changed from <none> to 0aad60772b9d4834b2e144350cb43b24 (127.13.190.2). New cstate: current_term: 1 leader_uuid: "0aad60772b9d4834b2e144350cb43b24" committed_config { opid_index: -1 OBSOLETE_local: false peers { permanent_uuid: "d471f5b5eee248448b28f1fd07b934bc" member_type: VOTER last_known_addr { host: "127.13.190.1" port: 33929 } health_report { overall_health: UNKNOWN } } peers { permanent_uuid: "0aad60772b9d4834b2e144350cb43b24" member_type: VOTER last_known_addr { host: "127.13.190.2" port: 44251 } health_report { overall_health: HEALTHY } } peers { permanent_uuid: "fdc0cfe604bc4f9ca6cb25d8f04d4df9" member_type: VOTER last_known_addr { host: "127.13.190.3" port: 38153 } health_report { overall_health: UNKNOWN } } }
I20260608 10:05:37.619395 15810 leader_election.cc:304] T 58879bc6bcc34853be5f9b0966948d51 P d471f5b5eee248448b28f1fd07b934bc [CANDIDATE]: Term 1 pre-election: Election decided. Result: candidate won. Election summary: received 2 responses out of 3 voters: 2 yes votes; 0 no votes. yes voters: d471f5b5eee248448b28f1fd07b934bc, fdc0cfe604bc4f9ca6cb25d8f04d4df9; no voters: 
I20260608 10:05:37.620849 16045 raft_consensus.cc:2804] T 58879bc6bcc34853be5f9b0966948d51 P d471f5b5eee248448b28f1fd07b934bc [term 0 FOLLOWER]: Leader pre-election won for term 1
I20260608 10:05:37.621266 16045 raft_consensus.cc:493] T 58879bc6bcc34853be5f9b0966948d51 P d471f5b5eee248448b28f1fd07b934bc [term 0 FOLLOWER]: Starting leader election (no leader contacted us within the election timeout)
I20260608 10:05:37.621659 16045 raft_consensus.cc:3060] T 58879bc6bcc34853be5f9b0966948d51 P d471f5b5eee248448b28f1fd07b934bc [term 0 FOLLOWER]: Advancing to term 1
I20260608 10:05:37.622898 15920 tablet_service.cc:1917] Received RequestConsensusVote() RPC: tablet_id: "58879bc6bcc34853be5f9b0966948d51" candidate_uuid: "d471f5b5eee248448b28f1fd07b934bc" candidate_term: 1 candidate_status { last_received { term: 0 index: 0 } } ignore_live_leader: false dest_uuid: "0aad60772b9d4834b2e144350cb43b24" is_pre_election: true
I20260608 10:05:37.623813 15920 raft_consensus.cc:2468] T 58879bc6bcc34853be5f9b0966948d51 P 0aad60772b9d4834b2e144350cb43b24 [term 0 FOLLOWER]: Leader pre-election vote request: Granting yes vote for candidate d471f5b5eee248448b28f1fd07b934bc in term 0.
I20260608 10:05:37.628913 16045 raft_consensus.cc:515] T 58879bc6bcc34853be5f9b0966948d51 P d471f5b5eee248448b28f1fd07b934bc [term 1 FOLLOWER]: Starting leader election with config: opid_index: -1 OBSOLETE_local: false peers { permanent_uuid: "fdc0cfe604bc4f9ca6cb25d8f04d4df9" member_type: VOTER last_known_addr { host: "127.13.190.3" port: 38153 } } peers { permanent_uuid: "0aad60772b9d4834b2e144350cb43b24" member_type: VOTER last_known_addr { host: "127.13.190.2" port: 44251 } } peers { permanent_uuid: "d471f5b5eee248448b28f1fd07b934bc" member_type: VOTER last_known_addr { host: "127.13.190.1" port: 33929 } }
W20260608 10:05:37.632241 15791 auto_rebalancer.cc:259] Could not retrieve cluster info: Service unavailable: Tablet not running
I20260608 10:05:37.635113 16045 leader_election.cc:290] T 58879bc6bcc34853be5f9b0966948d51 P d471f5b5eee248448b28f1fd07b934bc [CANDIDATE]: Term 1 election: Requested vote from peers fdc0cfe604bc4f9ca6cb25d8f04d4df9 (127.13.190.3:38153), 0aad60772b9d4834b2e144350cb43b24 (127.13.190.2:44251)
I20260608 10:05:37.635946 15796 auto_leader_rebalancer.cc:140] leader rebalance for table test-workload
I20260608 10:05:37.636591 15994 tablet_service.cc:1917] Received RequestConsensusVote() RPC: tablet_id: "58879bc6bcc34853be5f9b0966948d51" candidate_uuid: "d471f5b5eee248448b28f1fd07b934bc" candidate_term: 1 candidate_status { last_received { term: 0 index: 0 } } ignore_live_leader: false dest_uuid: "fdc0cfe604bc4f9ca6cb25d8f04d4df9"
I20260608 10:05:37.637203 15994 raft_consensus.cc:3060] T 58879bc6bcc34853be5f9b0966948d51 P fdc0cfe604bc4f9ca6cb25d8f04d4df9 [term 0 FOLLOWER]: Advancing to term 1
W20260608 10:05:37.637221 15796 auto_leader_rebalancer.cc:460] the master instance isn't leader: Service unavailable: Tablet not running
I20260608 10:05:37.637547 15920 tablet_service.cc:1917] Received RequestConsensusVote() RPC: tablet_id: "58879bc6bcc34853be5f9b0966948d51" candidate_uuid: "d471f5b5eee248448b28f1fd07b934bc" candidate_term: 1 candidate_status { last_received { term: 0 index: 0 } } ignore_live_leader: false dest_uuid: "0aad60772b9d4834b2e144350cb43b24"
I20260608 10:05:37.638201 15920 raft_consensus.cc:3060] T 58879bc6bcc34853be5f9b0966948d51 P 0aad60772b9d4834b2e144350cb43b24 [term 0 FOLLOWER]: Advancing to term 1
I20260608 10:05:37.645016 15994 raft_consensus.cc:2468] T 58879bc6bcc34853be5f9b0966948d51 P fdc0cfe604bc4f9ca6cb25d8f04d4df9 [term 1 FOLLOWER]: Leader election vote request: Granting yes vote for candidate d471f5b5eee248448b28f1fd07b934bc in term 1.
I20260608 10:05:37.645292 15920 raft_consensus.cc:2468] T 58879bc6bcc34853be5f9b0966948d51 P 0aad60772b9d4834b2e144350cb43b24 [term 1 FOLLOWER]: Leader election vote request: Granting yes vote for candidate d471f5b5eee248448b28f1fd07b934bc in term 1.
I20260608 10:05:37.646541 15810 leader_election.cc:304] T 58879bc6bcc34853be5f9b0966948d51 P d471f5b5eee248448b28f1fd07b934bc [CANDIDATE]: Term 1 election: Election decided. Result: candidate won. Election summary: received 2 responses out of 3 voters: 2 yes votes; 0 no votes. yes voters: d471f5b5eee248448b28f1fd07b934bc, fdc0cfe604bc4f9ca6cb25d8f04d4df9; no voters: 
I20260608 10:05:37.647413 16045 raft_consensus.cc:2804] T 58879bc6bcc34853be5f9b0966948d51 P d471f5b5eee248448b28f1fd07b934bc [term 1 FOLLOWER]: Leader election won for term 1
I20260608 10:05:37.648442 16045 raft_consensus.cc:697] T 58879bc6bcc34853be5f9b0966948d51 P d471f5b5eee248448b28f1fd07b934bc [term 1 LEADER]: Becoming Leader. State: Replica: d471f5b5eee248448b28f1fd07b934bc, State: Running, Role: LEADER
I20260608 10:05:37.649282 16045 consensus_queue.cc:237] T 58879bc6bcc34853be5f9b0966948d51 P d471f5b5eee248448b28f1fd07b934bc [LEADER]: Queue going to LEADER mode. State: All replicated index: 0, Majority replicated index: 0, Committed index: 0, Last appended: 0.0, Last appended by leader: 0, Current term: 1, Majority size: 2, State: 0, Mode: LEADER, active raft config: opid_index: -1 OBSOLETE_local: false peers { permanent_uuid: "fdc0cfe604bc4f9ca6cb25d8f04d4df9" member_type: VOTER last_known_addr { host: "127.13.190.3" port: 38153 } } peers { permanent_uuid: "0aad60772b9d4834b2e144350cb43b24" member_type: VOTER last_known_addr { host: "127.13.190.2" port: 44251 } } peers { permanent_uuid: "d471f5b5eee248448b28f1fd07b934bc" member_type: VOTER last_known_addr { host: "127.13.190.1" port: 33929 } }
I20260608 10:05:37.657711 15742 catalog_manager.cc:5696] T 58879bc6bcc34853be5f9b0966948d51 P d471f5b5eee248448b28f1fd07b934bc reported cstate change: term changed from 0 to 1, leader changed from <none> to d471f5b5eee248448b28f1fd07b934bc (127.13.190.1). New cstate: current_term: 1 leader_uuid: "d471f5b5eee248448b28f1fd07b934bc" committed_config { opid_index: -1 OBSOLETE_local: false peers { permanent_uuid: "fdc0cfe604bc4f9ca6cb25d8f04d4df9" member_type: VOTER last_known_addr { host: "127.13.190.3" port: 38153 } health_report { overall_health: UNKNOWN } } peers { permanent_uuid: "0aad60772b9d4834b2e144350cb43b24" member_type: VOTER last_known_addr { host: "127.13.190.2" port: 44251 } health_report { overall_health: UNKNOWN } } peers { permanent_uuid: "d471f5b5eee248448b28f1fd07b934bc" member_type: VOTER last_known_addr { host: "127.13.190.1" port: 33929 } health_report { overall_health: HEALTHY } } }
