I20260608 09:48:51.477134 26304 tablet_service.cc:1558] Processing DeleteTablet for tablet 09298d8234824cb6a25684386ea880ca with delete_type TABLET_DATA_TOMBSTONED (TS cf8f12ee9f6d4cedbcbff35e12969880 not found in new config with opid_index 4) from {username='slave'} at 127.0.0.1:43646
I20260608 09:48:51.478147 26568 tablet_replica.cc:333] T 09298d8234824cb6a25684386ea880ca P cf8f12ee9f6d4cedbcbff35e12969880: stopping tablet replica
I20260608 09:48:51.479084 26568 raft_consensus.cc:2243] T 09298d8234824cb6a25684386ea880ca P cf8f12ee9f6d4cedbcbff35e12969880 [term 1 FOLLOWER]: Raft consensus shutting down.
I20260608 09:48:51.479712 26568 raft_consensus.cc:2272] T 09298d8234824cb6a25684386ea880ca P cf8f12ee9f6d4cedbcbff35e12969880 [term 1 FOLLOWER]: Raft consensus is shut down!
I20260608 09:48:51.483752 26568 ts_tablet_manager.cc:1916] T 09298d8234824cb6a25684386ea880ca P cf8f12ee9f6d4cedbcbff35e12969880: Deleting tablet data with delete state TABLET_DATA_TOMBSTONED
I20260608 09:48:51.495636 26075 consensus_queue.cc:237] T ea41b34e6f604c99bbd601a52b0e8b79 P 39f10403d7e344abbfc7cd5966dbc9ae [LEADER]: Queue going to LEADER mode. State: All replicated index: 0, Majority replicated index: 4, Committed index: 4, Last appended: 2.4, Last appended by leader: 1, Current term: 2, Majority size: 2, State: 0, Mode: LEADER, active raft config: opid_index: 5 OBSOLETE_local: false peers { permanent_uuid: "1d96bd9bfb7d48d58260a6b5153c55b2" member_type: VOTER last_known_addr { host: "127.22.120.193" port: 34531 } } peers { permanent_uuid: "39f10403d7e344abbfc7cd5966dbc9ae" member_type: VOTER last_known_addr { host: "127.22.120.194" port: 44329 } } peers { permanent_uuid: "cf8f12ee9f6d4cedbcbff35e12969880" member_type: VOTER last_known_addr { host: "127.22.120.196" port: 38921 } attrs { promote: false } }
I20260608 09:48:51.501525 26314 raft_consensus.cc:1275] T ea41b34e6f604c99bbd601a52b0e8b79 P cf8f12ee9f6d4cedbcbff35e12969880 [term 2 FOLLOWER]: Refusing update from remote peer 39f10403d7e344abbfc7cd5966dbc9ae: Log matching property violated. Preceding OpId in replica: term: 2 index: 4. Preceding OpId from leader: term: 2 index: 5. (index mismatch)
I20260608 09:48:51.501847 26001 raft_consensus.cc:1275] T ea41b34e6f604c99bbd601a52b0e8b79 P 1d96bd9bfb7d48d58260a6b5153c55b2 [term 2 FOLLOWER]: Refusing update from remote peer 39f10403d7e344abbfc7cd5966dbc9ae: Log matching property violated. Preceding OpId in replica: term: 2 index: 4. Preceding OpId from leader: term: 2 index: 5. (index mismatch)
I20260608 09:48:51.501880 26568 ts_tablet_manager.cc:1929] T 09298d8234824cb6a25684386ea880ca P cf8f12ee9f6d4cedbcbff35e12969880: tablet deleted with delete type TABLET_DATA_TOMBSTONED: last-logged OpId 1.3
I20260608 09:48:51.503409 26568 log.cc:1199] T 09298d8234824cb6a25684386ea880ca P cf8f12ee9f6d4cedbcbff35e12969880: Deleting WAL directory at /tmp/dist-test-task6WbaVW/test-tmp/auto_rebalancer-test.0.AutoRebalancerTest.RangeAwareRebalancesNewRangeReplicas.1780912042406956-23011-0/minicluster-data/ts-3-root/wals/09298d8234824cb6a25684386ea880ca
I20260608 09:48:51.503759 26513 consensus_queue.cc:1048] T ea41b34e6f604c99bbd601a52b0e8b79 P 39f10403d7e344abbfc7cd5966dbc9ae [LEADER]: Connected to new peer: Peer: permanent_uuid: "1d96bd9bfb7d48d58260a6b5153c55b2" member_type: VOTER last_known_addr { host: "127.22.120.193" port: 34531 }, Status: LMP_MISMATCH, Last received: 0.0, Next index: 5, Last known committed idx: 4, Time since last communication: 0.000s
I20260608 09:48:51.504586 26571 consensus_queue.cc:1048] T ea41b34e6f604c99bbd601a52b0e8b79 P 39f10403d7e344abbfc7cd5966dbc9ae [LEADER]: Connected to new peer: Peer: permanent_uuid: "cf8f12ee9f6d4cedbcbff35e12969880" member_type: VOTER last_known_addr { host: "127.22.120.196" port: 38921 } attrs { promote: false }, Status: LMP_MISMATCH, Last received: 0.0, Next index: 5, Last known committed idx: 4, Time since last communication: 0.000s
I20260608 09:48:51.504944 25886 catalog_manager.cc:5027] TS cf8f12ee9f6d4cedbcbff35e12969880 (127.22.120.196:38921): tablet 09298d8234824cb6a25684386ea880ca (table range_aware_rebalance_new_range [id=5c4323dd092f491fa6292996af863574]) successfully deleted
I20260608 09:48:51.512141 26513 raft_consensus.cc:2955] T ea41b34e6f604c99bbd601a52b0e8b79 P 39f10403d7e344abbfc7cd5966dbc9ae [term 2 LEADER]: Committing config change with OpId 2.5: config changed from index 4 to 5, VOTER f1d473c31dd442d2b12e6bc2038e04e1 (127.22.120.195) evicted. New config: { opid_index: 5 OBSOLETE_local: false peers { permanent_uuid: "1d96bd9bfb7d48d58260a6b5153c55b2" member_type: VOTER last_known_addr { host: "127.22.120.193" port: 34531 } } peers { permanent_uuid: "39f10403d7e344abbfc7cd5966dbc9ae" member_type: VOTER last_known_addr { host: "127.22.120.194" port: 44329 } } peers { permanent_uuid: "cf8f12ee9f6d4cedbcbff35e12969880" member_type: VOTER last_known_addr { host: "127.22.120.196" port: 38921 } attrs { promote: false } } }
I20260608 09:48:51.514861 26001 raft_consensus.cc:2955] T ea41b34e6f604c99bbd601a52b0e8b79 P 1d96bd9bfb7d48d58260a6b5153c55b2 [term 2 FOLLOWER]: Committing config change with OpId 2.5: config changed from index 4 to 5, VOTER f1d473c31dd442d2b12e6bc2038e04e1 (127.22.120.195) evicted. New config: { opid_index: 5 OBSOLETE_local: false peers { permanent_uuid: "1d96bd9bfb7d48d58260a6b5153c55b2" member_type: VOTER last_known_addr { host: "127.22.120.193" port: 34531 } } peers { permanent_uuid: "39f10403d7e344abbfc7cd5966dbc9ae" member_type: VOTER last_known_addr { host: "127.22.120.194" port: 44329 } } peers { permanent_uuid: "cf8f12ee9f6d4cedbcbff35e12969880" member_type: VOTER last_known_addr { host: "127.22.120.196" port: 38921 } attrs { promote: false } } }
I20260608 09:48:51.520639 26314 raft_consensus.cc:2955] T ea41b34e6f604c99bbd601a52b0e8b79 P cf8f12ee9f6d4cedbcbff35e12969880 [term 2 FOLLOWER]: Committing config change with OpId 2.5: config changed from index 4 to 5, VOTER f1d473c31dd442d2b12e6bc2038e04e1 (127.22.120.195) evicted. New config: { opid_index: 5 OBSOLETE_local: false peers { permanent_uuid: "1d96bd9bfb7d48d58260a6b5153c55b2" member_type: VOTER last_known_addr { host: "127.22.120.193" port: 34531 } } peers { permanent_uuid: "39f10403d7e344abbfc7cd5966dbc9ae" member_type: VOTER last_known_addr { host: "127.22.120.194" port: 44329 } } peers { permanent_uuid: "cf8f12ee9f6d4cedbcbff35e12969880" member_type: VOTER last_known_addr { host: "127.22.120.196" port: 38921 } attrs { promote: false } } }
I20260608 09:48:51.523488 25884 catalog_manager.cc:5209] ChangeConfig:REMOVE_PEER RPC for tablet ea41b34e6f604c99bbd601a52b0e8b79 with cas_config_opid_index 4: ChangeConfig:REMOVE_PEER succeeded (attempt 1)
I20260608 09:48:51.527462 25898 catalog_manager.cc:5696] T ea41b34e6f604c99bbd601a52b0e8b79 P 39f10403d7e344abbfc7cd5966dbc9ae reported cstate change: config changed from index 4 to 5, VOTER f1d473c31dd442d2b12e6bc2038e04e1 (127.22.120.195) evicted. New cstate: current_term: 2 leader_uuid: "39f10403d7e344abbfc7cd5966dbc9ae" committed_config { opid_index: 5 OBSOLETE_local: false peers { permanent_uuid: "1d96bd9bfb7d48d58260a6b5153c55b2" member_type: VOTER last_known_addr { host: "127.22.120.193" port: 34531 } health_report { overall_health: HEALTHY } } peers { permanent_uuid: "39f10403d7e344abbfc7cd5966dbc9ae" member_type: VOTER last_known_addr { host: "127.22.120.194" port: 44329 } health_report { overall_health: HEALTHY } } peers { permanent_uuid: "cf8f12ee9f6d4cedbcbff35e12969880" member_type: VOTER last_known_addr { host: "127.22.120.196" port: 38921 } attrs { promote: false } health_report { overall_health: HEALTHY } } }
I20260608 09:48:51.540446 26134 tablet_service.cc:1558] Processing DeleteTablet for tablet ea41b34e6f604c99bbd601a52b0e8b79 with delete_type TABLET_DATA_TOMBSTONED (TS f1d473c31dd442d2b12e6bc2038e04e1 not found in new config with opid_index 5) from {username='slave'} at 127.0.0.1:41710
I20260608 09:48:51.542850 26578 tablet_replica.cc:333] T ea41b34e6f604c99bbd601a52b0e8b79 P f1d473c31dd442d2b12e6bc2038e04e1: stopping tablet replica
I20260608 09:48:51.543792 26578 raft_consensus.cc:2243] T ea41b34e6f604c99bbd601a52b0e8b79 P f1d473c31dd442d2b12e6bc2038e04e1 [term 2 FOLLOWER]: Raft consensus shutting down.
I20260608 09:48:51.544636 26578 raft_consensus.cc:2272] T ea41b34e6f604c99bbd601a52b0e8b79 P f1d473c31dd442d2b12e6bc2038e04e1 [term 2 FOLLOWER]: Raft consensus is shut down!
I20260608 09:48:51.547158 26578 ts_tablet_manager.cc:1916] T ea41b34e6f604c99bbd601a52b0e8b79 P f1d473c31dd442d2b12e6bc2038e04e1: Deleting tablet data with delete state TABLET_DATA_TOMBSTONED
I20260608 09:48:51.557796 26578 ts_tablet_manager.cc:1929] T ea41b34e6f604c99bbd601a52b0e8b79 P f1d473c31dd442d2b12e6bc2038e04e1: tablet deleted with delete type TABLET_DATA_TOMBSTONED: last-logged OpId 2.4
I20260608 09:48:51.558125 26578 log.cc:1199] T ea41b34e6f604c99bbd601a52b0e8b79 P f1d473c31dd442d2b12e6bc2038e04e1: Deleting WAL directory at /tmp/dist-test-task6WbaVW/test-tmp/auto_rebalancer-test.0.AutoRebalancerTest.RangeAwareRebalancesNewRangeReplicas.1780912042406956-23011-0/minicluster-data/ts-2-root/wals/ea41b34e6f604c99bbd601a52b0e8b79
I20260608 09:48:51.559633 25885 catalog_manager.cc:5027] TS f1d473c31dd442d2b12e6bc2038e04e1 (127.22.120.195:45255): tablet ea41b34e6f604c99bbd601a52b0e8b79 (table range_aware_rebalance_new_range [id=5c4323dd092f491fa6292996af863574]) successfully deleted
I20260608 09:48:51.645553 25952 auto_leader_rebalancer.cc:140] leader rebalance for table range_aware_rebalance_new_range
I20260608 09:48:51.659569 26075 tablet_service.cc:2072] Received LeaderStepDown RPC: tablet_id: "784c395af65a4b129d4371f4393c2799"
dest_uuid: "39f10403d7e344abbfc7cd5966dbc9ae"
mode: GRACEFUL
new_leader_uuid: "1d96bd9bfb7d48d58260a6b5153c55b2"
 from {username='slave'} at 127.0.0.1:35720
I20260608 09:48:51.660290 26075 raft_consensus.cc:606] T 784c395af65a4b129d4371f4393c2799 P 39f10403d7e344abbfc7cd5966dbc9ae [term 3 LEADER]: Received request to transfer leadership to TS 1d96bd9bfb7d48d58260a6b5153c55b2
I20260608 09:48:51.663349 25999 tablet_service.cc:2072] Received LeaderStepDown RPC: tablet_id: "a035980cbf42487780d95f126d361c31"
dest_uuid: "1d96bd9bfb7d48d58260a6b5153c55b2"
mode: GRACEFUL
new_leader_uuid: "f1d473c31dd442d2b12e6bc2038e04e1"
 from {username='slave'} at 127.0.0.1:58068
I20260608 09:48:51.663872 25999 raft_consensus.cc:606] T a035980cbf42487780d95f126d361c31 P 1d96bd9bfb7d48d58260a6b5153c55b2 [term 2 LEADER]: Received request to transfer leadership to TS f1d473c31dd442d2b12e6bc2038e04e1
I20260608 09:48:51.665151 25952 auto_leader_rebalancer.cc:388] table: range_aware_rebalance_new_range, leader rebalance finish, leader transfer count: 2
I20260608 09:48:51.665743 25952 auto_leader_rebalancer.cc:451] All tables' leader rebalancing finished this round
I20260608 09:48:51.726433 26462 raft_consensus.cc:993] T a035980cbf42487780d95f126d361c31 P 1d96bd9bfb7d48d58260a6b5153c55b2: : Instructing follower f1d473c31dd442d2b12e6bc2038e04e1 to start an election
I20260608 09:48:51.726966 26567 raft_consensus.cc:1081] T a035980cbf42487780d95f126d361c31 P 1d96bd9bfb7d48d58260a6b5153c55b2 [term 2 LEADER]: Signalling peer f1d473c31dd442d2b12e6bc2038e04e1 to start an election
I20260608 09:48:51.728518 26148 tablet_service.cc:2044] Received Run Leader Election RPC: tablet_id: "a035980cbf42487780d95f126d361c31"
dest_uuid: "f1d473c31dd442d2b12e6bc2038e04e1"
 from {username='slave'} at 127.0.0.1:41718
I20260608 09:48:51.729032 26148 raft_consensus.cc:493] T a035980cbf42487780d95f126d361c31 P f1d473c31dd442d2b12e6bc2038e04e1 [term 2 FOLLOWER]: Starting forced leader election (received explicit request)
I20260608 09:48:51.729339 26148 raft_consensus.cc:3060] T a035980cbf42487780d95f126d361c31 P f1d473c31dd442d2b12e6bc2038e04e1 [term 2 FOLLOWER]: Advancing to term 3
I20260608 09:48:51.734508 26148 raft_consensus.cc:515] T a035980cbf42487780d95f126d361c31 P f1d473c31dd442d2b12e6bc2038e04e1 [term 3 FOLLOWER]: Starting forced leader election with config: opid_index: -1 OBSOLETE_local: false peers { permanent_uuid: "39f10403d7e344abbfc7cd5966dbc9ae" member_type: VOTER last_known_addr { host: "127.22.120.194" port: 44329 } } peers { permanent_uuid: "1d96bd9bfb7d48d58260a6b5153c55b2" member_type: VOTER last_known_addr { host: "127.22.120.193" port: 34531 } } peers { permanent_uuid: "f1d473c31dd442d2b12e6bc2038e04e1" member_type: VOTER last_known_addr { host: "127.22.120.195" port: 45255 } }
I20260608 09:48:51.736315 26148 leader_election.cc:290] T a035980cbf42487780d95f126d361c31 P f1d473c31dd442d2b12e6bc2038e04e1 [CANDIDATE]: Term 3 election: Requested vote from peers 39f10403d7e344abbfc7cd5966dbc9ae (127.22.120.194:44329), 1d96bd9bfb7d48d58260a6b5153c55b2 (127.22.120.193:34531)
I20260608 09:48:51.737066 26075 tablet_service.cc:1917] Received RequestConsensusVote() RPC: tablet_id: "a035980cbf42487780d95f126d361c31" candidate_uuid: "f1d473c31dd442d2b12e6bc2038e04e1" candidate_term: 3 candidate_status { last_received { term: 2 index: 2 } } ignore_live_leader: true dest_uuid: "39f10403d7e344abbfc7cd5966dbc9ae"
I20260608 09:48:51.737473 25999 tablet_service.cc:1917] Received RequestConsensusVote() RPC: tablet_id: "a035980cbf42487780d95f126d361c31" candidate_uuid: "f1d473c31dd442d2b12e6bc2038e04e1" candidate_term: 3 candidate_status { last_received { term: 2 index: 2 } } ignore_live_leader: true dest_uuid: "1d96bd9bfb7d48d58260a6b5153c55b2"
I20260608 09:48:51.737586 26075 raft_consensus.cc:3060] T a035980cbf42487780d95f126d361c31 P 39f10403d7e344abbfc7cd5966dbc9ae [term 2 FOLLOWER]: Advancing to term 3
I20260608 09:48:51.737998 25999 raft_consensus.cc:3055] T a035980cbf42487780d95f126d361c31 P 1d96bd9bfb7d48d58260a6b5153c55b2 [term 2 LEADER]: Stepping down as leader of term 2
I20260608 09:48:51.738281 25999 raft_consensus.cc:740] T a035980cbf42487780d95f126d361c31 P 1d96bd9bfb7d48d58260a6b5153c55b2 [term 2 LEADER]: Becoming Follower/Learner. State: Replica: 1d96bd9bfb7d48d58260a6b5153c55b2, State: Running, Role: LEADER
I20260608 09:48:51.738989 25999 consensus_queue.cc:260] T a035980cbf42487780d95f126d361c31 P 1d96bd9bfb7d48d58260a6b5153c55b2 [NON_LEADER]: Queue going to NON_LEADER mode. State: All replicated index: 0, Majority replicated index: 2, Committed index: 2, Last appended: 2.2, Last appended by leader: 2, Current term: 2, Majority size: -1, State: 0, Mode: NON_LEADER, active raft config: opid_index: -1 OBSOLETE_local: false peers { permanent_uuid: "39f10403d7e344abbfc7cd5966dbc9ae" member_type: VOTER last_known_addr { host: "127.22.120.194" port: 44329 } } peers { permanent_uuid: "1d96bd9bfb7d48d58260a6b5153c55b2" member_type: VOTER last_known_addr { host: "127.22.120.193" port: 34531 } } peers { permanent_uuid: "f1d473c31dd442d2b12e6bc2038e04e1" member_type: VOTER last_known_addr { host: "127.22.120.195" port: 45255 } }
I20260608 09:48:51.739894 25999 raft_consensus.cc:3060] T a035980cbf42487780d95f126d361c31 P 1d96bd9bfb7d48d58260a6b5153c55b2 [term 2 FOLLOWER]: Advancing to term 3
I20260608 09:48:51.742033 26075 raft_consensus.cc:2468] T a035980cbf42487780d95f126d361c31 P 39f10403d7e344abbfc7cd5966dbc9ae [term 3 FOLLOWER]: Leader election vote request: Granting yes vote for candidate f1d473c31dd442d2b12e6bc2038e04e1 in term 3.
I20260608 09:48:51.743134 26114 leader_election.cc:304] T a035980cbf42487780d95f126d361c31 P f1d473c31dd442d2b12e6bc2038e04e1 [CANDIDATE]: Term 3 election: Election decided. Result: candidate won. Election summary: received 2 responses out of 3 voters: 2 yes votes; 0 no votes. yes voters: 39f10403d7e344abbfc7cd5966dbc9ae, f1d473c31dd442d2b12e6bc2038e04e1; no voters: 
I20260608 09:48:51.743853 26425 raft_consensus.cc:2804] T a035980cbf42487780d95f126d361c31 P f1d473c31dd442d2b12e6bc2038e04e1 [term 3 FOLLOWER]: Leader election won for term 3
I20260608 09:48:51.744974 26425 raft_consensus.cc:697] T a035980cbf42487780d95f126d361c31 P f1d473c31dd442d2b12e6bc2038e04e1 [term 3 LEADER]: Becoming Leader. State: Replica: f1d473c31dd442d2b12e6bc2038e04e1, State: Running, Role: LEADER
I20260608 09:48:51.745731 26425 consensus_queue.cc:237] T a035980cbf42487780d95f126d361c31 P f1d473c31dd442d2b12e6bc2038e04e1 [LEADER]: Queue going to LEADER mode. State: All replicated index: 0, Majority replicated index: 2, Committed index: 2, Last appended: 2.2, Last appended by leader: 2, Current term: 3, Majority size: 2, State: 0, Mode: LEADER, active raft config: opid_index: -1 OBSOLETE_local: false peers { permanent_uuid: "39f10403d7e344abbfc7cd5966dbc9ae" member_type: VOTER last_known_addr { host: "127.22.120.194" port: 44329 } } peers { permanent_uuid: "1d96bd9bfb7d48d58260a6b5153c55b2" member_type: VOTER last_known_addr { host: "127.22.120.193" port: 34531 } } peers { permanent_uuid: "f1d473c31dd442d2b12e6bc2038e04e1" member_type: VOTER last_known_addr { host: "127.22.120.195" port: 45255 } }
I20260608 09:48:51.746258 25999 raft_consensus.cc:2468] T a035980cbf42487780d95f126d361c31 P 1d96bd9bfb7d48d58260a6b5153c55b2 [term 3 FOLLOWER]: Leader election vote request: Granting yes vote for candidate f1d473c31dd442d2b12e6bc2038e04e1 in term 3.
I20260608 09:48:51.753690 25899 catalog_manager.cc:5696] T a035980cbf42487780d95f126d361c31 P f1d473c31dd442d2b12e6bc2038e04e1 reported cstate change: term changed from 2 to 3, leader changed from 1d96bd9bfb7d48d58260a6b5153c55b2 (127.22.120.193) to f1d473c31dd442d2b12e6bc2038e04e1 (127.22.120.195). New cstate: current_term: 3 leader_uuid: "f1d473c31dd442d2b12e6bc2038e04e1" committed_config { opid_index: -1 OBSOLETE_local: false peers { permanent_uuid: "39f10403d7e344abbfc7cd5966dbc9ae" member_type: VOTER last_known_addr { host: "127.22.120.194" port: 44329 } health_report { overall_health: UNKNOWN } } peers { permanent_uuid: "1d96bd9bfb7d48d58260a6b5153c55b2" member_type: VOTER last_known_addr { host: "127.22.120.193" port: 34531 } health_report { overall_health: UNKNOWN } } peers { permanent_uuid: "f1d473c31dd442d2b12e6bc2038e04e1" member_type: VOTER last_known_addr { host: "127.22.120.195" port: 45255 } health_report { overall_health: HEALTHY } } }
I20260608 09:48:51.783167 26513 raft_consensus.cc:993] T 784c395af65a4b129d4371f4393c2799 P 39f10403d7e344abbfc7cd5966dbc9ae: : Instructing follower 1d96bd9bfb7d48d58260a6b5153c55b2 to start an election
I20260608 09:48:51.783563 26533 raft_consensus.cc:1081] T 784c395af65a4b129d4371f4393c2799 P 39f10403d7e344abbfc7cd5966dbc9ae [term 3 LEADER]: Signalling peer 1d96bd9bfb7d48d58260a6b5153c55b2 to start an election
I20260608 09:48:51.784919 25999 tablet_service.cc:2044] Received Run Leader Election RPC: tablet_id: "784c395af65a4b129d4371f4393c2799"
dest_uuid: "1d96bd9bfb7d48d58260a6b5153c55b2"
 from {username='slave'} at 127.0.0.1:58042
I20260608 09:48:51.785392 25999 raft_consensus.cc:493] T 784c395af65a4b129d4371f4393c2799 P 1d96bd9bfb7d48d58260a6b5153c55b2 [term 3 FOLLOWER]: Starting forced leader election (received explicit request)
I20260608 09:48:51.785707 25999 raft_consensus.cc:3060] T 784c395af65a4b129d4371f4393c2799 P 1d96bd9bfb7d48d58260a6b5153c55b2 [term 3 FOLLOWER]: Advancing to term 4
I20260608 09:48:51.790958 25999 raft_consensus.cc:515] T 784c395af65a4b129d4371f4393c2799 P 1d96bd9bfb7d48d58260a6b5153c55b2 [term 4 FOLLOWER]: Starting forced leader election with config: opid_index: -1 OBSOLETE_local: false peers { permanent_uuid: "1d96bd9bfb7d48d58260a6b5153c55b2" member_type: VOTER last_known_addr { host: "127.22.120.193" port: 34531 } } peers { permanent_uuid: "39f10403d7e344abbfc7cd5966dbc9ae" member_type: VOTER last_known_addr { host: "127.22.120.194" port: 44329 } } peers { permanent_uuid: "f1d473c31dd442d2b12e6bc2038e04e1" member_type: VOTER last_known_addr { host: "127.22.120.195" port: 45255 } }
I20260608 09:48:51.792917 25999 leader_election.cc:290] T 784c395af65a4b129d4371f4393c2799 P 1d96bd9bfb7d48d58260a6b5153c55b2 [CANDIDATE]: Term 4 election: Requested vote from peers 39f10403d7e344abbfc7cd5966dbc9ae (127.22.120.194:44329), f1d473c31dd442d2b12e6bc2038e04e1 (127.22.120.195:45255)
I20260608 09:48:51.793656 26075 tablet_service.cc:1917] Received RequestConsensusVote() RPC: tablet_id: "784c395af65a4b129d4371f4393c2799" candidate_uuid: "1d96bd9bfb7d48d58260a6b5153c55b2" candidate_term: 4 candidate_status { last_received { term: 3 index: 3 } } ignore_live_leader: true dest_uuid: "39f10403d7e344abbfc7cd5966dbc9ae"
I20260608 09:48:51.793920 26150 tablet_service.cc:1917] Received RequestConsensusVote() RPC: tablet_id: "784c395af65a4b129d4371f4393c2799" candidate_uuid: "1d96bd9bfb7d48d58260a6b5153c55b2" candidate_term: 4 candidate_status { last_received { term: 3 index: 3 } } ignore_live_leader: true dest_uuid: "f1d473c31dd442d2b12e6bc2038e04e1"
I20260608 09:48:51.794234 26075 raft_consensus.cc:3055] T 784c395af65a4b129d4371f4393c2799 P 39f10403d7e344abbfc7cd5966dbc9ae [term 3 LEADER]: Stepping down as leader of term 3
I20260608 09:48:51.794466 26150 raft_consensus.cc:3060] T 784c395af65a4b129d4371f4393c2799 P f1d473c31dd442d2b12e6bc2038e04e1 [term 3 FOLLOWER]: Advancing to term 4
I20260608 09:48:51.794564 26075 raft_consensus.cc:740] T 784c395af65a4b129d4371f4393c2799 P 39f10403d7e344abbfc7cd5966dbc9ae [term 3 LEADER]: Becoming Follower/Learner. State: Replica: 39f10403d7e344abbfc7cd5966dbc9ae, State: Running, Role: LEADER
I20260608 09:48:51.795403 26075 consensus_queue.cc:260] T 784c395af65a4b129d4371f4393c2799 P 39f10403d7e344abbfc7cd5966dbc9ae [NON_LEADER]: Queue going to NON_LEADER mode. State: All replicated index: 0, Majority replicated index: 3, Committed index: 3, Last appended: 3.3, Last appended by leader: 3, Current term: 3, Majority size: -1, State: 0, Mode: NON_LEADER, active raft config: opid_index: -1 OBSOLETE_local: false peers { permanent_uuid: "1d96bd9bfb7d48d58260a6b5153c55b2" member_type: VOTER last_known_addr { host: "127.22.120.193" port: 34531 } } peers { permanent_uuid: "39f10403d7e344abbfc7cd5966dbc9ae" member_type: VOTER last_known_addr { host: "127.22.120.194" port: 44329 } } peers { permanent_uuid: "f1d473c31dd442d2b12e6bc2038e04e1" member_type: VOTER last_known_addr { host: "127.22.120.195" port: 45255 } }
I20260608 09:48:51.796280 26075 raft_consensus.cc:3060] T 784c395af65a4b129d4371f4393c2799 P 39f10403d7e344abbfc7cd5966dbc9ae [term 3 FOLLOWER]: Advancing to term 4
I20260608 09:48:51.800271 26075 raft_consensus.cc:2468] T 784c395af65a4b129d4371f4393c2799 P 39f10403d7e344abbfc7cd5966dbc9ae [term 4 FOLLOWER]: Leader election vote request: Granting yes vote for candidate 1d96bd9bfb7d48d58260a6b5153c55b2 in term 4.
I20260608 09:48:51.800280 26150 raft_consensus.cc:2468] T 784c395af65a4b129d4371f4393c2799 P f1d473c31dd442d2b12e6bc2038e04e1 [term 4 FOLLOWER]: Leader election vote request: Granting yes vote for candidate 1d96bd9bfb7d48d58260a6b5153c55b2 in term 4.
I20260608 09:48:51.801435 25965 leader_election.cc:304] T 784c395af65a4b129d4371f4393c2799 P 1d96bd9bfb7d48d58260a6b5153c55b2 [CANDIDATE]: Term 4 election: Election decided. Result: candidate won. Election summary: received 2 responses out of 3 voters: 2 yes votes; 0 no votes. yes voters: 1d96bd9bfb7d48d58260a6b5153c55b2, 39f10403d7e344abbfc7cd5966dbc9ae; no voters: 
I20260608 09:48:51.802209 26567 raft_consensus.cc:2804] T 784c395af65a4b129d4371f4393c2799 P 1d96bd9bfb7d48d58260a6b5153c55b2 [term 4 FOLLOWER]: Leader election won for term 4
I20260608 09:48:51.802611 26567 raft_consensus.cc:697] T 784c395af65a4b129d4371f4393c2799 P 1d96bd9bfb7d48d58260a6b5153c55b2 [term 4 LEADER]: Becoming Leader. State: Replica: 1d96bd9bfb7d48d58260a6b5153c55b2, State: Running, Role: LEADER
I20260608 09:48:51.803396 26567 consensus_queue.cc:237] T 784c395af65a4b129d4371f4393c2799 P 1d96bd9bfb7d48d58260a6b5153c55b2 [LEADER]: Queue going to LEADER mode. State: All replicated index: 0, Majority replicated index: 3, Committed index: 3, Last appended: 3.3, Last appended by leader: 3, Current term: 4, Majority size: 2, State: 0, Mode: LEADER, active raft config: opid_index: -1 OBSOLETE_local: false peers { permanent_uuid: "1d96bd9bfb7d48d58260a6b5153c55b2" member_type: VOTER last_known_addr { host: "127.22.120.193" port: 34531 } } peers { permanent_uuid: "39f10403d7e344abbfc7cd5966dbc9ae" member_type: VOTER last_known_addr { host: "127.22.120.194" port: 44329 } } peers { permanent_uuid: "f1d473c31dd442d2b12e6bc2038e04e1" member_type: VOTER last_known_addr { host: "127.22.120.195" port: 45255 } }
I20260608 09:48:51.813174 25899 catalog_manager.cc:5696] T 784c395af65a4b129d4371f4393c2799 P 1d96bd9bfb7d48d58260a6b5153c55b2 reported cstate change: term changed from 3 to 4, leader changed from 39f10403d7e344abbfc7cd5966dbc9ae (127.22.120.194) to 1d96bd9bfb7d48d58260a6b5153c55b2 (127.22.120.193). New cstate: current_term: 4 leader_uuid: "1d96bd9bfb7d48d58260a6b5153c55b2" committed_config { opid_index: -1 OBSOLETE_local: false peers { permanent_uuid: "1d96bd9bfb7d48d58260a6b5153c55b2" member_type: VOTER last_known_addr { host: "127.22.120.193" port: 34531 } health_report { overall_health: HEALTHY } } peers { permanent_uuid: "39f10403d7e344abbfc7cd5966dbc9ae" member_type: VOTER last_known_addr { host: "127.22.120.194" port: 44329 } health_report { overall_health: UNKNOWN } } peers { permanent_uuid: "f1d473c31dd442d2b12e6bc2038e04e1" member_type: VOTER last_known_addr { host: "127.22.120.195" port: 45255 } health_report { overall_health: UNKNOWN } } }
I20260608 09:48:52.152103 25999 raft_consensus.cc:1275] T a035980cbf42487780d95f126d361c31 P 1d96bd9bfb7d48d58260a6b5153c55b2 [term 3 FOLLOWER]: Refusing update from remote peer f1d473c31dd442d2b12e6bc2038e04e1: Log matching property violated. Preceding OpId in replica: term: 2 index: 2. Preceding OpId from leader: term: 3 index: 3. (index mismatch)
I20260608 09:48:52.153227 26425 consensus_queue.cc:1048] T a035980cbf42487780d95f126d361c31 P f1d473c31dd442d2b12e6bc2038e04e1 [LEADER]: Connected to new peer: Peer: permanent_uuid: "1d96bd9bfb7d48d58260a6b5153c55b2" member_type: VOTER last_known_addr { host: "127.22.120.193" port: 34531 }, Status: LMP_MISMATCH, Last received: 0.0, Next index: 3, Last known committed idx: 2, Time since last communication: 0.000s
I20260608 09:48:52.163014 26075 raft_consensus.cc:1275] T a035980cbf42487780d95f126d361c31 P 39f10403d7e344abbfc7cd5966dbc9ae [term 3 FOLLOWER]: Refusing update from remote peer f1d473c31dd442d2b12e6bc2038e04e1: Log matching property violated. Preceding OpId in replica: term: 2 index: 2. Preceding OpId from leader: term: 3 index: 3. (index mismatch)
I20260608 09:48:52.165083 26584 consensus_queue.cc:1048] T a035980cbf42487780d95f126d361c31 P f1d473c31dd442d2b12e6bc2038e04e1 [LEADER]: Connected to new peer: Peer: permanent_uuid: "39f10403d7e344abbfc7cd5966dbc9ae" member_type: VOTER last_known_addr { host: "127.22.120.194" port: 44329 }, Status: LMP_MISMATCH, Last received: 0.0, Next index: 3, Last known committed idx: 2, Time since last communication: 0.000s
I20260608 09:48:52.254710 26150 raft_consensus.cc:1275] T 784c395af65a4b129d4371f4393c2799 P f1d473c31dd442d2b12e6bc2038e04e1 [term 4 FOLLOWER]: Refusing update from remote peer 1d96bd9bfb7d48d58260a6b5153c55b2: Log matching property violated. Preceding OpId in replica: term: 3 index: 3. Preceding OpId from leader: term: 4 index: 4. (index mismatch)
I20260608 09:48:52.256006 26522 consensus_queue.cc:1048] T 784c395af65a4b129d4371f4393c2799 P 1d96bd9bfb7d48d58260a6b5153c55b2 [LEADER]: Connected to new peer: Peer: permanent_uuid: "f1d473c31dd442d2b12e6bc2038e04e1" member_type: VOTER last_known_addr { host: "127.22.120.195" port: 45255 }, Status: LMP_MISMATCH, Last received: 0.0, Next index: 4, Last known committed idx: 3, Time since last communication: 0.000s
I20260608 09:48:52.264565 26075 raft_consensus.cc:1275] T 784c395af65a4b129d4371f4393c2799 P 39f10403d7e344abbfc7cd5966dbc9ae [term 4 FOLLOWER]: Refusing update from remote peer 1d96bd9bfb7d48d58260a6b5153c55b2: Log matching property violated. Preceding OpId in replica: term: 3 index: 3. Preceding OpId from leader: term: 4 index: 4. (index mismatch)
I20260608 09:48:52.266304 26462 consensus_queue.cc:1048] T 784c395af65a4b129d4371f4393c2799 P 1d96bd9bfb7d48d58260a6b5153c55b2 [LEADER]: Connected to new peer: Peer: permanent_uuid: "39f10403d7e344abbfc7cd5966dbc9ae" member_type: VOTER last_known_addr { host: "127.22.120.194" port: 44329 }, Status: LMP_MISMATCH, Last received: 0.0, Next index: 4, Last known committed idx: 3, Time since last communication: 0.000s
I20260608 09:48:52.562206 26150 consensus_queue.cc:237] T a035980cbf42487780d95f126d361c31 P f1d473c31dd442d2b12e6bc2038e04e1 [LEADER]: Queue going to LEADER mode. State: All replicated index: 0, Majority replicated index: 3, Committed index: 3, Last appended: 3.3, Last appended by leader: 2, Current term: 3, Majority size: 2, State: 0, Mode: LEADER, active raft config: opid_index: 4 OBSOLETE_local: false peers { permanent_uuid: "39f10403d7e344abbfc7cd5966dbc9ae" member_type: VOTER last_known_addr { host: "127.22.120.194" port: 44329 } attrs { replace: true } } peers { permanent_uuid: "1d96bd9bfb7d48d58260a6b5153c55b2" member_type: VOTER last_known_addr { host: "127.22.120.193" port: 34531 } } peers { permanent_uuid: "f1d473c31dd442d2b12e6bc2038e04e1" member_type: VOTER last_known_addr { host: "127.22.120.195" port: 45255 } } peers { permanent_uuid: "cf8f12ee9f6d4cedbcbff35e12969880" member_type: NON_VOTER last_known_addr { host: "127.22.120.196" port: 38921 } attrs { promote: true } }
I20260608 09:48:52.567343 26075 raft_consensus.cc:1275] T a035980cbf42487780d95f126d361c31 P 39f10403d7e344abbfc7cd5966dbc9ae [term 3 FOLLOWER]: Refusing update from remote peer f1d473c31dd442d2b12e6bc2038e04e1: Log matching property violated. Preceding OpId in replica: term: 3 index: 3. Preceding OpId from leader: term: 3 index: 4. (index mismatch)
I20260608 09:48:52.567370 25999 raft_consensus.cc:1275] T a035980cbf42487780d95f126d361c31 P 1d96bd9bfb7d48d58260a6b5153c55b2 [term 3 FOLLOWER]: Refusing update from remote peer f1d473c31dd442d2b12e6bc2038e04e1: Log matching property violated. Preceding OpId in replica: term: 3 index: 3. Preceding OpId from leader: term: 3 index: 4. (index mismatch)
W20260608 09:48:52.567663 26116 consensus_peers.cc:597] T a035980cbf42487780d95f126d361c31 P f1d473c31dd442d2b12e6bc2038e04e1 -> Peer cf8f12ee9f6d4cedbcbff35e12969880 (127.22.120.196:38921): Couldn't send request to peer cf8f12ee9f6d4cedbcbff35e12969880. Error code: TABLET_NOT_FOUND (6). Status: Not found: Tablet not found: a035980cbf42487780d95f126d361c31. This is attempt 1: this message will repeat every 5th retry.
I20260608 09:48:52.568958 26579 consensus_queue.cc:1048] T a035980cbf42487780d95f126d361c31 P f1d473c31dd442d2b12e6bc2038e04e1 [LEADER]: Connected to new peer: Peer: permanent_uuid: "1d96bd9bfb7d48d58260a6b5153c55b2" member_type: VOTER last_known_addr { host: "127.22.120.193" port: 34531 }, Status: LMP_MISMATCH, Last received: 0.0, Next index: 4, Last known committed idx: 3, Time since last communication: 0.000s
I20260608 09:48:52.569492 26584 consensus_queue.cc:1048] T a035980cbf42487780d95f126d361c31 P f1d473c31dd442d2b12e6bc2038e04e1 [LEADER]: Connected to new peer: Peer: permanent_uuid: "39f10403d7e344abbfc7cd5966dbc9ae" member_type: VOTER last_known_addr { host: "127.22.120.194" port: 44329 } attrs { replace: true }, Status: LMP_MISMATCH, Last received: 0.0, Next index: 4, Last known committed idx: 3, Time since last communication: 0.000s
I20260608 09:48:52.575525 26425 raft_consensus.cc:2955] T a035980cbf42487780d95f126d361c31 P f1d473c31dd442d2b12e6bc2038e04e1 [term 3 LEADER]: Committing config change with OpId 3.4: config changed from index -1 to 4, NON_VOTER cf8f12ee9f6d4cedbcbff35e12969880 (127.22.120.196) added. New config: { opid_index: 4 OBSOLETE_local: false peers { permanent_uuid: "39f10403d7e344abbfc7cd5966dbc9ae" member_type: VOTER last_known_addr { host: "127.22.120.194" port: 44329 } attrs { replace: true } } peers { permanent_uuid: "1d96bd9bfb7d48d58260a6b5153c55b2" member_type: VOTER last_known_addr { host: "127.22.120.193" port: 34531 } } peers { permanent_uuid: "f1d473c31dd442d2b12e6bc2038e04e1" member_type: VOTER last_known_addr { host: "127.22.120.195" port: 45255 } } peers { permanent_uuid: "cf8f12ee9f6d4cedbcbff35e12969880" member_type: NON_VOTER last_known_addr { host: "127.22.120.196" port: 38921 } attrs { promote: true } } }
I20260608 09:48:52.577194 26075 raft_consensus.cc:2955] T a035980cbf42487780d95f126d361c31 P 39f10403d7e344abbfc7cd5966dbc9ae [term 3 FOLLOWER]: Committing config change with OpId 3.4: config changed from index -1 to 4, NON_VOTER cf8f12ee9f6d4cedbcbff35e12969880 (127.22.120.196) added. New config: { opid_index: 4 OBSOLETE_local: false peers { permanent_uuid: "39f10403d7e344abbfc7cd5966dbc9ae" member_type: VOTER last_known_addr { host: "127.22.120.194" port: 44329 } attrs { replace: true } } peers { permanent_uuid: "1d96bd9bfb7d48d58260a6b5153c55b2" member_type: VOTER last_known_addr { host: "127.22.120.193" port: 34531 } } peers { permanent_uuid: "f1d473c31dd442d2b12e6bc2038e04e1" member_type: VOTER last_known_addr { host: "127.22.120.195" port: 45255 } } peers { permanent_uuid: "cf8f12ee9f6d4cedbcbff35e12969880" member_type: NON_VOTER last_known_addr { host: "127.22.120.196" port: 38921 } attrs { promote: true } } }
I20260608 09:48:52.577205 25999 raft_consensus.cc:2955] T a035980cbf42487780d95f126d361c31 P 1d96bd9bfb7d48d58260a6b5153c55b2 [term 3 FOLLOWER]: Committing config change with OpId 3.4: config changed from index -1 to 4, NON_VOTER cf8f12ee9f6d4cedbcbff35e12969880 (127.22.120.196) added. New config: { opid_index: 4 OBSOLETE_local: false peers { permanent_uuid: "39f10403d7e344abbfc7cd5966dbc9ae" member_type: VOTER last_known_addr { host: "127.22.120.194" port: 44329 } attrs { replace: true } } peers { permanent_uuid: "1d96bd9bfb7d48d58260a6b5153c55b2" member_type: VOTER last_known_addr { host: "127.22.120.193" port: 34531 } } peers { permanent_uuid: "f1d473c31dd442d2b12e6bc2038e04e1" member_type: VOTER last_known_addr { host: "127.22.120.195" port: 45255 } } peers { permanent_uuid: "cf8f12ee9f6d4cedbcbff35e12969880" member_type: NON_VOTER last_known_addr { host: "127.22.120.196" port: 38921 } attrs { promote: true } } }
I20260608 09:48:52.587247 25897 catalog_manager.cc:5696] T a035980cbf42487780d95f126d361c31 P 39f10403d7e344abbfc7cd5966dbc9ae reported cstate change: config changed from index -1 to 4, NON_VOTER cf8f12ee9f6d4cedbcbff35e12969880 (127.22.120.196) added. New cstate: current_term: 3 leader_uuid: "f1d473c31dd442d2b12e6bc2038e04e1" committed_config { opid_index: 4 OBSOLETE_local: false peers { permanent_uuid: "39f10403d7e344abbfc7cd5966dbc9ae" member_type: VOTER last_known_addr { host: "127.22.120.194" port: 44329 } attrs { replace: true } } peers { permanent_uuid: "1d96bd9bfb7d48d58260a6b5153c55b2" member_type: VOTER last_known_addr { host: "127.22.120.193" port: 34531 } } peers { permanent_uuid: "f1d473c31dd442d2b12e6bc2038e04e1" member_type: VOTER last_known_addr { host: "127.22.120.195" port: 45255 } } peers { permanent_uuid: "cf8f12ee9f6d4cedbcbff35e12969880" member_type: NON_VOTER last_known_addr { host: "127.22.120.196" port: 38921 } attrs { promote: true } } }
I20260608 09:48:52.944808 26595 ts_tablet_manager.cc:933] T a035980cbf42487780d95f126d361c31 P cf8f12ee9f6d4cedbcbff35e12969880: Initiating tablet copy from peer f1d473c31dd442d2b12e6bc2038e04e1 (127.22.120.195:45255)
I20260608 09:48:52.946944 26595 tablet_copy_client.cc:323] T a035980cbf42487780d95f126d361c31 P cf8f12ee9f6d4cedbcbff35e12969880: tablet copy: Beginning tablet copy session from remote peer at address 127.22.120.195:45255
I20260608 09:48:52.982326 26160 tablet_copy_service.cc:140] P f1d473c31dd442d2b12e6bc2038e04e1: Received BeginTabletCopySession request for tablet a035980cbf42487780d95f126d361c31 from peer cf8f12ee9f6d4cedbcbff35e12969880 ({username='slave'} at 127.0.0.1:41732)
I20260608 09:48:52.983871 26160 tablet_copy_service.cc:161] P f1d473c31dd442d2b12e6bc2038e04e1: Beginning new tablet copy session on tablet a035980cbf42487780d95f126d361c31 from peer cf8f12ee9f6d4cedbcbff35e12969880 at {username='slave'} at 127.0.0.1:41732: session id = cf8f12ee9f6d4cedbcbff35e12969880-a035980cbf42487780d95f126d361c31
I20260608 09:48:53.004709 26160 tablet_copy_source_session.cc:215] T a035980cbf42487780d95f126d361c31 P f1d473c31dd442d2b12e6bc2038e04e1: Tablet Copy: opened 0 blocks and 1 log segments
I20260608 09:48:53.009397 26595 data_dirs.cc:400] Could only allocate 1 dirs of requested 3 for tablet a035980cbf42487780d95f126d361c31. 1 dirs total, 0 dirs full, 0 dirs failed
I20260608 09:48:53.036329 26595 tablet_copy_client.cc:806] T a035980cbf42487780d95f126d361c31 P cf8f12ee9f6d4cedbcbff35e12969880: tablet copy: Starting download of 0 data blocks...
I20260608 09:48:53.037191 26595 tablet_copy_client.cc:670] T a035980cbf42487780d95f126d361c31 P cf8f12ee9f6d4cedbcbff35e12969880: tablet copy: Starting download of 1 WAL segments...
I20260608 09:48:53.045691 26595 tablet_copy_client.cc:538] T a035980cbf42487780d95f126d361c31 P cf8f12ee9f6d4cedbcbff35e12969880: tablet copy: Tablet Copy complete. Replacing tablet superblock.
I20260608 09:48:53.056438 26595 tablet_bootstrap.cc:492] T a035980cbf42487780d95f126d361c31 P cf8f12ee9f6d4cedbcbff35e12969880: Bootstrap starting.
I20260608 09:48:53.085781 26595 tablet_bootstrap.cc:492] T a035980cbf42487780d95f126d361c31 P cf8f12ee9f6d4cedbcbff35e12969880: Bootstrap replayed 1/1 log segments. Stats: ops{read=4 overwritten=0 applied=4 ignored=0} inserts{seen=0 ignored=0} mutations{seen=0 ignored=0} orphaned_commits=0. Pending: 0 replicates
I20260608 09:48:53.086933 26595 tablet_bootstrap.cc:492] T a035980cbf42487780d95f126d361c31 P cf8f12ee9f6d4cedbcbff35e12969880: Bootstrap complete.
I20260608 09:48:53.087780 26595 ts_tablet_manager.cc:1403] T a035980cbf42487780d95f126d361c31 P cf8f12ee9f6d4cedbcbff35e12969880: Time spent bootstrapping tablet: real 0.032s	user 0.023s	sys 0.008s
I20260608 09:48:53.092633 26595 raft_consensus.cc:359] T a035980cbf42487780d95f126d361c31 P cf8f12ee9f6d4cedbcbff35e12969880 [term 3 LEARNER]: Replica starting. Triggering 0 pending ops. Active config: opid_index: 4 OBSOLETE_local: false peers { permanent_uuid: "39f10403d7e344abbfc7cd5966dbc9ae" member_type: VOTER last_known_addr { host: "127.22.120.194" port: 44329 } attrs { replace: true } } peers { permanent_uuid: "1d96bd9bfb7d48d58260a6b5153c55b2" member_type: VOTER last_known_addr { host: "127.22.120.193" port: 34531 } } peers { permanent_uuid: "f1d473c31dd442d2b12e6bc2038e04e1" member_type: VOTER last_known_addr { host: "127.22.120.195" port: 45255 } } peers { permanent_uuid: "cf8f12ee9f6d4cedbcbff35e12969880" member_type: NON_VOTER last_known_addr { host: "127.22.120.196" port: 38921 } attrs { promote: true } }
I20260608 09:48:53.094269 26595 raft_consensus.cc:740] T a035980cbf42487780d95f126d361c31 P cf8f12ee9f6d4cedbcbff35e12969880 [term 3 LEARNER]: Becoming Follower/Learner. State: Replica: cf8f12ee9f6d4cedbcbff35e12969880, State: Initialized, Role: LEARNER
I20260608 09:48:53.095316 26595 consensus_queue.cc:260] T a035980cbf42487780d95f126d361c31 P cf8f12ee9f6d4cedbcbff35e12969880 [NON_LEADER]: Queue going to NON_LEADER mode. State: All replicated index: 0, Majority replicated index: 0, Committed index: 4, Last appended: 3.4, Last appended by leader: 4, Current term: 0, Majority size: -1, State: 0, Mode: NON_LEADER, active raft config: opid_index: 4 OBSOLETE_local: false peers { permanent_uuid: "39f10403d7e344abbfc7cd5966dbc9ae" member_type: VOTER last_known_addr { host: "127.22.120.194" port: 44329 } attrs { replace: true } } peers { permanent_uuid: "1d96bd9bfb7d48d58260a6b5153c55b2" member_type: VOTER last_known_addr { host: "127.22.120.193" port: 34531 } } peers { permanent_uuid: "f1d473c31dd442d2b12e6bc2038e04e1" member_type: VOTER last_known_addr { host: "127.22.120.195" port: 45255 } } peers { permanent_uuid: "cf8f12ee9f6d4cedbcbff35e12969880" member_type: NON_VOTER last_known_addr { host: "127.22.120.196" port: 38921 } attrs { promote: true } }
I20260608 09:48:53.098753 26595 ts_tablet_manager.cc:1434] T a035980cbf42487780d95f126d361c31 P cf8f12ee9f6d4cedbcbff35e12969880: Time spent starting tablet: real 0.011s	user 0.008s	sys 0.000s
I20260608 09:48:53.101161 26160 tablet_copy_service.cc:342] P f1d473c31dd442d2b12e6bc2038e04e1: Request end of tablet copy session cf8f12ee9f6d4cedbcbff35e12969880-a035980cbf42487780d95f126d361c31 received from {username='slave'} at 127.0.0.1:41732
I20260608 09:48:53.101648 26160 tablet_copy_service.cc:434] P f1d473c31dd442d2b12e6bc2038e04e1: ending tablet copy session cf8f12ee9f6d4cedbcbff35e12969880-a035980cbf42487780d95f126d361c31 on tablet a035980cbf42487780d95f126d361c31 with peer cf8f12ee9f6d4cedbcbff35e12969880
I20260608 09:48:53.391193 26311 raft_consensus.cc:1217] T a035980cbf42487780d95f126d361c31 P cf8f12ee9f6d4cedbcbff35e12969880 [term 3 LEARNER]: Deduplicated request from leader. Original: 3.3->[3.4-3.4]   Dedup: 3.4->[]
I20260608 09:48:53.666918 25952 auto_leader_rebalancer.cc:140] leader rebalance for table range_aware_rebalance_new_range
I20260608 09:48:53.684016 25999 tablet_service.cc:2072] Received LeaderStepDown RPC: tablet_id: "09298d8234824cb6a25684386ea880ca"
dest_uuid: "1d96bd9bfb7d48d58260a6b5153c55b2"
mode: GRACEFUL
new_leader_uuid: "39f10403d7e344abbfc7cd5966dbc9ae"
 from {username='slave'} at 127.0.0.1:58068
I20260608 09:48:53.684772 25999 raft_consensus.cc:606] T 09298d8234824cb6a25684386ea880ca P 1d96bd9bfb7d48d58260a6b5153c55b2 [term 1 LEADER]: Received request to transfer leadership to TS 39f10403d7e344abbfc7cd5966dbc9ae
I20260608 09:48:53.688287 26150 tablet_service.cc:2072] Received LeaderStepDown RPC: tablet_id: "9c9f668a412f485bb11bf7c9414351a1"
dest_uuid: "f1d473c31dd442d2b12e6bc2038e04e1"
mode: GRACEFUL
new_leader_uuid: "cf8f12ee9f6d4cedbcbff35e12969880"
 from {username='slave'} at 127.0.0.1:41742
I20260608 09:48:53.688886 26150 raft_consensus.cc:606] T 9c9f668a412f485bb11bf7c9414351a1 P f1d473c31dd442d2b12e6bc2038e04e1 [term 1 LEADER]: Received request to transfer leadership to TS cf8f12ee9f6d4cedbcbff35e12969880
I20260608 09:48:53.690352 25952 auto_leader_rebalancer.cc:388] table: range_aware_rebalance_new_range, leader rebalance finish, leader transfer count: 2
I20260608 09:48:53.691063 25952 auto_leader_rebalancer.cc:451] All tables' leader rebalancing finished this round
I20260608 09:48:53.794486 26425 raft_consensus.cc:1064] T a035980cbf42487780d95f126d361c31 P f1d473c31dd442d2b12e6bc2038e04e1: attempting to promote NON_VOTER cf8f12ee9f6d4cedbcbff35e12969880 to VOTER
I20260608 09:48:53.797165 26425 consensus_queue.cc:237] T a035980cbf42487780d95f126d361c31 P f1d473c31dd442d2b12e6bc2038e04e1 [LEADER]: Queue going to LEADER mode. State: All replicated index: 0, Majority replicated index: 4, Committed index: 4, Last appended: 3.4, Last appended by leader: 2, Current term: 3, Majority size: 3, State: 0, Mode: LEADER, active raft config: opid_index: 5 OBSOLETE_local: false peers { permanent_uuid: "39f10403d7e344abbfc7cd5966dbc9ae" member_type: VOTER last_known_addr { host: "127.22.120.194" port: 44329 } attrs { replace: true } } peers { permanent_uuid: "1d96bd9bfb7d48d58260a6b5153c55b2" member_type: VOTER last_known_addr { host: "127.22.120.193" port: 34531 } } peers { permanent_uuid: "f1d473c31dd442d2b12e6bc2038e04e1" member_type: VOTER last_known_addr { host: "127.22.120.195" port: 45255 } } peers { permanent_uuid: "cf8f12ee9f6d4cedbcbff35e12969880" member_type: VOTER last_known_addr { host: "127.22.120.196" port: 38921 } attrs { promote: false } }
I20260608 09:48:53.805037 26311 raft_consensus.cc:1275] T a035980cbf42487780d95f126d361c31 P cf8f12ee9f6d4cedbcbff35e12969880 [term 3 LEARNER]: Refusing update from remote peer f1d473c31dd442d2b12e6bc2038e04e1: Log matching property violated. Preceding OpId in replica: term: 3 index: 4. Preceding OpId from leader: term: 3 index: 5. (index mismatch)
I20260608 09:48:53.805037 25999 raft_consensus.cc:1275] T a035980cbf42487780d95f126d361c31 P 1d96bd9bfb7d48d58260a6b5153c55b2 [term 3 FOLLOWER]: Refusing update from remote peer f1d473c31dd442d2b12e6bc2038e04e1: Log matching property violated. Preceding OpId in replica: term: 3 index: 4. Preceding OpId from leader: term: 3 index: 5. (index mismatch)
I20260608 09:48:53.805742 26075 raft_consensus.cc:1275] T a035980cbf42487780d95f126d361c31 P 39f10403d7e344abbfc7cd5966dbc9ae [term 3 FOLLOWER]: Refusing update from remote peer f1d473c31dd442d2b12e6bc2038e04e1: Log matching property violated. Preceding OpId in replica: term: 3 index: 4. Preceding OpId from leader: term: 3 index: 5. (index mismatch)
I20260608 09:48:53.806841 26598 consensus_queue.cc:1048] T a035980cbf42487780d95f126d361c31 P f1d473c31dd442d2b12e6bc2038e04e1 [LEADER]: Connected to new peer: Peer: permanent_uuid: "1d96bd9bfb7d48d58260a6b5153c55b2" member_type: VOTER last_known_addr { host: "127.22.120.193" port: 34531 }, Status: LMP_MISMATCH, Last received: 0.0, Next index: 5, Last known committed idx: 4, Time since last communication: 0.000s
I20260608 09:48:53.807757 26425 consensus_queue.cc:1048] T a035980cbf42487780d95f126d361c31 P f1d473c31dd442d2b12e6bc2038e04e1 [LEADER]: Connected to new peer: Peer: permanent_uuid: "cf8f12ee9f6d4cedbcbff35e12969880" member_type: VOTER last_known_addr { host: "127.22.120.196" port: 38921 } attrs { promote: false }, Status: LMP_MISMATCH, Last received: 0.0, Next index: 5, Last known committed idx: 4, Time since last communication: 0.000s
I20260608 09:48:53.808627 26584 consensus_queue.cc:1048] T a035980cbf42487780d95f126d361c31 P f1d473c31dd442d2b12e6bc2038e04e1 [LEADER]: Connected to new peer: Peer: permanent_uuid: "39f10403d7e344abbfc7cd5966dbc9ae" member_type: VOTER last_known_addr { host: "127.22.120.194" port: 44329 } attrs { replace: true }, Status: LMP_MISMATCH, Last received: 0.0, Next index: 5, Last known committed idx: 4, Time since last communication: 0.000s
I20260608 09:48:53.841172 26584 raft_consensus.cc:2955] T a035980cbf42487780d95f126d361c31 P f1d473c31dd442d2b12e6bc2038e04e1 [term 3 LEADER]: Committing config change with OpId 3.5: config changed from index 4 to 5, cf8f12ee9f6d4cedbcbff35e12969880 (127.22.120.196) changed from NON_VOTER to VOTER. New config: { opid_index: 5 OBSOLETE_local: false peers { permanent_uuid: "39f10403d7e344abbfc7cd5966dbc9ae" member_type: VOTER last_known_addr { host: "127.22.120.194" port: 44329 } attrs { replace: true } } peers { permanent_uuid: "1d96bd9bfb7d48d58260a6b5153c55b2" member_type: VOTER last_known_addr { host: "127.22.120.193" port: 34531 } } peers { permanent_uuid: "f1d473c31dd442d2b12e6bc2038e04e1" member_type: VOTER last_known_addr { host: "127.22.120.195" port: 45255 } } peers { permanent_uuid: "cf8f12ee9f6d4cedbcbff35e12969880" member_type: VOTER last_known_addr { host: "127.22.120.196" port: 38921 } attrs { promote: false } } }
I20260608 09:48:53.845511 26075 raft_consensus.cc:2955] T a035980cbf42487780d95f126d361c31 P 39f10403d7e344abbfc7cd5966dbc9ae [term 3 FOLLOWER]: Committing config change with OpId 3.5: config changed from index 4 to 5, cf8f12ee9f6d4cedbcbff35e12969880 (127.22.120.196) changed from NON_VOTER to VOTER. New config: { opid_index: 5 OBSOLETE_local: false peers { permanent_uuid: "39f10403d7e344abbfc7cd5966dbc9ae" member_type: VOTER last_known_addr { host: "127.22.120.194" port: 44329 } attrs { replace: true } } peers { permanent_uuid: "1d96bd9bfb7d48d58260a6b5153c55b2" member_type: VOTER last_known_addr { host: "127.22.120.193" port: 34531 } } peers { permanent_uuid: "f1d473c31dd442d2b12e6bc2038e04e1" member_type: VOTER last_known_addr { host: "127.22.120.195" port: 45255 } } peers { permanent_uuid: "cf8f12ee9f6d4cedbcbff35e12969880" member_type: VOTER last_known_addr { host: "127.22.120.196" port: 38921 } attrs { promote: false } } }
I20260608 09:48:53.852780 25999 raft_consensus.cc:2955] T a035980cbf42487780d95f126d361c31 P 1d96bd9bfb7d48d58260a6b5153c55b2 [term 3 FOLLOWER]: Committing config change with OpId 3.5: config changed from index 4 to 5, cf8f12ee9f6d4cedbcbff35e12969880 (127.22.120.196) changed from NON_VOTER to VOTER. New config: { opid_index: 5 OBSOLETE_local: false peers { permanent_uuid: "39f10403d7e344abbfc7cd5966dbc9ae" member_type: VOTER last_known_addr { host: "127.22.120.194" port: 44329 } attrs { replace: true } } peers { permanent_uuid: "1d96bd9bfb7d48d58260a6b5153c55b2" member_type: VOTER last_known_addr { host: "127.22.120.193" port: 34531 } } peers { permanent_uuid: "f1d473c31dd442d2b12e6bc2038e04e1" member_type: VOTER last_known_addr { host: "127.22.120.195" port: 45255 } } peers { permanent_uuid: "cf8f12ee9f6d4cedbcbff35e12969880" member_type: VOTER last_known_addr { host: "127.22.120.196" port: 38921 } attrs { promote: false } } }
I20260608 09:48:53.865574 25898 catalog_manager.cc:5696] T a035980cbf42487780d95f126d361c31 P 39f10403d7e344abbfc7cd5966dbc9ae reported cstate change: config changed from index 4 to 5, cf8f12ee9f6d4cedbcbff35e12969880 (127.22.120.196) changed from NON_VOTER to VOTER. New cstate: current_term: 3 leader_uuid: "f1d473c31dd442d2b12e6bc2038e04e1" committed_config { opid_index: 5 OBSOLETE_local: false peers { permanent_uuid: "39f10403d7e344abbfc7cd5966dbc9ae" member_type: VOTER last_known_addr { host: "127.22.120.194" port: 44329 } attrs { replace: true } } peers { permanent_uuid: "1d96bd9bfb7d48d58260a6b5153c55b2" member_type: VOTER last_known_addr { host: "127.22.120.193" port: 34531 } } peers { permanent_uuid: "f1d473c31dd442d2b12e6bc2038e04e1" member_type: VOTER last_known_addr { host: "127.22.120.195" port: 45255 } } peers { permanent_uuid: "cf8f12ee9f6d4cedbcbff35e12969880" member_type: VOTER last_known_addr { host: "127.22.120.196" port: 38921 } attrs { promote: false } } }
