I20260608 10:05:25.912874  6616 tablet_service.cc:1917] Received RequestConsensusVote() RPC: tablet_id: "00000000000000000000000000000000" candidate_uuid: "bb993f0263324e89884e100b25ef1f21" candidate_term: 1 candidate_status { last_received { term: 0 index: 0 } } ignore_live_leader: false dest_uuid: "8df068a3721f481aa31bc709bda32f55"
I20260608 10:05:25.913530  6616 raft_consensus.cc:3060] T 00000000000000000000000000000000 P 8df068a3721f481aa31bc709bda32f55 [term 0 FOLLOWER]: Advancing to term 1
I20260608 10:05:25.922663  6616 raft_consensus.cc:2468] T 00000000000000000000000000000000 P 8df068a3721f481aa31bc709bda32f55 [term 1 FOLLOWER]: Leader election vote request: Granting yes vote for candidate bb993f0263324e89884e100b25ef1f21 in term 1.
I20260608 10:05:25.924010  6528 leader_election.cc:304] T 00000000000000000000000000000000 P bb993f0263324e89884e100b25ef1f21 [CANDIDATE]: Term 1 election: Election decided. Result: candidate won. Election summary: received 2 responses out of 3 voters: 2 yes votes; 0 no votes. yes voters: 8df068a3721f481aa31bc709bda32f55, bb993f0263324e89884e100b25ef1f21; no voters: 
I20260608 10:05:25.925021  6646 raft_consensus.cc:2804] T 00000000000000000000000000000000 P bb993f0263324e89884e100b25ef1f21 [term 1 FOLLOWER]: Leader election won for term 1
I20260608 10:05:25.927065  6646 raft_consensus.cc:697] T 00000000000000000000000000000000 P bb993f0263324e89884e100b25ef1f21 [term 1 LEADER]: Becoming Leader. State: Replica: bb993f0263324e89884e100b25ef1f21, State: Running, Role: LEADER
I20260608 10:05:25.928086  6646 consensus_queue.cc:237] T 00000000000000000000000000000000 P bb993f0263324e89884e100b25ef1f21 [LEADER]: Queue going to LEADER mode. State: All replicated index: 0, Majority replicated index: 0, Committed index: 0, Last appended: 0.0, Last appended by leader: 0, Current term: 1, Majority size: 2, State: 0, Mode: LEADER, active raft config: opid_index: -1 OBSOLETE_local: false peers { permanent_uuid: "9ca0784852654db3b9f3492121a538c2" member_type: VOTER last_known_addr { host: "127.5.66.254" port: 41117 } } peers { permanent_uuid: "bb993f0263324e89884e100b25ef1f21" member_type: VOTER last_known_addr { host: "127.5.66.253" port: 43735 } } peers { permanent_uuid: "8df068a3721f481aa31bc709bda32f55" member_type: VOTER last_known_addr { host: "127.5.66.252" port: 45847 } }
W20260608 10:05:25.931108  6670 catalog_manager.cc:1593] T 00000000000000000000000000000000 P 8df068a3721f481aa31bc709bda32f55: loading cluster ID for follower catalog manager: Not found: cluster ID entry not found
W20260608 10:05:25.931552  6670 catalog_manager.cc:883] Not found: cluster ID entry not found: failed to prepare follower catalog manager, will retry
I20260608 10:05:25.931846  6511 tablet_bootstrap.cc:492] T 00000000000000000000000000000000 P 9ca0784852654db3b9f3492121a538c2: Bootstrap starting.
I20260608 10:05:25.936949  6671 sys_catalog.cc:455] T 00000000000000000000000000000000 P bb993f0263324e89884e100b25ef1f21 [sys.catalog]: SysCatalogTable state changed. Reason: New leader bb993f0263324e89884e100b25ef1f21. Latest consensus state: current_term: 1 leader_uuid: "bb993f0263324e89884e100b25ef1f21" committed_config { opid_index: -1 OBSOLETE_local: false peers { permanent_uuid: "9ca0784852654db3b9f3492121a538c2" member_type: VOTER last_known_addr { host: "127.5.66.254" port: 41117 } } peers { permanent_uuid: "bb993f0263324e89884e100b25ef1f21" member_type: VOTER last_known_addr { host: "127.5.66.253" port: 43735 } } peers { permanent_uuid: "8df068a3721f481aa31bc709bda32f55" member_type: VOTER last_known_addr { host: "127.5.66.252" port: 45847 } } }
I20260608 10:05:25.937906  6671 sys_catalog.cc:458] T 00000000000000000000000000000000 P bb993f0263324e89884e100b25ef1f21 [sys.catalog]: This master's current role is: LEADER
I20260608 10:05:25.940287  6511 tablet_bootstrap.cc:654] T 00000000000000000000000000000000 P 9ca0784852654db3b9f3492121a538c2: Neither blocks nor log segments found. Creating new log.
I20260608 10:05:25.940635  6673 catalog_manager.cc:1510] Loading table and tablet metadata into memory...
I20260608 10:05:25.950176  6673 catalog_manager.cc:1519] Initializing Kudu cluster ID...
I20260608 10:05:25.954003  6511 tablet_bootstrap.cc:492] T 00000000000000000000000000000000 P 9ca0784852654db3b9f3492121a538c2: No bootstrap required, opened a new log
I20260608 10:05:25.957454  6511 raft_consensus.cc:359] T 00000000000000000000000000000000 P 9ca0784852654db3b9f3492121a538c2 [term 0 FOLLOWER]: Replica starting. Triggering 0 pending ops. Active config: opid_index: -1 OBSOLETE_local: false peers { permanent_uuid: "9ca0784852654db3b9f3492121a538c2" member_type: VOTER last_known_addr { host: "127.5.66.254" port: 41117 } } peers { permanent_uuid: "bb993f0263324e89884e100b25ef1f21" member_type: VOTER last_known_addr { host: "127.5.66.253" port: 43735 } } peers { permanent_uuid: "8df068a3721f481aa31bc709bda32f55" member_type: VOTER last_known_addr { host: "127.5.66.252" port: 45847 } }
I20260608 10:05:25.958284  6511 raft_consensus.cc:385] T 00000000000000000000000000000000 P 9ca0784852654db3b9f3492121a538c2 [term 0 FOLLOWER]: Consensus starting up: Expiring failure detector timer to make a prompt election more likely
I20260608 10:05:25.958979  6511 raft_consensus.cc:740] T 00000000000000000000000000000000 P 9ca0784852654db3b9f3492121a538c2 [term 0 FOLLOWER]: Becoming Follower/Learner. State: Replica: 9ca0784852654db3b9f3492121a538c2, State: Initialized, Role: FOLLOWER
I20260608 10:05:25.959944  6511 consensus_queue.cc:260] T 00000000000000000000000000000000 P 9ca0784852654db3b9f3492121a538c2 [NON_LEADER]: Queue going to NON_LEADER mode. State: All replicated index: 0, Majority replicated index: 0, Committed index: 0, Last appended: 0.0, Last appended by leader: 0, Current term: 0, Majority size: -1, State: 0, Mode: NON_LEADER, active raft config: opid_index: -1 OBSOLETE_local: false peers { permanent_uuid: "9ca0784852654db3b9f3492121a538c2" member_type: VOTER last_known_addr { host: "127.5.66.254" port: 41117 } } peers { permanent_uuid: "bb993f0263324e89884e100b25ef1f21" member_type: VOTER last_known_addr { host: "127.5.66.253" port: 43735 } } peers { permanent_uuid: "8df068a3721f481aa31bc709bda32f55" member_type: VOTER last_known_addr { host: "127.5.66.252" port: 45847 } }
I20260608 10:05:25.962610  6676 sys_catalog.cc:455] T 00000000000000000000000000000000 P 9ca0784852654db3b9f3492121a538c2 [sys.catalog]: SysCatalogTable state changed. Reason: RaftConsensus started. Latest consensus state: current_term: 0 committed_config { opid_index: -1 OBSOLETE_local: false peers { permanent_uuid: "9ca0784852654db3b9f3492121a538c2" member_type: VOTER last_known_addr { host: "127.5.66.254" port: 41117 } } peers { permanent_uuid: "bb993f0263324e89884e100b25ef1f21" member_type: VOTER last_known_addr { host: "127.5.66.253" port: 43735 } } peers { permanent_uuid: "8df068a3721f481aa31bc709bda32f55" member_type: VOTER last_known_addr { host: "127.5.66.252" port: 45847 } } }
I20260608 10:05:25.963398  6676 sys_catalog.cc:458] T 00000000000000000000000000000000 P 9ca0784852654db3b9f3492121a538c2 [sys.catalog]: This master's current role is: FOLLOWER
I20260608 10:05:25.964411  6511 sys_catalog.cc:565] T 00000000000000000000000000000000 P 9ca0784852654db3b9f3492121a538c2 [sys.catalog]: configured and running, proceeding with master startup.
I20260608 10:05:25.964471  6486 tablet_service.cc:1917] Received RequestConsensusVote() RPC: tablet_id: "00000000000000000000000000000000" candidate_uuid: "bb993f0263324e89884e100b25ef1f21" candidate_term: 1 candidate_status { last_received { term: 0 index: 0 } } ignore_live_leader: false dest_uuid: "9ca0784852654db3b9f3492121a538c2" is_pre_election: true
I20260608 10:05:25.965246  6486 raft_consensus.cc:2468] T 00000000000000000000000000000000 P 9ca0784852654db3b9f3492121a538c2 [term 0 FOLLOWER]: Leader pre-election vote request: Granting yes vote for candidate bb993f0263324e89884e100b25ef1f21 in term 0.
I20260608 10:05:25.965461  6616 raft_consensus.cc:1275] T 00000000000000000000000000000000 P 8df068a3721f481aa31bc709bda32f55 [term 1 FOLLOWER]: Refusing update from remote peer bb993f0263324e89884e100b25ef1f21: Log matching property violated. Preceding OpId in replica: term: 0 index: 0. Preceding OpId from leader: term: 1 index: 2. (index mismatch)
I20260608 10:05:25.966398  6485 tablet_service.cc:1917] Received RequestConsensusVote() RPC: tablet_id: "00000000000000000000000000000000" candidate_uuid: "bb993f0263324e89884e100b25ef1f21" candidate_term: 1 candidate_status { last_received { term: 0 index: 0 } } ignore_live_leader: false dest_uuid: "9ca0784852654db3b9f3492121a538c2"
I20260608 10:05:25.967095  6485 raft_consensus.cc:3060] T 00000000000000000000000000000000 P 9ca0784852654db3b9f3492121a538c2 [term 0 FOLLOWER]: Advancing to term 1
I20260608 10:05:25.966934  6646 consensus_queue.cc:1048] T 00000000000000000000000000000000 P bb993f0263324e89884e100b25ef1f21 [LEADER]: Connected to new peer: Peer: permanent_uuid: "8df068a3721f481aa31bc709bda32f55" member_type: VOTER last_known_addr { host: "127.5.66.252" port: 45847 }, Status: LMP_MISMATCH, Last received: 0.0, Next index: 1, Last known committed idx: 0, Time since last communication: 0.000s
I20260608 10:05:25.978602  6659 sys_catalog.cc:455] T 00000000000000000000000000000000 P 8df068a3721f481aa31bc709bda32f55 [sys.catalog]: SysCatalogTable state changed. Reason: New leader bb993f0263324e89884e100b25ef1f21. Latest consensus state: current_term: 1 leader_uuid: "bb993f0263324e89884e100b25ef1f21" committed_config { opid_index: -1 OBSOLETE_local: false peers { permanent_uuid: "9ca0784852654db3b9f3492121a538c2" member_type: VOTER last_known_addr { host: "127.5.66.254" port: 41117 } } peers { permanent_uuid: "bb993f0263324e89884e100b25ef1f21" member_type: VOTER last_known_addr { host: "127.5.66.253" port: 43735 } } peers { permanent_uuid: "8df068a3721f481aa31bc709bda32f55" member_type: VOTER last_known_addr { host: "127.5.66.252" port: 45847 } } }
I20260608 10:05:25.979548  6659 sys_catalog.cc:458] T 00000000000000000000000000000000 P 8df068a3721f481aa31bc709bda32f55 [sys.catalog]: This master's current role is: FOLLOWER
I20260608 10:05:25.978892  6485 raft_consensus.cc:2468] T 00000000000000000000000000000000 P 9ca0784852654db3b9f3492121a538c2 [term 1 FOLLOWER]: Leader election vote request: Granting yes vote for candidate bb993f0263324e89884e100b25ef1f21 in term 1.
I20260608 10:05:25.990411  6486 raft_consensus.cc:1275] T 00000000000000000000000000000000 P 9ca0784852654db3b9f3492121a538c2 [term 1 FOLLOWER]: Refusing update from remote peer bb993f0263324e89884e100b25ef1f21: Log matching property violated. Preceding OpId in replica: term: 0 index: 0. Preceding OpId from leader: term: 1 index: 2. (index mismatch)
I20260608 10:05:25.995002  6646 consensus_queue.cc:1048] T 00000000000000000000000000000000 P bb993f0263324e89884e100b25ef1f21 [LEADER]: Connected to new peer: Peer: permanent_uuid: "9ca0784852654db3b9f3492121a538c2" member_type: VOTER last_known_addr { host: "127.5.66.254" port: 41117 }, Status: LMP_MISMATCH, Last received: 0.0, Next index: 1, Last known committed idx: 0, Time since last communication: 0.001s
I20260608 10:05:25.996217  6659 sys_catalog.cc:455] T 00000000000000000000000000000000 P 8df068a3721f481aa31bc709bda32f55 [sys.catalog]: SysCatalogTable state changed. Reason: Replicated consensus-only round. Latest consensus state: current_term: 1 leader_uuid: "bb993f0263324e89884e100b25ef1f21" committed_config { opid_index: -1 OBSOLETE_local: false peers { permanent_uuid: "9ca0784852654db3b9f3492121a538c2" member_type: VOTER last_known_addr { host: "127.5.66.254" port: 41117 } } peers { permanent_uuid: "bb993f0263324e89884e100b25ef1f21" member_type: VOTER last_known_addr { host: "127.5.66.253" port: 43735 } } peers { permanent_uuid: "8df068a3721f481aa31bc709bda32f55" member_type: VOTER last_known_addr { host: "127.5.66.252" port: 45847 } } }
I20260608 10:05:25.997712  6659 sys_catalog.cc:458] T 00000000000000000000000000000000 P 8df068a3721f481aa31bc709bda32f55 [sys.catalog]: This master's current role is: FOLLOWER
I20260608 10:05:25.998550  6671 sys_catalog.cc:455] T 00000000000000000000000000000000 P bb993f0263324e89884e100b25ef1f21 [sys.catalog]: SysCatalogTable state changed. Reason: Peer health change. Latest consensus state: current_term: 1 leader_uuid: "bb993f0263324e89884e100b25ef1f21" committed_config { opid_index: -1 OBSOLETE_local: false peers { permanent_uuid: "9ca0784852654db3b9f3492121a538c2" member_type: VOTER last_known_addr { host: "127.5.66.254" port: 41117 } } peers { permanent_uuid: "bb993f0263324e89884e100b25ef1f21" member_type: VOTER last_known_addr { host: "127.5.66.253" port: 43735 } } peers { permanent_uuid: "8df068a3721f481aa31bc709bda32f55" member_type: VOTER last_known_addr { host: "127.5.66.252" port: 45847 } } }
I20260608 10:05:25.999513  6671 sys_catalog.cc:458] T 00000000000000000000000000000000 P bb993f0263324e89884e100b25ef1f21 [sys.catalog]: This master's current role is: LEADER
I20260608 10:05:26.000533  6673 catalog_manager.cc:1382] Generated new cluster ID: aa99234a8aa1403297da6dd309b1953c
I20260608 10:05:26.000921  6673 catalog_manager.cc:1530] Initializing Kudu internal certificate authority...
I20260608 10:05:26.016049  6676 sys_catalog.cc:455] T 00000000000000000000000000000000 P 9ca0784852654db3b9f3492121a538c2 [sys.catalog]: SysCatalogTable state changed. Reason: New leader bb993f0263324e89884e100b25ef1f21. Latest consensus state: current_term: 1 leader_uuid: "bb993f0263324e89884e100b25ef1f21" committed_config { opid_index: -1 OBSOLETE_local: false peers { permanent_uuid: "9ca0784852654db3b9f3492121a538c2" member_type: VOTER last_known_addr { host: "127.5.66.254" port: 41117 } } peers { permanent_uuid: "bb993f0263324e89884e100b25ef1f21" member_type: VOTER last_known_addr { host: "127.5.66.253" port: 43735 } } peers { permanent_uuid: "8df068a3721f481aa31bc709bda32f55" member_type: VOTER last_known_addr { host: "127.5.66.252" port: 45847 } } }
I20260608 10:05:26.017211  6676 sys_catalog.cc:458] T 00000000000000000000000000000000 P 9ca0784852654db3b9f3492121a538c2 [sys.catalog]: This master's current role is: FOLLOWER
I20260608 10:05:26.016078  6693 sys_catalog.cc:455] T 00000000000000000000000000000000 P 9ca0784852654db3b9f3492121a538c2 [sys.catalog]: SysCatalogTable state changed. Reason: Replicated consensus-only round. Latest consensus state: current_term: 1 leader_uuid: "bb993f0263324e89884e100b25ef1f21" committed_config { opid_index: -1 OBSOLETE_local: false peers { permanent_uuid: "9ca0784852654db3b9f3492121a538c2" member_type: VOTER last_known_addr { host: "127.5.66.254" port: 41117 } } peers { permanent_uuid: "bb993f0263324e89884e100b25ef1f21" member_type: VOTER last_known_addr { host: "127.5.66.253" port: 43735 } } peers { permanent_uuid: "8df068a3721f481aa31bc709bda32f55" member_type: VOTER last_known_addr { host: "127.5.66.252" port: 45847 } } }
I20260608 10:05:26.018159  6693 sys_catalog.cc:458] T 00000000000000000000000000000000 P 9ca0784852654db3b9f3492121a538c2 [sys.catalog]: This master's current role is: FOLLOWER
I20260608 10:05:26.020514  5387 internal_mini_cluster.cc:184] Waiting to initialize catalog manager on master 1
I20260608 10:05:26.020851  5387 internal_mini_cluster.cc:184] Waiting to initialize catalog manager on master 2
I20260608 10:05:26.022899  5387 file_cache.cc:492] Constructed file cache file cache with capacity 419430
I20260608 10:05:26.025787  6695 catalog_manager.cc:1294] Loaded cluster ID: aa99234a8aa1403297da6dd309b1953c
I20260608 10:05:26.026147  6695 catalog_manager.cc:1587] T 00000000000000000000000000000000 P 9ca0784852654db3b9f3492121a538c2: loading cluster ID for follower catalog manager: success
W20260608 10:05:26.034667  6695 catalog_manager.cc:1611] T 00000000000000000000000000000000 P 9ca0784852654db3b9f3492121a538c2: acquiring CA information for follower catalog manager: Not found: root CA entry not found
W20260608 10:05:26.035082  6695 catalog_manager.cc:883] Not found: root CA entry not found: failed to prepare follower catalog manager, will retry
W20260608 10:05:26.035216  6696 instance_detector.cc:116] could not retrieve AWS instance metadata: Network error: curl error: HTTP response code said error: The requested URL returned error: 404
W20260608 10:05:26.042074  6698 instance_detector.cc:116] could not retrieve Azure instance metadata: Network error: curl error: HTTP response code said error: The requested URL returned error: 404
I20260608 10:05:26.043825  6646 sys_catalog.cc:455] T 00000000000000000000000000000000 P bb993f0263324e89884e100b25ef1f21 [sys.catalog]: SysCatalogTable state changed. Reason: Peer health change. Latest consensus state: current_term: 1 leader_uuid: "bb993f0263324e89884e100b25ef1f21" committed_config { opid_index: -1 OBSOLETE_local: false peers { permanent_uuid: "9ca0784852654db3b9f3492121a538c2" member_type: VOTER last_known_addr { host: "127.5.66.254" port: 41117 } } peers { permanent_uuid: "bb993f0263324e89884e100b25ef1f21" member_type: VOTER last_known_addr { host: "127.5.66.253" port: 43735 } } peers { permanent_uuid: "8df068a3721f481aa31bc709bda32f55" member_type: VOTER last_known_addr { host: "127.5.66.252" port: 45847 } } }
I20260608 10:05:26.044646  6646 sys_catalog.cc:458] T 00000000000000000000000000000000 P bb993f0263324e89884e100b25ef1f21 [sys.catalog]: This master's current role is: LEADER
I20260608 10:05:26.052598  6673 catalog_manager.cc:1405] Generated new certificate authority record
I20260608 10:05:26.054504  6673 catalog_manager.cc:1539] Loading token signing keys...
W20260608 10:05:26.056248  6700 instance_detector.cc:116] could not retrieve OpenStack instance metadata: Network error: curl error: HTTP response code said error: The requested URL returned error: 404
I20260608 10:05:26.057848  5387 server_base.cc:1061] running on GCE node
I20260608 10:05:26.058915  5387 hybrid_clock.cc:584] initializing the hybrid clock with 'system_unsync' time source
W20260608 10:05:26.059211  5387 system_unsync_time.cc:38] NTP support is disabled. Clock error bounds will not be accurate. This configuration is not suitable for distributed clusters.
I20260608 10:05:26.059427  5387 hybrid_clock.cc:648] HybridClock initialized: now 1780913126059409 us; error 0 us; skew 500 ppm
I20260608 10:05:26.060299  5387 server_base.cc:861] Flag tcmalloc_max_total_thread_cache_bytes is not working since tcmalloc is not enabled.
I20260608 10:05:26.063335  5387 webserver.cc:533] Webserver started at http://127.5.66.193:35747/ using document root <none> and password file <none>
I20260608 10:05:26.063908  5387 fs_manager.cc:362] Metadata directory not provided
I20260608 10:05:26.064124  5387 fs_manager.cc:368] Using write-ahead log directory (fs_wal_dir) as metadata directory
I20260608 10:05:26.064432  5387 server_base.cc:909] This appears to be a new deployment of Kudu; creating new FS layout
I20260608 10:05:26.065608  5387 fs_manager.cc:1068] Generated new instance metadata in path /tmp/dist-test-taskzbzgyb/test-tmp/auto_rebalancer-test.0.AutoRebalancerTest.NextLeaderResumesAutoRebalancing.1780913109029964-5387-0/minicluster-data/ts-0-root/instance:
uuid: "da5cb0ce6bf6439a9b124e56699d6d0a"
format_stamp: "Formatted at 2026-06-08 10:05:26 on dist-test-slave-56nr"
I20260608 10:05:26.072505  5387 fs_manager.cc:696] Time spent creating directory manager: real 0.006s	user 0.008s	sys 0.000s
I20260608 10:05:26.082398  6673 catalog_manager.cc:6069] T 00000000000000000000000000000000 P bb993f0263324e89884e100b25ef1f21: Generated new TSK 0
I20260608 10:05:26.083639  6673 catalog_manager.cc:1549] Initializing in-progress tserver states...
I20260608 10:05:26.088376  6705 log_block_manager.cc:4031] Time spent loading block containers with low live blocks: real 0.000s	user 0.000s	sys 0.000s
I20260608 10:05:26.089394  5387 fs_manager.cc:730] Time spent opening block manager: real 0.012s	user 0.010s	sys 0.000s
I20260608 10:05:26.089759  5387 fs_manager.cc:647] Opened local filesystem: /tmp/dist-test-taskzbzgyb/test-tmp/auto_rebalancer-test.0.AutoRebalancerTest.NextLeaderResumesAutoRebalancing.1780913109029964-5387-0/minicluster-data/ts-0-root
uuid: "da5cb0ce6bf6439a9b124e56699d6d0a"
format_stamp: "Formatted at 2026-06-08 10:05:26 on dist-test-slave-56nr"
I20260608 10:05:26.090090  5387 fs_report.cc:389] FS layout report
--------------------
wal directory: /tmp/dist-test-taskzbzgyb/test-tmp/auto_rebalancer-test.0.AutoRebalancerTest.NextLeaderResumesAutoRebalancing.1780913109029964-5387-0/minicluster-data/ts-0-root
metadata directory: /tmp/dist-test-taskzbzgyb/test-tmp/auto_rebalancer-test.0.AutoRebalancerTest.NextLeaderResumesAutoRebalancing.1780913109029964-5387-0/minicluster-data/ts-0-root
1 data directories: /tmp/dist-test-taskzbzgyb/test-tmp/auto_rebalancer-test.0.AutoRebalancerTest.NextLeaderResumesAutoRebalancing.1780913109029964-5387-0/minicluster-data/ts-0-root/data
Total live blocks: 0
Total live bytes: 0
Total live bytes (after alignment): 0
Total number of LBM containers: 0 (0 full)
Did not check for missing blocks
Did not check for orphaned blocks
Total full LBM containers with extra space: 0 (0 repaired)
Total full LBM container extra space in bytes: 0 (0 repaired)
Total incomplete LBM containers: 0 (0 repaired)
Total LBM partial records: 0 (0 repaired)
Total corrupted LBM metadata records in RocksDB: 0 (0 repaired)
I20260608 10:05:26.103300  5387 rpc_server.cc:225] running with OpenSSL 1.1.1  11 Sep 2018
I20260608 10:05:26.104737  5387 kserver.cc:163] Server-wide thread pool size limit: 3276
I20260608 10:05:26.106348  5387 txn_system_client.cc:432] TxnSystemClient initialization is disabled...
I20260608 10:05:26.109040  5387 ts_tablet_manager.cc:585] Loaded tablet metadata (0 total tablets, 0 live tablets)
I20260608 10:05:26.109304  5387 ts_tablet_manager.cc:531] Time spent load tablet metadata: real 0.000s	user 0.000s	sys 0.000s
I20260608 10:05:26.109582  5387 ts_tablet_manager.cc:616] Registered 0 tablets
I20260608 10:05:26.109774  5387 ts_tablet_manager.cc:595] Time spent register tablets: real 0.000s	user 0.000s	sys 0.000s
I20260608 10:05:26.154470  5387 rpc_server.cc:307] RPC server started. Bound to: 127.5.66.193:39197
I20260608 10:05:26.154693  6767 acceptor_pool.cc:272] collecting diagnostics on the listening RPC socket 127.5.66.193:39197 every 8 connection(s)
I20260608 10:05:26.169235  5387 file_cache.cc:492] Constructed file cache file cache with capacity 419430
W20260608 10:05:26.183240  6775 instance_detector.cc:116] could not retrieve AWS instance metadata: Network error: curl error: HTTP response code said error: The requested URL returned error: 404
I20260608 10:05:26.185307  6769 heartbeater.cc:344] Connected to a master server at 127.5.66.253:43735
I20260608 10:05:26.185813  6769 heartbeater.cc:461] Registering TS with master...
I20260608 10:05:26.186345  6768 heartbeater.cc:344] Connected to a master server at 127.5.66.252:45847
I20260608 10:05:26.186802  6768 heartbeater.cc:461] Registering TS with master...
I20260608 10:05:26.186798  6769 heartbeater.cc:507] Master 127.5.66.253:43735 requested a full tablet report, sending...
I20260608 10:05:26.187824  6768 heartbeater.cc:507] Master 127.5.66.252:45847 requested a full tablet report, sending...
I20260608 10:05:26.191458  6541 ts_manager.cc:194] Registered new tserver with Master: da5cb0ce6bf6439a9b124e56699d6d0a (127.5.66.193:39197)
W20260608 10:05:26.191933  6776 instance_detector.cc:116] could not retrieve Azure instance metadata: Network error: curl error: HTTP response code said error: The requested URL returned error: 404
I20260608 10:05:26.194800  6606 ts_manager.cc:194] Registered new tserver with Master: da5cb0ce6bf6439a9b124e56699d6d0a (127.5.66.193:39197)
I20260608 10:05:26.195724  6541 master_service.cc:502] Signed X509 certificate for tserver {username='slave'} at 127.0.0.1:34560
I20260608 10:05:26.196919  6770 heartbeater.cc:344] Connected to a master server at 127.5.66.254:41117
I20260608 10:05:26.197438  6770 heartbeater.cc:461] Registering TS with master...
I20260608 10:05:26.198493  6770 heartbeater.cc:507] Master 127.5.66.254:41117 requested a full tablet report, sending...
W20260608 10:05:26.199913  6778 instance_detector.cc:116] could not retrieve OpenStack instance metadata: Network error: curl error: HTTP response code said error: The requested URL returned error: 404
I20260608 10:05:26.201692  6476 ts_manager.cc:194] Registered new tserver with Master: da5cb0ce6bf6439a9b124e56699d6d0a (127.5.66.193:39197)
I20260608 10:05:26.203081  5387 server_base.cc:1061] running on GCE node
I20260608 10:05:26.204021  5387 hybrid_clock.cc:584] initializing the hybrid clock with 'system_unsync' time source
W20260608 10:05:26.204267  5387 system_unsync_time.cc:38] NTP support is disabled. Clock error bounds will not be accurate. This configuration is not suitable for distributed clusters.
I20260608 10:05:26.204586  5387 hybrid_clock.cc:648] HybridClock initialized: now 1780913126204562 us; error 0 us; skew 500 ppm
I20260608 10:05:26.205220  5387 server_base.cc:861] Flag tcmalloc_max_total_thread_cache_bytes is not working since tcmalloc is not enabled.
I20260608 10:05:26.208155  5387 webserver.cc:533] Webserver started at http://127.5.66.194:40931/ using document root <none> and password file <none>
I20260608 10:05:26.208706  5387 fs_manager.cc:362] Metadata directory not provided
I20260608 10:05:26.208935  5387 fs_manager.cc:368] Using write-ahead log directory (fs_wal_dir) as metadata directory
I20260608 10:05:26.209231  5387 server_base.cc:909] This appears to be a new deployment of Kudu; creating new FS layout
I20260608 10:05:26.210361  5387 fs_manager.cc:1068] Generated new instance metadata in path /tmp/dist-test-taskzbzgyb/test-tmp/auto_rebalancer-test.0.AutoRebalancerTest.NextLeaderResumesAutoRebalancing.1780913109029964-5387-0/minicluster-data/ts-1-root/instance:
uuid: "1aac1924582c4df19bbae257911fb64d"
format_stamp: "Formatted at 2026-06-08 10:05:26 on dist-test-slave-56nr"
I20260608 10:05:26.215703  5387 fs_manager.cc:696] Time spent creating directory manager: real 0.005s	user 0.007s	sys 0.000s
I20260608 10:05:26.220700  6783 log_block_manager.cc:4031] Time spent loading block containers with low live blocks: real 0.000s	user 0.000s	sys 0.000s
I20260608 10:05:26.221956  5387 fs_manager.cc:730] Time spent opening block manager: real 0.004s	user 0.005s	sys 0.000s
I20260608 10:05:26.222379  5387 fs_manager.cc:647] Opened local filesystem: /tmp/dist-test-taskzbzgyb/test-tmp/auto_rebalancer-test.0.AutoRebalancerTest.NextLeaderResumesAutoRebalancing.1780913109029964-5387-0/minicluster-data/ts-1-root
uuid: "1aac1924582c4df19bbae257911fb64d"
format_stamp: "Formatted at 2026-06-08 10:05:26 on dist-test-slave-56nr"
I20260608 10:05:26.222728  5387 fs_report.cc:389] FS layout report
--------------------
wal directory: /tmp/dist-test-taskzbzgyb/test-tmp/auto_rebalancer-test.0.AutoRebalancerTest.NextLeaderResumesAutoRebalancing.1780913109029964-5387-0/minicluster-data/ts-1-root
metadata directory: /tmp/dist-test-taskzbzgyb/test-tmp/auto_rebalancer-test.0.AutoRebalancerTest.NextLeaderResumesAutoRebalancing.1780913109029964-5387-0/minicluster-data/ts-1-root
1 data directories: /tmp/dist-test-taskzbzgyb/test-tmp/auto_rebalancer-test.0.AutoRebalancerTest.NextLeaderResumesAutoRebalancing.1780913109029964-5387-0/minicluster-data/ts-1-root/data
Total live blocks: 0
Total live bytes: 0
Total live bytes (after alignment): 0
Total number of LBM containers: 0 (0 full)
Did not check for missing blocks
Did not check for orphaned blocks
Total full LBM containers with extra space: 0 (0 repaired)
Total full LBM container extra space in bytes: 0 (0 repaired)
Total incomplete LBM containers: 0 (0 repaired)
Total LBM partial records: 0 (0 repaired)
Total corrupted LBM metadata records in RocksDB: 0 (0 repaired)
I20260608 10:05:26.249037  5387 rpc_server.cc:225] running with OpenSSL 1.1.1  11 Sep 2018
I20260608 10:05:26.250411  5387 kserver.cc:163] Server-wide thread pool size limit: 3276
I20260608 10:05:26.252259  5387 txn_system_client.cc:432] TxnSystemClient initialization is disabled...
I20260608 10:05:26.255074  5387 ts_tablet_manager.cc:585] Loaded tablet metadata (0 total tablets, 0 live tablets)
I20260608 10:05:26.255393  5387 ts_tablet_manager.cc:531] Time spent load tablet metadata: real 0.000s	user 0.001s	sys 0.000s
I20260608 10:05:26.255685  5387 ts_tablet_manager.cc:616] Registered 0 tablets
I20260608 10:05:26.255954  5387 ts_tablet_manager.cc:595] Time spent register tablets: real 0.000s	user 0.000s	sys 0.000s
I20260608 10:05:26.302763  5387 rpc_server.cc:307] RPC server started. Bound to: 127.5.66.194:45657
I20260608 10:05:26.302911  6845 acceptor_pool.cc:272] collecting diagnostics on the listening RPC socket 127.5.66.194:45657 every 8 connection(s)
I20260608 10:05:26.317749  5387 file_cache.cc:492] Constructed file cache file cache with capacity 419430
I20260608 10:05:26.332722  6846 heartbeater.cc:344] Connected to a master server at 127.5.66.252:45847
I20260608 10:05:26.333227  6846 heartbeater.cc:461] Registering TS with master...
I20260608 10:05:26.334347  6846 heartbeater.cc:507] Master 127.5.66.252:45847 requested a full tablet report, sending...
I20260608 10:05:26.335902  6847 heartbeater.cc:344] Connected to a master server at 127.5.66.253:43735
I20260608 10:05:26.336375  6847 heartbeater.cc:461] Registering TS with master...
I20260608 10:05:26.337363  6847 heartbeater.cc:507] Master 127.5.66.253:43735 requested a full tablet report, sending...
I20260608 10:05:26.337515  6606 ts_manager.cc:194] Registered new tserver with Master: 1aac1924582c4df19bbae257911fb64d (127.5.66.194:45657)
I20260608 10:05:26.338923  6848 heartbeater.cc:344] Connected to a master server at 127.5.66.254:41117
I20260608 10:05:26.339522  6848 heartbeater.cc:461] Registering TS with master...
I20260608 10:05:26.340375  6541 ts_manager.cc:194] Registered new tserver with Master: 1aac1924582c4df19bbae257911fb64d (127.5.66.194:45657)
I20260608 10:05:26.340886  6848 heartbeater.cc:507] Master 127.5.66.254:41117 requested a full tablet report, sending...
W20260608 10:05:26.341930  6854 instance_detector.cc:116] could not retrieve Azure instance metadata: Network error: curl error: HTTP response code said error: The requested URL returned error: 404
I20260608 10:05:26.342424  6541 master_service.cc:502] Signed X509 certificate for tserver {username='slave'} at 127.0.0.1:34566
W20260608 10:05:26.345647  6853 instance_detector.cc:116] could not retrieve AWS instance metadata: Network error: curl error: HTTP response code said error: The requested URL returned error: 404
I20260608 10:05:26.345590  6476 ts_manager.cc:194] Registered new tserver with Master: 1aac1924582c4df19bbae257911fb64d (127.5.66.194:45657)
W20260608 10:05:26.350620  6856 instance_detector.cc:116] could not retrieve OpenStack instance metadata: Network error: curl error: HTTP response code said error: The requested URL returned error: 404
I20260608 10:05:26.353509  5387 server_base.cc:1061] running on GCE node
I20260608 10:05:26.354552  5387 hybrid_clock.cc:584] initializing the hybrid clock with 'system_unsync' time source
W20260608 10:05:26.354818  5387 system_unsync_time.cc:38] NTP support is disabled. Clock error bounds will not be accurate. This configuration is not suitable for distributed clusters.
I20260608 10:05:26.355022  5387 hybrid_clock.cc:648] HybridClock initialized: now 1780913126355005 us; error 0 us; skew 500 ppm
I20260608 10:05:26.355707  5387 server_base.cc:861] Flag tcmalloc_max_total_thread_cache_bytes is not working since tcmalloc is not enabled.
I20260608 10:05:26.358410  5387 webserver.cc:533] Webserver started at http://127.5.66.195:35039/ using document root <none> and password file <none>
I20260608 10:05:26.358904  5387 fs_manager.cc:362] Metadata directory not provided
I20260608 10:05:26.359084  5387 fs_manager.cc:368] Using write-ahead log directory (fs_wal_dir) as metadata directory
I20260608 10:05:26.359404  5387 server_base.cc:909] This appears to be a new deployment of Kudu; creating new FS layout
I20260608 10:05:26.360478  5387 fs_manager.cc:1068] Generated new instance metadata in path /tmp/dist-test-taskzbzgyb/test-tmp/auto_rebalancer-test.0.AutoRebalancerTest.NextLeaderResumesAutoRebalancing.1780913109029964-5387-0/minicluster-data/ts-2-root/instance:
uuid: "e8ed9870cb5a4353be639f289d2629b1"
format_stamp: "Formatted at 2026-06-08 10:05:26 on dist-test-slave-56nr"
I20260608 10:05:26.365622  5387 fs_manager.cc:696] Time spent creating directory manager: real 0.005s	user 0.006s	sys 0.000s
I20260608 10:05:26.369856  6861 log_block_manager.cc:4031] Time spent loading block containers with low live blocks: real 0.000s	user 0.000s	sys 0.000s
I20260608 10:05:26.370961  5387 fs_manager.cc:730] Time spent opening block manager: real 0.003s	user 0.002s	sys 0.000s
I20260608 10:05:26.371369  5387 fs_manager.cc:647] Opened local filesystem: /tmp/dist-test-taskzbzgyb/test-tmp/auto_rebalancer-test.0.AutoRebalancerTest.NextLeaderResumesAutoRebalancing.1780913109029964-5387-0/minicluster-data/ts-2-root
uuid: "e8ed9870cb5a4353be639f289d2629b1"
format_stamp: "Formatted at 2026-06-08 10:05:26 on dist-test-slave-56nr"
I20260608 10:05:26.371670  5387 fs_report.cc:389] FS layout report
--------------------
wal directory: /tmp/dist-test-taskzbzgyb/test-tmp/auto_rebalancer-test.0.AutoRebalancerTest.NextLeaderResumesAutoRebalancing.1780913109029964-5387-0/minicluster-data/ts-2-root
metadata directory: /tmp/dist-test-taskzbzgyb/test-tmp/auto_rebalancer-test.0.AutoRebalancerTest.NextLeaderResumesAutoRebalancing.1780913109029964-5387-0/minicluster-data/ts-2-root
1 data directories: /tmp/dist-test-taskzbzgyb/test-tmp/auto_rebalancer-test.0.AutoRebalancerTest.NextLeaderResumesAutoRebalancing.1780913109029964-5387-0/minicluster-data/ts-2-root/data
Total live blocks: 0
Total live bytes: 0
Total live bytes (after alignment): 0
Total number of LBM containers: 0 (0 full)
Did not check for missing blocks
Did not check for orphaned blocks
Total full LBM containers with extra space: 0 (0 repaired)
Total full LBM container extra space in bytes: 0 (0 repaired)
Total incomplete LBM containers: 0 (0 repaired)
Total LBM partial records: 0 (0 repaired)
Total corrupted LBM metadata records in RocksDB: 0 (0 repaired)
I20260608 10:05:26.389915  5387 rpc_server.cc:225] running with OpenSSL 1.1.1  11 Sep 2018
I20260608 10:05:26.391324  5387 kserver.cc:163] Server-wide thread pool size limit: 3276
I20260608 10:05:26.392802  5387 txn_system_client.cc:432] TxnSystemClient initialization is disabled...
I20260608 10:05:26.395344  5387 ts_tablet_manager.cc:585] Loaded tablet metadata (0 total tablets, 0 live tablets)
I20260608 10:05:26.395576  5387 ts_tablet_manager.cc:531] Time spent load tablet metadata: real 0.000s	user 0.000s	sys 0.000s
I20260608 10:05:26.395859  5387 ts_tablet_manager.cc:616] Registered 0 tablets
I20260608 10:05:26.396008  5387 ts_tablet_manager.cc:595] Time spent register tablets: real 0.000s	user 0.000s	sys 0.000s
I20260608 10:05:26.444168  5387 rpc_server.cc:307] RPC server started. Bound to: 127.5.66.195:38771
I20260608 10:05:26.444252  6923 acceptor_pool.cc:272] collecting diagnostics on the listening RPC socket 127.5.66.195:38771 every 8 connection(s)
I20260608 10:05:26.475951  6924 heartbeater.cc:344] Connected to a master server at 127.5.66.252:45847
I20260608 10:05:26.476481  6924 heartbeater.cc:461] Registering TS with master...
I20260608 10:05:26.476511  6925 heartbeater.cc:344] Connected to a master server at 127.5.66.253:43735
I20260608 10:05:26.477087  6925 heartbeater.cc:461] Registering TS with master...
I20260608 10:05:26.477761  6924 heartbeater.cc:507] Master 127.5.66.252:45847 requested a full tablet report, sending...
I20260608 10:05:26.478116  6925 heartbeater.cc:507] Master 127.5.66.253:43735 requested a full tablet report, sending...
I20260608 10:05:26.478447  6926 heartbeater.cc:344] Connected to a master server at 127.5.66.254:41117
I20260608 10:05:26.479048  6926 heartbeater.cc:461] Registering TS with master...
I20260608 10:05:26.480093  6926 heartbeater.cc:507] Master 127.5.66.254:41117 requested a full tablet report, sending...
I20260608 10:05:26.480979  6606 ts_manager.cc:194] Registered new tserver with Master: e8ed9870cb5a4353be639f289d2629b1 (127.5.66.195:38771)
I20260608 10:05:26.482458  6541 ts_manager.cc:194] Registered new tserver with Master: e8ed9870cb5a4353be639f289d2629b1 (127.5.66.195:38771)
I20260608 10:05:26.482967  6476 ts_manager.cc:194] Registered new tserver with Master: e8ed9870cb5a4353be639f289d2629b1 (127.5.66.195:38771)
I20260608 10:05:26.483705  5387 internal_mini_cluster.cc:371] 3 TS(s) registered with all masters after 0.019050091s
I20260608 10:05:26.484383  6541 master_service.cc:502] Signed X509 certificate for tserver {username='slave'} at 127.0.0.1:34570
I20260608 10:05:26.935866  6670 catalog_manager.cc:1294] Loaded cluster ID: aa99234a8aa1403297da6dd309b1953c
I20260608 10:05:26.936199  6670 catalog_manager.cc:1587] T 00000000000000000000000000000000 P 8df068a3721f481aa31bc709bda32f55: loading cluster ID for follower catalog manager: success
I20260608 10:05:26.941231  6670 catalog_manager.cc:1609] T 00000000000000000000000000000000 P 8df068a3721f481aa31bc709bda32f55: acquiring CA information for follower catalog manager: success
I20260608 10:05:26.945065  6670 catalog_manager.cc:1637] T 00000000000000000000000000000000 P 8df068a3721f481aa31bc709bda32f55: importing token verification keys for follower catalog manager: success; most recent TSK sequence number 0
I20260608 10:05:27.041271  6695 catalog_manager.cc:1609] T 00000000000000000000000000000000 P 9ca0784852654db3b9f3492121a538c2: acquiring CA information for follower catalog manager: success
I20260608 10:05:27.045022  6695 catalog_manager.cc:1637] T 00000000000000000000000000000000 P 9ca0784852654db3b9f3492121a538c2: importing token verification keys for follower catalog manager: success; most recent TSK sequence number 0
I20260608 10:05:27.200630  6769 heartbeater.cc:499] Master 127.5.66.253:43735 was elected leader, sending a full tablet report...
I20260608 10:05:27.345438  6847 heartbeater.cc:499] Master 127.5.66.253:43735 was elected leader, sending a full tablet report...
I20260608 10:05:27.487469  6925 heartbeater.cc:499] Master 127.5.66.253:43735 was elected leader, sending a full tablet report...
I20260608 10:05:27.869699  6656 auto_leader_rebalancer.cc:451] All tables' leader rebalancing finished this round
I20260608 10:05:28.101881  6541 catalog_manager.cc:2282] Servicing CreateTable request from {username='slave'} at 127.0.0.1:34586:
name: "test-workload"
schema {
  columns {
    name: "key"
    type: INT32
    is_key: true
    is_nullable: false
    encoding: AUTO_ENCODING
    compression: DEFAULT_COMPRESSION
    cfile_block_size: 0
    immutable: false
  }
  columns {
    name: "int_val"
    type: INT32
    is_key: false
    is_nullable: false
    encoding: AUTO_ENCODING
    compression: DEFAULT_COMPRESSION
    cfile_block_size: 0
    immutable: false
  }
  columns {
    name: "string_val"
    type: STRING
    is_key: false
    is_nullable: true
    encoding: AUTO_ENCODING
    compression: DEFAULT_COMPRESSION
    cfile_block_size: 0
    immutable: false
  }
}
num_replicas: 1
split_rows_range_bounds {
  rows: "\004\001\000\252\252\252*\004\001\000TUUU""\004\001\000\252\252\252*\004\001\000TUUU"
  indirect_data: """"
}
partition_schema {
  range_schema {
    columns {
      name: "key"
    }
  }
}
I20260608 10:05:28.210268  6889 tablet_service.cc:1511] Processing CreateTablet for tablet dcec52c7fff940c4b0c4f091c19fadaf (DEFAULT_TABLE table=test-workload [id=575c0269377d461cbb0b9783007f7e88]), partition=RANGE (key) PARTITION 715827882 <= VALUES < 1431655764
I20260608 10:05:28.214511  6811 tablet_service.cc:1511] Processing CreateTablet for tablet f42500b47dbb444bb27e95556f0058fa (DEFAULT_TABLE table=test-workload [id=575c0269377d461cbb0b9783007f7e88]), partition=RANGE (key) PARTITION VALUES < 715827882
I20260608 10:05:28.215078  6889 data_dirs.cc:400] Could only allocate 1 dirs of requested 3 for tablet dcec52c7fff940c4b0c4f091c19fadaf. 1 dirs total, 0 dirs full, 0 dirs failed
I20260608 10:05:28.215399  6733 tablet_service.cc:1511] Processing CreateTablet for tablet 6612692bcb84496984f00d529f3a6701 (DEFAULT_TABLE table=test-workload [id=575c0269377d461cbb0b9783007f7e88]), partition=RANGE (key) PARTITION 1431655764 <= VALUES
I20260608 10:05:28.216105  6811 data_dirs.cc:400] Could only allocate 1 dirs of requested 3 for tablet f42500b47dbb444bb27e95556f0058fa. 1 dirs total, 0 dirs full, 0 dirs failed
I20260608 10:05:28.216796  6733 data_dirs.cc:400] Could only allocate 1 dirs of requested 3 for tablet 6612692bcb84496984f00d529f3a6701. 1 dirs total, 0 dirs full, 0 dirs failed
I20260608 10:05:28.232625  6959 tablet_bootstrap.cc:492] T dcec52c7fff940c4b0c4f091c19fadaf P e8ed9870cb5a4353be639f289d2629b1: Bootstrap starting.
I20260608 10:05:28.236225  6961 tablet_bootstrap.cc:492] T 6612692bcb84496984f00d529f3a6701 P da5cb0ce6bf6439a9b124e56699d6d0a: Bootstrap starting.
I20260608 10:05:28.239123  6960 tablet_bootstrap.cc:492] T f42500b47dbb444bb27e95556f0058fa P 1aac1924582c4df19bbae257911fb64d: Bootstrap starting.
I20260608 10:05:28.241806  6959 tablet_bootstrap.cc:654] T dcec52c7fff940c4b0c4f091c19fadaf P e8ed9870cb5a4353be639f289d2629b1: Neither blocks nor log segments found. Creating new log.
I20260608 10:05:28.246186  6960 tablet_bootstrap.cc:654] T f42500b47dbb444bb27e95556f0058fa P 1aac1924582c4df19bbae257911fb64d: Neither blocks nor log segments found. Creating new log.
I20260608 10:05:28.246265  6961 tablet_bootstrap.cc:654] T 6612692bcb84496984f00d529f3a6701 P da5cb0ce6bf6439a9b124e56699d6d0a: Neither blocks nor log segments found. Creating new log.
I20260608 10:05:28.249328  6959 tablet_bootstrap.cc:492] T dcec52c7fff940c4b0c4f091c19fadaf P e8ed9870cb5a4353be639f289d2629b1: No bootstrap required, opened a new log
I20260608 10:05:28.250118  6959 ts_tablet_manager.cc:1403] T dcec52c7fff940c4b0c4f091c19fadaf P e8ed9870cb5a4353be639f289d2629b1: Time spent bootstrapping tablet: real 0.018s	user 0.016s	sys 0.000s
I20260608 10:05:28.252372  6960 tablet_bootstrap.cc:492] T f42500b47dbb444bb27e95556f0058fa P 1aac1924582c4df19bbae257911fb64d: No bootstrap required, opened a new log
I20260608 10:05:28.253021  6960 ts_tablet_manager.cc:1403] T f42500b47dbb444bb27e95556f0058fa P 1aac1924582c4df19bbae257911fb64d: Time spent bootstrapping tablet: real 0.014s	user 0.013s	sys 0.000s
I20260608 10:05:28.253520  6959 raft_consensus.cc:359] T dcec52c7fff940c4b0c4f091c19fadaf P e8ed9870cb5a4353be639f289d2629b1 [term 0 FOLLOWER]: Replica starting. Triggering 0 pending ops. Active config: opid_index: -1 OBSOLETE_local: true peers { permanent_uuid: "e8ed9870cb5a4353be639f289d2629b1" member_type: VOTER last_known_addr { host: "127.5.66.195" port: 38771 } }
I20260608 10:05:28.253844  6961 tablet_bootstrap.cc:492] T 6612692bcb84496984f00d529f3a6701 P da5cb0ce6bf6439a9b124e56699d6d0a: No bootstrap required, opened a new log
I20260608 10:05:28.254168  6959 raft_consensus.cc:385] T dcec52c7fff940c4b0c4f091c19fadaf P e8ed9870cb5a4353be639f289d2629b1 [term 0 FOLLOWER]: Consensus starting up: Expiring failure detector timer to make a prompt election more likely
I20260608 10:05:28.254457  6961 ts_tablet_manager.cc:1403] T 6612692bcb84496984f00d529f3a6701 P da5cb0ce6bf6439a9b124e56699d6d0a: Time spent bootstrapping tablet: real 0.019s	user 0.012s	sys 0.004s
I20260608 10:05:28.254601  6959 raft_consensus.cc:740] T dcec52c7fff940c4b0c4f091c19fadaf P e8ed9870cb5a4353be639f289d2629b1 [term 0 FOLLOWER]: Becoming Follower/Learner. State: Replica: e8ed9870cb5a4353be639f289d2629b1, State: Initialized, Role: FOLLOWER
I20260608 10:05:28.255733  6959 consensus_queue.cc:260] T dcec52c7fff940c4b0c4f091c19fadaf P e8ed9870cb5a4353be639f289d2629b1 [NON_LEADER]: Queue going to NON_LEADER mode. State: All replicated index: 0, Majority replicated index: 0, Committed index: 0, Last appended: 0.0, Last appended by leader: 0, Current term: 0, Majority size: -1, State: 0, Mode: NON_LEADER, active raft config: opid_index: -1 OBSOLETE_local: true peers { permanent_uuid: "e8ed9870cb5a4353be639f289d2629b1" member_type: VOTER last_known_addr { host: "127.5.66.195" port: 38771 } }
I20260608 10:05:28.256430  6959 raft_consensus.cc:399] T dcec52c7fff940c4b0c4f091c19fadaf P e8ed9870cb5a4353be639f289d2629b1 [term 0 FOLLOWER]: Only one voter in the Raft config. Triggering election immediately
I20260608 10:05:28.256861  6959 raft_consensus.cc:493] T dcec52c7fff940c4b0c4f091c19fadaf P e8ed9870cb5a4353be639f289d2629b1 [term 0 FOLLOWER]: Starting leader election (initial election of a single-replica configuration)
I20260608 10:05:28.256673  6960 raft_consensus.cc:359] T f42500b47dbb444bb27e95556f0058fa P 1aac1924582c4df19bbae257911fb64d [term 0 FOLLOWER]: Replica starting. Triggering 0 pending ops. Active config: opid_index: -1 OBSOLETE_local: true peers { permanent_uuid: "1aac1924582c4df19bbae257911fb64d" member_type: VOTER last_known_addr { host: "127.5.66.194" port: 45657 } }
I20260608 10:05:28.257329  6959 raft_consensus.cc:3060] T dcec52c7fff940c4b0c4f091c19fadaf P e8ed9870cb5a4353be639f289d2629b1 [term 0 FOLLOWER]: Advancing to term 1
I20260608 10:05:28.257383  6960 raft_consensus.cc:385] T f42500b47dbb444bb27e95556f0058fa P 1aac1924582c4df19bbae257911fb64d [term 0 FOLLOWER]: Consensus starting up: Expiring failure detector timer to make a prompt election more likely
I20260608 10:05:28.257876  6960 raft_consensus.cc:740] T f42500b47dbb444bb27e95556f0058fa P 1aac1924582c4df19bbae257911fb64d [term 0 FOLLOWER]: Becoming Follower/Learner. State: Replica: 1aac1924582c4df19bbae257911fb64d, State: Initialized, Role: FOLLOWER
I20260608 10:05:28.257870  6961 raft_consensus.cc:359] T 6612692bcb84496984f00d529f3a6701 P da5cb0ce6bf6439a9b124e56699d6d0a [term 0 FOLLOWER]: Replica starting. Triggering 0 pending ops. Active config: opid_index: -1 OBSOLETE_local: true peers { permanent_uuid: "da5cb0ce6bf6439a9b124e56699d6d0a" member_type: VOTER last_known_addr { host: "127.5.66.193" port: 39197 } }
I20260608 10:05:28.258679  6961 raft_consensus.cc:385] T 6612692bcb84496984f00d529f3a6701 P da5cb0ce6bf6439a9b124e56699d6d0a [term 0 FOLLOWER]: Consensus starting up: Expiring failure detector timer to make a prompt election more likely
I20260608 10:05:28.258988  6961 raft_consensus.cc:740] T 6612692bcb84496984f00d529f3a6701 P da5cb0ce6bf6439a9b124e56699d6d0a [term 0 FOLLOWER]: Becoming Follower/Learner. State: Replica: da5cb0ce6bf6439a9b124e56699d6d0a, State: Initialized, Role: FOLLOWER
I20260608 10:05:28.259859  6961 consensus_queue.cc:260] T 6612692bcb84496984f00d529f3a6701 P da5cb0ce6bf6439a9b124e56699d6d0a [NON_LEADER]: Queue going to NON_LEADER mode. State: All replicated index: 0, Majority replicated index: 0, Committed index: 0, Last appended: 0.0, Last appended by leader: 0, Current term: 0, Majority size: -1, State: 0, Mode: NON_LEADER, active raft config: opid_index: -1 OBSOLETE_local: true peers { permanent_uuid: "da5cb0ce6bf6439a9b124e56699d6d0a" member_type: VOTER last_known_addr { host: "127.5.66.193" port: 39197 } }
I20260608 10:05:28.260210  6960 consensus_queue.cc:260] T f42500b47dbb444bb27e95556f0058fa P 1aac1924582c4df19bbae257911fb64d [NON_LEADER]: Queue going to NON_LEADER mode. State: All replicated index: 0, Majority replicated index: 0, Committed index: 0, Last appended: 0.0, Last appended by leader: 0, Current term: 0, Majority size: -1, State: 0, Mode: NON_LEADER, active raft config: opid_index: -1 OBSOLETE_local: true peers { permanent_uuid: "1aac1924582c4df19bbae257911fb64d" member_type: VOTER last_known_addr { host: "127.5.66.194" port: 45657 } }
I20260608 10:05:28.260581  6961 raft_consensus.cc:399] T 6612692bcb84496984f00d529f3a6701 P da5cb0ce6bf6439a9b124e56699d6d0a [term 0 FOLLOWER]: Only one voter in the Raft config. Triggering election immediately
I20260608 10:05:28.261068  6960 raft_consensus.cc:399] T f42500b47dbb444bb27e95556f0058fa P 1aac1924582c4df19bbae257911fb64d [term 0 FOLLOWER]: Only one voter in the Raft config. Triggering election immediately
I20260608 10:05:28.261109  6961 raft_consensus.cc:493] T 6612692bcb84496984f00d529f3a6701 P da5cb0ce6bf6439a9b124e56699d6d0a [term 0 FOLLOWER]: Starting leader election (initial election of a single-replica configuration)
I20260608 10:05:28.261698  6960 raft_consensus.cc:493] T f42500b47dbb444bb27e95556f0058fa P 1aac1924582c4df19bbae257911fb64d [term 0 FOLLOWER]: Starting leader election (initial election of a single-replica configuration)
I20260608 10:05:28.261837  6961 raft_consensus.cc:3060] T 6612692bcb84496984f00d529f3a6701 P da5cb0ce6bf6439a9b124e56699d6d0a [term 0 FOLLOWER]: Advancing to term 1
I20260608 10:05:28.262181  6960 raft_consensus.cc:3060] T f42500b47dbb444bb27e95556f0058fa P 1aac1924582c4df19bbae257911fb64d [term 0 FOLLOWER]: Advancing to term 1
I20260608 10:05:28.265736  6959 raft_consensus.cc:515] T dcec52c7fff940c4b0c4f091c19fadaf P e8ed9870cb5a4353be639f289d2629b1 [term 1 FOLLOWER]: Starting leader election with config: opid_index: -1 OBSOLETE_local: true peers { permanent_uuid: "e8ed9870cb5a4353be639f289d2629b1" member_type: VOTER last_known_addr { host: "127.5.66.195" port: 38771 } }
I20260608 10:05:28.266938  6959 leader_election.cc:304] T dcec52c7fff940c4b0c4f091c19fadaf P e8ed9870cb5a4353be639f289d2629b1 [CANDIDATE]: Term 1 election: Election decided. Result: candidate won. Election summary: received 1 responses out of 1 voters: 1 yes votes; 0 no votes. yes voters: e8ed9870cb5a4353be639f289d2629b1; no voters: 
