I20260608 10:06:37.979987 25661 leader_election.cc:304] T 0953afb64bd54174899544ef8ffe2518 P be883e66a2394d509bc907f7daf79e91 [CANDIDATE]: Term 1 pre-election: Election decided. Result: candidate won. Election summary: received 3 responses out of 3 voters: 2 yes votes; 1 no votes. yes voters: bb3049cee27b4b21b5dc1cee7a273082, be883e66a2394d509bc907f7daf79e91; no voters: ecb28e07e8fe4b338b27688c3d37ab68
I20260608 10:06:37.981081 25895 raft_consensus.cc:2804] T 0953afb64bd54174899544ef8ffe2518 P be883e66a2394d509bc907f7daf79e91 [term 0 FOLLOWER]: Leader pre-election won for term 1
I20260608 10:06:37.981571 25895 raft_consensus.cc:493] T 0953afb64bd54174899544ef8ffe2518 P be883e66a2394d509bc907f7daf79e91 [term 0 FOLLOWER]: Starting leader election (no leader contacted us within the election timeout)
I20260608 10:06:37.982004 25895 raft_consensus.cc:3060] T 0953afb64bd54174899544ef8ffe2518 P be883e66a2394d509bc907f7daf79e91 [term 0 FOLLOWER]: Advancing to term 1
I20260608 10:06:37.982488 25890 ts_tablet_manager.cc:1434] T a3f8c5885c894c1a84a81e1e74f9610a P be883e66a2394d509bc907f7daf79e91: Time spent starting tablet: real 0.009s	user 0.007s	sys 0.000s
I20260608 10:06:37.984124 25890 tablet_bootstrap.cc:492] T 270230dcea7f484facca36a4868d9079 P be883e66a2394d509bc907f7daf79e91: Bootstrap starting.
I20260608 10:06:37.990005 25895 raft_consensus.cc:515] T 0953afb64bd54174899544ef8ffe2518 P be883e66a2394d509bc907f7daf79e91 [term 1 FOLLOWER]: Starting leader election with config: opid_index: -1 OBSOLETE_local: false peers { permanent_uuid: "ecb28e07e8fe4b338b27688c3d37ab68" member_type: VOTER last_known_addr { host: "127.22.26.66" port: 39755 } } peers { permanent_uuid: "be883e66a2394d509bc907f7daf79e91" member_type: VOTER last_known_addr { host: "127.22.26.65" port: 34235 } } peers { permanent_uuid: "bb3049cee27b4b21b5dc1cee7a273082" member_type: VOTER last_known_addr { host: "127.22.26.67" port: 45617 } }
I20260608 10:06:37.991138 25891 tablet_bootstrap.cc:492] T 0953afb64bd54174899544ef8ffe2518 P ecb28e07e8fe4b338b27688c3d37ab68: No bootstrap required, opened a new log
I20260608 10:06:37.991853 25892 raft_consensus.cc:359] T fe53b74a57a54776b80eb126085960e9 P bb3049cee27b4b21b5dc1cee7a273082 [term 0 FOLLOWER]: Replica starting. Triggering 0 pending ops. Active config: opid_index: -1 OBSOLETE_local: false peers { permanent_uuid: "ecb28e07e8fe4b338b27688c3d37ab68" member_type: VOTER last_known_addr { host: "127.22.26.66" port: 39755 } } peers { permanent_uuid: "be883e66a2394d509bc907f7daf79e91" member_type: VOTER last_known_addr { host: "127.22.26.65" port: 34235 } } peers { permanent_uuid: "bb3049cee27b4b21b5dc1cee7a273082" member_type: VOTER last_known_addr { host: "127.22.26.67" port: 45617 } }
I20260608 10:06:37.992358 25891 ts_tablet_manager.cc:1403] T 0953afb64bd54174899544ef8ffe2518 P ecb28e07e8fe4b338b27688c3d37ab68: Time spent bootstrapping tablet: real 0.047s	user 0.015s	sys 0.003s
I20260608 10:06:37.992270 25890 tablet_bootstrap.cc:654] T 270230dcea7f484facca36a4868d9079 P be883e66a2394d509bc907f7daf79e91: Neither blocks nor log segments found. Creating new log.
I20260608 10:06:37.992836 25892 raft_consensus.cc:385] T fe53b74a57a54776b80eb126085960e9 P bb3049cee27b4b21b5dc1cee7a273082 [term 0 FOLLOWER]: Consensus starting up: Expiring failure detector timer to make a prompt election more likely
I20260608 10:06:37.993372 25892 raft_consensus.cc:740] T fe53b74a57a54776b80eb126085960e9 P bb3049cee27b4b21b5dc1cee7a273082 [term 0 FOLLOWER]: Becoming Follower/Learner. State: Replica: bb3049cee27b4b21b5dc1cee7a273082, State: Initialized, Role: FOLLOWER
I20260608 10:06:37.994444 25892 consensus_queue.cc:260] T fe53b74a57a54776b80eb126085960e9 P bb3049cee27b4b21b5dc1cee7a273082 [NON_LEADER]: Queue going to NON_LEADER mode. State: All replicated index: 0, Majority replicated index: 0, Committed index: 0, Last appended: 0.0, Last appended by leader: 0, Current term: 0, Majority size: -1, State: 0, Mode: NON_LEADER, active raft config: opid_index: -1 OBSOLETE_local: false peers { permanent_uuid: "ecb28e07e8fe4b338b27688c3d37ab68" member_type: VOTER last_known_addr { host: "127.22.26.66" port: 39755 } } peers { permanent_uuid: "be883e66a2394d509bc907f7daf79e91" member_type: VOTER last_known_addr { host: "127.22.26.65" port: 34235 } } peers { permanent_uuid: "bb3049cee27b4b21b5dc1cee7a273082" member_type: VOTER last_known_addr { host: "127.22.26.67" port: 45617 } }
I20260608 10:06:37.995909 25891 raft_consensus.cc:359] T 0953afb64bd54174899544ef8ffe2518 P ecb28e07e8fe4b338b27688c3d37ab68 [term 0 FOLLOWER]: Replica starting. Triggering 0 pending ops. Active config: opid_index: -1 OBSOLETE_local: false peers { permanent_uuid: "ecb28e07e8fe4b338b27688c3d37ab68" member_type: VOTER last_known_addr { host: "127.22.26.66" port: 39755 } } peers { permanent_uuid: "be883e66a2394d509bc907f7daf79e91" member_type: VOTER last_known_addr { host: "127.22.26.65" port: 34235 } } peers { permanent_uuid: "bb3049cee27b4b21b5dc1cee7a273082" member_type: VOTER last_known_addr { host: "127.22.26.67" port: 45617 } }
I20260608 10:06:37.997092 25891 raft_consensus.cc:385] T 0953afb64bd54174899544ef8ffe2518 P ecb28e07e8fe4b338b27688c3d37ab68 [term 0 FOLLOWER]: Consensus starting up: Expiring failure detector timer to make a prompt election more likely
I20260608 10:06:37.997400 25891 raft_consensus.cc:740] T 0953afb64bd54174899544ef8ffe2518 P ecb28e07e8fe4b338b27688c3d37ab68 [term 0 FOLLOWER]: Becoming Follower/Learner. State: Replica: ecb28e07e8fe4b338b27688c3d37ab68, State: Initialized, Role: FOLLOWER
I20260608 10:06:37.998207 25891 consensus_queue.cc:260] T 0953afb64bd54174899544ef8ffe2518 P ecb28e07e8fe4b338b27688c3d37ab68 [NON_LEADER]: Queue going to NON_LEADER mode. State: All replicated index: 0, Majority replicated index: 0, Committed index: 0, Last appended: 0.0, Last appended by leader: 0, Current term: 0, Majority size: -1, State: 0, Mode: NON_LEADER, active raft config: opid_index: -1 OBSOLETE_local: false peers { permanent_uuid: "ecb28e07e8fe4b338b27688c3d37ab68" member_type: VOTER last_known_addr { host: "127.22.26.66" port: 39755 } } peers { permanent_uuid: "be883e66a2394d509bc907f7daf79e91" member_type: VOTER last_known_addr { host: "127.22.26.65" port: 34235 } } peers { permanent_uuid: "bb3049cee27b4b21b5dc1cee7a273082" member_type: VOTER last_known_addr { host: "127.22.26.67" port: 45617 } }
I20260608 10:06:38.002360 25771 tablet_service.cc:1917] Received RequestConsensusVote() RPC: tablet_id: "0953afb64bd54174899544ef8ffe2518" candidate_uuid: "be883e66a2394d509bc907f7daf79e91" candidate_term: 1 candidate_status { last_received { term: 0 index: 0 } } ignore_live_leader: false dest_uuid: "ecb28e07e8fe4b338b27688c3d37ab68"
I20260608 10:06:38.002987 25771 raft_consensus.cc:3060] T 0953afb64bd54174899544ef8ffe2518 P ecb28e07e8fe4b338b27688c3d37ab68 [term 0 FOLLOWER]: Advancing to term 1
I20260608 10:06:38.003885 25892 ts_tablet_manager.cc:1434] T fe53b74a57a54776b80eb126085960e9 P bb3049cee27b4b21b5dc1cee7a273082: Time spent starting tablet: real 0.026s	user 0.008s	sys 0.000s
I20260608 10:06:38.005012 25892 tablet_bootstrap.cc:492] T b6d5fb71d39c4635b801d6f56ef05bdd P bb3049cee27b4b21b5dc1cee7a273082: Bootstrap starting.
I20260608 10:06:38.010879 25771 raft_consensus.cc:2468] T 0953afb64bd54174899544ef8ffe2518 P ecb28e07e8fe4b338b27688c3d37ab68 [term 1 FOLLOWER]: Leader election vote request: Granting yes vote for candidate be883e66a2394d509bc907f7daf79e91 in term 1.
I20260608 10:06:38.012158 25662 leader_election.cc:304] T 0953afb64bd54174899544ef8ffe2518 P be883e66a2394d509bc907f7daf79e91 [CANDIDATE]: Term 1 election: Election decided. Result: candidate won. Election summary: received 2 responses out of 3 voters: 2 yes votes; 0 no votes. yes voters: be883e66a2394d509bc907f7daf79e91, ecb28e07e8fe4b338b27688c3d37ab68; no voters: 
I20260608 10:06:38.013471 25908 raft_consensus.cc:2804] T 0953afb64bd54174899544ef8ffe2518 P be883e66a2394d509bc907f7daf79e91 [term 1 FOLLOWER]: Leader election won for term 1
I20260608 10:06:38.015096 25845 tablet_service.cc:1917] Received RequestConsensusVote() RPC: tablet_id: "0953afb64bd54174899544ef8ffe2518" candidate_uuid: "be883e66a2394d509bc907f7daf79e91" candidate_term: 1 candidate_status { last_received { term: 0 index: 0 } } ignore_live_leader: false dest_uuid: "bb3049cee27b4b21b5dc1cee7a273082"
I20260608 10:06:38.015807 25845 raft_consensus.cc:3060] T 0953afb64bd54174899544ef8ffe2518 P bb3049cee27b4b21b5dc1cee7a273082 [term 0 FOLLOWER]: Advancing to term 1
I20260608 10:06:38.021394 25892 tablet_bootstrap.cc:654] T b6d5fb71d39c4635b801d6f56ef05bdd P bb3049cee27b4b21b5dc1cee7a273082: Neither blocks nor log segments found. Creating new log.
I20260608 10:06:38.026448 25890 tablet_bootstrap.cc:492] T 270230dcea7f484facca36a4868d9079 P be883e66a2394d509bc907f7daf79e91: No bootstrap required, opened a new log
I20260608 10:06:38.027284 25890 ts_tablet_manager.cc:1403] T 270230dcea7f484facca36a4868d9079 P be883e66a2394d509bc907f7daf79e91: Time spent bootstrapping tablet: real 0.044s	user 0.027s	sys 0.012s
I20260608 10:06:38.027994 25895 leader_election.cc:290] T 0953afb64bd54174899544ef8ffe2518 P be883e66a2394d509bc907f7daf79e91 [CANDIDATE]: Term 1 election: Requested vote from peers ecb28e07e8fe4b338b27688c3d37ab68 (127.22.26.66:39755), bb3049cee27b4b21b5dc1cee7a273082 (127.22.26.67:45617)
I20260608 10:06:38.028542 25908 raft_consensus.cc:697] T 0953afb64bd54174899544ef8ffe2518 P be883e66a2394d509bc907f7daf79e91 [term 1 LEADER]: Becoming Leader. State: Replica: be883e66a2394d509bc907f7daf79e91, State: Running, Role: LEADER
I20260608 10:06:38.029305 25845 raft_consensus.cc:2468] T 0953afb64bd54174899544ef8ffe2518 P bb3049cee27b4b21b5dc1cee7a273082 [term 1 FOLLOWER]: Leader election vote request: Granting yes vote for candidate be883e66a2394d509bc907f7daf79e91 in term 1.
I20260608 10:06:38.029727 25908 consensus_queue.cc:237] T 0953afb64bd54174899544ef8ffe2518 P be883e66a2394d509bc907f7daf79e91 [LEADER]: Queue going to LEADER mode. State: All replicated index: 0, Majority replicated index: 0, Committed index: 0, Last appended: 0.0, Last appended by leader: 0, Current term: 1, Majority size: 2, State: 0, Mode: LEADER, active raft config: opid_index: -1 OBSOLETE_local: false peers { permanent_uuid: "ecb28e07e8fe4b338b27688c3d37ab68" member_type: VOTER last_known_addr { host: "127.22.26.66" port: 39755 } } peers { permanent_uuid: "be883e66a2394d509bc907f7daf79e91" member_type: VOTER last_known_addr { host: "127.22.26.65" port: 34235 } } peers { permanent_uuid: "bb3049cee27b4b21b5dc1cee7a273082" member_type: VOTER last_known_addr { host: "127.22.26.67" port: 45617 } }
I20260608 10:06:38.031152 25891 ts_tablet_manager.cc:1434] T 0953afb64bd54174899544ef8ffe2518 P ecb28e07e8fe4b338b27688c3d37ab68: Time spent starting tablet: real 0.038s	user 0.007s	sys 0.000s
I20260608 10:06:38.032420 25891 tablet_bootstrap.cc:492] T 0d8ef2b0e26b4de2891075f878638783 P ecb28e07e8fe4b338b27688c3d37ab68: Bootstrap starting.
I20260608 10:06:38.032663 25892 tablet_bootstrap.cc:492] T b6d5fb71d39c4635b801d6f56ef05bdd P bb3049cee27b4b21b5dc1cee7a273082: No bootstrap required, opened a new log
I20260608 10:06:38.033346 25892 ts_tablet_manager.cc:1403] T b6d5fb71d39c4635b801d6f56ef05bdd P bb3049cee27b4b21b5dc1cee7a273082: Time spent bootstrapping tablet: real 0.029s	user 0.014s	sys 0.000s
W20260608 10:06:38.035887 25642 auto_rebalancer.cc:259] Could not retrieve cluster info: Service unavailable: Tablet not running
I20260608 10:06:38.038321 25647 auto_leader_rebalancer.cc:140] leader rebalance for table range_aware_rebalance_new_range
I20260608 10:06:38.038290 25892 raft_consensus.cc:359] T b6d5fb71d39c4635b801d6f56ef05bdd P bb3049cee27b4b21b5dc1cee7a273082 [term 0 FOLLOWER]: Replica starting. Triggering 0 pending ops. Active config: opid_index: -1 OBSOLETE_local: false peers { permanent_uuid: "be883e66a2394d509bc907f7daf79e91" member_type: VOTER last_known_addr { host: "127.22.26.65" port: 34235 } } peers { permanent_uuid: "ecb28e07e8fe4b338b27688c3d37ab68" member_type: VOTER last_known_addr { host: "127.22.26.66" port: 39755 } } peers { permanent_uuid: "bb3049cee27b4b21b5dc1cee7a273082" member_type: VOTER last_known_addr { host: "127.22.26.67" port: 45617 } }
I20260608 10:06:38.033337 25910 raft_consensus.cc:493] T b6d5fb71d39c4635b801d6f56ef05bdd P be883e66a2394d509bc907f7daf79e91 [term 0 FOLLOWER]: Starting pre-election (no leader contacted us within the election timeout)
I20260608 10:06:38.039367 25891 tablet_bootstrap.cc:654] T 0d8ef2b0e26b4de2891075f878638783 P ecb28e07e8fe4b338b27688c3d37ab68: Neither blocks nor log segments found. Creating new log.
I20260608 10:06:38.039386 25892 raft_consensus.cc:385] T b6d5fb71d39c4635b801d6f56ef05bdd P bb3049cee27b4b21b5dc1cee7a273082 [term 0 FOLLOWER]: Consensus starting up: Expiring failure detector timer to make a prompt election more likely
W20260608 10:06:38.039716 25647 auto_leader_rebalancer.cc:460] the master instance isn't leader: Service unavailable: Tablet not running
I20260608 10:06:38.040104 25892 raft_consensus.cc:740] T b6d5fb71d39c4635b801d6f56ef05bdd P bb3049cee27b4b21b5dc1cee7a273082 [term 0 FOLLOWER]: Becoming Follower/Learner. State: Replica: bb3049cee27b4b21b5dc1cee7a273082, State: Initialized, Role: FOLLOWER
I20260608 10:06:38.041364 25892 consensus_queue.cc:260] T b6d5fb71d39c4635b801d6f56ef05bdd P bb3049cee27b4b21b5dc1cee7a273082 [NON_LEADER]: Queue going to NON_LEADER mode. State: All replicated index: 0, Majority replicated index: 0, Committed index: 0, Last appended: 0.0, Last appended by leader: 0, Current term: 0, Majority size: -1, State: 0, Mode: NON_LEADER, active raft config: opid_index: -1 OBSOLETE_local: false peers { permanent_uuid: "be883e66a2394d509bc907f7daf79e91" member_type: VOTER last_known_addr { host: "127.22.26.65" port: 34235 } } peers { permanent_uuid: "ecb28e07e8fe4b338b27688c3d37ab68" member_type: VOTER last_known_addr { host: "127.22.26.66" port: 39755 } } peers { permanent_uuid: "bb3049cee27b4b21b5dc1cee7a273082" member_type: VOTER last_known_addr { host: "127.22.26.67" port: 45617 } }
I20260608 10:06:38.039965 25910 raft_consensus.cc:515] T b6d5fb71d39c4635b801d6f56ef05bdd P be883e66a2394d509bc907f7daf79e91 [term 0 FOLLOWER]: Starting pre-election with config: opid_index: -1 OBSOLETE_local: false peers { permanent_uuid: "be883e66a2394d509bc907f7daf79e91" member_type: VOTER last_known_addr { host: "127.22.26.65" port: 34235 } } peers { permanent_uuid: "ecb28e07e8fe4b338b27688c3d37ab68" member_type: VOTER last_known_addr { host: "127.22.26.66" port: 39755 } } peers { permanent_uuid: "bb3049cee27b4b21b5dc1cee7a273082" member_type: VOTER last_known_addr { host: "127.22.26.67" port: 45617 } }
I20260608 10:06:38.044716 25890 raft_consensus.cc:359] T 270230dcea7f484facca36a4868d9079 P be883e66a2394d509bc907f7daf79e91 [term 0 FOLLOWER]: Replica starting. Triggering 0 pending ops. Active config: opid_index: -1 OBSOLETE_local: false peers { permanent_uuid: "be883e66a2394d509bc907f7daf79e91" member_type: VOTER last_known_addr { host: "127.22.26.65" port: 34235 } } peers { permanent_uuid: "ecb28e07e8fe4b338b27688c3d37ab68" member_type: VOTER last_known_addr { host: "127.22.26.66" port: 39755 } } peers { permanent_uuid: "bb3049cee27b4b21b5dc1cee7a273082" member_type: VOTER last_known_addr { host: "127.22.26.67" port: 45617 } }
I20260608 10:06:38.045745 25890 raft_consensus.cc:385] T 270230dcea7f484facca36a4868d9079 P be883e66a2394d509bc907f7daf79e91 [term 0 FOLLOWER]: Consensus starting up: Expiring failure detector timer to make a prompt election more likely
I20260608 10:06:38.046083 25890 raft_consensus.cc:740] T 270230dcea7f484facca36a4868d9079 P be883e66a2394d509bc907f7daf79e91 [term 0 FOLLOWER]: Becoming Follower/Learner. State: Replica: be883e66a2394d509bc907f7daf79e91, State: Initialized, Role: FOLLOWER
I20260608 10:06:38.047283 25890 consensus_queue.cc:260] T 270230dcea7f484facca36a4868d9079 P be883e66a2394d509bc907f7daf79e91 [NON_LEADER]: Queue going to NON_LEADER mode. State: All replicated index: 0, Majority replicated index: 0, Committed index: 0, Last appended: 0.0, Last appended by leader: 0, Current term: 0, Majority size: -1, State: 0, Mode: NON_LEADER, active raft config: opid_index: -1 OBSOLETE_local: false peers { permanent_uuid: "be883e66a2394d509bc907f7daf79e91" member_type: VOTER last_known_addr { host: "127.22.26.65" port: 34235 } } peers { permanent_uuid: "ecb28e07e8fe4b338b27688c3d37ab68" member_type: VOTER last_known_addr { host: "127.22.26.66" port: 39755 } } peers { permanent_uuid: "bb3049cee27b4b21b5dc1cee7a273082" member_type: VOTER last_known_addr { host: "127.22.26.67" port: 45617 } }
I20260608 10:06:38.050644 25892 ts_tablet_manager.cc:1434] T b6d5fb71d39c4635b801d6f56ef05bdd P bb3049cee27b4b21b5dc1cee7a273082: Time spent starting tablet: real 0.015s	user 0.009s	sys 0.000s
I20260608 10:06:38.049593 25910 leader_election.cc:290] T b6d5fb71d39c4635b801d6f56ef05bdd P be883e66a2394d509bc907f7daf79e91 [CANDIDATE]: Term 1 pre-election: Requested pre-vote from peers ecb28e07e8fe4b338b27688c3d37ab68 (127.22.26.66:39755), bb3049cee27b4b21b5dc1cee7a273082 (127.22.26.67:45617)
I20260608 10:06:38.053295 25771 tablet_service.cc:1917] Received RequestConsensusVote() RPC: tablet_id: "b6d5fb71d39c4635b801d6f56ef05bdd" candidate_uuid: "be883e66a2394d509bc907f7daf79e91" candidate_term: 1 candidate_status { last_received { term: 0 index: 0 } } ignore_live_leader: false dest_uuid: "ecb28e07e8fe4b338b27688c3d37ab68" is_pre_election: true
I20260608 10:06:38.056982 25845 tablet_service.cc:1917] Received RequestConsensusVote() RPC: tablet_id: "b6d5fb71d39c4635b801d6f56ef05bdd" candidate_uuid: "be883e66a2394d509bc907f7daf79e91" candidate_term: 1 candidate_status { last_received { term: 0 index: 0 } } ignore_live_leader: false dest_uuid: "bb3049cee27b4b21b5dc1cee7a273082" is_pre_election: true
I20260608 10:06:38.058620 25845 raft_consensus.cc:2468] T b6d5fb71d39c4635b801d6f56ef05bdd P bb3049cee27b4b21b5dc1cee7a273082 [term 0 FOLLOWER]: Leader pre-election vote request: Granting yes vote for candidate be883e66a2394d509bc907f7daf79e91 in term 0.
W20260608 10:06:38.059266 25662 leader_election.cc:343] T b6d5fb71d39c4635b801d6f56ef05bdd P be883e66a2394d509bc907f7daf79e91 [CANDIDATE]: Term 1 pre-election: Tablet error from VoteRequest() call to peer ecb28e07e8fe4b338b27688c3d37ab68 (127.22.26.66:39755): Illegal state: must be running to vote when last-logged opid is not known
I20260608 10:06:38.060575 25890 ts_tablet_manager.cc:1434] T 270230dcea7f484facca36a4868d9079 P be883e66a2394d509bc907f7daf79e91: Time spent starting tablet: real 0.033s	user 0.011s	sys 0.002s
I20260608 10:06:38.061471 25890 tablet_bootstrap.cc:492] T cba5ab85087b4f23ad4ff7274283980e P be883e66a2394d509bc907f7daf79e91: Bootstrap starting.
I20260608 10:06:38.064419 25892 tablet_bootstrap.cc:492] T 0d8ef2b0e26b4de2891075f878638783 P bb3049cee27b4b21b5dc1cee7a273082: Bootstrap starting.
I20260608 10:06:38.067716 25890 tablet_bootstrap.cc:654] T cba5ab85087b4f23ad4ff7274283980e P be883e66a2394d509bc907f7daf79e91: Neither blocks nor log segments found. Creating new log.
I20260608 10:06:38.067348 25593 catalog_manager.cc:5696] T 0953afb64bd54174899544ef8ffe2518 P be883e66a2394d509bc907f7daf79e91 reported cstate change: term changed from 0 to 1, leader changed from <none> to be883e66a2394d509bc907f7daf79e91 (127.22.26.65). New cstate: current_term: 1 leader_uuid: "be883e66a2394d509bc907f7daf79e91" committed_config { opid_index: -1 OBSOLETE_local: false peers { permanent_uuid: "ecb28e07e8fe4b338b27688c3d37ab68" member_type: VOTER last_known_addr { host: "127.22.26.66" port: 39755 } health_report { overall_health: UNKNOWN } } peers { permanent_uuid: "be883e66a2394d509bc907f7daf79e91" member_type: VOTER last_known_addr { host: "127.22.26.65" port: 34235 } health_report { overall_health: HEALTHY } } peers { permanent_uuid: "bb3049cee27b4b21b5dc1cee7a273082" member_type: VOTER last_known_addr { host: "127.22.26.67" port: 45617 } health_report { overall_health: UNKNOWN } } }
I20260608 10:06:38.067955 25661 leader_election.cc:304] T b6d5fb71d39c4635b801d6f56ef05bdd P be883e66a2394d509bc907f7daf79e91 [CANDIDATE]: Term 1 pre-election: Election decided. Result: candidate won. Election summary: received 3 responses out of 3 voters: 2 yes votes; 1 no votes. yes voters: bb3049cee27b4b21b5dc1cee7a273082, be883e66a2394d509bc907f7daf79e91; no voters: ecb28e07e8fe4b338b27688c3d37ab68
I20260608 10:06:38.079195 25891 tablet_bootstrap.cc:492] T 0d8ef2b0e26b4de2891075f878638783 P ecb28e07e8fe4b338b27688c3d37ab68: No bootstrap required, opened a new log
I20260608 10:06:38.079952 25891 ts_tablet_manager.cc:1403] T 0d8ef2b0e26b4de2891075f878638783 P ecb28e07e8fe4b338b27688c3d37ab68: Time spent bootstrapping tablet: real 0.048s	user 0.021s	sys 0.015s
I20260608 10:06:38.080407 25908 raft_consensus.cc:2804] T b6d5fb71d39c4635b801d6f56ef05bdd P be883e66a2394d509bc907f7daf79e91 [term 0 FOLLOWER]: Leader pre-election won for term 1
I20260608 10:06:38.080942 25908 raft_consensus.cc:493] T b6d5fb71d39c4635b801d6f56ef05bdd P be883e66a2394d509bc907f7daf79e91 [term 0 FOLLOWER]: Starting leader election (no leader contacted us within the election timeout)
I20260608 10:06:38.081462 25908 raft_consensus.cc:3060] T b6d5fb71d39c4635b801d6f56ef05bdd P be883e66a2394d509bc907f7daf79e91 [term 0 FOLLOWER]: Advancing to term 1
I20260608 10:06:38.083630 25891 raft_consensus.cc:359] T 0d8ef2b0e26b4de2891075f878638783 P ecb28e07e8fe4b338b27688c3d37ab68 [term 0 FOLLOWER]: Replica starting. Triggering 0 pending ops. Active config: opid_index: -1 OBSOLETE_local: false peers { permanent_uuid: "be883e66a2394d509bc907f7daf79e91" member_type: VOTER last_known_addr { host: "127.22.26.65" port: 34235 } } peers { permanent_uuid: "ecb28e07e8fe4b338b27688c3d37ab68" member_type: VOTER last_known_addr { host: "127.22.26.66" port: 39755 } } peers { permanent_uuid: "bb3049cee27b4b21b5dc1cee7a273082" member_type: VOTER last_known_addr { host: "127.22.26.67" port: 45617 } }
I20260608 10:06:38.084538 25891 raft_consensus.cc:385] T 0d8ef2b0e26b4de2891075f878638783 P ecb28e07e8fe4b338b27688c3d37ab68 [term 0 FOLLOWER]: Consensus starting up: Expiring failure detector timer to make a prompt election more likely
I20260608 10:06:38.084856 25891 raft_consensus.cc:740] T 0d8ef2b0e26b4de2891075f878638783 P ecb28e07e8fe4b338b27688c3d37ab68 [term 0 FOLLOWER]: Becoming Follower/Learner. State: Replica: ecb28e07e8fe4b338b27688c3d37ab68, State: Initialized, Role: FOLLOWER
I20260608 10:06:38.085927 25891 consensus_queue.cc:260] T 0d8ef2b0e26b4de2891075f878638783 P ecb28e07e8fe4b338b27688c3d37ab68 [NON_LEADER]: Queue going to NON_LEADER mode. State: All replicated index: 0, Majority replicated index: 0, Committed index: 0, Last appended: 0.0, Last appended by leader: 0, Current term: 0, Majority size: -1, State: 0, Mode: NON_LEADER, active raft config: opid_index: -1 OBSOLETE_local: false peers { permanent_uuid: "be883e66a2394d509bc907f7daf79e91" member_type: VOTER last_known_addr { host: "127.22.26.65" port: 34235 } } peers { permanent_uuid: "ecb28e07e8fe4b338b27688c3d37ab68" member_type: VOTER last_known_addr { host: "127.22.26.66" port: 39755 } } peers { permanent_uuid: "bb3049cee27b4b21b5dc1cee7a273082" member_type: VOTER last_known_addr { host: "127.22.26.67" port: 45617 } }
I20260608 10:06:38.090835 25892 tablet_bootstrap.cc:654] T 0d8ef2b0e26b4de2891075f878638783 P bb3049cee27b4b21b5dc1cee7a273082: Neither blocks nor log segments found. Creating new log.
I20260608 10:06:38.095216 25891 ts_tablet_manager.cc:1434] T 0d8ef2b0e26b4de2891075f878638783 P ecb28e07e8fe4b338b27688c3d37ab68: Time spent starting tablet: real 0.015s	user 0.007s	sys 0.000s
I20260608 10:06:38.100800 25908 raft_consensus.cc:515] T b6d5fb71d39c4635b801d6f56ef05bdd P be883e66a2394d509bc907f7daf79e91 [term 1 FOLLOWER]: Starting leader election with config: opid_index: -1 OBSOLETE_local: false peers { permanent_uuid: "be883e66a2394d509bc907f7daf79e91" member_type: VOTER last_known_addr { host: "127.22.26.65" port: 34235 } } peers { permanent_uuid: "ecb28e07e8fe4b338b27688c3d37ab68" member_type: VOTER last_known_addr { host: "127.22.26.66" port: 39755 } } peers { permanent_uuid: "bb3049cee27b4b21b5dc1cee7a273082" member_type: VOTER last_known_addr { host: "127.22.26.67" port: 45617 } }
I20260608 10:06:38.102972 25890 tablet_bootstrap.cc:492] T cba5ab85087b4f23ad4ff7274283980e P be883e66a2394d509bc907f7daf79e91: No bootstrap required, opened a new log
I20260608 10:06:38.103609 25890 ts_tablet_manager.cc:1403] T cba5ab85087b4f23ad4ff7274283980e P be883e66a2394d509bc907f7daf79e91: Time spent bootstrapping tablet: real 0.042s	user 0.019s	sys 0.017s
I20260608 10:06:38.104373 25891 tablet_bootstrap.cc:492] T 270230dcea7f484facca36a4868d9079 P ecb28e07e8fe4b338b27688c3d37ab68: Bootstrap starting.
I20260608 10:06:38.107331 25771 tablet_service.cc:1917] Received RequestConsensusVote() RPC: tablet_id: "b6d5fb71d39c4635b801d6f56ef05bdd" candidate_uuid: "be883e66a2394d509bc907f7daf79e91" candidate_term: 1 candidate_status { last_received { term: 0 index: 0 } } ignore_live_leader: false dest_uuid: "ecb28e07e8fe4b338b27688c3d37ab68"
I20260608 10:06:38.107239 25890 raft_consensus.cc:359] T cba5ab85087b4f23ad4ff7274283980e P be883e66a2394d509bc907f7daf79e91 [term 0 FOLLOWER]: Replica starting. Triggering 0 pending ops. Active config: opid_index: -1 OBSOLETE_local: false peers { permanent_uuid: "ecb28e07e8fe4b338b27688c3d37ab68" member_type: VOTER last_known_addr { host: "127.22.26.66" port: 39755 } } peers { permanent_uuid: "be883e66a2394d509bc907f7daf79e91" member_type: VOTER last_known_addr { host: "127.22.26.65" port: 34235 } } peers { permanent_uuid: "bb3049cee27b4b21b5dc1cee7a273082" member_type: VOTER last_known_addr { host: "127.22.26.67" port: 45617 } }
I20260608 10:06:38.108264 25845 tablet_service.cc:1917] Received RequestConsensusVote() RPC: tablet_id: "b6d5fb71d39c4635b801d6f56ef05bdd" candidate_uuid: "be883e66a2394d509bc907f7daf79e91" candidate_term: 1 candidate_status { last_received { term: 0 index: 0 } } ignore_live_leader: false dest_uuid: "bb3049cee27b4b21b5dc1cee7a273082"
I20260608 10:06:38.109102 25845 raft_consensus.cc:3060] T b6d5fb71d39c4635b801d6f56ef05bdd P bb3049cee27b4b21b5dc1cee7a273082 [term 0 FOLLOWER]: Advancing to term 1
W20260608 10:06:38.109941 25662 leader_election.cc:343] T b6d5fb71d39c4635b801d6f56ef05bdd P be883e66a2394d509bc907f7daf79e91 [CANDIDATE]: Term 1 election: Tablet error from VoteRequest() call to peer ecb28e07e8fe4b338b27688c3d37ab68 (127.22.26.66:39755): Illegal state: must be running to vote when last-logged opid is not known
I20260608 10:06:38.108124 25890 raft_consensus.cc:385] T cba5ab85087b4f23ad4ff7274283980e P be883e66a2394d509bc907f7daf79e91 [term 0 FOLLOWER]: Consensus starting up: Expiring failure detector timer to make a prompt election more likely
I20260608 10:06:38.111699 25890 raft_consensus.cc:740] T cba5ab85087b4f23ad4ff7274283980e P be883e66a2394d509bc907f7daf79e91 [term 0 FOLLOWER]: Becoming Follower/Learner. State: Replica: be883e66a2394d509bc907f7daf79e91, State: Initialized, Role: FOLLOWER
I20260608 10:06:38.113076 25890 consensus_queue.cc:260] T cba5ab85087b4f23ad4ff7274283980e P be883e66a2394d509bc907f7daf79e91 [NON_LEADER]: Queue going to NON_LEADER mode. State: All replicated index: 0, Majority replicated index: 0, Committed index: 0, Last appended: 0.0, Last appended by leader: 0, Current term: 0, Majority size: -1, State: 0, Mode: NON_LEADER, active raft config: opid_index: -1 OBSOLETE_local: false peers { permanent_uuid: "ecb28e07e8fe4b338b27688c3d37ab68" member_type: VOTER last_known_addr { host: "127.22.26.66" port: 39755 } } peers { permanent_uuid: "be883e66a2394d509bc907f7daf79e91" member_type: VOTER last_known_addr { host: "127.22.26.65" port: 34235 } } peers { permanent_uuid: "bb3049cee27b4b21b5dc1cee7a273082" member_type: VOTER last_known_addr { host: "127.22.26.67" port: 45617 } }
I20260608 10:06:38.113689 25891 tablet_bootstrap.cc:654] T 270230dcea7f484facca36a4868d9079 P ecb28e07e8fe4b338b27688c3d37ab68: Neither blocks nor log segments found. Creating new log.
I20260608 10:06:38.115650 25892 tablet_bootstrap.cc:492] T 0d8ef2b0e26b4de2891075f878638783 P bb3049cee27b4b21b5dc1cee7a273082: No bootstrap required, opened a new log
I20260608 10:06:38.115813 25890 ts_tablet_manager.cc:1434] T cba5ab85087b4f23ad4ff7274283980e P be883e66a2394d509bc907f7daf79e91: Time spent starting tablet: real 0.012s	user 0.005s	sys 0.004s
I20260608 10:06:38.117061 25890 tablet_bootstrap.cc:492] T b6ffc7a6712749f099ead48a5cb46460 P be883e66a2394d509bc907f7daf79e91: Bootstrap starting.
I20260608 10:06:38.117010 25896 raft_consensus.cc:493] T b6ffc7a6712749f099ead48a5cb46460 P bb3049cee27b4b21b5dc1cee7a273082 [term 0 FOLLOWER]: Starting pre-election (no leader contacted us within the election timeout)
I20260608 10:06:38.117690 25896 raft_consensus.cc:515] T b6ffc7a6712749f099ead48a5cb46460 P bb3049cee27b4b21b5dc1cee7a273082 [term 0 FOLLOWER]: Starting pre-election with config: opid_index: -1 OBSOLETE_local: false peers { permanent_uuid: "ecb28e07e8fe4b338b27688c3d37ab68" member_type: VOTER last_known_addr { host: "127.22.26.66" port: 39755 } } peers { permanent_uuid: "be883e66a2394d509bc907f7daf79e91" member_type: VOTER last_known_addr { host: "127.22.26.65" port: 34235 } } peers { permanent_uuid: "bb3049cee27b4b21b5dc1cee7a273082" member_type: VOTER last_known_addr { host: "127.22.26.67" port: 45617 } }
I20260608 10:06:38.118456 25908 leader_election.cc:290] T b6d5fb71d39c4635b801d6f56ef05bdd P be883e66a2394d509bc907f7daf79e91 [CANDIDATE]: Term 1 election: Requested vote from peers ecb28e07e8fe4b338b27688c3d37ab68 (127.22.26.66:39755), bb3049cee27b4b21b5dc1cee7a273082 (127.22.26.67:45617)
I20260608 10:06:38.122709 25845 raft_consensus.cc:2468] T b6d5fb71d39c4635b801d6f56ef05bdd P bb3049cee27b4b21b5dc1cee7a273082 [term 1 FOLLOWER]: Leader election vote request: Granting yes vote for candidate be883e66a2394d509bc907f7daf79e91 in term 1.
I20260608 10:06:38.124478 25896 leader_election.cc:290] T b6ffc7a6712749f099ead48a5cb46460 P bb3049cee27b4b21b5dc1cee7a273082 [CANDIDATE]: Term 1 pre-election: Requested pre-vote from peers ecb28e07e8fe4b338b27688c3d37ab68 (127.22.26.66:39755), be883e66a2394d509bc907f7daf79e91 (127.22.26.65:34235)
I20260608 10:06:38.124473 25661 leader_election.cc:304] T b6d5fb71d39c4635b801d6f56ef05bdd P be883e66a2394d509bc907f7daf79e91 [CANDIDATE]: Term 1 election: Election decided. Result: candidate won. Election summary: received 3 responses out of 3 voters: 2 yes votes; 1 no votes. yes voters: bb3049cee27b4b21b5dc1cee7a273082, be883e66a2394d509bc907f7daf79e91; no voters: ecb28e07e8fe4b338b27688c3d37ab68
I20260608 10:06:38.125674 25890 tablet_bootstrap.cc:654] T b6ffc7a6712749f099ead48a5cb46460 P be883e66a2394d509bc907f7daf79e91: Neither blocks nor log segments found. Creating new log.
I20260608 10:06:38.128031 25908 raft_consensus.cc:2804] T b6d5fb71d39c4635b801d6f56ef05bdd P be883e66a2394d509bc907f7daf79e91 [term 1 FOLLOWER]: Leader election won for term 1
I20260608 10:06:38.128646 25908 raft_consensus.cc:697] T b6d5fb71d39c4635b801d6f56ef05bdd P be883e66a2394d509bc907f7daf79e91 [term 1 LEADER]: Becoming Leader. State: Replica: be883e66a2394d509bc907f7daf79e91, State: Running, Role: LEADER
I20260608 10:06:38.129698 25908 consensus_queue.cc:237] T b6d5fb71d39c4635b801d6f56ef05bdd P be883e66a2394d509bc907f7daf79e91 [LEADER]: Queue going to LEADER mode. State: All replicated index: 0, Majority replicated index: 0, Committed index: 0, Last appended: 0.0, Last appended by leader: 0, Current term: 1, Majority size: 2, State: 0, Mode: LEADER, active raft config: opid_index: -1 OBSOLETE_local: false peers { permanent_uuid: "be883e66a2394d509bc907f7daf79e91" member_type: VOTER last_known_addr { host: "127.22.26.65" port: 34235 } } peers { permanent_uuid: "ecb28e07e8fe4b338b27688c3d37ab68" member_type: VOTER last_known_addr { host: "127.22.26.66" port: 39755 } } peers { permanent_uuid: "bb3049cee27b4b21b5dc1cee7a273082" member_type: VOTER last_known_addr { host: "127.22.26.67" port: 45617 } }
I20260608 10:06:38.116298 25892 ts_tablet_manager.cc:1403] T 0d8ef2b0e26b4de2891075f878638783 P bb3049cee27b4b21b5dc1cee7a273082: Time spent bootstrapping tablet: real 0.052s	user 0.018s	sys 0.004s
I20260608 10:06:38.149319 25910 raft_consensus.cc:493] T cba5ab85087b4f23ad4ff7274283980e P be883e66a2394d509bc907f7daf79e91 [term 0 FOLLOWER]: Starting pre-election (no leader contacted us within the election timeout)
I20260608 10:06:38.150440 25910 raft_consensus.cc:515] T cba5ab85087b4f23ad4ff7274283980e P be883e66a2394d509bc907f7daf79e91 [term 0 FOLLOWER]: Starting pre-election with config: opid_index: -1 OBSOLETE_local: false peers { permanent_uuid: "ecb28e07e8fe4b338b27688c3d37ab68" member_type: VOTER last_known_addr { host: "127.22.26.66" port: 39755 } } peers { permanent_uuid: "be883e66a2394d509bc907f7daf79e91" member_type: VOTER last_known_addr { host: "127.22.26.65" port: 34235 } } peers { permanent_uuid: "bb3049cee27b4b21b5dc1cee7a273082" member_type: VOTER last_known_addr { host: "127.22.26.67" port: 45617 } }
I20260608 10:06:38.152746 25892 raft_consensus.cc:359] T 0d8ef2b0e26b4de2891075f878638783 P bb3049cee27b4b21b5dc1cee7a273082 [term 0 FOLLOWER]: Replica starting. Triggering 0 pending ops. Active config: opid_index: -1 OBSOLETE_local: false peers { permanent_uuid: "be883e66a2394d509bc907f7daf79e91" member_type: VOTER last_known_addr { host: "127.22.26.65" port: 34235 } } peers { permanent_uuid: "ecb28e07e8fe4b338b27688c3d37ab68" member_type: VOTER last_known_addr { host: "127.22.26.66" port: 39755 } } peers { permanent_uuid: "bb3049cee27b4b21b5dc1cee7a273082" member_type: VOTER last_known_addr { host: "127.22.26.67" port: 45617 } }
I20260608 10:06:38.153952 25892 raft_consensus.cc:385] T 0d8ef2b0e26b4de2891075f878638783 P bb3049cee27b4b21b5dc1cee7a273082 [term 0 FOLLOWER]: Consensus starting up: Expiring failure detector timer to make a prompt election more likely
I20260608 10:06:38.154378 25892 raft_consensus.cc:740] T 0d8ef2b0e26b4de2891075f878638783 P bb3049cee27b4b21b5dc1cee7a273082 [term 0 FOLLOWER]: Becoming Follower/Learner. State: Replica: bb3049cee27b4b21b5dc1cee7a273082, State: Initialized, Role: FOLLOWER
I20260608 10:06:38.155689 25771 tablet_service.cc:1917] Received RequestConsensusVote() RPC: tablet_id: "cba5ab85087b4f23ad4ff7274283980e" candidate_uuid: "be883e66a2394d509bc907f7daf79e91" candidate_term: 1 candidate_status { last_received { term: 0 index: 0 } } ignore_live_leader: false dest_uuid: "ecb28e07e8fe4b338b27688c3d37ab68" is_pre_election: true
W20260608 10:06:38.158303 25662 leader_election.cc:343] T cba5ab85087b4f23ad4ff7274283980e P be883e66a2394d509bc907f7daf79e91 [CANDIDATE]: Term 1 pre-election: Tablet error from VoteRequest() call to peer ecb28e07e8fe4b338b27688c3d37ab68 (127.22.26.66:39755): Illegal state: must be running to vote when last-logged opid is not known
I20260608 10:06:38.161041 25910 leader_election.cc:290] T cba5ab85087b4f23ad4ff7274283980e P be883e66a2394d509bc907f7daf79e91 [CANDIDATE]: Term 1 pre-election: Requested pre-vote from peers ecb28e07e8fe4b338b27688c3d37ab68 (127.22.26.66:39755), bb3049cee27b4b21b5dc1cee7a273082 (127.22.26.67:45617)
I20260608 10:06:38.162041 25845 tablet_service.cc:1917] Received RequestConsensusVote() RPC: tablet_id: "cba5ab85087b4f23ad4ff7274283980e" candidate_uuid: "be883e66a2394d509bc907f7daf79e91" candidate_term: 1 candidate_status { last_received { term: 0 index: 0 } } ignore_live_leader: false dest_uuid: "bb3049cee27b4b21b5dc1cee7a273082" is_pre_election: true
W20260608 10:06:38.164325 25661 leader_election.cc:343] T cba5ab85087b4f23ad4ff7274283980e P be883e66a2394d509bc907f7daf79e91 [CANDIDATE]: Term 1 pre-election: Tablet error from VoteRequest() call to peer bb3049cee27b4b21b5dc1cee7a273082 (127.22.26.67:45617): Illegal state: must be running to vote when last-logged opid is not known
I20260608 10:06:38.164871 25661 leader_election.cc:304] T cba5ab85087b4f23ad4ff7274283980e P be883e66a2394d509bc907f7daf79e91 [CANDIDATE]: Term 1 pre-election: Election decided. Result: candidate lost. Election summary: received 3 responses out of 3 voters: 1 yes votes; 2 no votes. yes voters: be883e66a2394d509bc907f7daf79e91; no voters: bb3049cee27b4b21b5dc1cee7a273082, ecb28e07e8fe4b338b27688c3d37ab68
I20260608 10:06:38.165177 25892 consensus_queue.cc:260] T 0d8ef2b0e26b4de2891075f878638783 P bb3049cee27b4b21b5dc1cee7a273082 [NON_LEADER]: Queue going to NON_LEADER mode. State: All replicated index: 0, Majority replicated index: 0, Committed index: 0, Last appended: 0.0, Last appended by leader: 0, Current term: 0, Majority size: -1, State: 0, Mode: NON_LEADER, active raft config: opid_index: -1 OBSOLETE_local: false peers { permanent_uuid: "be883e66a2394d509bc907f7daf79e91" member_type: VOTER last_known_addr { host: "127.22.26.65" port: 34235 } } peers { permanent_uuid: "ecb28e07e8fe4b338b27688c3d37ab68" member_type: VOTER last_known_addr { host: "127.22.26.66" port: 39755 } } peers { permanent_uuid: "bb3049cee27b4b21b5dc1cee7a273082" member_type: VOTER last_known_addr { host: "127.22.26.67" port: 45617 } }
I20260608 10:06:38.166337 25910 raft_consensus.cc:2749] T cba5ab85087b4f23ad4ff7274283980e P be883e66a2394d509bc907f7daf79e91 [term 0 FOLLOWER]: Leader pre-election lost for term 1. Reason: could not achieve majority
I20260608 10:06:38.172139 25891 tablet_bootstrap.cc:492] T 270230dcea7f484facca36a4868d9079 P ecb28e07e8fe4b338b27688c3d37ab68: No bootstrap required, opened a new log
I20260608 10:06:38.172915 25891 ts_tablet_manager.cc:1403] T 270230dcea7f484facca36a4868d9079 P ecb28e07e8fe4b338b27688c3d37ab68: Time spent bootstrapping tablet: real 0.069s	user 0.024s	sys 0.026s
I20260608 10:06:38.176777 25892 ts_tablet_manager.cc:1434] T 0d8ef2b0e26b4de2891075f878638783 P bb3049cee27b4b21b5dc1cee7a273082: Time spent starting tablet: real 0.040s	user 0.011s	sys 0.000s
I20260608 10:06:38.178112 25892 tablet_bootstrap.cc:492] T 270230dcea7f484facca36a4868d9079 P bb3049cee27b4b21b5dc1cee7a273082: Bootstrap starting.
I20260608 10:06:38.177959 25910 raft_consensus.cc:493] T 270230dcea7f484facca36a4868d9079 P be883e66a2394d509bc907f7daf79e91 [term 0 FOLLOWER]: Starting pre-election (no leader contacted us within the election timeout)
I20260608 10:06:38.178725 25910 raft_consensus.cc:515] T 270230dcea7f484facca36a4868d9079 P be883e66a2394d509bc907f7daf79e91 [term 0 FOLLOWER]: Starting pre-election with config: opid_index: -1 OBSOLETE_local: false peers { permanent_uuid: "be883e66a2394d509bc907f7daf79e91" member_type: VOTER last_known_addr { host: "127.22.26.65" port: 34235 } } peers { permanent_uuid: "ecb28e07e8fe4b338b27688c3d37ab68" member_type: VOTER last_known_addr { host: "127.22.26.66" port: 39755 } } peers { permanent_uuid: "bb3049cee27b4b21b5dc1cee7a273082" member_type: VOTER last_known_addr { host: "127.22.26.67" port: 45617 } }
I20260608 10:06:38.181476 25890 tablet_bootstrap.cc:492] T b6ffc7a6712749f099ead48a5cb46460 P be883e66a2394d509bc907f7daf79e91: No bootstrap required, opened a new log
I20260608 10:06:38.182123 25890 ts_tablet_manager.cc:1403] T b6ffc7a6712749f099ead48a5cb46460 P be883e66a2394d509bc907f7daf79e91: Time spent bootstrapping tablet: real 0.065s	user 0.025s	sys 0.033s
I20260608 10:06:38.182502 25910 leader_election.cc:290] T 270230dcea7f484facca36a4868d9079 P be883e66a2394d509bc907f7daf79e91 [CANDIDATE]: Term 1 pre-election: Requested pre-vote from peers ecb28e07e8fe4b338b27688c3d37ab68 (127.22.26.66:39755), bb3049cee27b4b21b5dc1cee7a273082 (127.22.26.67:45617)
I20260608 10:06:38.184055 25845 tablet_service.cc:1917] Received RequestConsensusVote() RPC: tablet_id: "270230dcea7f484facca36a4868d9079" candidate_uuid: "be883e66a2394d509bc907f7daf79e91" candidate_term: 1 candidate_status { last_received { term: 0 index: 0 } } ignore_live_leader: false dest_uuid: "bb3049cee27b4b21b5dc1cee7a273082" is_pre_election: true
I20260608 10:06:38.184055 25771 tablet_service.cc:1917] Received RequestConsensusVote() RPC: tablet_id: "270230dcea7f484facca36a4868d9079" candidate_uuid: "be883e66a2394d509bc907f7daf79e91" candidate_term: 1 candidate_status { last_received { term: 0 index: 0 } } ignore_live_leader: false dest_uuid: "ecb28e07e8fe4b338b27688c3d37ab68" is_pre_election: true
I20260608 10:06:38.178700 25593 catalog_manager.cc:5696] T b6d5fb71d39c4635b801d6f56ef05bdd P be883e66a2394d509bc907f7daf79e91 reported cstate change: term changed from 0 to 1, leader changed from <none> to be883e66a2394d509bc907f7daf79e91 (127.22.26.65). New cstate: current_term: 1 leader_uuid: "be883e66a2394d509bc907f7daf79e91" committed_config { opid_index: -1 OBSOLETE_local: false peers { permanent_uuid: "be883e66a2394d509bc907f7daf79e91" member_type: VOTER last_known_addr { host: "127.22.26.65" port: 34235 } health_report { overall_health: HEALTHY } } peers { permanent_uuid: "ecb28e07e8fe4b338b27688c3d37ab68" member_type: VOTER last_known_addr { host: "127.22.26.66" port: 39755 } health_report { overall_health: UNKNOWN } } peers { permanent_uuid: "bb3049cee27b4b21b5dc1cee7a273082" member_type: VOTER last_known_addr { host: "127.22.26.67" port: 45617 } health_report { overall_health: UNKNOWN } } }
W20260608 10:06:38.187039 25662 leader_election.cc:343] T 270230dcea7f484facca36a4868d9079 P be883e66a2394d509bc907f7daf79e91 [CANDIDATE]: Term 1 pre-election: Tablet error from VoteRequest() call to peer ecb28e07e8fe4b338b27688c3d37ab68 (127.22.26.66:39755): Illegal state: must be running to vote when last-logged opid is not known
I20260608 10:06:38.187053 25890 raft_consensus.cc:359] T b6ffc7a6712749f099ead48a5cb46460 P be883e66a2394d509bc907f7daf79e91 [term 0 FOLLOWER]: Replica starting. Triggering 0 pending ops. Active config: opid_index: -1 OBSOLETE_local: false peers { permanent_uuid: "ecb28e07e8fe4b338b27688c3d37ab68" member_type: VOTER last_known_addr { host: "127.22.26.66" port: 39755 } } peers { permanent_uuid: "be883e66a2394d509bc907f7daf79e91" member_type: VOTER last_known_addr { host: "127.22.26.65" port: 34235 } } peers { permanent_uuid: "bb3049cee27b4b21b5dc1cee7a273082" member_type: VOTER last_known_addr { host: "127.22.26.67" port: 45617 } }
I20260608 10:06:38.188333 25890 raft_consensus.cc:385] T b6ffc7a6712749f099ead48a5cb46460 P be883e66a2394d509bc907f7daf79e91 [term 0 FOLLOWER]: Consensus starting up: Expiring failure detector timer to make a prompt election more likely
W20260608 10:06:38.188714 25661 leader_election.cc:343] T 270230dcea7f484facca36a4868d9079 P be883e66a2394d509bc907f7daf79e91 [CANDIDATE]: Term 1 pre-election: Tablet error from VoteRequest() call to peer bb3049cee27b4b21b5dc1cee7a273082 (127.22.26.67:45617): Illegal state: must be running to vote when last-logged opid is not known
I20260608 10:06:38.188746 25890 raft_consensus.cc:740] T b6ffc7a6712749f099ead48a5cb46460 P be883e66a2394d509bc907f7daf79e91 [term 0 FOLLOWER]: Becoming Follower/Learner. State: Replica: be883e66a2394d509bc907f7daf79e91, State: Initialized, Role: FOLLOWER
I20260608 10:06:38.189654 25661 leader_election.cc:304] T 270230dcea7f484facca36a4868d9079 P be883e66a2394d509bc907f7daf79e91 [CANDIDATE]: Term 1 pre-election: Election decided. Result: candidate lost. Election summary: received 3 responses out of 3 voters: 1 yes votes; 2 no votes. yes voters: be883e66a2394d509bc907f7daf79e91; no voters: bb3049cee27b4b21b5dc1cee7a273082, ecb28e07e8fe4b338b27688c3d37ab68
I20260608 10:06:38.190552 25910 raft_consensus.cc:2749] T 270230dcea7f484facca36a4868d9079 P be883e66a2394d509bc907f7daf79e91 [term 0 FOLLOWER]: Leader pre-election lost for term 1. Reason: could not achieve majority
I20260608 10:06:38.191442 25890 consensus_queue.cc:260] T b6ffc7a6712749f099ead48a5cb46460 P be883e66a2394d509bc907f7daf79e91 [NON_LEADER]: Queue going to NON_LEADER mode. State: All replicated index: 0, Majority replicated index: 0, Committed index: 0, Last appended: 0.0, Last appended by leader: 0, Current term: 0, Majority size: -1, State: 0, Mode: NON_LEADER, active raft config: opid_index: -1 OBSOLETE_local: false peers { permanent_uuid: "ecb28e07e8fe4b338b27688c3d37ab68" member_type: VOTER last_known_addr { host: "127.22.26.66" port: 39755 } } peers { permanent_uuid: "be883e66a2394d509bc907f7daf79e91" member_type: VOTER last_known_addr { host: "127.22.26.65" port: 34235 } } peers { permanent_uuid: "bb3049cee27b4b21b5dc1cee7a273082" member_type: VOTER last_known_addr { host: "127.22.26.67" port: 45617 } }
I20260608 10:06:38.189356 25891 raft_consensus.cc:359] T 270230dcea7f484facca36a4868d9079 P ecb28e07e8fe4b338b27688c3d37ab68 [term 0 FOLLOWER]: Replica starting. Triggering 0 pending ops. Active config: opid_index: -1 OBSOLETE_local: false peers { permanent_uuid: "be883e66a2394d509bc907f7daf79e91" member_type: VOTER last_known_addr { host: "127.22.26.65" port: 34235 } } peers { permanent_uuid: "ecb28e07e8fe4b338b27688c3d37ab68" member_type: VOTER last_known_addr { host: "127.22.26.66" port: 39755 } } peers { permanent_uuid: "bb3049cee27b4b21b5dc1cee7a273082" member_type: VOTER last_known_addr { host: "127.22.26.67" port: 45617 } }
I20260608 10:06:38.193528 25891 raft_consensus.cc:385] T 270230dcea7f484facca36a4868d9079 P ecb28e07e8fe4b338b27688c3d37ab68 [term 0 FOLLOWER]: Consensus starting up: Expiring failure detector timer to make a prompt election more likely
I20260608 10:06:38.194190 25891 raft_consensus.cc:740] T 270230dcea7f484facca36a4868d9079 P ecb28e07e8fe4b338b27688c3d37ab68 [term 0 FOLLOWER]: Becoming Follower/Learner. State: Replica: ecb28e07e8fe4b338b27688c3d37ab68, State: Initialized, Role: FOLLOWER
I20260608 10:06:38.194800 25890 ts_tablet_manager.cc:1434] T b6ffc7a6712749f099ead48a5cb46460 P be883e66a2394d509bc907f7daf79e91: Time spent starting tablet: real 0.011s	user 0.005s	sys 0.004s
I20260608 10:06:38.195268 25891 consensus_queue.cc:260] T 270230dcea7f484facca36a4868d9079 P ecb28e07e8fe4b338b27688c3d37ab68 [NON_LEADER]: Queue going to NON_LEADER mode. State: All replicated index: 0, Majority replicated index: 0, Committed index: 0, Last appended: 0.0, Last appended by leader: 0, Current term: 0, Majority size: -1, State: 0, Mode: NON_LEADER, active raft config: opid_index: -1 OBSOLETE_local: false peers { permanent_uuid: "be883e66a2394d509bc907f7daf79e91" member_type: VOTER last_known_addr { host: "127.22.26.65" port: 34235 } } peers { permanent_uuid: "ecb28e07e8fe4b338b27688c3d37ab68" member_type: VOTER last_known_addr { host: "127.22.26.66" port: 39755 } } peers { permanent_uuid: "bb3049cee27b4b21b5dc1cee7a273082" member_type: VOTER last_known_addr { host: "127.22.26.67" port: 45617 } }
I20260608 10:06:38.196233 25890 tablet_bootstrap.cc:492] T 0d8ef2b0e26b4de2891075f878638783 P be883e66a2394d509bc907f7daf79e91: Bootstrap starting.
I20260608 10:06:38.198463 25896 raft_consensus.cc:493] T fe53b74a57a54776b80eb126085960e9 P bb3049cee27b4b21b5dc1cee7a273082 [term 0 FOLLOWER]: Starting pre-election (no leader contacted us within the election timeout)
I20260608 10:06:38.199085 25896 raft_consensus.cc:515] T fe53b74a57a54776b80eb126085960e9 P bb3049cee27b4b21b5dc1cee7a273082 [term 0 FOLLOWER]: Starting pre-election with config: opid_index: -1 OBSOLETE_local: false peers { permanent_uuid: "ecb28e07e8fe4b338b27688c3d37ab68" member_type: VOTER last_known_addr { host: "127.22.26.66" port: 39755 } } peers { permanent_uuid: "be883e66a2394d509bc907f7daf79e91" member_type: VOTER last_known_addr { host: "127.22.26.65" port: 34235 } } peers { permanent_uuid: "bb3049cee27b4b21b5dc1cee7a273082" member_type: VOTER last_known_addr { host: "127.22.26.67" port: 45617 } }
I20260608 10:06:38.201568 25891 ts_tablet_manager.cc:1434] T 270230dcea7f484facca36a4868d9079 P ecb28e07e8fe4b338b27688c3d37ab68: Time spent starting tablet: real 0.028s	user 0.004s	sys 0.003s
I20260608 10:06:38.203136 25891 tablet_bootstrap.cc:492] T b6d5fb71d39c4635b801d6f56ef05bdd P ecb28e07e8fe4b338b27688c3d37ab68: Bootstrap starting.
I20260608 10:06:38.202996 25695 tablet_service.cc:1917] Received RequestConsensusVote() RPC: tablet_id: "fe53b74a57a54776b80eb126085960e9" candidate_uuid: "bb3049cee27b4b21b5dc1cee7a273082" candidate_term: 1 candidate_status { last_received { term: 0 index: 0 } } ignore_live_leader: false dest_uuid: "be883e66a2394d509bc907f7daf79e91" is_pre_election: true
I20260608 10:06:38.203884 25695 raft_consensus.cc:2468] T fe53b74a57a54776b80eb126085960e9 P be883e66a2394d509bc907f7daf79e91 [term 0 FOLLOWER]: Leader pre-election vote request: Granting yes vote for candidate bb3049cee27b4b21b5dc1cee7a273082 in term 0.
I20260608 10:06:38.205180 25890 tablet_bootstrap.cc:654] T 0d8ef2b0e26b4de2891075f878638783 P be883e66a2394d509bc907f7daf79e91: Neither blocks nor log segments found. Creating new log.
I20260608 10:06:38.205802 25809 leader_election.cc:304] T fe53b74a57a54776b80eb126085960e9 P bb3049cee27b4b21b5dc1cee7a273082 [CANDIDATE]: Term 1 pre-election: Election decided. Result: candidate won. Election summary: received 2 responses out of 3 voters: 2 yes votes; 0 no votes. yes voters: bb3049cee27b4b21b5dc1cee7a273082, be883e66a2394d509bc907f7daf79e91; no voters: 
I20260608 10:06:38.193526 25696 tablet_service.cc:1917] Received RequestConsensusVote() RPC: tablet_id: "b6ffc7a6712749f099ead48a5cb46460" candidate_uuid: "bb3049cee27b4b21b5dc1cee7a273082" candidate_term: 1 candidate_status { last_received { term: 0 index: 0 } } ignore_live_leader: false dest_uuid: "be883e66a2394d509bc907f7daf79e91" is_pre_election: true
I20260608 10:06:38.206969 25896 leader_election.cc:290] T fe53b74a57a54776b80eb126085960e9 P bb3049cee27b4b21b5dc1cee7a273082 [CANDIDATE]: Term 1 pre-election: Requested pre-vote from peers ecb28e07e8fe4b338b27688c3d37ab68 (127.22.26.66:39755), be883e66a2394d509bc907f7daf79e91 (127.22.26.65:34235)
