[==========] Running 24 tests from 2 test suites.
[----------] Global test environment set-up.
[----------] 22 tests from AutoRebalancerTest
[ RUN      ] AutoRebalancerTest.OnlyLeaderDoesAutoRebalancing
WARNING: Logging before InitGoogleLogging() is written to STDERR
I20260608 10:05:04.051834 28009 internal_mini_cluster.cc:156] Creating distributed mini masters. Addrs: 127.27.90.126:39593,127.27.90.125:38537,127.27.90.124:45977
I20260608 10:05:04.053737 28009 env_posix.cc:2267] Not raising this process' open files per process limit of 1048576; it is already as high as it can go
I20260608 10:05:04.054785 28009 file_cache.cc:492] Constructed file cache file cache with capacity 419430
W20260608 10:05:04.071449 28016 instance_detector.cc:116] could not retrieve Azure instance metadata: Network error: curl error: HTTP response code said error: The requested URL returned error: 404
W20260608 10:05:04.072438 28018 instance_detector.cc:116] could not retrieve OpenStack instance metadata: Network error: curl error: HTTP response code said error: The requested URL returned error: 404
I20260608 10:05:04.074561 28009 server_base.cc:1061] running on GCE node
W20260608 10:05:04.073040 28015 instance_detector.cc:116] could not retrieve AWS instance metadata: Network error: curl error: HTTP response code said error: The requested URL returned error: 404
I20260608 10:05:05.235102 28009 hybrid_clock.cc:584] initializing the hybrid clock with 'system_unsync' time source
W20260608 10:05:05.235332 28009 system_unsync_time.cc:38] NTP support is disabled. Clock error bounds will not be accurate. This configuration is not suitable for distributed clusters.
I20260608 10:05:05.235486 28009 hybrid_clock.cc:648] HybridClock initialized: now 1780913105235469 us; error 0 us; skew 500 ppm
I20260608 10:05:05.236356 28009 server_base.cc:861] Flag tcmalloc_max_total_thread_cache_bytes is not working since tcmalloc is not enabled.
I20260608 10:05:05.241578 28009 webserver.cc:533] Webserver started at http://127.27.90.126:35263/ using document root <none> and password file <none>
I20260608 10:05:05.242385 28009 fs_manager.cc:362] Metadata directory not provided
I20260608 10:05:05.242573 28009 fs_manager.cc:368] Using write-ahead log directory (fs_wal_dir) as metadata directory
I20260608 10:05:05.242985 28009 server_base.cc:909] This appears to be a new deployment of Kudu; creating new FS layout
I20260608 10:05:05.248576 28009 fs_manager.cc:1068] Generated new instance metadata in path /tmp/dist-test-task1ojrAU/test-tmp/auto_rebalancer-test.0.AutoRebalancerTest.OnlyLeaderDoesAutoRebalancing.1780913103887148-28009-0/minicluster-data/master-0-root/instance:
uuid: "493d6346aa3a4b25aebdfc6ccfb754e3"
format_stamp: "Formatted at 2026-06-08 10:05:05 on dist-test-slave-4k25"
I20260608 10:05:05.256233 28009 fs_manager.cc:696] Time spent creating directory manager: real 0.007s	user 0.006s	sys 0.000s
I20260608 10:05:05.261312 28024 log_block_manager.cc:4031] Time spent loading block containers with low live blocks: real 0.000s	user 0.000s	sys 0.000s
I20260608 10:05:05.262554 28009 fs_manager.cc:730] Time spent opening block manager: real 0.004s	user 0.004s	sys 0.000s
I20260608 10:05:05.262851 28009 fs_manager.cc:647] Opened local filesystem: /tmp/dist-test-task1ojrAU/test-tmp/auto_rebalancer-test.0.AutoRebalancerTest.OnlyLeaderDoesAutoRebalancing.1780913103887148-28009-0/minicluster-data/master-0-root
uuid: "493d6346aa3a4b25aebdfc6ccfb754e3"
format_stamp: "Formatted at 2026-06-08 10:05:05 on dist-test-slave-4k25"
I20260608 10:05:05.263142 28009 fs_report.cc:389] FS layout report
--------------------
wal directory: /tmp/dist-test-task1ojrAU/test-tmp/auto_rebalancer-test.0.AutoRebalancerTest.OnlyLeaderDoesAutoRebalancing.1780913103887148-28009-0/minicluster-data/master-0-root
metadata directory: /tmp/dist-test-task1ojrAU/test-tmp/auto_rebalancer-test.0.AutoRebalancerTest.OnlyLeaderDoesAutoRebalancing.1780913103887148-28009-0/minicluster-data/master-0-root
1 data directories: /tmp/dist-test-task1ojrAU/test-tmp/auto_rebalancer-test.0.AutoRebalancerTest.OnlyLeaderDoesAutoRebalancing.1780913103887148-28009-0/minicluster-data/master-0-root/data
Total live blocks: 0
Total live bytes: 0
Total live bytes (after alignment): 0
Total number of LBM containers: 0 (0 full)
Did not check for missing blocks
Did not check for orphaned blocks
Total full LBM containers with extra space: 0 (0 repaired)
Total full LBM container extra space in bytes: 0 (0 repaired)
Total incomplete LBM containers: 0 (0 repaired)
Total LBM partial records: 0 (0 repaired)
Total corrupted LBM metadata records in RocksDB: 0 (0 repaired)
I20260608 10:05:05.328660 28009 rpc_server.cc:225] running with OpenSSL 1.1.1  11 Sep 2018
I20260608 10:05:05.330235 28009 env_posix.cc:2267] Not raising this process' running threads per effective uid limit of 18446744073709551615; it is already as high as it can go
I20260608 10:05:05.330682 28009 kserver.cc:163] Server-wide thread pool size limit: 3276
I20260608 10:05:05.402789 28009 rpc_server.cc:307] RPC server started. Bound to: 127.27.90.126:39593
I20260608 10:05:05.402904 28075 acceptor_pool.cc:272] collecting diagnostics on the listening RPC socket 127.27.90.126:39593 every 8 connection(s)
I20260608 10:05:05.409345 28009 file_cache.cc:492] Constructed file cache file cache with capacity 419430
I20260608 10:05:05.411203 28076 data_dirs.cc:400] Could only allocate 1 dirs of requested 3 for tablet 00000000000000000000000000000000. 1 dirs total, 0 dirs full, 0 dirs failed
W20260608 10:05:05.416131 28078 instance_detector.cc:116] could not retrieve AWS instance metadata: Network error: curl error: HTTP response code said error: The requested URL returned error: 404
W20260608 10:05:05.417347 28079 instance_detector.cc:116] could not retrieve Azure instance metadata: Network error: curl error: HTTP response code said error: The requested URL returned error: 404
W20260608 10:05:05.421365 28081 instance_detector.cc:116] could not retrieve OpenStack instance metadata: Network error: curl error: HTTP response code said error: The requested URL returned error: 404
I20260608 10:05:05.426072 28009 server_base.cc:1061] running on GCE node
I20260608 10:05:05.426865 28009 hybrid_clock.cc:584] initializing the hybrid clock with 'system_unsync' time source
W20260608 10:05:05.427042 28009 system_unsync_time.cc:38] NTP support is disabled. Clock error bounds will not be accurate. This configuration is not suitable for distributed clusters.
I20260608 10:05:05.427274 28009 hybrid_clock.cc:648] HybridClock initialized: now 1780913105427234 us; error 0 us; skew 500 ppm
I20260608 10:05:05.427924 28009 server_base.cc:861] Flag tcmalloc_max_total_thread_cache_bytes is not working since tcmalloc is not enabled.
I20260608 10:05:05.431932 28009 webserver.cc:533] Webserver started at http://127.27.90.125:34043/ using document root <none> and password file <none>
I20260608 10:05:05.432509 28009 fs_manager.cc:362] Metadata directory not provided
I20260608 10:05:05.432741 28009 fs_manager.cc:368] Using write-ahead log directory (fs_wal_dir) as metadata directory
I20260608 10:05:05.433058 28009 server_base.cc:909] This appears to be a new deployment of Kudu; creating new FS layout
I20260608 10:05:05.432003 28076 sys_catalog.cc:422] member_type: VOTER last_known_addr { host: "127.27.90.126" port: 39593 } has no permanent_uuid. Determining permanent_uuid...
I20260608 10:05:05.434129 28009 fs_manager.cc:1068] Generated new instance metadata in path /tmp/dist-test-task1ojrAU/test-tmp/auto_rebalancer-test.0.AutoRebalancerTest.OnlyLeaderDoesAutoRebalancing.1780913103887148-28009-0/minicluster-data/master-1-root/instance:
uuid: "00f26b315af14611bb08c74bdf81c111"
format_stamp: "Formatted at 2026-06-08 10:05:05 on dist-test-slave-4k25"
I20260608 10:05:05.442054 28009 fs_manager.cc:696] Time spent creating directory manager: real 0.007s	user 0.008s	sys 0.000s
I20260608 10:05:05.448001 28088 log_block_manager.cc:4031] Time spent loading block containers with low live blocks: real 0.000s	user 0.000s	sys 0.000s
I20260608 10:05:05.449085 28009 fs_manager.cc:730] Time spent opening block manager: real 0.004s	user 0.002s	sys 0.000s
I20260608 10:05:05.449461 28009 fs_manager.cc:647] Opened local filesystem: /tmp/dist-test-task1ojrAU/test-tmp/auto_rebalancer-test.0.AutoRebalancerTest.OnlyLeaderDoesAutoRebalancing.1780913103887148-28009-0/minicluster-data/master-1-root
uuid: "00f26b315af14611bb08c74bdf81c111"
format_stamp: "Formatted at 2026-06-08 10:05:05 on dist-test-slave-4k25"
I20260608 10:05:05.449862 28009 fs_report.cc:389] FS layout report
--------------------
wal directory: /tmp/dist-test-task1ojrAU/test-tmp/auto_rebalancer-test.0.AutoRebalancerTest.OnlyLeaderDoesAutoRebalancing.1780913103887148-28009-0/minicluster-data/master-1-root
metadata directory: /tmp/dist-test-task1ojrAU/test-tmp/auto_rebalancer-test.0.AutoRebalancerTest.OnlyLeaderDoesAutoRebalancing.1780913103887148-28009-0/minicluster-data/master-1-root
1 data directories: /tmp/dist-test-task1ojrAU/test-tmp/auto_rebalancer-test.0.AutoRebalancerTest.OnlyLeaderDoesAutoRebalancing.1780913103887148-28009-0/minicluster-data/master-1-root/data
Total live blocks: 0
Total live bytes: 0
Total live bytes (after alignment): 0
Total number of LBM containers: 0 (0 full)
Did not check for missing blocks
Did not check for orphaned blocks
Total full LBM containers with extra space: 0 (0 repaired)
Total full LBM container extra space in bytes: 0 (0 repaired)
Total incomplete LBM containers: 0 (0 repaired)
Total LBM partial records: 0 (0 repaired)
Total corrupted LBM metadata records in RocksDB: 0 (0 repaired)
I20260608 10:05:05.465364 28076 sys_catalog.cc:422] member_type: VOTER last_known_addr { host: "127.27.90.125" port: 38537 } has no permanent_uuid. Determining permanent_uuid...
W20260608 10:05:05.467674 28025 proxy.cc:239] Call had error, refreshing address and retrying: Network error: Client connection negotiation failed: client connection to 127.27.90.125:38537: connect: Connection refused (error 111)
W20260608 10:05:05.471711 28076 consensus_peers.cc:760] Error getting permanent uuid from config peer 127.27.90.125:38537: Network error: Client connection negotiation failed: client connection to 127.27.90.125:38537: connect: Connection refused (error 111)
I20260608 10:05:05.477208 28009 rpc_server.cc:225] running with OpenSSL 1.1.1  11 Sep 2018
I20260608 10:05:05.478407 28009 kserver.cc:163] Server-wide thread pool size limit: 3276
I20260608 10:05:05.521459 28076 consensus_peers.cc:770] Retrying to get permanent uuid for remote peer: member_type: VOTER last_known_addr { host: "127.27.90.125" port: 38537 } attempt: 1
W20260608 10:05:05.527827 28076 consensus_peers.cc:760] Error getting permanent uuid from config peer 127.27.90.125:38537: Network error: Client connection negotiation failed: client connection to 127.27.90.125:38537: connect: Connection refused (error 111)
I20260608 10:05:05.547338 28009 rpc_server.cc:307] RPC server started. Bound to: 127.27.90.125:38537
I20260608 10:05:05.547573 28140 acceptor_pool.cc:272] collecting diagnostics on the listening RPC socket 127.27.90.125:38537 every 8 connection(s)
I20260608 10:05:05.552942 28009 file_cache.cc:492] Constructed file cache file cache with capacity 419430
I20260608 10:05:05.552982 28141 data_dirs.cc:400] Could only allocate 1 dirs of requested 3 for tablet 00000000000000000000000000000000. 1 dirs total, 0 dirs full, 0 dirs failed
W20260608 10:05:05.559729 28143 instance_detector.cc:116] could not retrieve AWS instance metadata: Network error: curl error: HTTP response code said error: The requested URL returned error: 404
I20260608 10:05:05.560195 28141 sys_catalog.cc:422] member_type: VOTER last_known_addr { host: "127.27.90.126" port: 39593 } has no permanent_uuid. Determining permanent_uuid...
W20260608 10:05:05.560833 28144 instance_detector.cc:116] could not retrieve Azure instance metadata: Network error: curl error: HTTP response code said error: The requested URL returned error: 404
W20260608 10:05:05.572585 28146 instance_detector.cc:116] could not retrieve OpenStack instance metadata: Network error: curl error: HTTP response code said error: The requested URL returned error: 404
I20260608 10:05:05.574074 28009 server_base.cc:1061] running on GCE node
I20260608 10:05:05.574940 28009 hybrid_clock.cc:584] initializing the hybrid clock with 'system_unsync' time source
W20260608 10:05:05.575188 28009 system_unsync_time.cc:38] NTP support is disabled. Clock error bounds will not be accurate. This configuration is not suitable for distributed clusters.
I20260608 10:05:05.575404 28009 hybrid_clock.cc:648] HybridClock initialized: now 1780913105575384 us; error 0 us; skew 500 ppm
I20260608 10:05:05.576086 28009 server_base.cc:861] Flag tcmalloc_max_total_thread_cache_bytes is not working since tcmalloc is not enabled.
I20260608 10:05:05.579876 28009 webserver.cc:533] Webserver started at http://127.27.90.124:36515/ using document root <none> and password file <none>
I20260608 10:05:05.580590 28009 fs_manager.cc:362] Metadata directory not provided
I20260608 10:05:05.580837 28009 fs_manager.cc:368] Using write-ahead log directory (fs_wal_dir) as metadata directory
I20260608 10:05:05.580996 28141 sys_catalog.cc:422] member_type: VOTER last_known_addr { host: "127.27.90.125" port: 38537 } has no permanent_uuid. Determining permanent_uuid...
I20260608 10:05:05.581188 28009 server_base.cc:909] This appears to be a new deployment of Kudu; creating new FS layout
I20260608 10:05:05.582572 28009 fs_manager.cc:1068] Generated new instance metadata in path /tmp/dist-test-task1ojrAU/test-tmp/auto_rebalancer-test.0.AutoRebalancerTest.OnlyLeaderDoesAutoRebalancing.1780913103887148-28009-0/minicluster-data/master-2-root/instance:
uuid: "0c1f6255e5ee4bda8338c6f0d8248a46"
format_stamp: "Formatted at 2026-06-08 10:05:05 on dist-test-slave-4k25"
I20260608 10:05:05.588878 28009 fs_manager.cc:696] Time spent creating directory manager: real 0.006s	user 0.007s	sys 0.000s
I20260608 10:05:05.594099 28153 log_block_manager.cc:4031] Time spent loading block containers with low live blocks: real 0.000s	user 0.000s	sys 0.000s
I20260608 10:05:05.594990 28009 fs_manager.cc:730] Time spent opening block manager: real 0.003s	user 0.000s	sys 0.005s
I20260608 10:05:05.595314 28009 fs_manager.cc:647] Opened local filesystem: /tmp/dist-test-task1ojrAU/test-tmp/auto_rebalancer-test.0.AutoRebalancerTest.OnlyLeaderDoesAutoRebalancing.1780913103887148-28009-0/minicluster-data/master-2-root
uuid: "0c1f6255e5ee4bda8338c6f0d8248a46"
format_stamp: "Formatted at 2026-06-08 10:05:05 on dist-test-slave-4k25"
I20260608 10:05:05.595615 28141 sys_catalog.cc:422] member_type: VOTER last_known_addr { host: "127.27.90.124" port: 45977 } has no permanent_uuid. Determining permanent_uuid...
I20260608 10:05:05.595603 28009 fs_report.cc:389] FS layout report
--------------------
wal directory: /tmp/dist-test-task1ojrAU/test-tmp/auto_rebalancer-test.0.AutoRebalancerTest.OnlyLeaderDoesAutoRebalancing.1780913103887148-28009-0/minicluster-data/master-2-root
metadata directory: /tmp/dist-test-task1ojrAU/test-tmp/auto_rebalancer-test.0.AutoRebalancerTest.OnlyLeaderDoesAutoRebalancing.1780913103887148-28009-0/minicluster-data/master-2-root
1 data directories: /tmp/dist-test-task1ojrAU/test-tmp/auto_rebalancer-test.0.AutoRebalancerTest.OnlyLeaderDoesAutoRebalancing.1780913103887148-28009-0/minicluster-data/master-2-root/data
Total live blocks: 0
Total live bytes: 0
Total live bytes (after alignment): 0
Total number of LBM containers: 0 (0 full)
Did not check for missing blocks
Did not check for orphaned blocks
Total full LBM containers with extra space: 0 (0 repaired)
Total full LBM container extra space in bytes: 0 (0 repaired)
Total incomplete LBM containers: 0 (0 repaired)
Total LBM partial records: 0 (0 repaired)
Total corrupted LBM metadata records in RocksDB: 0 (0 repaired)
I20260608 10:05:05.596256 28076 consensus_peers.cc:770] Retrying to get permanent uuid for remote peer: member_type: VOTER last_known_addr { host: "127.27.90.125" port: 38537 } attempt: 2
I20260608 10:05:05.610175 28076 sys_catalog.cc:422] member_type: VOTER last_known_addr { host: "127.27.90.124" port: 45977 } has no permanent_uuid. Determining permanent_uuid...
W20260608 10:05:05.611230 28141 consensus_peers.cc:760] Error getting permanent uuid from config peer 127.27.90.124:45977: Network error: Client connection negotiation failed: client connection to 127.27.90.124:45977: connect: Connection refused (error 111)
W20260608 10:05:05.614771 28076 consensus_peers.cc:760] Error getting permanent uuid from config peer 127.27.90.124:45977: Network error: Client connection negotiation failed: client connection to 127.27.90.124:45977: connect: Connection refused (error 111)
I20260608 10:05:05.622502 28009 rpc_server.cc:225] running with OpenSSL 1.1.1  11 Sep 2018
I20260608 10:05:05.623764 28009 kserver.cc:163] Server-wide thread pool size limit: 3276
I20260608 10:05:05.646230 28076 consensus_peers.cc:770] Retrying to get permanent uuid for remote peer: member_type: VOTER last_known_addr { host: "127.27.90.124" port: 45977 } attempt: 1
W20260608 10:05:05.651851 28076 consensus_peers.cc:760] Error getting permanent uuid from config peer 127.27.90.124:45977: Network error: Client connection negotiation failed: client connection to 127.27.90.124:45977: connect: Connection refused (error 111)
I20260608 10:05:05.654704 28141 consensus_peers.cc:770] Retrying to get permanent uuid for remote peer: member_type: VOTER last_known_addr { host: "127.27.90.124" port: 45977 } attempt: 1
W20260608 10:05:05.660948 28141 consensus_peers.cc:760] Error getting permanent uuid from config peer 127.27.90.124:45977: Network error: Client connection negotiation failed: client connection to 127.27.90.124:45977: connect: Connection refused (error 111)
I20260608 10:05:05.692997 28009 rpc_server.cc:307] RPC server started. Bound to: 127.27.90.124:45977
I20260608 10:05:05.693130 28205 acceptor_pool.cc:272] collecting diagnostics on the listening RPC socket 127.27.90.124:45977 every 8 connection(s)
I20260608 10:05:05.697539 28009 internal_mini_cluster.cc:184] Waiting to initialize catalog manager on master 0
I20260608 10:05:05.697804 28206 data_dirs.cc:400] Could only allocate 1 dirs of requested 3 for tablet 00000000000000000000000000000000. 1 dirs total, 0 dirs full, 0 dirs failed
I20260608 10:05:05.703190 28206 sys_catalog.cc:422] member_type: VOTER last_known_addr { host: "127.27.90.126" port: 39593 } has no permanent_uuid. Determining permanent_uuid...
I20260608 10:05:05.715065 28206 sys_catalog.cc:422] member_type: VOTER last_known_addr { host: "127.27.90.125" port: 38537 } has no permanent_uuid. Determining permanent_uuid...
I20260608 10:05:05.724483 28206 sys_catalog.cc:422] member_type: VOTER last_known_addr { host: "127.27.90.124" port: 45977 } has no permanent_uuid. Determining permanent_uuid...
I20260608 10:05:05.727387 28076 consensus_peers.cc:770] Retrying to get permanent uuid for remote peer: member_type: VOTER last_known_addr { host: "127.27.90.124" port: 45977 } attempt: 2
I20260608 10:05:05.728468 28141 consensus_peers.cc:770] Retrying to get permanent uuid for remote peer: member_type: VOTER last_known_addr { host: "127.27.90.124" port: 45977 } attempt: 2
I20260608 10:05:05.748668 28076 tablet_bootstrap.cc:492] T 00000000000000000000000000000000 P 493d6346aa3a4b25aebdfc6ccfb754e3: Bootstrap starting.
I20260608 10:05:05.748783 28206 tablet_bootstrap.cc:492] T 00000000000000000000000000000000 P 0c1f6255e5ee4bda8338c6f0d8248a46: Bootstrap starting.
I20260608 10:05:05.755107 28076 tablet_bootstrap.cc:654] T 00000000000000000000000000000000 P 493d6346aa3a4b25aebdfc6ccfb754e3: Neither blocks nor log segments found. Creating new log.
I20260608 10:05:05.756455 28141 tablet_bootstrap.cc:492] T 00000000000000000000000000000000 P 00f26b315af14611bb08c74bdf81c111: Bootstrap starting.
I20260608 10:05:05.756960 28206 tablet_bootstrap.cc:654] T 00000000000000000000000000000000 P 0c1f6255e5ee4bda8338c6f0d8248a46: Neither blocks nor log segments found. Creating new log.
I20260608 10:05:05.757238 28076 log.cc:826] T 00000000000000000000000000000000 P 493d6346aa3a4b25aebdfc6ccfb754e3: Log is configured to *not* fsync() on all Append() calls
I20260608 10:05:05.763080 28076 tablet_bootstrap.cc:492] T 00000000000000000000000000000000 P 493d6346aa3a4b25aebdfc6ccfb754e3: No bootstrap required, opened a new log
I20260608 10:05:05.763813 28141 tablet_bootstrap.cc:654] T 00000000000000000000000000000000 P 00f26b315af14611bb08c74bdf81c111: Neither blocks nor log segments found. Creating new log.
I20260608 10:05:05.764189 28206 tablet_bootstrap.cc:492] T 00000000000000000000000000000000 P 0c1f6255e5ee4bda8338c6f0d8248a46: No bootstrap required, opened a new log
I20260608 10:05:05.770130 28141 tablet_bootstrap.cc:492] T 00000000000000000000000000000000 P 00f26b315af14611bb08c74bdf81c111: No bootstrap required, opened a new log
I20260608 10:05:05.781675 28076 raft_consensus.cc:359] T 00000000000000000000000000000000 P 493d6346aa3a4b25aebdfc6ccfb754e3 [term 0 FOLLOWER]: Replica starting. Triggering 0 pending ops. Active config: opid_index: -1 OBSOLETE_local: false peers { permanent_uuid: "493d6346aa3a4b25aebdfc6ccfb754e3" member_type: VOTER last_known_addr { host: "127.27.90.126" port: 39593 } } peers { permanent_uuid: "00f26b315af14611bb08c74bdf81c111" member_type: VOTER last_known_addr { host: "127.27.90.125" port: 38537 } } peers { permanent_uuid: "0c1f6255e5ee4bda8338c6f0d8248a46" member_type: VOTER last_known_addr { host: "127.27.90.124" port: 45977 } }
I20260608 10:05:05.781690 28206 raft_consensus.cc:359] T 00000000000000000000000000000000 P 0c1f6255e5ee4bda8338c6f0d8248a46 [term 0 FOLLOWER]: Replica starting. Triggering 0 pending ops. Active config: opid_index: -1 OBSOLETE_local: false peers { permanent_uuid: "493d6346aa3a4b25aebdfc6ccfb754e3" member_type: VOTER last_known_addr { host: "127.27.90.126" port: 39593 } } peers { permanent_uuid: "00f26b315af14611bb08c74bdf81c111" member_type: VOTER last_known_addr { host: "127.27.90.125" port: 38537 } } peers { permanent_uuid: "0c1f6255e5ee4bda8338c6f0d8248a46" member_type: VOTER last_known_addr { host: "127.27.90.124" port: 45977 } }
I20260608 10:05:05.781690 28141 raft_consensus.cc:359] T 00000000000000000000000000000000 P 00f26b315af14611bb08c74bdf81c111 [term 0 FOLLOWER]: Replica starting. Triggering 0 pending ops. Active config: opid_index: -1 OBSOLETE_local: false peers { permanent_uuid: "493d6346aa3a4b25aebdfc6ccfb754e3" member_type: VOTER last_known_addr { host: "127.27.90.126" port: 39593 } } peers { permanent_uuid: "00f26b315af14611bb08c74bdf81c111" member_type: VOTER last_known_addr { host: "127.27.90.125" port: 38537 } } peers { permanent_uuid: "0c1f6255e5ee4bda8338c6f0d8248a46" member_type: VOTER last_known_addr { host: "127.27.90.124" port: 45977 } }
I20260608 10:05:05.782379 28076 raft_consensus.cc:385] T 00000000000000000000000000000000 P 493d6346aa3a4b25aebdfc6ccfb754e3 [term 0 FOLLOWER]: Consensus starting up: Expiring failure detector timer to make a prompt election more likely
I20260608 10:05:05.782631 28206 raft_consensus.cc:385] T 00000000000000000000000000000000 P 0c1f6255e5ee4bda8338c6f0d8248a46 [term 0 FOLLOWER]: Consensus starting up: Expiring failure detector timer to make a prompt election more likely
I20260608 10:05:05.782675 28141 raft_consensus.cc:385] T 00000000000000000000000000000000 P 00f26b315af14611bb08c74bdf81c111 [term 0 FOLLOWER]: Consensus starting up: Expiring failure detector timer to make a prompt election more likely
I20260608 10:05:05.782735 28076 raft_consensus.cc:740] T 00000000000000000000000000000000 P 493d6346aa3a4b25aebdfc6ccfb754e3 [term 0 FOLLOWER]: Becoming Follower/Learner. State: Replica: 493d6346aa3a4b25aebdfc6ccfb754e3, State: Initialized, Role: FOLLOWER
I20260608 10:05:05.783075 28141 raft_consensus.cc:740] T 00000000000000000000000000000000 P 00f26b315af14611bb08c74bdf81c111 [term 0 FOLLOWER]: Becoming Follower/Learner. State: Replica: 00f26b315af14611bb08c74bdf81c111, State: Initialized, Role: FOLLOWER
I20260608 10:05:05.783047 28206 raft_consensus.cc:740] T 00000000000000000000000000000000 P 0c1f6255e5ee4bda8338c6f0d8248a46 [term 0 FOLLOWER]: Becoming Follower/Learner. State: Replica: 0c1f6255e5ee4bda8338c6f0d8248a46, State: Initialized, Role: FOLLOWER
I20260608 10:05:05.783998 28076 consensus_queue.cc:260] T 00000000000000000000000000000000 P 493d6346aa3a4b25aebdfc6ccfb754e3 [NON_LEADER]: Queue going to NON_LEADER mode. State: All replicated index: 0, Majority replicated index: 0, Committed index: 0, Last appended: 0.0, Last appended by leader: 0, Current term: 0, Majority size: -1, State: 0, Mode: NON_LEADER, active raft config: opid_index: -1 OBSOLETE_local: false peers { permanent_uuid: "493d6346aa3a4b25aebdfc6ccfb754e3" member_type: VOTER last_known_addr { host: "127.27.90.126" port: 39593 } } peers { permanent_uuid: "00f26b315af14611bb08c74bdf81c111" member_type: VOTER last_known_addr { host: "127.27.90.125" port: 38537 } } peers { permanent_uuid: "0c1f6255e5ee4bda8338c6f0d8248a46" member_type: VOTER last_known_addr { host: "127.27.90.124" port: 45977 } }
I20260608 10:05:05.784006 28141 consensus_queue.cc:260] T 00000000000000000000000000000000 P 00f26b315af14611bb08c74bdf81c111 [NON_LEADER]: Queue going to NON_LEADER mode. State: All replicated index: 0, Majority replicated index: 0, Committed index: 0, Last appended: 0.0, Last appended by leader: 0, Current term: 0, Majority size: -1, State: 0, Mode: NON_LEADER, active raft config: opid_index: -1 OBSOLETE_local: false peers { permanent_uuid: "493d6346aa3a4b25aebdfc6ccfb754e3" member_type: VOTER last_known_addr { host: "127.27.90.126" port: 39593 } } peers { permanent_uuid: "00f26b315af14611bb08c74bdf81c111" member_type: VOTER last_known_addr { host: "127.27.90.125" port: 38537 } } peers { permanent_uuid: "0c1f6255e5ee4bda8338c6f0d8248a46" member_type: VOTER last_known_addr { host: "127.27.90.124" port: 45977 } }
I20260608 10:05:05.784006 28206 consensus_queue.cc:260] T 00000000000000000000000000000000 P 0c1f6255e5ee4bda8338c6f0d8248a46 [NON_LEADER]: Queue going to NON_LEADER mode. State: All replicated index: 0, Majority replicated index: 0, Committed index: 0, Last appended: 0.0, Last appended by leader: 0, Current term: 0, Majority size: -1, State: 0, Mode: NON_LEADER, active raft config: opid_index: -1 OBSOLETE_local: false peers { permanent_uuid: "493d6346aa3a4b25aebdfc6ccfb754e3" member_type: VOTER last_known_addr { host: "127.27.90.126" port: 39593 } } peers { permanent_uuid: "00f26b315af14611bb08c74bdf81c111" member_type: VOTER last_known_addr { host: "127.27.90.125" port: 38537 } } peers { permanent_uuid: "0c1f6255e5ee4bda8338c6f0d8248a46" member_type: VOTER last_known_addr { host: "127.27.90.124" port: 45977 } }
I20260608 10:05:05.788492 28215 sys_catalog.cc:455] T 00000000000000000000000000000000 P 493d6346aa3a4b25aebdfc6ccfb754e3 [sys.catalog]: SysCatalogTable state changed. Reason: RaftConsensus started. Latest consensus state: current_term: 0 committed_config { opid_index: -1 OBSOLETE_local: false peers { permanent_uuid: "493d6346aa3a4b25aebdfc6ccfb754e3" member_type: VOTER last_known_addr { host: "127.27.90.126" port: 39593 } } peers { permanent_uuid: "00f26b315af14611bb08c74bdf81c111" member_type: VOTER last_known_addr { host: "127.27.90.125" port: 38537 } } peers { permanent_uuid: "0c1f6255e5ee4bda8338c6f0d8248a46" member_type: VOTER last_known_addr { host: "127.27.90.124" port: 45977 } } }
I20260608 10:05:05.789386 28215 sys_catalog.cc:458] T 00000000000000000000000000000000 P 493d6346aa3a4b25aebdfc6ccfb754e3 [sys.catalog]: This master's current role is: FOLLOWER
I20260608 10:05:05.788982 28216 sys_catalog.cc:455] T 00000000000000000000000000000000 P 00f26b315af14611bb08c74bdf81c111 [sys.catalog]: SysCatalogTable state changed. Reason: RaftConsensus started. Latest consensus state: current_term: 0 committed_config { opid_index: -1 OBSOLETE_local: false peers { permanent_uuid: "493d6346aa3a4b25aebdfc6ccfb754e3" member_type: VOTER last_known_addr { host: "127.27.90.126" port: 39593 } } peers { permanent_uuid: "00f26b315af14611bb08c74bdf81c111" member_type: VOTER last_known_addr { host: "127.27.90.125" port: 38537 } } peers { permanent_uuid: "0c1f6255e5ee4bda8338c6f0d8248a46" member_type: VOTER last_known_addr { host: "127.27.90.124" port: 45977 } } }
I20260608 10:05:05.789971 28216 sys_catalog.cc:458] T 00000000000000000000000000000000 P 00f26b315af14611bb08c74bdf81c111 [sys.catalog]: This master's current role is: FOLLOWER
I20260608 10:05:05.790908 28076 sys_catalog.cc:565] T 00000000000000000000000000000000 P 493d6346aa3a4b25aebdfc6ccfb754e3 [sys.catalog]: configured and running, proceeding with master startup.
I20260608 10:05:05.791316 28217 sys_catalog.cc:455] T 00000000000000000000000000000000 P 0c1f6255e5ee4bda8338c6f0d8248a46 [sys.catalog]: SysCatalogTable state changed. Reason: RaftConsensus started. Latest consensus state: current_term: 0 committed_config { opid_index: -1 OBSOLETE_local: false peers { permanent_uuid: "493d6346aa3a4b25aebdfc6ccfb754e3" member_type: VOTER last_known_addr { host: "127.27.90.126" port: 39593 } } peers { permanent_uuid: "00f26b315af14611bb08c74bdf81c111" member_type: VOTER last_known_addr { host: "127.27.90.125" port: 38537 } } peers { permanent_uuid: "0c1f6255e5ee4bda8338c6f0d8248a46" member_type: VOTER last_known_addr { host: "127.27.90.124" port: 45977 } } }
I20260608 10:05:05.791988 28217 sys_catalog.cc:458] T 00000000000000000000000000000000 P 0c1f6255e5ee4bda8338c6f0d8248a46 [sys.catalog]: This master's current role is: FOLLOWER
I20260608 10:05:05.792490 28141 sys_catalog.cc:565] T 00000000000000000000000000000000 P 00f26b315af14611bb08c74bdf81c111 [sys.catalog]: configured and running, proceeding with master startup.
I20260608 10:05:05.792578 28206 sys_catalog.cc:565] T 00000000000000000000000000000000 P 0c1f6255e5ee4bda8338c6f0d8248a46 [sys.catalog]: configured and running, proceeding with master startup.
I20260608 10:05:05.835359 28009 internal_mini_cluster.cc:184] Waiting to initialize catalog manager on master 1
I20260608 10:05:05.835733 28009 internal_mini_cluster.cc:184] Waiting to initialize catalog manager on master 2
W20260608 10:05:05.836481 28030 tablet.cc:2404] T 00000000000000000000000000000000 P 493d6346aa3a4b25aebdfc6ccfb754e3: Can't schedule compaction. Clean time has not been advanced past its initial value.
W20260608 10:05:05.843516 28248 catalog_manager.cc:1593] T 00000000000000000000000000000000 P 493d6346aa3a4b25aebdfc6ccfb754e3: loading cluster ID for follower catalog manager: Not found: cluster ID entry not found
W20260608 10:05:05.843739 28244 catalog_manager.cc:1593] T 00000000000000000000000000000000 P 00f26b315af14611bb08c74bdf81c111: loading cluster ID for follower catalog manager: Not found: cluster ID entry not found
W20260608 10:05:05.843899 28248 catalog_manager.cc:883] Not found: cluster ID entry not found: failed to prepare follower catalog manager, will retry
W20260608 10:05:05.844055 28244 catalog_manager.cc:883] Not found: cluster ID entry not found: failed to prepare follower catalog manager, will retry
I20260608 10:05:05.846660 28009 file_cache.cc:492] Constructed file cache file cache with capacity 419430
W20260608 10:05:05.849835 28251 catalog_manager.cc:1593] T 00000000000000000000000000000000 P 0c1f6255e5ee4bda8338c6f0d8248a46: loading cluster ID for follower catalog manager: Not found: cluster ID entry not found
W20260608 10:05:05.850131 28251 catalog_manager.cc:883] Not found: cluster ID entry not found: failed to prepare follower catalog manager, will retry
W20260608 10:05:05.856102 28252 instance_detector.cc:116] could not retrieve AWS instance metadata: Network error: curl error: HTTP response code said error: The requested URL returned error: 404
W20260608 10:05:05.857672 28253 instance_detector.cc:116] could not retrieve Azure instance metadata: Network error: curl error: HTTP response code said error: The requested URL returned error: 404
I20260608 10:05:05.861104 28009 server_base.cc:1061] running on GCE node
W20260608 10:05:05.861361 28255 instance_detector.cc:116] could not retrieve OpenStack instance metadata: Network error: curl error: HTTP response code said error: The requested URL returned error: 404
I20260608 10:05:05.862398 28009 hybrid_clock.cc:584] initializing the hybrid clock with 'system_unsync' time source
W20260608 10:05:05.862648 28009 system_unsync_time.cc:38] NTP support is disabled. Clock error bounds will not be accurate. This configuration is not suitable for distributed clusters.
I20260608 10:05:05.862879 28009 hybrid_clock.cc:648] HybridClock initialized: now 1780913105862858 us; error 0 us; skew 500 ppm
I20260608 10:05:05.863677 28009 server_base.cc:861] Flag tcmalloc_max_total_thread_cache_bytes is not working since tcmalloc is not enabled.
I20260608 10:05:05.866504 28009 webserver.cc:533] Webserver started at http://127.27.90.65:35683/ using document root <none> and password file <none>
I20260608 10:05:05.867205 28009 fs_manager.cc:362] Metadata directory not provided
I20260608 10:05:05.867445 28009 fs_manager.cc:368] Using write-ahead log directory (fs_wal_dir) as metadata directory
I20260608 10:05:05.867802 28009 server_base.cc:909] This appears to be a new deployment of Kudu; creating new FS layout
I20260608 10:05:05.869423 28009 fs_manager.cc:1068] Generated new instance metadata in path /tmp/dist-test-task1ojrAU/test-tmp/auto_rebalancer-test.0.AutoRebalancerTest.OnlyLeaderDoesAutoRebalancing.1780913103887148-28009-0/minicluster-data/ts-0-root/instance:
uuid: "671b1c1c4c454635986e340177a303c3"
format_stamp: "Formatted at 2026-06-08 10:05:05 on dist-test-slave-4k25"
I20260608 10:05:05.875650 28009 fs_manager.cc:696] Time spent creating directory manager: real 0.006s	user 0.006s	sys 0.000s
I20260608 10:05:05.879489 28260 log_block_manager.cc:4031] Time spent loading block containers with low live blocks: real 0.000s	user 0.000s	sys 0.000s
I20260608 10:05:05.880293 28009 fs_manager.cc:730] Time spent opening block manager: real 0.003s	user 0.002s	sys 0.000s
I20260608 10:05:05.880584 28009 fs_manager.cc:647] Opened local filesystem: /tmp/dist-test-task1ojrAU/test-tmp/auto_rebalancer-test.0.AutoRebalancerTest.OnlyLeaderDoesAutoRebalancing.1780913103887148-28009-0/minicluster-data/ts-0-root
uuid: "671b1c1c4c454635986e340177a303c3"
format_stamp: "Formatted at 2026-06-08 10:05:05 on dist-test-slave-4k25"
I20260608 10:05:05.880878 28009 fs_report.cc:389] FS layout report
--------------------
wal directory: /tmp/dist-test-task1ojrAU/test-tmp/auto_rebalancer-test.0.AutoRebalancerTest.OnlyLeaderDoesAutoRebalancing.1780913103887148-28009-0/minicluster-data/ts-0-root
metadata directory: /tmp/dist-test-task1ojrAU/test-tmp/auto_rebalancer-test.0.AutoRebalancerTest.OnlyLeaderDoesAutoRebalancing.1780913103887148-28009-0/minicluster-data/ts-0-root
1 data directories: /tmp/dist-test-task1ojrAU/test-tmp/auto_rebalancer-test.0.AutoRebalancerTest.OnlyLeaderDoesAutoRebalancing.1780913103887148-28009-0/minicluster-data/ts-0-root/data
Total live blocks: 0
Total live bytes: 0
Total live bytes (after alignment): 0
Total number of LBM containers: 0 (0 full)
Did not check for missing blocks
Did not check for orphaned blocks
Total full LBM containers with extra space: 0 (0 repaired)
Total full LBM container extra space in bytes: 0 (0 repaired)
Total incomplete LBM containers: 0 (0 repaired)
Total LBM partial records: 0 (0 repaired)
Total corrupted LBM metadata records in RocksDB: 0 (0 repaired)
I20260608 10:05:05.903956 28009 rpc_server.cc:225] running with OpenSSL 1.1.1  11 Sep 2018
I20260608 10:05:05.905426 28009 kserver.cc:163] Server-wide thread pool size limit: 3276
I20260608 10:05:05.907835 28009 txn_system_client.cc:432] TxnSystemClient initialization is disabled...
I20260608 10:05:05.911693 28009 ts_tablet_manager.cc:585] Loaded tablet metadata (0 total tablets, 0 live tablets)
I20260608 10:05:05.911952 28009 ts_tablet_manager.cc:531] Time spent load tablet metadata: real 0.000s	user 0.000s	sys 0.000s
I20260608 10:05:05.912199 28009 ts_tablet_manager.cc:616] Registered 0 tablets
I20260608 10:05:05.912386 28009 ts_tablet_manager.cc:595] Time spent register tablets: real 0.000s	user 0.000s	sys 0.000s
I20260608 10:05:06.008059 28009 rpc_server.cc:307] RPC server started. Bound to: 127.27.90.65:43299
I20260608 10:05:06.008169 28322 acceptor_pool.cc:272] collecting diagnostics on the listening RPC socket 127.27.90.65:43299 every 8 connection(s)
I20260608 10:05:06.021870 28216 raft_consensus.cc:493] T 00000000000000000000000000000000 P 00f26b315af14611bb08c74bdf81c111 [term 0 FOLLOWER]: Starting pre-election (no leader contacted us within the election timeout)
I20260608 10:05:06.022722 28216 raft_consensus.cc:515] T 00000000000000000000000000000000 P 00f26b315af14611bb08c74bdf81c111 [term 0 FOLLOWER]: Starting pre-election with config: opid_index: -1 OBSOLETE_local: false peers { permanent_uuid: "493d6346aa3a4b25aebdfc6ccfb754e3" member_type: VOTER last_known_addr { host: "127.27.90.126" port: 39593 } } peers { permanent_uuid: "00f26b315af14611bb08c74bdf81c111" member_type: VOTER last_known_addr { host: "127.27.90.125" port: 38537 } } peers { permanent_uuid: "0c1f6255e5ee4bda8338c6f0d8248a46" member_type: VOTER last_known_addr { host: "127.27.90.124" port: 45977 } }
I20260608 10:05:06.027683 28051 tablet_service.cc:1917] Received RequestConsensusVote() RPC: tablet_id: "00000000000000000000000000000000" candidate_uuid: "00f26b315af14611bb08c74bdf81c111" candidate_term: 1 candidate_status { last_received { term: 0 index: 0 } } ignore_live_leader: false dest_uuid: "493d6346aa3a4b25aebdfc6ccfb754e3" is_pre_election: true
I20260608 10:05:06.028553 28051 raft_consensus.cc:2468] T 00000000000000000000000000000000 P 493d6346aa3a4b25aebdfc6ccfb754e3 [term 0 FOLLOWER]: Leader pre-election vote request: Granting yes vote for candidate 00f26b315af14611bb08c74bdf81c111 in term 0.
I20260608 10:05:06.030720 28090 leader_election.cc:304] T 00000000000000000000000000000000 P 00f26b315af14611bb08c74bdf81c111 [CANDIDATE]: Term 1 pre-election: Election decided. Result: candidate won. Election summary: received 2 responses out of 3 voters: 2 yes votes; 0 no votes. yes voters: 00f26b315af14611bb08c74bdf81c111, 493d6346aa3a4b25aebdfc6ccfb754e3; no voters: 
I20260608 10:05:06.033859 28216 leader_election.cc:290] T 00000000000000000000000000000000 P 00f26b315af14611bb08c74bdf81c111 [CANDIDATE]: Term 1 pre-election: Requested pre-vote from peers 493d6346aa3a4b25aebdfc6ccfb754e3 (127.27.90.126:39593), 0c1f6255e5ee4bda8338c6f0d8248a46 (127.27.90.124:45977)
I20260608 10:05:06.034672 28216 raft_consensus.cc:2804] T 00000000000000000000000000000000 P 00f26b315af14611bb08c74bdf81c111 [term 0 FOLLOWER]: Leader pre-election won for term 1
I20260608 10:05:06.035125 28216 raft_consensus.cc:493] T 00000000000000000000000000000000 P 00f26b315af14611bb08c74bdf81c111 [term 0 FOLLOWER]: Starting leader election (no leader contacted us within the election timeout)
I20260608 10:05:06.035583 28216 raft_consensus.cc:3060] T 00000000000000000000000000000000 P 00f26b315af14611bb08c74bdf81c111 [term 0 FOLLOWER]: Advancing to term 1
I20260608 10:05:06.040730 28323 heartbeater.cc:344] Connected to a master server at 127.27.90.124:45977
I20260608 10:05:06.041222 28323 heartbeater.cc:461] Registering TS with master...
I20260608 10:05:06.041162 28181 tablet_service.cc:1917] Received RequestConsensusVote() RPC: tablet_id: "00000000000000000000000000000000" candidate_uuid: "00f26b315af14611bb08c74bdf81c111" candidate_term: 1 candidate_status { last_received { term: 0 index: 0 } } ignore_live_leader: false dest_uuid: "0c1f6255e5ee4bda8338c6f0d8248a46" is_pre_election: true
I20260608 10:05:06.041935 28181 raft_consensus.cc:2468] T 00000000000000000000000000000000 P 0c1f6255e5ee4bda8338c6f0d8248a46 [term 0 FOLLOWER]: Leader pre-election vote request: Granting yes vote for candidate 00f26b315af14611bb08c74bdf81c111 in term 0.
I20260608 10:05:06.042701 28323 heartbeater.cc:507] Master 127.27.90.124:45977 requested a full tablet report, sending...
I20260608 10:05:06.045326 28324 heartbeater.cc:344] Connected to a master server at 127.27.90.125:38537
I20260608 10:05:06.045719 28324 heartbeater.cc:461] Registering TS with master...
I20260608 10:05:06.047008 28009 file_cache.cc:492] Constructed file cache file cache with capacity 419430
I20260608 10:05:06.049317 28324 heartbeater.cc:507] Master 127.27.90.125:38537 requested a full tablet report, sending...
I20260608 10:05:06.049489 28171 ts_manager.cc:194] Registered new tserver with Master: 671b1c1c4c454635986e340177a303c3 (127.27.90.65:43299)
I20260608 10:05:06.053346 28216 raft_consensus.cc:515] T 00000000000000000000000000000000 P 00f26b315af14611bb08c74bdf81c111 [term 1 FOLLOWER]: Starting leader election with config: opid_index: -1 OBSOLETE_local: false peers { permanent_uuid: "493d6346aa3a4b25aebdfc6ccfb754e3" member_type: VOTER last_known_addr { host: "127.27.90.126" port: 39593 } } peers { permanent_uuid: "00f26b315af14611bb08c74bdf81c111" member_type: VOTER last_known_addr { host: "127.27.90.125" port: 38537 } } peers { permanent_uuid: "0c1f6255e5ee4bda8338c6f0d8248a46" member_type: VOTER last_known_addr { host: "127.27.90.124" port: 45977 } }
I20260608 10:05:06.061604 28106 ts_manager.cc:194] Registered new tserver with Master: 671b1c1c4c454635986e340177a303c3 (127.27.90.65:43299)
I20260608 10:05:06.065371 28051 tablet_service.cc:1917] Received RequestConsensusVote() RPC: tablet_id: "00000000000000000000000000000000" candidate_uuid: "00f26b315af14611bb08c74bdf81c111" candidate_term: 1 candidate_status { last_received { term: 0 index: 0 } } ignore_live_leader: false dest_uuid: "493d6346aa3a4b25aebdfc6ccfb754e3"
I20260608 10:05:06.065963 28051 raft_consensus.cc:3060] T 00000000000000000000000000000000 P 493d6346aa3a4b25aebdfc6ccfb754e3 [term 0 FOLLOWER]: Advancing to term 1
I20260608 10:05:06.067414 28325 heartbeater.cc:344] Connected to a master server at 127.27.90.126:39593
I20260608 10:05:06.067970 28325 heartbeater.cc:461] Registering TS with master...
I20260608 10:05:06.069326 28325 heartbeater.cc:507] Master 127.27.90.126:39593 requested a full tablet report, sending...
I20260608 10:05:06.072845 28051 raft_consensus.cc:2468] T 00000000000000000000000000000000 P 493d6346aa3a4b25aebdfc6ccfb754e3 [term 1 FOLLOWER]: Leader election vote request: Granting yes vote for candidate 00f26b315af14611bb08c74bdf81c111 in term 1.
I20260608 10:05:06.074172 28090 leader_election.cc:304] T 00000000000000000000000000000000 P 00f26b315af14611bb08c74bdf81c111 [CANDIDATE]: Term 1 election: Election decided. Result: candidate won. Election summary: received 2 responses out of 3 voters: 2 yes votes; 0 no votes. yes voters: 00f26b315af14611bb08c74bdf81c111, 493d6346aa3a4b25aebdfc6ccfb754e3; no voters: 
I20260608 10:05:06.075394 28041 ts_manager.cc:194] Registered new tserver with Master: 671b1c1c4c454635986e340177a303c3 (127.27.90.65:43299)
I20260608 10:05:06.076584 28181 tablet_service.cc:1917] Received RequestConsensusVote() RPC: tablet_id: "00000000000000000000000000000000" candidate_uuid: "00f26b315af14611bb08c74bdf81c111" candidate_term: 1 candidate_status { last_received { term: 0 index: 0 } } ignore_live_leader: false dest_uuid: "0c1f6255e5ee4bda8338c6f0d8248a46"
I20260608 10:05:06.077178 28181 raft_consensus.cc:3060] T 00000000000000000000000000000000 P 0c1f6255e5ee4bda8338c6f0d8248a46 [term 0 FOLLOWER]: Advancing to term 1
I20260608 10:05:06.076849 28330 raft_consensus.cc:2804] T 00000000000000000000000000000000 P 00f26b315af14611bb08c74bdf81c111 [term 1 FOLLOWER]: Leader election won for term 1
I20260608 10:05:06.087468 28181 raft_consensus.cc:2468] T 00000000000000000000000000000000 P 0c1f6255e5ee4bda8338c6f0d8248a46 [term 1 FOLLOWER]: Leader election vote request: Granting yes vote for candidate 00f26b315af14611bb08c74bdf81c111 in term 1.
I20260608 10:05:06.088956 28216 leader_election.cc:290] T 00000000000000000000000000000000 P 00f26b315af14611bb08c74bdf81c111 [CANDIDATE]: Term 1 election: Requested vote from peers 493d6346aa3a4b25aebdfc6ccfb754e3 (127.27.90.126:39593), 0c1f6255e5ee4bda8338c6f0d8248a46 (127.27.90.124:45977)
I20260608 10:05:06.092115 28330 raft_consensus.cc:697] T 00000000000000000000000000000000 P 00f26b315af14611bb08c74bdf81c111 [term 1 LEADER]: Becoming Leader. State: Replica: 00f26b315af14611bb08c74bdf81c111, State: Running, Role: LEADER
W20260608 10:05:06.093425 28331 instance_detector.cc:116] could not retrieve AWS instance metadata: Network error: curl error: HTTP response code said error: The requested URL returned error: 404
I20260608 10:05:06.093830 28330 consensus_queue.cc:237] T 00000000000000000000000000000000 P 00f26b315af14611bb08c74bdf81c111 [LEADER]: Queue going to LEADER mode. State: All replicated index: 0, Majority replicated index: 0, Committed index: 0, Last appended: 0.0, Last appended by leader: 0, Current term: 1, Majority size: 2, State: 0, Mode: LEADER, active raft config: opid_index: -1 OBSOLETE_local: false peers { permanent_uuid: "493d6346aa3a4b25aebdfc6ccfb754e3" member_type: VOTER last_known_addr { host: "127.27.90.126" port: 39593 } } peers { permanent_uuid: "00f26b315af14611bb08c74bdf81c111" member_type: VOTER last_known_addr { host: "127.27.90.125" port: 38537 } } peers { permanent_uuid: "0c1f6255e5ee4bda8338c6f0d8248a46" member_type: VOTER last_known_addr { host: "127.27.90.124" port: 45977 } }
W20260608 10:05:06.103003 28332 instance_detector.cc:116] could not retrieve Azure instance metadata: Network error: curl error: HTTP response code said error: The requested URL returned error: 404
I20260608 10:05:06.103734 28216 sys_catalog.cc:455] T 00000000000000000000000000000000 P 00f26b315af14611bb08c74bdf81c111 [sys.catalog]: SysCatalogTable state changed. Reason: New leader 00f26b315af14611bb08c74bdf81c111. Latest consensus state: current_term: 1 leader_uuid: "00f26b315af14611bb08c74bdf81c111" committed_config { opid_index: -1 OBSOLETE_local: false peers { permanent_uuid: "493d6346aa3a4b25aebdfc6ccfb754e3" member_type: VOTER last_known_addr { host: "127.27.90.126" port: 39593 } } peers { permanent_uuid: "00f26b315af14611bb08c74bdf81c111" member_type: VOTER last_known_addr { host: "127.27.90.125" port: 38537 } } peers { permanent_uuid: "0c1f6255e5ee4bda8338c6f0d8248a46" member_type: VOTER last_known_addr { host: "127.27.90.124" port: 45977 } } }
I20260608 10:05:06.104526 28216 sys_catalog.cc:458] T 00000000000000000000000000000000 P 00f26b315af14611bb08c74bdf81c111 [sys.catalog]: This master's current role is: LEADER
I20260608 10:05:06.110860 28009 server_base.cc:1061] running on GCE node
W20260608 10:05:06.111879 28336 instance_detector.cc:116] could not retrieve OpenStack instance metadata: Network error: curl error: HTTP response code said error: The requested URL returned error: 404
I20260608 10:05:06.112831 28009 hybrid_clock.cc:584] initializing the hybrid clock with 'system_unsync' time source
W20260608 10:05:06.113130 28009 system_unsync_time.cc:38] NTP support is disabled. Clock error bounds will not be accurate. This configuration is not suitable for distributed clusters.
I20260608 10:05:06.113355 28009 hybrid_clock.cc:648] HybridClock initialized: now 1780913106113333 us; error 0 us; skew 500 ppm
I20260608 10:05:06.113806 28338 catalog_manager.cc:1510] Loading table and tablet metadata into memory...
I20260608 10:05:06.114094 28009 server_base.cc:861] Flag tcmalloc_max_total_thread_cache_bytes is not working since tcmalloc is not enabled.
I20260608 10:05:06.121711 28338 catalog_manager.cc:1519] Initializing Kudu cluster ID...
I20260608 10:05:06.122674 28009 webserver.cc:533] Webserver started at http://127.27.90.66:40483/ using document root <none> and password file <none>
I20260608 10:05:06.123610 28009 fs_manager.cc:362] Metadata directory not provided
I20260608 10:05:06.123842 28009 fs_manager.cc:368] Using write-ahead log directory (fs_wal_dir) as metadata directory
I20260608 10:05:06.124135 28009 server_base.cc:909] This appears to be a new deployment of Kudu; creating new FS layout
I20260608 10:05:06.125280 28009 fs_manager.cc:1068] Generated new instance metadata in path /tmp/dist-test-task1ojrAU/test-tmp/auto_rebalancer-test.0.AutoRebalancerTest.OnlyLeaderDoesAutoRebalancing.1780913103887148-28009-0/minicluster-data/ts-1-root/instance:
uuid: "fe731fbb86f44d6ebb6ca8725098d776"
format_stamp: "Formatted at 2026-06-08 10:05:06 on dist-test-slave-4k25"
I20260608 10:05:06.131145 28009 fs_manager.cc:696] Time spent creating directory manager: real 0.005s	user 0.002s	sys 0.003s
I20260608 10:05:06.138471 28343 log_block_manager.cc:4031] Time spent loading block containers with low live blocks: real 0.000s	user 0.000s	sys 0.000s
I20260608 10:05:06.139740 28009 fs_manager.cc:730] Time spent opening block manager: real 0.006s	user 0.000s	sys 0.005s
I20260608 10:05:06.139837 28181 raft_consensus.cc:1275] T 00000000000000000000000000000000 P 0c1f6255e5ee4bda8338c6f0d8248a46 [term 1 FOLLOWER]: Refusing update from remote peer 00f26b315af14611bb08c74bdf81c111: Log matching property violated. Preceding OpId in replica: term: 0 index: 0. Preceding OpId from leader: term: 1 index: 2. (index mismatch)
I20260608 10:05:06.139977 28051 raft_consensus.cc:1275] T 00000000000000000000000000000000 P 493d6346aa3a4b25aebdfc6ccfb754e3 [term 1 FOLLOWER]: Refusing update from remote peer 00f26b315af14611bb08c74bdf81c111: Log matching property violated. Preceding OpId in replica: term: 0 index: 0. Preceding OpId from leader: term: 1 index: 2. (index mismatch)
I20260608 10:05:06.140280 28009 fs_manager.cc:647] Opened local filesystem: /tmp/dist-test-task1ojrAU/test-tmp/auto_rebalancer-test.0.AutoRebalancerTest.OnlyLeaderDoesAutoRebalancing.1780913103887148-28009-0/minicluster-data/ts-1-root
uuid: "fe731fbb86f44d6ebb6ca8725098d776"
