I20260608 10:07:02.084924 32642 consensus_queue.cc:260] T 82a9e334ba3c4320b969a6aec58a2e86 P ebda6a9f8aa644fab1eacdfc53b4c667 [NON_LEADER]: Queue going to NON_LEADER mode. State: All replicated index: 0, Majority replicated index: 0, Committed index: 0, Last appended: 0.0, Last appended by leader: 0, Current term: 0, Majority size: -1, State: 0, Mode: NON_LEADER, active raft config: opid_index: -1 OBSOLETE_local: false peers { permanent_uuid: "ebda6a9f8aa644fab1eacdfc53b4c667" member_type: VOTER last_known_addr { host: "127.27.90.65" port: 40769 } } peers { permanent_uuid: "813d7b58e06b4c69828d0b4003d1ad4c" member_type: VOTER last_known_addr { host: "127.27.90.66" port: 39019 } } peers { permanent_uuid: "37882d5d6f0546d29a42a06e38131575" member_type: VOTER last_known_addr { host: "127.27.90.67" port: 42559 } }
I20260608 10:07:02.087385 32645 ts_tablet_manager.cc:1434] T 7342562c1ab14ba5bf28b16fc527fe26 P 813d7b58e06b4c69828d0b4003d1ad4c: Time spent starting tablet: real 0.007s	user 0.007s	sys 0.000s
I20260608 10:07:02.087839 32643 ts_tablet_manager.cc:1434] T bec153c131494abeae0e8c8415bd721c P 37882d5d6f0546d29a42a06e38131575: Time spent starting tablet: real 0.009s	user 0.007s	sys 0.000s
I20260608 10:07:02.088400 32645 tablet_bootstrap.cc:492] T 40ed862eef1343bda156db08c5818245 P 813d7b58e06b4c69828d0b4003d1ad4c: Bootstrap starting.
I20260608 10:07:02.088819 32643 tablet_bootstrap.cc:492] T 40ed862eef1343bda156db08c5818245 P 37882d5d6f0546d29a42a06e38131575: Bootstrap starting.
I20260608 10:07:02.090708 32642 ts_tablet_manager.cc:1434] T 82a9e334ba3c4320b969a6aec58a2e86 P ebda6a9f8aa644fab1eacdfc53b4c667: Time spent starting tablet: real 0.010s	user 0.003s	sys 0.002s
I20260608 10:07:02.091686 32642 tablet_bootstrap.cc:492] T 40ed862eef1343bda156db08c5818245 P ebda6a9f8aa644fab1eacdfc53b4c667: Bootstrap starting.
I20260608 10:07:02.095868 32643 tablet_bootstrap.cc:654] T 40ed862eef1343bda156db08c5818245 P 37882d5d6f0546d29a42a06e38131575: Neither blocks nor log segments found. Creating new log.
I20260608 10:07:02.103684 32642 tablet_bootstrap.cc:654] T 40ed862eef1343bda156db08c5818245 P ebda6a9f8aa644fab1eacdfc53b4c667: Neither blocks nor log segments found. Creating new log.
I20260608 10:07:02.107817 32643 tablet_bootstrap.cc:492] T 40ed862eef1343bda156db08c5818245 P 37882d5d6f0546d29a42a06e38131575: No bootstrap required, opened a new log
I20260608 10:07:02.108315 32643 ts_tablet_manager.cc:1403] T 40ed862eef1343bda156db08c5818245 P 37882d5d6f0546d29a42a06e38131575: Time spent bootstrapping tablet: real 0.020s	user 0.008s	sys 0.008s
I20260608 10:07:02.109212 32645 tablet_bootstrap.cc:654] T 40ed862eef1343bda156db08c5818245 P 813d7b58e06b4c69828d0b4003d1ad4c: Neither blocks nor log segments found. Creating new log.
I20260608 10:07:02.111505 32643 raft_consensus.cc:359] T 40ed862eef1343bda156db08c5818245 P 37882d5d6f0546d29a42a06e38131575 [term 0 FOLLOWER]: Replica starting. Triggering 0 pending ops. Active config: opid_index: -1 OBSOLETE_local: false peers { permanent_uuid: "ebda6a9f8aa644fab1eacdfc53b4c667" member_type: VOTER last_known_addr { host: "127.27.90.65" port: 40769 } } peers { permanent_uuid: "813d7b58e06b4c69828d0b4003d1ad4c" member_type: VOTER last_known_addr { host: "127.27.90.66" port: 39019 } } peers { permanent_uuid: "37882d5d6f0546d29a42a06e38131575" member_type: VOTER last_known_addr { host: "127.27.90.67" port: 42559 } }
I20260608 10:07:02.112380 32643 raft_consensus.cc:385] T 40ed862eef1343bda156db08c5818245 P 37882d5d6f0546d29a42a06e38131575 [term 0 FOLLOWER]: Consensus starting up: Expiring failure detector timer to make a prompt election more likely
I20260608 10:07:02.112795 32643 raft_consensus.cc:740] T 40ed862eef1343bda156db08c5818245 P 37882d5d6f0546d29a42a06e38131575 [term 0 FOLLOWER]: Becoming Follower/Learner. State: Replica: 37882d5d6f0546d29a42a06e38131575, State: Initialized, Role: FOLLOWER
I20260608 10:07:02.114532 32642 tablet_bootstrap.cc:492] T 40ed862eef1343bda156db08c5818245 P ebda6a9f8aa644fab1eacdfc53b4c667: No bootstrap required, opened a new log
I20260608 10:07:02.114045 32643 consensus_queue.cc:260] T 40ed862eef1343bda156db08c5818245 P 37882d5d6f0546d29a42a06e38131575 [NON_LEADER]: Queue going to NON_LEADER mode. State: All replicated index: 0, Majority replicated index: 0, Committed index: 0, Last appended: 0.0, Last appended by leader: 0, Current term: 0, Majority size: -1, State: 0, Mode: NON_LEADER, active raft config: opid_index: -1 OBSOLETE_local: false peers { permanent_uuid: "ebda6a9f8aa644fab1eacdfc53b4c667" member_type: VOTER last_known_addr { host: "127.27.90.65" port: 40769 } } peers { permanent_uuid: "813d7b58e06b4c69828d0b4003d1ad4c" member_type: VOTER last_known_addr { host: "127.27.90.66" port: 39019 } } peers { permanent_uuid: "37882d5d6f0546d29a42a06e38131575" member_type: VOTER last_known_addr { host: "127.27.90.67" port: 42559 } }
I20260608 10:07:02.114981 32642 ts_tablet_manager.cc:1403] T 40ed862eef1343bda156db08c5818245 P ebda6a9f8aa644fab1eacdfc53b4c667: Time spent bootstrapping tablet: real 0.024s	user 0.015s	sys 0.000s
I20260608 10:07:02.117133 32643 ts_tablet_manager.cc:1434] T 40ed862eef1343bda156db08c5818245 P 37882d5d6f0546d29a42a06e38131575: Time spent starting tablet: real 0.008s	user 0.011s	sys 0.000s
I20260608 10:07:02.117935 32642 raft_consensus.cc:359] T 40ed862eef1343bda156db08c5818245 P ebda6a9f8aa644fab1eacdfc53b4c667 [term 0 FOLLOWER]: Replica starting. Triggering 0 pending ops. Active config: opid_index: -1 OBSOLETE_local: false peers { permanent_uuid: "ebda6a9f8aa644fab1eacdfc53b4c667" member_type: VOTER last_known_addr { host: "127.27.90.65" port: 40769 } } peers { permanent_uuid: "813d7b58e06b4c69828d0b4003d1ad4c" member_type: VOTER last_known_addr { host: "127.27.90.66" port: 39019 } } peers { permanent_uuid: "37882d5d6f0546d29a42a06e38131575" member_type: VOTER last_known_addr { host: "127.27.90.67" port: 42559 } }
I20260608 10:07:02.118455 32643 tablet_bootstrap.cc:492] T 2c5cc2ae490345a8967ea31aac066f07 P 37882d5d6f0546d29a42a06e38131575: Bootstrap starting.
I20260608 10:07:02.118681 32642 raft_consensus.cc:385] T 40ed862eef1343bda156db08c5818245 P ebda6a9f8aa644fab1eacdfc53b4c667 [term 0 FOLLOWER]: Consensus starting up: Expiring failure detector timer to make a prompt election more likely
I20260608 10:07:02.119024 32642 raft_consensus.cc:740] T 40ed862eef1343bda156db08c5818245 P ebda6a9f8aa644fab1eacdfc53b4c667 [term 0 FOLLOWER]: Becoming Follower/Learner. State: Replica: ebda6a9f8aa644fab1eacdfc53b4c667, State: Initialized, Role: FOLLOWER
I20260608 10:07:02.119861 32642 consensus_queue.cc:260] T 40ed862eef1343bda156db08c5818245 P ebda6a9f8aa644fab1eacdfc53b4c667 [NON_LEADER]: Queue going to NON_LEADER mode. State: All replicated index: 0, Majority replicated index: 0, Committed index: 0, Last appended: 0.0, Last appended by leader: 0, Current term: 0, Majority size: -1, State: 0, Mode: NON_LEADER, active raft config: opid_index: -1 OBSOLETE_local: false peers { permanent_uuid: "ebda6a9f8aa644fab1eacdfc53b4c667" member_type: VOTER last_known_addr { host: "127.27.90.65" port: 40769 } } peers { permanent_uuid: "813d7b58e06b4c69828d0b4003d1ad4c" member_type: VOTER last_known_addr { host: "127.27.90.66" port: 39019 } } peers { permanent_uuid: "37882d5d6f0546d29a42a06e38131575" member_type: VOTER last_known_addr { host: "127.27.90.67" port: 42559 } }
I20260608 10:07:02.127434 32643 tablet_bootstrap.cc:654] T 2c5cc2ae490345a8967ea31aac066f07 P 37882d5d6f0546d29a42a06e38131575: Neither blocks nor log segments found. Creating new log.
I20260608 10:07:02.128631 32642 ts_tablet_manager.cc:1434] T 40ed862eef1343bda156db08c5818245 P ebda6a9f8aa644fab1eacdfc53b4c667: Time spent starting tablet: real 0.013s	user 0.003s	sys 0.005s
I20260608 10:07:02.130064 32642 tablet_bootstrap.cc:492] T bec153c131494abeae0e8c8415bd721c P ebda6a9f8aa644fab1eacdfc53b4c667: Bootstrap starting.
I20260608 10:07:02.132059 32645 tablet_bootstrap.cc:492] T 40ed862eef1343bda156db08c5818245 P 813d7b58e06b4c69828d0b4003d1ad4c: No bootstrap required, opened a new log
I20260608 10:07:02.132592 32645 ts_tablet_manager.cc:1403] T 40ed862eef1343bda156db08c5818245 P 813d7b58e06b4c69828d0b4003d1ad4c: Time spent bootstrapping tablet: real 0.044s	user 0.021s	sys 0.013s
I20260608 10:07:02.135587 32645 raft_consensus.cc:359] T 40ed862eef1343bda156db08c5818245 P 813d7b58e06b4c69828d0b4003d1ad4c [term 0 FOLLOWER]: Replica starting. Triggering 0 pending ops. Active config: opid_index: -1 OBSOLETE_local: false peers { permanent_uuid: "ebda6a9f8aa644fab1eacdfc53b4c667" member_type: VOTER last_known_addr { host: "127.27.90.65" port: 40769 } } peers { permanent_uuid: "813d7b58e06b4c69828d0b4003d1ad4c" member_type: VOTER last_known_addr { host: "127.27.90.66" port: 39019 } } peers { permanent_uuid: "37882d5d6f0546d29a42a06e38131575" member_type: VOTER last_known_addr { host: "127.27.90.67" port: 42559 } }
I20260608 10:07:02.136350 32642 tablet_bootstrap.cc:654] T bec153c131494abeae0e8c8415bd721c P ebda6a9f8aa644fab1eacdfc53b4c667: Neither blocks nor log segments found. Creating new log.
I20260608 10:07:02.136307 32645 raft_consensus.cc:385] T 40ed862eef1343bda156db08c5818245 P 813d7b58e06b4c69828d0b4003d1ad4c [term 0 FOLLOWER]: Consensus starting up: Expiring failure detector timer to make a prompt election more likely
I20260608 10:07:02.136772 32645 raft_consensus.cc:740] T 40ed862eef1343bda156db08c5818245 P 813d7b58e06b4c69828d0b4003d1ad4c [term 0 FOLLOWER]: Becoming Follower/Learner. State: Replica: 813d7b58e06b4c69828d0b4003d1ad4c, State: Initialized, Role: FOLLOWER
I20260608 10:07:02.137660 32645 consensus_queue.cc:260] T 40ed862eef1343bda156db08c5818245 P 813d7b58e06b4c69828d0b4003d1ad4c [NON_LEADER]: Queue going to NON_LEADER mode. State: All replicated index: 0, Majority replicated index: 0, Committed index: 0, Last appended: 0.0, Last appended by leader: 0, Current term: 0, Majority size: -1, State: 0, Mode: NON_LEADER, active raft config: opid_index: -1 OBSOLETE_local: false peers { permanent_uuid: "ebda6a9f8aa644fab1eacdfc53b4c667" member_type: VOTER last_known_addr { host: "127.27.90.65" port: 40769 } } peers { permanent_uuid: "813d7b58e06b4c69828d0b4003d1ad4c" member_type: VOTER last_known_addr { host: "127.27.90.66" port: 39019 } } peers { permanent_uuid: "37882d5d6f0546d29a42a06e38131575" member_type: VOTER last_known_addr { host: "127.27.90.67" port: 42559 } }
I20260608 10:07:02.139304 32643 tablet_bootstrap.cc:492] T 2c5cc2ae490345a8967ea31aac066f07 P 37882d5d6f0546d29a42a06e38131575: No bootstrap required, opened a new log
I20260608 10:07:02.139761 32643 ts_tablet_manager.cc:1403] T 2c5cc2ae490345a8967ea31aac066f07 P 37882d5d6f0546d29a42a06e38131575: Time spent bootstrapping tablet: real 0.022s	user 0.006s	sys 0.013s
I20260608 10:07:02.140422 32645 ts_tablet_manager.cc:1434] T 40ed862eef1343bda156db08c5818245 P 813d7b58e06b4c69828d0b4003d1ad4c: Time spent starting tablet: real 0.007s	user 0.007s	sys 0.000s
I20260608 10:07:02.142479 32649 raft_consensus.cc:493] T 82a9e334ba3c4320b969a6aec58a2e86 P 37882d5d6f0546d29a42a06e38131575 [term 0 FOLLOWER]: Starting pre-election (no leader contacted us within the election timeout)
I20260608 10:07:02.142663 32643 raft_consensus.cc:359] T 2c5cc2ae490345a8967ea31aac066f07 P 37882d5d6f0546d29a42a06e38131575 [term 0 FOLLOWER]: Replica starting. Triggering 0 pending ops. Active config: opid_index: -1 OBSOLETE_local: false peers { permanent_uuid: "ebda6a9f8aa644fab1eacdfc53b4c667" member_type: VOTER last_known_addr { host: "127.27.90.65" port: 40769 } } peers { permanent_uuid: "813d7b58e06b4c69828d0b4003d1ad4c" member_type: VOTER last_known_addr { host: "127.27.90.66" port: 39019 } } peers { permanent_uuid: "37882d5d6f0546d29a42a06e38131575" member_type: VOTER last_known_addr { host: "127.27.90.67" port: 42559 } }
I20260608 10:07:02.143433 32643 raft_consensus.cc:385] T 2c5cc2ae490345a8967ea31aac066f07 P 37882d5d6f0546d29a42a06e38131575 [term 0 FOLLOWER]: Consensus starting up: Expiring failure detector timer to make a prompt election more likely
I20260608 10:07:02.143118 32649 raft_consensus.cc:515] T 82a9e334ba3c4320b969a6aec58a2e86 P 37882d5d6f0546d29a42a06e38131575 [term 0 FOLLOWER]: Starting pre-election with config: opid_index: -1 OBSOLETE_local: false peers { permanent_uuid: "ebda6a9f8aa644fab1eacdfc53b4c667" member_type: VOTER last_known_addr { host: "127.27.90.65" port: 40769 } } peers { permanent_uuid: "813d7b58e06b4c69828d0b4003d1ad4c" member_type: VOTER last_known_addr { host: "127.27.90.66" port: 39019 } } peers { permanent_uuid: "37882d5d6f0546d29a42a06e38131575" member_type: VOTER last_known_addr { host: "127.27.90.67" port: 42559 } }
I20260608 10:07:02.143759 32643 raft_consensus.cc:740] T 2c5cc2ae490345a8967ea31aac066f07 P 37882d5d6f0546d29a42a06e38131575 [term 0 FOLLOWER]: Becoming Follower/Learner. State: Replica: 37882d5d6f0546d29a42a06e38131575, State: Initialized, Role: FOLLOWER
I20260608 10:07:02.144627 32643 consensus_queue.cc:260] T 2c5cc2ae490345a8967ea31aac066f07 P 37882d5d6f0546d29a42a06e38131575 [NON_LEADER]: Queue going to NON_LEADER mode. State: All replicated index: 0, Majority replicated index: 0, Committed index: 0, Last appended: 0.0, Last appended by leader: 0, Current term: 0, Majority size: -1, State: 0, Mode: NON_LEADER, active raft config: opid_index: -1 OBSOLETE_local: false peers { permanent_uuid: "ebda6a9f8aa644fab1eacdfc53b4c667" member_type: VOTER last_known_addr { host: "127.27.90.65" port: 40769 } } peers { permanent_uuid: "813d7b58e06b4c69828d0b4003d1ad4c" member_type: VOTER last_known_addr { host: "127.27.90.66" port: 39019 } } peers { permanent_uuid: "37882d5d6f0546d29a42a06e38131575" member_type: VOTER last_known_addr { host: "127.27.90.67" port: 42559 } }
I20260608 10:07:02.152921 32649 leader_election.cc:290] T 82a9e334ba3c4320b969a6aec58a2e86 P 37882d5d6f0546d29a42a06e38131575 [CANDIDATE]: Term 1 pre-election: Requested pre-vote from peers ebda6a9f8aa644fab1eacdfc53b4c667 (127.27.90.65:40769), 813d7b58e06b4c69828d0b4003d1ad4c (127.27.90.66:39019)
I20260608 10:07:02.141786 32645 tablet_bootstrap.cc:492] T bec153c131494abeae0e8c8415bd721c P 813d7b58e06b4c69828d0b4003d1ad4c: Bootstrap starting.
I20260608 10:07:02.157119 32643 ts_tablet_manager.cc:1434] T 2c5cc2ae490345a8967ea31aac066f07 P 37882d5d6f0546d29a42a06e38131575: Time spent starting tablet: real 0.017s	user 0.019s	sys 0.000s
I20260608 10:07:02.158169 32643 tablet_bootstrap.cc:492] T 2803973eafd5416f9b60859a0c1fc54b P 37882d5d6f0546d29a42a06e38131575: Bootstrap starting.
I20260608 10:07:02.159689 32642 tablet_bootstrap.cc:492] T bec153c131494abeae0e8c8415bd721c P ebda6a9f8aa644fab1eacdfc53b4c667: No bootstrap required, opened a new log
I20260608 10:07:02.160221 32642 ts_tablet_manager.cc:1403] T bec153c131494abeae0e8c8415bd721c P ebda6a9f8aa644fab1eacdfc53b4c667: Time spent bootstrapping tablet: real 0.030s	user 0.020s	sys 0.000s
I20260608 10:07:02.163125 32645 tablet_bootstrap.cc:654] T bec153c131494abeae0e8c8415bd721c P 813d7b58e06b4c69828d0b4003d1ad4c: Neither blocks nor log segments found. Creating new log.
I20260608 10:07:02.163460 32642 raft_consensus.cc:359] T bec153c131494abeae0e8c8415bd721c P ebda6a9f8aa644fab1eacdfc53b4c667 [term 0 FOLLOWER]: Replica starting. Triggering 0 pending ops. Active config: opid_index: -1 OBSOLETE_local: false peers { permanent_uuid: "ebda6a9f8aa644fab1eacdfc53b4c667" member_type: VOTER last_known_addr { host: "127.27.90.65" port: 40769 } } peers { permanent_uuid: "813d7b58e06b4c69828d0b4003d1ad4c" member_type: VOTER last_known_addr { host: "127.27.90.66" port: 39019 } } peers { permanent_uuid: "37882d5d6f0546d29a42a06e38131575" member_type: VOTER last_known_addr { host: "127.27.90.67" port: 42559 } }
I20260608 10:07:02.163975 32643 tablet_bootstrap.cc:654] T 2803973eafd5416f9b60859a0c1fc54b P 37882d5d6f0546d29a42a06e38131575: Neither blocks nor log segments found. Creating new log.
I20260608 10:07:02.164281 32642 raft_consensus.cc:385] T bec153c131494abeae0e8c8415bd721c P ebda6a9f8aa644fab1eacdfc53b4c667 [term 0 FOLLOWER]: Consensus starting up: Expiring failure detector timer to make a prompt election more likely
I20260608 10:07:02.164621 32642 raft_consensus.cc:740] T bec153c131494abeae0e8c8415bd721c P ebda6a9f8aa644fab1eacdfc53b4c667 [term 0 FOLLOWER]: Becoming Follower/Learner. State: Replica: ebda6a9f8aa644fab1eacdfc53b4c667, State: Initialized, Role: FOLLOWER
W20260608 10:07:02.170565 32394 auto_rebalancer.cc:259] Could not retrieve cluster info: Service unavailable: Tablet not running
I20260608 10:07:02.170817 32643 tablet_bootstrap.cc:492] T 2803973eafd5416f9b60859a0c1fc54b P 37882d5d6f0546d29a42a06e38131575: No bootstrap required, opened a new log
I20260608 10:07:02.175580 32642 consensus_queue.cc:260] T bec153c131494abeae0e8c8415bd721c P ebda6a9f8aa644fab1eacdfc53b4c667 [NON_LEADER]: Queue going to NON_LEADER mode. State: All replicated index: 0, Majority replicated index: 0, Committed index: 0, Last appended: 0.0, Last appended by leader: 0, Current term: 0, Majority size: -1, State: 0, Mode: NON_LEADER, active raft config: opid_index: -1 OBSOLETE_local: false peers { permanent_uuid: "ebda6a9f8aa644fab1eacdfc53b4c667" member_type: VOTER last_known_addr { host: "127.27.90.65" port: 40769 } } peers { permanent_uuid: "813d7b58e06b4c69828d0b4003d1ad4c" member_type: VOTER last_known_addr { host: "127.27.90.66" port: 39019 } } peers { permanent_uuid: "37882d5d6f0546d29a42a06e38131575" member_type: VOTER last_known_addr { host: "127.27.90.67" port: 42559 } }
I20260608 10:07:02.176211 32643 ts_tablet_manager.cc:1403] T 2803973eafd5416f9b60859a0c1fc54b P 37882d5d6f0546d29a42a06e38131575: Time spent bootstrapping tablet: real 0.018s	user 0.003s	sys 0.009s
I20260608 10:07:02.177013 32523 tablet_service.cc:1917] Received RequestConsensusVote() RPC: tablet_id: "82a9e334ba3c4320b969a6aec58a2e86" candidate_uuid: "37882d5d6f0546d29a42a06e38131575" candidate_term: 1 candidate_status { last_received { term: 0 index: 0 } } ignore_live_leader: false dest_uuid: "813d7b58e06b4c69828d0b4003d1ad4c" is_pre_election: true
I20260608 10:07:02.178387 32642 ts_tablet_manager.cc:1434] T bec153c131494abeae0e8c8415bd721c P ebda6a9f8aa644fab1eacdfc53b4c667: Time spent starting tablet: real 0.018s	user 0.004s	sys 0.004s
W20260608 10:07:02.178774 32563 leader_election.cc:343] T 82a9e334ba3c4320b969a6aec58a2e86 P 37882d5d6f0546d29a42a06e38131575 [CANDIDATE]: Term 1 pre-election: Tablet error from VoteRequest() call to peer 813d7b58e06b4c69828d0b4003d1ad4c (127.27.90.66:39019): Illegal state: must be running to vote when last-logged opid is not known
I20260608 10:07:02.179358 32642 tablet_bootstrap.cc:492] T 2c5cc2ae490345a8967ea31aac066f07 P ebda6a9f8aa644fab1eacdfc53b4c667: Bootstrap starting.
I20260608 10:07:02.179222 32643 raft_consensus.cc:359] T 2803973eafd5416f9b60859a0c1fc54b P 37882d5d6f0546d29a42a06e38131575 [term 0 FOLLOWER]: Replica starting. Triggering 0 pending ops. Active config: opid_index: -1 OBSOLETE_local: false peers { permanent_uuid: "ebda6a9f8aa644fab1eacdfc53b4c667" member_type: VOTER last_known_addr { host: "127.27.90.65" port: 40769 } } peers { permanent_uuid: "813d7b58e06b4c69828d0b4003d1ad4c" member_type: VOTER last_known_addr { host: "127.27.90.66" port: 39019 } } peers { permanent_uuid: "37882d5d6f0546d29a42a06e38131575" member_type: VOTER last_known_addr { host: "127.27.90.67" port: 42559 } }
I20260608 10:07:02.176260 32448 tablet_service.cc:1917] Received RequestConsensusVote() RPC: tablet_id: "82a9e334ba3c4320b969a6aec58a2e86" candidate_uuid: "37882d5d6f0546d29a42a06e38131575" candidate_term: 1 candidate_status { last_received { term: 0 index: 0 } } ignore_live_leader: false dest_uuid: "ebda6a9f8aa644fab1eacdfc53b4c667" is_pre_election: true
I20260608 10:07:02.179841 32643 raft_consensus.cc:385] T 2803973eafd5416f9b60859a0c1fc54b P 37882d5d6f0546d29a42a06e38131575 [term 0 FOLLOWER]: Consensus starting up: Expiring failure detector timer to make a prompt election more likely
I20260608 10:07:02.180126 32643 raft_consensus.cc:740] T 2803973eafd5416f9b60859a0c1fc54b P 37882d5d6f0546d29a42a06e38131575 [term 0 FOLLOWER]: Becoming Follower/Learner. State: Replica: 37882d5d6f0546d29a42a06e38131575, State: Initialized, Role: FOLLOWER
I20260608 10:07:02.180123 32448 raft_consensus.cc:2468] T 82a9e334ba3c4320b969a6aec58a2e86 P ebda6a9f8aa644fab1eacdfc53b4c667 [term 0 FOLLOWER]: Leader pre-election vote request: Granting yes vote for candidate 37882d5d6f0546d29a42a06e38131575 in term 0.
I20260608 10:07:02.180992 32643 consensus_queue.cc:260] T 2803973eafd5416f9b60859a0c1fc54b P 37882d5d6f0546d29a42a06e38131575 [NON_LEADER]: Queue going to NON_LEADER mode. State: All replicated index: 0, Majority replicated index: 0, Committed index: 0, Last appended: 0.0, Last appended by leader: 0, Current term: 0, Majority size: -1, State: 0, Mode: NON_LEADER, active raft config: opid_index: -1 OBSOLETE_local: false peers { permanent_uuid: "ebda6a9f8aa644fab1eacdfc53b4c667" member_type: VOTER last_known_addr { host: "127.27.90.65" port: 40769 } } peers { permanent_uuid: "813d7b58e06b4c69828d0b4003d1ad4c" member_type: VOTER last_known_addr { host: "127.27.90.66" port: 39019 } } peers { permanent_uuid: "37882d5d6f0546d29a42a06e38131575" member_type: VOTER last_known_addr { host: "127.27.90.67" port: 42559 } }
I20260608 10:07:02.182024 32560 leader_election.cc:304] T 82a9e334ba3c4320b969a6aec58a2e86 P 37882d5d6f0546d29a42a06e38131575 [CANDIDATE]: Term 1 pre-election: Election decided. Result: candidate won. Election summary: received 3 responses out of 3 voters: 2 yes votes; 1 no votes. yes voters: 37882d5d6f0546d29a42a06e38131575, ebda6a9f8aa644fab1eacdfc53b4c667; no voters: 813d7b58e06b4c69828d0b4003d1ad4c
I20260608 10:07:02.183184 32649 raft_consensus.cc:2804] T 82a9e334ba3c4320b969a6aec58a2e86 P 37882d5d6f0546d29a42a06e38131575 [term 0 FOLLOWER]: Leader pre-election won for term 1
I20260608 10:07:02.183399 32643 ts_tablet_manager.cc:1434] T 2803973eafd5416f9b60859a0c1fc54b P 37882d5d6f0546d29a42a06e38131575: Time spent starting tablet: real 0.007s	user 0.002s	sys 0.003s
I20260608 10:07:02.183563 32649 raft_consensus.cc:493] T 82a9e334ba3c4320b969a6aec58a2e86 P 37882d5d6f0546d29a42a06e38131575 [term 0 FOLLOWER]: Starting leader election (no leader contacted us within the election timeout)
I20260608 10:07:02.183964 32649 raft_consensus.cc:3060] T 82a9e334ba3c4320b969a6aec58a2e86 P 37882d5d6f0546d29a42a06e38131575 [term 0 FOLLOWER]: Advancing to term 1
I20260608 10:07:02.186538 32643 tablet_bootstrap.cc:492] T dc920461c369457aa20023ca8df91c5f P 37882d5d6f0546d29a42a06e38131575: Bootstrap starting.
I20260608 10:07:02.187462 32642 tablet_bootstrap.cc:654] T 2c5cc2ae490345a8967ea31aac066f07 P ebda6a9f8aa644fab1eacdfc53b4c667: Neither blocks nor log segments found. Creating new log.
I20260608 10:07:02.192162 32665 raft_consensus.cc:493] T 2c5cc2ae490345a8967ea31aac066f07 P 37882d5d6f0546d29a42a06e38131575 [term 0 FOLLOWER]: Starting pre-election (no leader contacted us within the election timeout)
I20260608 10:07:02.192654 32665 raft_consensus.cc:515] T 2c5cc2ae490345a8967ea31aac066f07 P 37882d5d6f0546d29a42a06e38131575 [term 0 FOLLOWER]: Starting pre-election with config: opid_index: -1 OBSOLETE_local: false peers { permanent_uuid: "ebda6a9f8aa644fab1eacdfc53b4c667" member_type: VOTER last_known_addr { host: "127.27.90.65" port: 40769 } } peers { permanent_uuid: "813d7b58e06b4c69828d0b4003d1ad4c" member_type: VOTER last_known_addr { host: "127.27.90.66" port: 39019 } } peers { permanent_uuid: "37882d5d6f0546d29a42a06e38131575" member_type: VOTER last_known_addr { host: "127.27.90.67" port: 42559 } }
I20260608 10:07:02.191543 32649 raft_consensus.cc:515] T 82a9e334ba3c4320b969a6aec58a2e86 P 37882d5d6f0546d29a42a06e38131575 [term 1 FOLLOWER]: Starting leader election with config: opid_index: -1 OBSOLETE_local: false peers { permanent_uuid: "ebda6a9f8aa644fab1eacdfc53b4c667" member_type: VOTER last_known_addr { host: "127.27.90.65" port: 40769 } } peers { permanent_uuid: "813d7b58e06b4c69828d0b4003d1ad4c" member_type: VOTER last_known_addr { host: "127.27.90.66" port: 39019 } } peers { permanent_uuid: "37882d5d6f0546d29a42a06e38131575" member_type: VOTER last_known_addr { host: "127.27.90.67" port: 42559 } }
I20260608 10:07:02.193540 32643 tablet_bootstrap.cc:654] T dc920461c369457aa20023ca8df91c5f P 37882d5d6f0546d29a42a06e38131575: Neither blocks nor log segments found. Creating new log.
I20260608 10:07:02.195096 32665 leader_election.cc:290] T 2c5cc2ae490345a8967ea31aac066f07 P 37882d5d6f0546d29a42a06e38131575 [CANDIDATE]: Term 1 pre-election: Requested pre-vote from peers ebda6a9f8aa644fab1eacdfc53b4c667 (127.27.90.65:40769), 813d7b58e06b4c69828d0b4003d1ad4c (127.27.90.66:39019)
I20260608 10:07:02.195111 32649 leader_election.cc:290] T 82a9e334ba3c4320b969a6aec58a2e86 P 37882d5d6f0546d29a42a06e38131575 [CANDIDATE]: Term 1 election: Requested vote from peers ebda6a9f8aa644fab1eacdfc53b4c667 (127.27.90.65:40769), 813d7b58e06b4c69828d0b4003d1ad4c (127.27.90.66:39019)
I20260608 10:07:02.197808 32522 tablet_service.cc:1917] Received RequestConsensusVote() RPC: tablet_id: "82a9e334ba3c4320b969a6aec58a2e86" candidate_uuid: "37882d5d6f0546d29a42a06e38131575" candidate_term: 1 candidate_status { last_received { term: 0 index: 0 } } ignore_live_leader: false dest_uuid: "813d7b58e06b4c69828d0b4003d1ad4c"
I20260608 10:07:02.198688 32645 tablet_bootstrap.cc:492] T bec153c131494abeae0e8c8415bd721c P 813d7b58e06b4c69828d0b4003d1ad4c: No bootstrap required, opened a new log
I20260608 10:07:02.199222 32645 ts_tablet_manager.cc:1403] T bec153c131494abeae0e8c8415bd721c P 813d7b58e06b4c69828d0b4003d1ad4c: Time spent bootstrapping tablet: real 0.058s	user 0.012s	sys 0.006s
I20260608 10:07:02.202481 32645 raft_consensus.cc:359] T bec153c131494abeae0e8c8415bd721c P 813d7b58e06b4c69828d0b4003d1ad4c [term 0 FOLLOWER]: Replica starting. Triggering 0 pending ops. Active config: opid_index: -1 OBSOLETE_local: false peers { permanent_uuid: "ebda6a9f8aa644fab1eacdfc53b4c667" member_type: VOTER last_known_addr { host: "127.27.90.65" port: 40769 } } peers { permanent_uuid: "813d7b58e06b4c69828d0b4003d1ad4c" member_type: VOTER last_known_addr { host: "127.27.90.66" port: 39019 } } peers { permanent_uuid: "37882d5d6f0546d29a42a06e38131575" member_type: VOTER last_known_addr { host: "127.27.90.67" port: 42559 } }
I20260608 10:07:02.203133 32523 tablet_service.cc:1917] Received RequestConsensusVote() RPC: tablet_id: "2c5cc2ae490345a8967ea31aac066f07" candidate_uuid: "37882d5d6f0546d29a42a06e38131575" candidate_term: 1 candidate_status { last_received { term: 0 index: 0 } } ignore_live_leader: false dest_uuid: "813d7b58e06b4c69828d0b4003d1ad4c" is_pre_election: true
I20260608 10:07:02.203356 32645 raft_consensus.cc:385] T bec153c131494abeae0e8c8415bd721c P 813d7b58e06b4c69828d0b4003d1ad4c [term 0 FOLLOWER]: Consensus starting up: Expiring failure detector timer to make a prompt election more likely
I20260608 10:07:02.203794 32645 raft_consensus.cc:740] T bec153c131494abeae0e8c8415bd721c P 813d7b58e06b4c69828d0b4003d1ad4c [term 0 FOLLOWER]: Becoming Follower/Learner. State: Replica: 813d7b58e06b4c69828d0b4003d1ad4c, State: Initialized, Role: FOLLOWER
W20260608 10:07:02.204851 32563 leader_election.cc:343] T 82a9e334ba3c4320b969a6aec58a2e86 P 37882d5d6f0546d29a42a06e38131575 [CANDIDATE]: Term 1 election: Tablet error from VoteRequest() call to peer 813d7b58e06b4c69828d0b4003d1ad4c (127.27.90.66:39019): Illegal state: must be running to vote when last-logged opid is not known
I20260608 10:07:02.204792 32645 consensus_queue.cc:260] T bec153c131494abeae0e8c8415bd721c P 813d7b58e06b4c69828d0b4003d1ad4c [NON_LEADER]: Queue going to NON_LEADER mode. State: All replicated index: 0, Majority replicated index: 0, Committed index: 0, Last appended: 0.0, Last appended by leader: 0, Current term: 0, Majority size: -1, State: 0, Mode: NON_LEADER, active raft config: opid_index: -1 OBSOLETE_local: false peers { permanent_uuid: "ebda6a9f8aa644fab1eacdfc53b4c667" member_type: VOTER last_known_addr { host: "127.27.90.65" port: 40769 } } peers { permanent_uuid: "813d7b58e06b4c69828d0b4003d1ad4c" member_type: VOTER last_known_addr { host: "127.27.90.66" port: 39019 } } peers { permanent_uuid: "37882d5d6f0546d29a42a06e38131575" member_type: VOTER last_known_addr { host: "127.27.90.67" port: 42559 } }
W20260608 10:07:02.205679 32563 leader_election.cc:343] T 2c5cc2ae490345a8967ea31aac066f07 P 37882d5d6f0546d29a42a06e38131575 [CANDIDATE]: Term 1 pre-election: Tablet error from VoteRequest() call to peer 813d7b58e06b4c69828d0b4003d1ad4c (127.27.90.66:39019): Illegal state: must be running to vote when last-logged opid is not known
I20260608 10:07:02.208240 32447 tablet_service.cc:1917] Received RequestConsensusVote() RPC: tablet_id: "82a9e334ba3c4320b969a6aec58a2e86" candidate_uuid: "37882d5d6f0546d29a42a06e38131575" candidate_term: 1 candidate_status { last_received { term: 0 index: 0 } } ignore_live_leader: false dest_uuid: "ebda6a9f8aa644fab1eacdfc53b4c667"
I20260608 10:07:02.208885 32447 raft_consensus.cc:3060] T 82a9e334ba3c4320b969a6aec58a2e86 P ebda6a9f8aa644fab1eacdfc53b4c667 [term 0 FOLLOWER]: Advancing to term 1
I20260608 10:07:02.208575 32448 tablet_service.cc:1917] Received RequestConsensusVote() RPC: tablet_id: "2c5cc2ae490345a8967ea31aac066f07" candidate_uuid: "37882d5d6f0546d29a42a06e38131575" candidate_term: 1 candidate_status { last_received { term: 0 index: 0 } } ignore_live_leader: false dest_uuid: "ebda6a9f8aa644fab1eacdfc53b4c667" is_pre_election: true
I20260608 10:07:02.221419 32645 ts_tablet_manager.cc:1434] T bec153c131494abeae0e8c8415bd721c P 813d7b58e06b4c69828d0b4003d1ad4c: Time spent starting tablet: real 0.022s	user 0.005s	sys 0.002s
I20260608 10:07:02.221544 32646 raft_consensus.cc:493] T d237ccdf75ab44bea842b031bf18ed1b P ebda6a9f8aa644fab1eacdfc53b4c667 [term 0 FOLLOWER]: Starting pre-election (no leader contacted us within the election timeout)
I20260608 10:07:02.222219 32646 raft_consensus.cc:515] T d237ccdf75ab44bea842b031bf18ed1b P ebda6a9f8aa644fab1eacdfc53b4c667 [term 0 FOLLOWER]: Starting pre-election with config: opid_index: -1 OBSOLETE_local: false peers { permanent_uuid: "ebda6a9f8aa644fab1eacdfc53b4c667" member_type: VOTER last_known_addr { host: "127.27.90.65" port: 40769 } } peers { permanent_uuid: "37882d5d6f0546d29a42a06e38131575" member_type: VOTER last_known_addr { host: "127.27.90.67" port: 42559 } } peers { permanent_uuid: "813d7b58e06b4c69828d0b4003d1ad4c" member_type: VOTER last_known_addr { host: "127.27.90.66" port: 39019 } }
I20260608 10:07:02.224540 32447 raft_consensus.cc:2468] T 82a9e334ba3c4320b969a6aec58a2e86 P ebda6a9f8aa644fab1eacdfc53b4c667 [term 1 FOLLOWER]: Leader election vote request: Granting yes vote for candidate 37882d5d6f0546d29a42a06e38131575 in term 1.
I20260608 10:07:02.233438 32645 tablet_bootstrap.cc:492] T dc920461c369457aa20023ca8df91c5f P 813d7b58e06b4c69828d0b4003d1ad4c: Bootstrap starting.
I20260608 10:07:02.238735 32645 tablet_bootstrap.cc:654] T dc920461c369457aa20023ca8df91c5f P 813d7b58e06b4c69828d0b4003d1ad4c: Neither blocks nor log segments found. Creating new log.
I20260608 10:07:02.239033 32646 leader_election.cc:290] T d237ccdf75ab44bea842b031bf18ed1b P ebda6a9f8aa644fab1eacdfc53b4c667 [CANDIDATE]: Term 1 pre-election: Requested pre-vote from peers 37882d5d6f0546d29a42a06e38131575 (127.27.90.67:42559), 813d7b58e06b4c69828d0b4003d1ad4c (127.27.90.66:39019)
I20260608 10:07:02.239806 32643 tablet_bootstrap.cc:492] T dc920461c369457aa20023ca8df91c5f P 37882d5d6f0546d29a42a06e38131575: No bootstrap required, opened a new log
I20260608 10:07:02.240346 32643 ts_tablet_manager.cc:1403] T dc920461c369457aa20023ca8df91c5f P 37882d5d6f0546d29a42a06e38131575: Time spent bootstrapping tablet: real 0.054s	user 0.025s	sys 0.025s
I20260608 10:07:02.241925 32642 tablet_bootstrap.cc:492] T 2c5cc2ae490345a8967ea31aac066f07 P ebda6a9f8aa644fab1eacdfc53b4c667: No bootstrap required, opened a new log
I20260608 10:07:02.242607 32642 ts_tablet_manager.cc:1403] T 2c5cc2ae490345a8967ea31aac066f07 P ebda6a9f8aa644fab1eacdfc53b4c667: Time spent bootstrapping tablet: real 0.063s	user 0.026s	sys 0.015s
I20260608 10:07:02.243605 32643 raft_consensus.cc:359] T dc920461c369457aa20023ca8df91c5f P 37882d5d6f0546d29a42a06e38131575 [term 0 FOLLOWER]: Replica starting. Triggering 0 pending ops. Active config: opid_index: -1 OBSOLETE_local: false peers { permanent_uuid: "ebda6a9f8aa644fab1eacdfc53b4c667" member_type: VOTER last_known_addr { host: "127.27.90.65" port: 40769 } } peers { permanent_uuid: "813d7b58e06b4c69828d0b4003d1ad4c" member_type: VOTER last_known_addr { host: "127.27.90.66" port: 39019 } } peers { permanent_uuid: "37882d5d6f0546d29a42a06e38131575" member_type: VOTER last_known_addr { host: "127.27.90.67" port: 42559 } }
I20260608 10:07:02.244933 32643 raft_consensus.cc:385] T dc920461c369457aa20023ca8df91c5f P 37882d5d6f0546d29a42a06e38131575 [term 0 FOLLOWER]: Consensus starting up: Expiring failure detector timer to make a prompt election more likely
I20260608 10:07:02.245301 32643 raft_consensus.cc:740] T dc920461c369457aa20023ca8df91c5f P 37882d5d6f0546d29a42a06e38131575 [term 0 FOLLOWER]: Becoming Follower/Learner. State: Replica: 37882d5d6f0546d29a42a06e38131575, State: Initialized, Role: FOLLOWER
I20260608 10:07:02.246297 32643 consensus_queue.cc:260] T dc920461c369457aa20023ca8df91c5f P 37882d5d6f0546d29a42a06e38131575 [NON_LEADER]: Queue going to NON_LEADER mode. State: All replicated index: 0, Majority replicated index: 0, Committed index: 0, Last appended: 0.0, Last appended by leader: 0, Current term: 0, Majority size: -1, State: 0, Mode: NON_LEADER, active raft config: opid_index: -1 OBSOLETE_local: false peers { permanent_uuid: "ebda6a9f8aa644fab1eacdfc53b4c667" member_type: VOTER last_known_addr { host: "127.27.90.65" port: 40769 } } peers { permanent_uuid: "813d7b58e06b4c69828d0b4003d1ad4c" member_type: VOTER last_known_addr { host: "127.27.90.66" port: 39019 } } peers { permanent_uuid: "37882d5d6f0546d29a42a06e38131575" member_type: VOTER last_known_addr { host: "127.27.90.67" port: 42559 } }
W20260608 10:07:02.250846 32560 leader_election.cc:343] T 2c5cc2ae490345a8967ea31aac066f07 P 37882d5d6f0546d29a42a06e38131575 [CANDIDATE]: Term 1 pre-election: Tablet error from VoteRequest() call to peer ebda6a9f8aa644fab1eacdfc53b4c667 (127.27.90.65:40769): Illegal state: must be running to vote when last-logged opid is not known
I20260608 10:07:02.251467 32560 leader_election.cc:304] T 2c5cc2ae490345a8967ea31aac066f07 P 37882d5d6f0546d29a42a06e38131575 [CANDIDATE]: Term 1 pre-election: Election decided. Result: candidate lost. Election summary: received 3 responses out of 3 voters: 1 yes votes; 2 no votes. yes voters: 37882d5d6f0546d29a42a06e38131575; no voters: 813d7b58e06b4c69828d0b4003d1ad4c, ebda6a9f8aa644fab1eacdfc53b4c667
I20260608 10:07:02.252597 32649 raft_consensus.cc:2749] T 2c5cc2ae490345a8967ea31aac066f07 P 37882d5d6f0546d29a42a06e38131575 [term 0 FOLLOWER]: Leader pre-election lost for term 1. Reason: could not achieve majority
I20260608 10:07:02.253837 32560 leader_election.cc:304] T 82a9e334ba3c4320b969a6aec58a2e86 P 37882d5d6f0546d29a42a06e38131575 [CANDIDATE]: Term 1 election: Election decided. Result: candidate won. Election summary: received 3 responses out of 3 voters: 2 yes votes; 1 no votes. yes voters: 37882d5d6f0546d29a42a06e38131575, ebda6a9f8aa644fab1eacdfc53b4c667; no voters: 813d7b58e06b4c69828d0b4003d1ad4c
I20260608 10:07:02.254944 32649 raft_consensus.cc:2804] T 82a9e334ba3c4320b969a6aec58a2e86 P 37882d5d6f0546d29a42a06e38131575 [term 1 FOLLOWER]: Leader election won for term 1
I20260608 10:07:02.255380 32649 raft_consensus.cc:697] T 82a9e334ba3c4320b969a6aec58a2e86 P 37882d5d6f0546d29a42a06e38131575 [term 1 LEADER]: Becoming Leader. State: Replica: 37882d5d6f0546d29a42a06e38131575, State: Running, Role: LEADER
I20260608 10:07:02.256126 32649 consensus_queue.cc:237] T 82a9e334ba3c4320b969a6aec58a2e86 P 37882d5d6f0546d29a42a06e38131575 [LEADER]: Queue going to LEADER mode. State: All replicated index: 0, Majority replicated index: 0, Committed index: 0, Last appended: 0.0, Last appended by leader: 0, Current term: 1, Majority size: 2, State: 0, Mode: LEADER, active raft config: opid_index: -1 OBSOLETE_local: false peers { permanent_uuid: "ebda6a9f8aa644fab1eacdfc53b4c667" member_type: VOTER last_known_addr { host: "127.27.90.65" port: 40769 } } peers { permanent_uuid: "813d7b58e06b4c69828d0b4003d1ad4c" member_type: VOTER last_known_addr { host: "127.27.90.66" port: 39019 } } peers { permanent_uuid: "37882d5d6f0546d29a42a06e38131575" member_type: VOTER last_known_addr { host: "127.27.90.67" port: 42559 } }
I20260608 10:07:02.257598 32643 ts_tablet_manager.cc:1434] T dc920461c369457aa20023ca8df91c5f P 37882d5d6f0546d29a42a06e38131575: Time spent starting tablet: real 0.017s	user 0.009s	sys 0.000s
I20260608 10:07:02.258590 32643 tablet_bootstrap.cc:492] T 817feb2e495c4384a4788f6778be821f P 37882d5d6f0546d29a42a06e38131575: Bootstrap starting.
I20260608 10:07:02.250747 32642 raft_consensus.cc:359] T 2c5cc2ae490345a8967ea31aac066f07 P ebda6a9f8aa644fab1eacdfc53b4c667 [term 0 FOLLOWER]: Replica starting. Triggering 0 pending ops. Active config: opid_index: -1 OBSOLETE_local: false peers { permanent_uuid: "ebda6a9f8aa644fab1eacdfc53b4c667" member_type: VOTER last_known_addr { host: "127.27.90.65" port: 40769 } } peers { permanent_uuid: "813d7b58e06b4c69828d0b4003d1ad4c" member_type: VOTER last_known_addr { host: "127.27.90.66" port: 39019 } } peers { permanent_uuid: "37882d5d6f0546d29a42a06e38131575" member_type: VOTER last_known_addr { host: "127.27.90.67" port: 42559 } }
I20260608 10:07:02.259052 32642 raft_consensus.cc:385] T 2c5cc2ae490345a8967ea31aac066f07 P ebda6a9f8aa644fab1eacdfc53b4c667 [term 0 FOLLOWER]: Consensus starting up: Expiring failure detector timer to make a prompt election more likely
I20260608 10:07:02.259527 32642 raft_consensus.cc:740] T 2c5cc2ae490345a8967ea31aac066f07 P ebda6a9f8aa644fab1eacdfc53b4c667 [term 0 FOLLOWER]: Becoming Follower/Learner. State: Replica: ebda6a9f8aa644fab1eacdfc53b4c667, State: Initialized, Role: FOLLOWER
I20260608 10:07:02.262439 32642 consensus_queue.cc:260] T 2c5cc2ae490345a8967ea31aac066f07 P ebda6a9f8aa644fab1eacdfc53b4c667 [NON_LEADER]: Queue going to NON_LEADER mode. State: All replicated index: 0, Majority replicated index: 0, Committed index: 0, Last appended: 0.0, Last appended by leader: 0, Current term: 0, Majority size: -1, State: 0, Mode: NON_LEADER, active raft config: opid_index: -1 OBSOLETE_local: false peers { permanent_uuid: "ebda6a9f8aa644fab1eacdfc53b4c667" member_type: VOTER last_known_addr { host: "127.27.90.65" port: 40769 } } peers { permanent_uuid: "813d7b58e06b4c69828d0b4003d1ad4c" member_type: VOTER last_known_addr { host: "127.27.90.66" port: 39019 } } peers { permanent_uuid: "37882d5d6f0546d29a42a06e38131575" member_type: VOTER last_known_addr { host: "127.27.90.67" port: 42559 } }
I20260608 10:07:02.275873 32642 ts_tablet_manager.cc:1434] T 2c5cc2ae490345a8967ea31aac066f07 P ebda6a9f8aa644fab1eacdfc53b4c667: Time spent starting tablet: real 0.031s	user 0.008s	sys 0.003s
I20260608 10:07:02.265281 32646 raft_consensus.cc:493] T 15a1625f04b54c9d9792cb3ee1c4bc45 P ebda6a9f8aa644fab1eacdfc53b4c667 [term 0 FOLLOWER]: Starting pre-election (no leader contacted us within the election timeout)
I20260608 10:07:02.268817 32523 tablet_service.cc:1917] Received RequestConsensusVote() RPC: tablet_id: "d237ccdf75ab44bea842b031bf18ed1b" candidate_uuid: "ebda6a9f8aa644fab1eacdfc53b4c667" candidate_term: 1 candidate_status { last_received { term: 0 index: 0 } } ignore_live_leader: false dest_uuid: "813d7b58e06b4c69828d0b4003d1ad4c" is_pre_election: true
I20260608 10:07:02.276419 32646 raft_consensus.cc:515] T 15a1625f04b54c9d9792cb3ee1c4bc45 P ebda6a9f8aa644fab1eacdfc53b4c667 [term 0 FOLLOWER]: Starting pre-election with config: opid_index: -1 OBSOLETE_local: false peers { permanent_uuid: "ebda6a9f8aa644fab1eacdfc53b4c667" member_type: VOTER last_known_addr { host: "127.27.90.65" port: 40769 } } peers { permanent_uuid: "813d7b58e06b4c69828d0b4003d1ad4c" member_type: VOTER last_known_addr { host: "127.27.90.66" port: 39019 } } peers { permanent_uuid: "37882d5d6f0546d29a42a06e38131575" member_type: VOTER last_known_addr { host: "127.27.90.67" port: 42559 } }
I20260608 10:07:02.276611 32523 raft_consensus.cc:2468] T d237ccdf75ab44bea842b031bf18ed1b P 813d7b58e06b4c69828d0b4003d1ad4c [term 0 FOLLOWER]: Leader pre-election vote request: Granting yes vote for candidate ebda6a9f8aa644fab1eacdfc53b4c667 in term 0.
I20260608 10:07:02.275075 32344 catalog_manager.cc:5696] T 82a9e334ba3c4320b969a6aec58a2e86 P 37882d5d6f0546d29a42a06e38131575 reported cstate change: term changed from 0 to 1, leader changed from <none> to 37882d5d6f0546d29a42a06e38131575 (127.27.90.67). New cstate: current_term: 1 leader_uuid: "37882d5d6f0546d29a42a06e38131575" committed_config { opid_index: -1 OBSOLETE_local: false peers { permanent_uuid: "ebda6a9f8aa644fab1eacdfc53b4c667" member_type: VOTER last_known_addr { host: "127.27.90.65" port: 40769 } health_report { overall_health: UNKNOWN } } peers { permanent_uuid: "813d7b58e06b4c69828d0b4003d1ad4c" member_type: VOTER last_known_addr { host: "127.27.90.66" port: 39019 } health_report { overall_health: UNKNOWN } } peers { permanent_uuid: "37882d5d6f0546d29a42a06e38131575" member_type: VOTER last_known_addr { host: "127.27.90.67" port: 42559 } health_report { overall_health: HEALTHY } } }
I20260608 10:07:02.278584 32646 leader_election.cc:290] T 15a1625f04b54c9d9792cb3ee1c4bc45 P ebda6a9f8aa644fab1eacdfc53b4c667 [CANDIDATE]: Term 1 pre-election: Requested pre-vote from peers 813d7b58e06b4c69828d0b4003d1ad4c (127.27.90.66:39019), 37882d5d6f0546d29a42a06e38131575 (127.27.90.67:42559)
I20260608 10:07:02.278596 32414 leader_election.cc:304] T d237ccdf75ab44bea842b031bf18ed1b P ebda6a9f8aa644fab1eacdfc53b4c667 [CANDIDATE]: Term 1 pre-election: Election decided. Result: candidate won. Election summary: received 2 responses out of 3 voters: 2 yes votes; 0 no votes. yes voters: 813d7b58e06b4c69828d0b4003d1ad4c, ebda6a9f8aa644fab1eacdfc53b4c667; no voters: 
I20260608 10:07:02.280593 32597 tablet_service.cc:1917] Received RequestConsensusVote() RPC: tablet_id: "d237ccdf75ab44bea842b031bf18ed1b" candidate_uuid: "ebda6a9f8aa644fab1eacdfc53b4c667" candidate_term: 1 candidate_status { last_received { term: 0 index: 0 } } ignore_live_leader: false dest_uuid: "37882d5d6f0546d29a42a06e38131575" is_pre_election: true
I20260608 10:07:02.280745 32523 tablet_service.cc:1917] Received RequestConsensusVote() RPC: tablet_id: "15a1625f04b54c9d9792cb3ee1c4bc45" candidate_uuid: "ebda6a9f8aa644fab1eacdfc53b4c667" candidate_term: 1 candidate_status { last_received { term: 0 index: 0 } } ignore_live_leader: false dest_uuid: "813d7b58e06b4c69828d0b4003d1ad4c" is_pre_election: true
I20260608 10:07:02.281461 32523 raft_consensus.cc:2468] T 15a1625f04b54c9d9792cb3ee1c4bc45 P 813d7b58e06b4c69828d0b4003d1ad4c [term 0 FOLLOWER]: Leader pre-election vote request: Granting yes vote for candidate ebda6a9f8aa644fab1eacdfc53b4c667 in term 0.
I20260608 10:07:02.282325 32646 raft_consensus.cc:2804] T d237ccdf75ab44bea842b031bf18ed1b P ebda6a9f8aa644fab1eacdfc53b4c667 [term 0 FOLLOWER]: Leader pre-election won for term 1
I20260608 10:07:02.265307 32643 tablet_bootstrap.cc:654] T 817feb2e495c4384a4788f6778be821f P 37882d5d6f0546d29a42a06e38131575: Neither blocks nor log segments found. Creating new log.
I20260608 10:07:02.282439 32596 tablet_service.cc:1917] Received RequestConsensusVote() RPC: tablet_id: "15a1625f04b54c9d9792cb3ee1c4bc45" candidate_uuid: "ebda6a9f8aa644fab1eacdfc53b4c667" candidate_term: 1 candidate_status { last_received { term: 0 index: 0 } } ignore_live_leader: false dest_uuid: "37882d5d6f0546d29a42a06e38131575" is_pre_election: true
I20260608 10:07:02.282763 32646 raft_consensus.cc:493] T d237ccdf75ab44bea842b031bf18ed1b P ebda6a9f8aa644fab1eacdfc53b4c667 [term 0 FOLLOWER]: Starting leader election (no leader contacted us within the election timeout)
I20260608 10:07:02.283417 32596 raft_consensus.cc:2468] T 15a1625f04b54c9d9792cb3ee1c4bc45 P 37882d5d6f0546d29a42a06e38131575 [term 0 FOLLOWER]: Leader pre-election vote request: Granting yes vote for candidate ebda6a9f8aa644fab1eacdfc53b4c667 in term 0.
I20260608 10:07:02.282763 32414 leader_election.cc:304] T 15a1625f04b54c9d9792cb3ee1c4bc45 P ebda6a9f8aa644fab1eacdfc53b4c667 [CANDIDATE]: Term 1 pre-election: Election decided. Result: candidate won. Election summary: received 2 responses out of 3 voters: 2 yes votes; 0 no votes. yes voters: 813d7b58e06b4c69828d0b4003d1ad4c, ebda6a9f8aa644fab1eacdfc53b4c667; no voters: 
I20260608 10:07:02.283360 32646 raft_consensus.cc:3060] T d237ccdf75ab44bea842b031bf18ed1b P ebda6a9f8aa644fab1eacdfc53b4c667 [term 0 FOLLOWER]: Advancing to term 1
I20260608 10:07:02.281306 32597 raft_consensus.cc:2468] T d237ccdf75ab44bea842b031bf18ed1b P 37882d5d6f0546d29a42a06e38131575 [term 0 FOLLOWER]: Leader pre-election vote request: Granting yes vote for candidate ebda6a9f8aa644fab1eacdfc53b4c667 in term 0.
I20260608 10:07:02.290464 32677 raft_consensus.cc:2804] T 15a1625f04b54c9d9792cb3ee1c4bc45 P ebda6a9f8aa644fab1eacdfc53b4c667 [term 0 FOLLOWER]: Leader pre-election won for term 1
I20260608 10:07:02.290870 32677 raft_consensus.cc:493] T 15a1625f04b54c9d9792cb3ee1c4bc45 P ebda6a9f8aa644fab1eacdfc53b4c667 [term 0 FOLLOWER]: Starting leader election (no leader contacted us within the election timeout)
I20260608 10:07:02.291244 32677 raft_consensus.cc:3060] T 15a1625f04b54c9d9792cb3ee1c4bc45 P ebda6a9f8aa644fab1eacdfc53b4c667 [term 0 FOLLOWER]: Advancing to term 1
I20260608 10:07:02.291476 32649 raft_consensus.cc:493] T 7342562c1ab14ba5bf28b16fc527fe26 P 37882d5d6f0546d29a42a06e38131575 [term 0 FOLLOWER]: Starting pre-election (no leader contacted us within the election timeout)
I20260608 10:07:02.292109 32649 raft_consensus.cc:515] T 7342562c1ab14ba5bf28b16fc527fe26 P 37882d5d6f0546d29a42a06e38131575 [term 0 FOLLOWER]: Starting pre-election with config: opid_index: -1 OBSOLETE_local: false peers { permanent_uuid: "ebda6a9f8aa644fab1eacdfc53b4c667" member_type: VOTER last_known_addr { host: "127.27.90.65" port: 40769 } } peers { permanent_uuid: "813d7b58e06b4c69828d0b4003d1ad4c" member_type: VOTER last_known_addr { host: "127.27.90.66" port: 39019 } } peers { permanent_uuid: "37882d5d6f0546d29a42a06e38131575" member_type: VOTER last_known_addr { host: "127.27.90.67" port: 42559 } }
I20260608 10:07:02.295931 32448 tablet_service.cc:1917] Received RequestConsensusVote() RPC: tablet_id: "7342562c1ab14ba5bf28b16fc527fe26" candidate_uuid: "37882d5d6f0546d29a42a06e38131575" candidate_term: 1 candidate_status { last_received { term: 0 index: 0 } } ignore_live_leader: false dest_uuid: "ebda6a9f8aa644fab1eacdfc53b4c667" is_pre_election: true
I20260608 10:07:02.296682 32448 raft_consensus.cc:2468] T 7342562c1ab14ba5bf28b16fc527fe26 P ebda6a9f8aa644fab1eacdfc53b4c667 [term 0 FOLLOWER]: Leader pre-election vote request: Granting yes vote for candidate 37882d5d6f0546d29a42a06e38131575 in term 0.
I20260608 10:07:02.298558 32677 raft_consensus.cc:515] T 15a1625f04b54c9d9792cb3ee1c4bc45 P ebda6a9f8aa644fab1eacdfc53b4c667 [term 1 FOLLOWER]: Starting leader election with config: opid_index: -1 OBSOLETE_local: false peers { permanent_uuid: "ebda6a9f8aa644fab1eacdfc53b4c667" member_type: VOTER last_known_addr { host: "127.27.90.65" port: 40769 } } peers { permanent_uuid: "813d7b58e06b4c69828d0b4003d1ad4c" member_type: VOTER last_known_addr { host: "127.27.90.66" port: 39019 } } peers { permanent_uuid: "37882d5d6f0546d29a42a06e38131575" member_type: VOTER last_known_addr { host: "127.27.90.67" port: 42559 } }
I20260608 10:07:02.299602 32523 tablet_service.cc:1917] Received RequestConsensusVote() RPC: tablet_id: "7342562c1ab14ba5bf28b16fc527fe26" candidate_uuid: "37882d5d6f0546d29a42a06e38131575" candidate_term: 1 candidate_status { last_received { term: 0 index: 0 } } ignore_live_leader: false dest_uuid: "813d7b58e06b4c69828d0b4003d1ad4c" is_pre_election: true
I20260608 10:07:02.299974 32560 leader_election.cc:304] T 7342562c1ab14ba5bf28b16fc527fe26 P 37882d5d6f0546d29a42a06e38131575 [CANDIDATE]: Term 1 pre-election: Election decided. Result: candidate won. Election summary: received 2 responses out of 3 voters: 2 yes votes; 0 no votes. yes voters: 37882d5d6f0546d29a42a06e38131575, ebda6a9f8aa644fab1eacdfc53b4c667; no voters: 
I20260608 10:07:02.300274 32523 raft_consensus.cc:2468] T 7342562c1ab14ba5bf28b16fc527fe26 P 813d7b58e06b4c69828d0b4003d1ad4c [term 0 FOLLOWER]: Leader pre-election vote request: Granting yes vote for candidate 37882d5d6f0546d29a42a06e38131575 in term 0.
I20260608 10:07:02.300871 32665 raft_consensus.cc:2804] T 7342562c1ab14ba5bf28b16fc527fe26 P 37882d5d6f0546d29a42a06e38131575 [term 0 FOLLOWER]: Leader pre-election won for term 1
I20260608 10:07:02.301273 32665 raft_consensus.cc:493] T 7342562c1ab14ba5bf28b16fc527fe26 P 37882d5d6f0546d29a42a06e38131575 [term 0 FOLLOWER]: Starting leader election (no leader contacted us within the election timeout)
I20260608 10:07:02.301587 32665 raft_consensus.cc:3060] T 7342562c1ab14ba5bf28b16fc527fe26 P 37882d5d6f0546d29a42a06e38131575 [term 0 FOLLOWER]: Advancing to term 1
I20260608 10:07:02.303807 32642 tablet_bootstrap.cc:492] T 817feb2e495c4384a4788f6778be821f P ebda6a9f8aa644fab1eacdfc53b4c667: Bootstrap starting.
I20260608 10:07:02.303448 32677 leader_election.cc:290] T 15a1625f04b54c9d9792cb3ee1c4bc45 P ebda6a9f8aa644fab1eacdfc53b4c667 [CANDIDATE]: Term 1 election: Requested vote from peers 813d7b58e06b4c69828d0b4003d1ad4c (127.27.90.66:39019), 37882d5d6f0546d29a42a06e38131575 (127.27.90.67:42559)
