I20260608 10:05:11.008332 28896 consensus_queue.cc:237] T 99fdbb7a1d374680baf6061f2e28ddb6 P c2f51556842b43919622f6003ddd1422 [LEADER]: Queue going to LEADER mode. State: All replicated index: 0, Majority replicated index: 0, Committed index: 0, Last appended: 0.0, Last appended by leader: 0, Current term: 1, Majority size: 2, State: 0, Mode: LEADER, active raft config: opid_index: -1 OBSOLETE_local: false peers { permanent_uuid: "f855b46194cf423998dcb67c6ffa4da4" member_type: VOTER last_known_addr { host: "127.27.90.67" port: 43719 } } peers { permanent_uuid: "cf512fd1791b4456b4304b564e8e8413" member_type: VOTER last_known_addr { host: "127.27.90.65" port: 33789 } } peers { permanent_uuid: "c2f51556842b43919622f6003ddd1422" member_type: VOTER last_known_addr { host: "127.27.90.66" port: 36837 } }
I20260608 10:05:11.010895 28878 raft_consensus.cc:515] T 17d0e16791894d30a3eeba7a21ed5759 P f855b46194cf423998dcb67c6ffa4da4 [term 1 FOLLOWER]: Starting leader election with config: opid_index: -1 OBSOLETE_local: false peers { permanent_uuid: "cf512fd1791b4456b4304b564e8e8413" member_type: VOTER last_known_addr { host: "127.27.90.65" port: 33789 } } peers { permanent_uuid: "c2f51556842b43919622f6003ddd1422" member_type: VOTER last_known_addr { host: "127.27.90.66" port: 36837 } } peers { permanent_uuid: "f855b46194cf423998dcb67c6ffa4da4" member_type: VOTER last_known_addr { host: "127.27.90.67" port: 43719 } }
I20260608 10:05:11.013924 28677 tablet_service.cc:1917] Received RequestConsensusVote() RPC: tablet_id: "17d0e16791894d30a3eeba7a21ed5759" candidate_uuid: "f855b46194cf423998dcb67c6ffa4da4" candidate_term: 1 candidate_status { last_received { term: 0 index: 0 } } ignore_live_leader: false dest_uuid: "cf512fd1791b4456b4304b564e8e8413"
I20260608 10:05:11.014503 28677 raft_consensus.cc:3060] T 17d0e16791894d30a3eeba7a21ed5759 P cf512fd1791b4456b4304b564e8e8413 [term 0 FOLLOWER]: Advancing to term 1
I20260608 10:05:11.014839 28873 tablet_bootstrap.cc:492] T 23ce166343b54770b15c9f4862b6c24a P f855b46194cf423998dcb67c6ffa4da4: No bootstrap required, opened a new log
W20260608 10:05:11.017211 28624 auto_rebalancer.cc:259] Could not retrieve cluster info: Service unavailable: Tablet not running
I20260608 10:05:11.017549 28827 tablet_service.cc:1917] Received RequestConsensusVote() RPC: tablet_id: "3023a775f8204748afaebc6dc733874b" candidate_uuid: "c2f51556842b43919622f6003ddd1422" candidate_term: 1 candidate_status { last_received { term: 0 index: 0 } } ignore_live_leader: false dest_uuid: "f855b46194cf423998dcb67c6ffa4da4"
I20260608 10:05:11.015479 28873 ts_tablet_manager.cc:1403] T 23ce166343b54770b15c9f4862b6c24a P f855b46194cf423998dcb67c6ffa4da4: Time spent bootstrapping tablet: real 0.053s	user 0.019s	sys 0.008s
I20260608 10:05:11.018296 28675 tablet_service.cc:1917] Received RequestConsensusVote() RPC: tablet_id: "3023a775f8204748afaebc6dc733874b" candidate_uuid: "c2f51556842b43919622f6003ddd1422" candidate_term: 1 candidate_status { last_received { term: 0 index: 0 } } ignore_live_leader: false dest_uuid: "cf512fd1791b4456b4304b564e8e8413"
I20260608 10:05:11.019732 28629 auto_leader_rebalancer.cc:140] leader rebalance for table test-workload
I20260608 10:05:11.019956 28675 raft_consensus.cc:3060] T 3023a775f8204748afaebc6dc733874b P cf512fd1791b4456b4304b564e8e8413 [term 0 FOLLOWER]: Advancing to term 1
I20260608 10:05:11.020248 28872 tablet_bootstrap.cc:654] T 9e9fb9fd689e4cd2848009334aff70b9 P c2f51556842b43919622f6003ddd1422: Neither blocks nor log segments found. Creating new log.
W20260608 10:05:11.020759 28629 auto_leader_rebalancer.cc:460] the master instance isn't leader: Service unavailable: Tablet not running
I20260608 10:05:11.021601 28753 tablet_service.cc:1917] Received RequestConsensusVote() RPC: tablet_id: "17d0e16791894d30a3eeba7a21ed5759" candidate_uuid: "f855b46194cf423998dcb67c6ffa4da4" candidate_term: 1 candidate_status { last_received { term: 0 index: 0 } } ignore_live_leader: false dest_uuid: "c2f51556842b43919622f6003ddd1422" is_pre_election: true
I20260608 10:05:11.022265 28753 raft_consensus.cc:2468] T 17d0e16791894d30a3eeba7a21ed5759 P c2f51556842b43919622f6003ddd1422 [term 0 FOLLOWER]: Leader pre-election vote request: Granting yes vote for candidate f855b46194cf423998dcb67c6ffa4da4 in term 0.
I20260608 10:05:11.022517 28873 raft_consensus.cc:359] T 23ce166343b54770b15c9f4862b6c24a P f855b46194cf423998dcb67c6ffa4da4 [term 0 FOLLOWER]: Replica starting. Triggering 0 pending ops. Active config: opid_index: -1 OBSOLETE_local: false peers { permanent_uuid: "cf512fd1791b4456b4304b564e8e8413" member_type: VOTER last_known_addr { host: "127.27.90.65" port: 33789 } } peers { permanent_uuid: "c2f51556842b43919622f6003ddd1422" member_type: VOTER last_known_addr { host: "127.27.90.66" port: 36837 } } peers { permanent_uuid: "f855b46194cf423998dcb67c6ffa4da4" member_type: VOTER last_known_addr { host: "127.27.90.67" port: 43719 } }
I20260608 10:05:11.023427 28873 raft_consensus.cc:385] T 23ce166343b54770b15c9f4862b6c24a P f855b46194cf423998dcb67c6ffa4da4 [term 0 FOLLOWER]: Consensus starting up: Expiring failure detector timer to make a prompt election more likely
I20260608 10:05:11.023905 28873 raft_consensus.cc:740] T 23ce166343b54770b15c9f4862b6c24a P f855b46194cf423998dcb67c6ffa4da4 [term 0 FOLLOWER]: Becoming Follower/Learner. State: Replica: f855b46194cf423998dcb67c6ffa4da4, State: Initialized, Role: FOLLOWER
I20260608 10:05:11.025957 28873 consensus_queue.cc:260] T 23ce166343b54770b15c9f4862b6c24a P f855b46194cf423998dcb67c6ffa4da4 [NON_LEADER]: Queue going to NON_LEADER mode. State: All replicated index: 0, Majority replicated index: 0, Committed index: 0, Last appended: 0.0, Last appended by leader: 0, Current term: 0, Majority size: -1, State: 0, Mode: NON_LEADER, active raft config: opid_index: -1 OBSOLETE_local: false peers { permanent_uuid: "cf512fd1791b4456b4304b564e8e8413" member_type: VOTER last_known_addr { host: "127.27.90.65" port: 33789 } } peers { permanent_uuid: "c2f51556842b43919622f6003ddd1422" member_type: VOTER last_known_addr { host: "127.27.90.66" port: 36837 } } peers { permanent_uuid: "f855b46194cf423998dcb67c6ffa4da4" member_type: VOTER last_known_addr { host: "127.27.90.67" port: 43719 } }
W20260608 10:05:11.024765 28716 leader_election.cc:343] T 3023a775f8204748afaebc6dc733874b P c2f51556842b43919622f6003ddd1422 [CANDIDATE]: Term 1 election: Tablet error from VoteRequest() call to peer f855b46194cf423998dcb67c6ffa4da4 (127.27.90.67:43719): Illegal state: must be running to vote when last-logged opid is not known
I20260608 10:05:11.037933 28573 catalog_manager.cc:5696] T 99fdbb7a1d374680baf6061f2e28ddb6 P c2f51556842b43919622f6003ddd1422 reported cstate change: term changed from 0 to 1, leader changed from <none> to c2f51556842b43919622f6003ddd1422 (127.27.90.66). New cstate: current_term: 1 leader_uuid: "c2f51556842b43919622f6003ddd1422" committed_config { opid_index: -1 OBSOLETE_local: false peers { permanent_uuid: "f855b46194cf423998dcb67c6ffa4da4" member_type: VOTER last_known_addr { host: "127.27.90.67" port: 43719 } health_report { overall_health: UNKNOWN } } peers { permanent_uuid: "cf512fd1791b4456b4304b564e8e8413" member_type: VOTER last_known_addr { host: "127.27.90.65" port: 33789 } health_report { overall_health: UNKNOWN } } peers { permanent_uuid: "c2f51556842b43919622f6003ddd1422" member_type: VOTER last_known_addr { host: "127.27.90.66" port: 36837 } health_report { overall_health: HEALTHY } } }
I20260608 10:05:11.051417 28753 tablet_service.cc:1917] Received RequestConsensusVote() RPC: tablet_id: "17d0e16791894d30a3eeba7a21ed5759" candidate_uuid: "f855b46194cf423998dcb67c6ffa4da4" candidate_term: 1 candidate_status { last_received { term: 0 index: 0 } } ignore_live_leader: false dest_uuid: "c2f51556842b43919622f6003ddd1422"
I20260608 10:05:11.052186 28753 raft_consensus.cc:3060] T 17d0e16791894d30a3eeba7a21ed5759 P c2f51556842b43919622f6003ddd1422 [term 0 FOLLOWER]: Advancing to term 1
I20260608 10:05:11.057341 28677 raft_consensus.cc:2468] T 17d0e16791894d30a3eeba7a21ed5759 P cf512fd1791b4456b4304b564e8e8413 [term 1 FOLLOWER]: Leader election vote request: Granting yes vote for candidate f855b46194cf423998dcb67c6ffa4da4 in term 1.
I20260608 10:05:11.053880 28878 leader_election.cc:290] T 17d0e16791894d30a3eeba7a21ed5759 P f855b46194cf423998dcb67c6ffa4da4 [CANDIDATE]: Term 1 election: Requested vote from peers cf512fd1791b4456b4304b564e8e8413 (127.27.90.65:33789), c2f51556842b43919622f6003ddd1422 (127.27.90.66:36837)
I20260608 10:05:11.076659 28878 raft_consensus.cc:493] T e30c0dd0bcfa428bb4ab38b26217d8c5 P f855b46194cf423998dcb67c6ffa4da4 [term 0 FOLLOWER]: Starting pre-election (no leader contacted us within the election timeout)
I20260608 10:05:11.077275 28878 raft_consensus.cc:515] T e30c0dd0bcfa428bb4ab38b26217d8c5 P f855b46194cf423998dcb67c6ffa4da4 [term 0 FOLLOWER]: Starting pre-election with config: opid_index: -1 OBSOLETE_local: false peers { permanent_uuid: "cf512fd1791b4456b4304b564e8e8413" member_type: VOTER last_known_addr { host: "127.27.90.65" port: 33789 } } peers { permanent_uuid: "c2f51556842b43919622f6003ddd1422" member_type: VOTER last_known_addr { host: "127.27.90.66" port: 36837 } } peers { permanent_uuid: "f855b46194cf423998dcb67c6ffa4da4" member_type: VOTER last_known_addr { host: "127.27.90.67" port: 43719 } }
I20260608 10:05:11.060571 28903 raft_consensus.cc:493] T 3f2d77cd05154ca7a0aa0f79fb3d1638 P f855b46194cf423998dcb67c6ffa4da4 [term 0 FOLLOWER]: Starting pre-election (no leader contacted us within the election timeout)
I20260608 10:05:11.061830 28873 ts_tablet_manager.cc:1434] T 23ce166343b54770b15c9f4862b6c24a P f855b46194cf423998dcb67c6ffa4da4: Time spent starting tablet: real 0.043s	user 0.015s	sys 0.022s
I20260608 10:05:11.065433 28675 raft_consensus.cc:2468] T 3023a775f8204748afaebc6dc733874b P cf512fd1791b4456b4304b564e8e8413 [term 1 FOLLOWER]: Leader election vote request: Granting yes vote for candidate c2f51556842b43919622f6003ddd1422 in term 1.
I20260608 10:05:11.081282 28752 tablet_service.cc:1917] Received RequestConsensusVote() RPC: tablet_id: "e30c0dd0bcfa428bb4ab38b26217d8c5" candidate_uuid: "f855b46194cf423998dcb67c6ffa4da4" candidate_term: 1 candidate_status { last_received { term: 0 index: 0 } } ignore_live_leader: false dest_uuid: "c2f51556842b43919622f6003ddd1422" is_pre_election: true
I20260608 10:05:11.081060 28903 raft_consensus.cc:515] T 3f2d77cd05154ca7a0aa0f79fb3d1638 P f855b46194cf423998dcb67c6ffa4da4 [term 0 FOLLOWER]: Starting pre-election with config: opid_index: -1 OBSOLETE_local: false peers { permanent_uuid: "cf512fd1791b4456b4304b564e8e8413" member_type: VOTER last_known_addr { host: "127.27.90.65" port: 33789 } } peers { permanent_uuid: "c2f51556842b43919622f6003ddd1422" member_type: VOTER last_known_addr { host: "127.27.90.66" port: 36837 } } peers { permanent_uuid: "f855b46194cf423998dcb67c6ffa4da4" member_type: VOTER last_known_addr { host: "127.27.90.67" port: 43719 } }
W20260608 10:05:11.094693 28791 leader_election.cc:343] T e30c0dd0bcfa428bb4ab38b26217d8c5 P f855b46194cf423998dcb67c6ffa4da4 [CANDIDATE]: Term 1 pre-election: Tablet error from VoteRequest() call to peer c2f51556842b43919622f6003ddd1422 (127.27.90.66:36837): Illegal state: must be running to vote when last-logged opid is not known
I20260608 10:05:11.092255 28753 raft_consensus.cc:2468] T 17d0e16791894d30a3eeba7a21ed5759 P c2f51556842b43919622f6003ddd1422 [term 1 FOLLOWER]: Leader election vote request: Granting yes vote for candidate f855b46194cf423998dcb67c6ffa4da4 in term 1.
I20260608 10:05:11.096787 28752 tablet_service.cc:1917] Received RequestConsensusVote() RPC: tablet_id: "3f2d77cd05154ca7a0aa0f79fb3d1638" candidate_uuid: "f855b46194cf423998dcb67c6ffa4da4" candidate_term: 1 candidate_status { last_received { term: 0 index: 0 } } ignore_live_leader: false dest_uuid: "c2f51556842b43919622f6003ddd1422" is_pre_election: true
I20260608 10:05:11.097476 28752 raft_consensus.cc:2468] T 3f2d77cd05154ca7a0aa0f79fb3d1638 P c2f51556842b43919622f6003ddd1422 [term 0 FOLLOWER]: Leader pre-election vote request: Granting yes vote for candidate f855b46194cf423998dcb67c6ffa4da4 in term 0.
I20260608 10:05:11.099509 28716 leader_election.cc:304] T 3023a775f8204748afaebc6dc733874b P c2f51556842b43919622f6003ddd1422 [CANDIDATE]: Term 1 election: Election decided. Result: candidate won. Election summary: received 3 responses out of 3 voters: 2 yes votes; 1 no votes. yes voters: c2f51556842b43919622f6003ddd1422, cf512fd1791b4456b4304b564e8e8413; no voters: f855b46194cf423998dcb67c6ffa4da4
I20260608 10:05:11.101691 28790 leader_election.cc:304] T 17d0e16791894d30a3eeba7a21ed5759 P f855b46194cf423998dcb67c6ffa4da4 [CANDIDATE]: Term 1 election: Election decided. Result: candidate won. Election summary: received 2 responses out of 3 voters: 2 yes votes; 0 no votes. yes voters: cf512fd1791b4456b4304b564e8e8413, f855b46194cf423998dcb67c6ffa4da4; no voters: 
I20260608 10:05:11.081969 28873 tablet_bootstrap.cc:492] T 3023a775f8204748afaebc6dc733874b P f855b46194cf423998dcb67c6ffa4da4: Bootstrap starting.
I20260608 10:05:11.102659 28896 raft_consensus.cc:2804] T 3023a775f8204748afaebc6dc733874b P c2f51556842b43919622f6003ddd1422 [term 1 FOLLOWER]: Leader election won for term 1
I20260608 10:05:11.103801 28896 raft_consensus.cc:697] T 3023a775f8204748afaebc6dc733874b P c2f51556842b43919622f6003ddd1422 [term 1 LEADER]: Becoming Leader. State: Replica: c2f51556842b43919622f6003ddd1422, State: Running, Role: LEADER
I20260608 10:05:11.103986 28677 tablet_service.cc:1917] Received RequestConsensusVote() RPC: tablet_id: "3f2d77cd05154ca7a0aa0f79fb3d1638" candidate_uuid: "f855b46194cf423998dcb67c6ffa4da4" candidate_term: 1 candidate_status { last_received { term: 0 index: 0 } } ignore_live_leader: false dest_uuid: "cf512fd1791b4456b4304b564e8e8413" is_pre_election: true
I20260608 10:05:11.104816 28677 raft_consensus.cc:2468] T 3f2d77cd05154ca7a0aa0f79fb3d1638 P cf512fd1791b4456b4304b564e8e8413 [term 0 FOLLOWER]: Leader pre-election vote request: Granting yes vote for candidate f855b46194cf423998dcb67c6ffa4da4 in term 0.
I20260608 10:05:11.098742 28791 leader_election.cc:304] T 3f2d77cd05154ca7a0aa0f79fb3d1638 P f855b46194cf423998dcb67c6ffa4da4 [CANDIDATE]: Term 1 pre-election: Election decided. Result: candidate won. Election summary: received 2 responses out of 3 voters: 2 yes votes; 0 no votes. yes voters: c2f51556842b43919622f6003ddd1422, f855b46194cf423998dcb67c6ffa4da4; no voters: 
I20260608 10:05:11.104668 28896 consensus_queue.cc:237] T 3023a775f8204748afaebc6dc733874b P c2f51556842b43919622f6003ddd1422 [LEADER]: Queue going to LEADER mode. State: All replicated index: 0, Majority replicated index: 0, Committed index: 0, Last appended: 0.0, Last appended by leader: 0, Current term: 1, Majority size: 2, State: 0, Mode: LEADER, active raft config: opid_index: -1 OBSOLETE_local: false peers { permanent_uuid: "cf512fd1791b4456b4304b564e8e8413" member_type: VOTER last_known_addr { host: "127.27.90.65" port: 33789 } } peers { permanent_uuid: "c2f51556842b43919622f6003ddd1422" member_type: VOTER last_known_addr { host: "127.27.90.66" port: 36837 } } peers { permanent_uuid: "f855b46194cf423998dcb67c6ffa4da4" member_type: VOTER last_known_addr { host: "127.27.90.67" port: 43719 } }
I20260608 10:05:11.106612 28675 tablet_service.cc:1917] Received RequestConsensusVote() RPC: tablet_id: "e30c0dd0bcfa428bb4ab38b26217d8c5" candidate_uuid: "f855b46194cf423998dcb67c6ffa4da4" candidate_term: 1 candidate_status { last_received { term: 0 index: 0 } } ignore_live_leader: false dest_uuid: "cf512fd1791b4456b4304b564e8e8413" is_pre_election: true
I20260608 10:05:11.108039 28878 leader_election.cc:290] T e30c0dd0bcfa428bb4ab38b26217d8c5 P f855b46194cf423998dcb67c6ffa4da4 [CANDIDATE]: Term 1 pre-election: Requested pre-vote from peers cf512fd1791b4456b4304b564e8e8413 (127.27.90.65:33789), c2f51556842b43919622f6003ddd1422 (127.27.90.66:36837)
I20260608 10:05:11.108700 28878 raft_consensus.cc:2804] T 3f2d77cd05154ca7a0aa0f79fb3d1638 P f855b46194cf423998dcb67c6ffa4da4 [term 0 FOLLOWER]: Leader pre-election won for term 1
I20260608 10:05:11.111487 28903 leader_election.cc:290] T 3f2d77cd05154ca7a0aa0f79fb3d1638 P f855b46194cf423998dcb67c6ffa4da4 [CANDIDATE]: Term 1 pre-election: Requested pre-vote from peers cf512fd1791b4456b4304b564e8e8413 (127.27.90.65:33789), c2f51556842b43919622f6003ddd1422 (127.27.90.66:36837)
I20260608 10:05:11.109141 28878 raft_consensus.cc:493] T 3f2d77cd05154ca7a0aa0f79fb3d1638 P f855b46194cf423998dcb67c6ffa4da4 [term 0 FOLLOWER]: Starting leader election (no leader contacted us within the election timeout)
I20260608 10:05:11.112210 28878 raft_consensus.cc:3060] T 3f2d77cd05154ca7a0aa0f79fb3d1638 P f855b46194cf423998dcb67c6ffa4da4 [term 0 FOLLOWER]: Advancing to term 1
I20260608 10:05:11.109591 28901 raft_consensus.cc:2804] T 17d0e16791894d30a3eeba7a21ed5759 P f855b46194cf423998dcb67c6ffa4da4 [term 1 FOLLOWER]: Leader election won for term 1
I20260608 10:05:11.112447 28872 tablet_bootstrap.cc:492] T 9e9fb9fd689e4cd2848009334aff70b9 P c2f51556842b43919622f6003ddd1422: No bootstrap required, opened a new log
I20260608 10:05:11.113937 28872 ts_tablet_manager.cc:1403] T 9e9fb9fd689e4cd2848009334aff70b9 P c2f51556842b43919622f6003ddd1422: Time spent bootstrapping tablet: real 0.105s	user 0.029s	sys 0.025s
I20260608 10:05:11.113929 28901 raft_consensus.cc:697] T 17d0e16791894d30a3eeba7a21ed5759 P f855b46194cf423998dcb67c6ffa4da4 [term 1 LEADER]: Becoming Leader. State: Replica: f855b46194cf423998dcb67c6ffa4da4, State: Running, Role: LEADER
W20260608 10:05:11.113010 28790 leader_election.cc:343] T e30c0dd0bcfa428bb4ab38b26217d8c5 P f855b46194cf423998dcb67c6ffa4da4 [CANDIDATE]: Term 1 pre-election: Tablet error from VoteRequest() call to peer cf512fd1791b4456b4304b564e8e8413 (127.27.90.65:33789): Illegal state: must be running to vote when last-logged opid is not known
I20260608 10:05:11.115051 28873 tablet_bootstrap.cc:654] T 3023a775f8204748afaebc6dc733874b P f855b46194cf423998dcb67c6ffa4da4: Neither blocks nor log segments found. Creating new log.
I20260608 10:05:11.117441 28874 tablet_bootstrap.cc:492] T 23ce166343b54770b15c9f4862b6c24a P cf512fd1791b4456b4304b564e8e8413: No bootstrap required, opened a new log
I20260608 10:05:11.117910 28874 ts_tablet_manager.cc:1403] T 23ce166343b54770b15c9f4862b6c24a P cf512fd1791b4456b4304b564e8e8413: Time spent bootstrapping tablet: real 0.143s	user 0.026s	sys 0.032s
I20260608 10:05:11.118340 28790 leader_election.cc:304] T e30c0dd0bcfa428bb4ab38b26217d8c5 P f855b46194cf423998dcb67c6ffa4da4 [CANDIDATE]: Term 1 pre-election: Election decided. Result: candidate lost. Election summary: received 3 responses out of 3 voters: 1 yes votes; 2 no votes. yes voters: f855b46194cf423998dcb67c6ffa4da4; no voters: c2f51556842b43919622f6003ddd1422, cf512fd1791b4456b4304b564e8e8413
I20260608 10:05:11.119398 28904 raft_consensus.cc:2749] T e30c0dd0bcfa428bb4ab38b26217d8c5 P f855b46194cf423998dcb67c6ffa4da4 [term 0 FOLLOWER]: Leader pre-election lost for term 1. Reason: could not achieve majority
I20260608 10:05:11.120805 28874 raft_consensus.cc:359] T 23ce166343b54770b15c9f4862b6c24a P cf512fd1791b4456b4304b564e8e8413 [term 0 FOLLOWER]: Replica starting. Triggering 0 pending ops. Active config: opid_index: -1 OBSOLETE_local: false peers { permanent_uuid: "cf512fd1791b4456b4304b564e8e8413" member_type: VOTER last_known_addr { host: "127.27.90.65" port: 33789 } } peers { permanent_uuid: "c2f51556842b43919622f6003ddd1422" member_type: VOTER last_known_addr { host: "127.27.90.66" port: 36837 } } peers { permanent_uuid: "f855b46194cf423998dcb67c6ffa4da4" member_type: VOTER last_known_addr { host: "127.27.90.67" port: 43719 } }
I20260608 10:05:11.121734 28874 raft_consensus.cc:385] T 23ce166343b54770b15c9f4862b6c24a P cf512fd1791b4456b4304b564e8e8413 [term 0 FOLLOWER]: Consensus starting up: Expiring failure detector timer to make a prompt election more likely
I20260608 10:05:11.122155 28874 raft_consensus.cc:740] T 23ce166343b54770b15c9f4862b6c24a P cf512fd1791b4456b4304b564e8e8413 [term 0 FOLLOWER]: Becoming Follower/Learner. State: Replica: cf512fd1791b4456b4304b564e8e8413, State: Initialized, Role: FOLLOWER
I20260608 10:05:11.122160 28873 tablet_bootstrap.cc:492] T 3023a775f8204748afaebc6dc733874b P f855b46194cf423998dcb67c6ffa4da4: No bootstrap required, opened a new log
I20260608 10:05:11.122948 28873 ts_tablet_manager.cc:1403] T 3023a775f8204748afaebc6dc733874b P f855b46194cf423998dcb67c6ffa4da4: Time spent bootstrapping tablet: real 0.041s	user 0.019s	sys 0.000s
I20260608 10:05:11.123306 28874 consensus_queue.cc:260] T 23ce166343b54770b15c9f4862b6c24a P cf512fd1791b4456b4304b564e8e8413 [NON_LEADER]: Queue going to NON_LEADER mode. State: All replicated index: 0, Majority replicated index: 0, Committed index: 0, Last appended: 0.0, Last appended by leader: 0, Current term: 0, Majority size: -1, State: 0, Mode: NON_LEADER, active raft config: opid_index: -1 OBSOLETE_local: false peers { permanent_uuid: "cf512fd1791b4456b4304b564e8e8413" member_type: VOTER last_known_addr { host: "127.27.90.65" port: 33789 } } peers { permanent_uuid: "c2f51556842b43919622f6003ddd1422" member_type: VOTER last_known_addr { host: "127.27.90.66" port: 36837 } } peers { permanent_uuid: "f855b46194cf423998dcb67c6ffa4da4" member_type: VOTER last_known_addr { host: "127.27.90.67" port: 43719 } }
I20260608 10:05:11.123750 28872 raft_consensus.cc:359] T 9e9fb9fd689e4cd2848009334aff70b9 P c2f51556842b43919622f6003ddd1422 [term 0 FOLLOWER]: Replica starting. Triggering 0 pending ops. Active config: opid_index: -1 OBSOLETE_local: false peers { permanent_uuid: "cf512fd1791b4456b4304b564e8e8413" member_type: VOTER last_known_addr { host: "127.27.90.65" port: 33789 } } peers { permanent_uuid: "c2f51556842b43919622f6003ddd1422" member_type: VOTER last_known_addr { host: "127.27.90.66" port: 36837 } } peers { permanent_uuid: "f855b46194cf423998dcb67c6ffa4da4" member_type: VOTER last_known_addr { host: "127.27.90.67" port: 43719 } }
I20260608 10:05:11.124513 28872 raft_consensus.cc:385] T 9e9fb9fd689e4cd2848009334aff70b9 P c2f51556842b43919622f6003ddd1422 [term 0 FOLLOWER]: Consensus starting up: Expiring failure detector timer to make a prompt election more likely
I20260608 10:05:11.121031 28901 consensus_queue.cc:237] T 17d0e16791894d30a3eeba7a21ed5759 P f855b46194cf423998dcb67c6ffa4da4 [LEADER]: Queue going to LEADER mode. State: All replicated index: 0, Majority replicated index: 0, Committed index: 0, Last appended: 0.0, Last appended by leader: 0, Current term: 1, Majority size: 2, State: 0, Mode: LEADER, active raft config: opid_index: -1 OBSOLETE_local: false peers { permanent_uuid: "cf512fd1791b4456b4304b564e8e8413" member_type: VOTER last_known_addr { host: "127.27.90.65" port: 33789 } } peers { permanent_uuid: "c2f51556842b43919622f6003ddd1422" member_type: VOTER last_known_addr { host: "127.27.90.66" port: 36837 } } peers { permanent_uuid: "f855b46194cf423998dcb67c6ffa4da4" member_type: VOTER last_known_addr { host: "127.27.90.67" port: 43719 } }
I20260608 10:05:11.126331 28873 raft_consensus.cc:359] T 3023a775f8204748afaebc6dc733874b P f855b46194cf423998dcb67c6ffa4da4 [term 0 FOLLOWER]: Replica starting. Triggering 0 pending ops. Active config: opid_index: -1 OBSOLETE_local: false peers { permanent_uuid: "cf512fd1791b4456b4304b564e8e8413" member_type: VOTER last_known_addr { host: "127.27.90.65" port: 33789 } } peers { permanent_uuid: "c2f51556842b43919622f6003ddd1422" member_type: VOTER last_known_addr { host: "127.27.90.66" port: 36837 } } peers { permanent_uuid: "f855b46194cf423998dcb67c6ffa4da4" member_type: VOTER last_known_addr { host: "127.27.90.67" port: 43719 } }
I20260608 10:05:11.127071 28873 raft_consensus.cc:385] T 3023a775f8204748afaebc6dc733874b P f855b46194cf423998dcb67c6ffa4da4 [term 0 FOLLOWER]: Consensus starting up: Expiring failure detector timer to make a prompt election more likely
I20260608 10:05:11.127408 28873 raft_consensus.cc:740] T 3023a775f8204748afaebc6dc733874b P f855b46194cf423998dcb67c6ffa4da4 [term 0 FOLLOWER]: Becoming Follower/Learner. State: Replica: f855b46194cf423998dcb67c6ffa4da4, State: Initialized, Role: FOLLOWER
I20260608 10:05:11.124789 28872 raft_consensus.cc:740] T 9e9fb9fd689e4cd2848009334aff70b9 P c2f51556842b43919622f6003ddd1422 [term 0 FOLLOWER]: Becoming Follower/Learner. State: Replica: c2f51556842b43919622f6003ddd1422, State: Initialized, Role: FOLLOWER
I20260608 10:05:11.128368 28873 consensus_queue.cc:260] T 3023a775f8204748afaebc6dc733874b P f855b46194cf423998dcb67c6ffa4da4 [NON_LEADER]: Queue going to NON_LEADER mode. State: All replicated index: 0, Majority replicated index: 0, Committed index: 0, Last appended: 0.0, Last appended by leader: 0, Current term: 0, Majority size: -1, State: 0, Mode: NON_LEADER, active raft config: opid_index: -1 OBSOLETE_local: false peers { permanent_uuid: "cf512fd1791b4456b4304b564e8e8413" member_type: VOTER last_known_addr { host: "127.27.90.65" port: 33789 } } peers { permanent_uuid: "c2f51556842b43919622f6003ddd1422" member_type: VOTER last_known_addr { host: "127.27.90.66" port: 36837 } } peers { permanent_uuid: "f855b46194cf423998dcb67c6ffa4da4" member_type: VOTER last_known_addr { host: "127.27.90.67" port: 43719 } }
I20260608 10:05:11.130334 28873 ts_tablet_manager.cc:1434] T 3023a775f8204748afaebc6dc733874b P f855b46194cf423998dcb67c6ffa4da4: Time spent starting tablet: real 0.007s	user 0.006s	sys 0.000s
I20260608 10:05:11.131307 28873 tablet_bootstrap.cc:492] T 0ca1ddabe4534250979e034c405bc93b P f855b46194cf423998dcb67c6ffa4da4: Bootstrap starting.
I20260608 10:05:11.131453 28872 consensus_queue.cc:260] T 9e9fb9fd689e4cd2848009334aff70b9 P c2f51556842b43919622f6003ddd1422 [NON_LEADER]: Queue going to NON_LEADER mode. State: All replicated index: 0, Majority replicated index: 0, Committed index: 0, Last appended: 0.0, Last appended by leader: 0, Current term: 0, Majority size: -1, State: 0, Mode: NON_LEADER, active raft config: opid_index: -1 OBSOLETE_local: false peers { permanent_uuid: "cf512fd1791b4456b4304b564e8e8413" member_type: VOTER last_known_addr { host: "127.27.90.65" port: 33789 } } peers { permanent_uuid: "c2f51556842b43919622f6003ddd1422" member_type: VOTER last_known_addr { host: "127.27.90.66" port: 36837 } } peers { permanent_uuid: "f855b46194cf423998dcb67c6ffa4da4" member_type: VOTER last_known_addr { host: "127.27.90.67" port: 43719 } }
I20260608 10:05:11.131803 28878 raft_consensus.cc:515] T 3f2d77cd05154ca7a0aa0f79fb3d1638 P f855b46194cf423998dcb67c6ffa4da4 [term 1 FOLLOWER]: Starting leader election with config: opid_index: -1 OBSOLETE_local: false peers { permanent_uuid: "cf512fd1791b4456b4304b564e8e8413" member_type: VOTER last_known_addr { host: "127.27.90.65" port: 33789 } } peers { permanent_uuid: "c2f51556842b43919622f6003ddd1422" member_type: VOTER last_known_addr { host: "127.27.90.66" port: 36837 } } peers { permanent_uuid: "f855b46194cf423998dcb67c6ffa4da4" member_type: VOTER last_known_addr { host: "127.27.90.67" port: 43719 } }
I20260608 10:05:11.133338 28874 ts_tablet_manager.cc:1434] T 23ce166343b54770b15c9f4862b6c24a P cf512fd1791b4456b4304b564e8e8413: Time spent starting tablet: real 0.015s	user 0.008s	sys 0.000s
I20260608 10:05:11.133942 28872 ts_tablet_manager.cc:1434] T 9e9fb9fd689e4cd2848009334aff70b9 P c2f51556842b43919622f6003ddd1422: Time spent starting tablet: real 0.020s	user 0.005s	sys 0.001s
I20260608 10:05:11.134989 28872 tablet_bootstrap.cc:492] T e30c0dd0bcfa428bb4ab38b26217d8c5 P c2f51556842b43919622f6003ddd1422: Bootstrap starting.
I20260608 10:05:11.138028 28874 tablet_bootstrap.cc:492] T 99fdbb7a1d374680baf6061f2e28ddb6 P cf512fd1791b4456b4304b564e8e8413: Bootstrap starting.
I20260608 10:05:11.139652 28675 tablet_service.cc:1917] Received RequestConsensusVote() RPC: tablet_id: "3f2d77cd05154ca7a0aa0f79fb3d1638" candidate_uuid: "f855b46194cf423998dcb67c6ffa4da4" candidate_term: 1 candidate_status { last_received { term: 0 index: 0 } } ignore_live_leader: false dest_uuid: "cf512fd1791b4456b4304b564e8e8413"
I20260608 10:05:11.140376 28675 raft_consensus.cc:3060] T 3f2d77cd05154ca7a0aa0f79fb3d1638 P cf512fd1791b4456b4304b564e8e8413 [term 0 FOLLOWER]: Advancing to term 1
I20260608 10:05:11.145961 28873 tablet_bootstrap.cc:654] T 0ca1ddabe4534250979e034c405bc93b P f855b46194cf423998dcb67c6ffa4da4: Neither blocks nor log segments found. Creating new log.
I20260608 10:05:11.148388 28878 leader_election.cc:290] T 3f2d77cd05154ca7a0aa0f79fb3d1638 P f855b46194cf423998dcb67c6ffa4da4 [CANDIDATE]: Term 1 election: Requested vote from peers cf512fd1791b4456b4304b564e8e8413 (127.27.90.65:33789), c2f51556842b43919622f6003ddd1422 (127.27.90.66:36837)
I20260608 10:05:11.149814 28753 tablet_service.cc:1917] Received RequestConsensusVote() RPC: tablet_id: "3f2d77cd05154ca7a0aa0f79fb3d1638" candidate_uuid: "f855b46194cf423998dcb67c6ffa4da4" candidate_term: 1 candidate_status { last_received { term: 0 index: 0 } } ignore_live_leader: false dest_uuid: "c2f51556842b43919622f6003ddd1422"
I20260608 10:05:11.150569 28753 raft_consensus.cc:3060] T 3f2d77cd05154ca7a0aa0f79fb3d1638 P c2f51556842b43919622f6003ddd1422 [term 0 FOLLOWER]: Advancing to term 1
I20260608 10:05:11.149905 28675 raft_consensus.cc:2468] T 3f2d77cd05154ca7a0aa0f79fb3d1638 P cf512fd1791b4456b4304b564e8e8413 [term 1 FOLLOWER]: Leader election vote request: Granting yes vote for candidate f855b46194cf423998dcb67c6ffa4da4 in term 1.
I20260608 10:05:11.153477 28872 tablet_bootstrap.cc:654] T e30c0dd0bcfa428bb4ab38b26217d8c5 P c2f51556842b43919622f6003ddd1422: Neither blocks nor log segments found. Creating new log.
I20260608 10:05:11.153542 28790 leader_election.cc:304] T 3f2d77cd05154ca7a0aa0f79fb3d1638 P f855b46194cf423998dcb67c6ffa4da4 [CANDIDATE]: Term 1 election: Election decided. Result: candidate won. Election summary: received 2 responses out of 3 voters: 2 yes votes; 0 no votes. yes voters: cf512fd1791b4456b4304b564e8e8413, f855b46194cf423998dcb67c6ffa4da4; no voters: 
I20260608 10:05:11.154781 28878 raft_consensus.cc:2804] T 3f2d77cd05154ca7a0aa0f79fb3d1638 P f855b46194cf423998dcb67c6ffa4da4 [term 1 FOLLOWER]: Leader election won for term 1
I20260608 10:05:11.155260 28878 raft_consensus.cc:697] T 3f2d77cd05154ca7a0aa0f79fb3d1638 P f855b46194cf423998dcb67c6ffa4da4 [term 1 LEADER]: Becoming Leader. State: Replica: f855b46194cf423998dcb67c6ffa4da4, State: Running, Role: LEADER
I20260608 10:05:11.156071 28878 consensus_queue.cc:237] T 3f2d77cd05154ca7a0aa0f79fb3d1638 P f855b46194cf423998dcb67c6ffa4da4 [LEADER]: Queue going to LEADER mode. State: All replicated index: 0, Majority replicated index: 0, Committed index: 0, Last appended: 0.0, Last appended by leader: 0, Current term: 1, Majority size: 2, State: 0, Mode: LEADER, active raft config: opid_index: -1 OBSOLETE_local: false peers { permanent_uuid: "cf512fd1791b4456b4304b564e8e8413" member_type: VOTER last_known_addr { host: "127.27.90.65" port: 33789 } } peers { permanent_uuid: "c2f51556842b43919622f6003ddd1422" member_type: VOTER last_known_addr { host: "127.27.90.66" port: 36837 } } peers { permanent_uuid: "f855b46194cf423998dcb67c6ffa4da4" member_type: VOTER last_known_addr { host: "127.27.90.67" port: 43719 } }
I20260608 10:05:11.157204 28753 raft_consensus.cc:2468] T 3f2d77cd05154ca7a0aa0f79fb3d1638 P c2f51556842b43919622f6003ddd1422 [term 1 FOLLOWER]: Leader election vote request: Granting yes vote for candidate f855b46194cf423998dcb67c6ffa4da4 in term 1.
I20260608 10:05:11.158360 28874 tablet_bootstrap.cc:654] T 99fdbb7a1d374680baf6061f2e28ddb6 P cf512fd1791b4456b4304b564e8e8413: Neither blocks nor log segments found. Creating new log.
I20260608 10:05:11.167487 28872 tablet_bootstrap.cc:492] T e30c0dd0bcfa428bb4ab38b26217d8c5 P c2f51556842b43919622f6003ddd1422: No bootstrap required, opened a new log
I20260608 10:05:11.167965 28872 ts_tablet_manager.cc:1403] T e30c0dd0bcfa428bb4ab38b26217d8c5 P c2f51556842b43919622f6003ddd1422: Time spent bootstrapping tablet: real 0.033s	user 0.016s	sys 0.002s
I20260608 10:05:11.170485 28873 tablet_bootstrap.cc:492] T 0ca1ddabe4534250979e034c405bc93b P f855b46194cf423998dcb67c6ffa4da4: No bootstrap required, opened a new log
I20260608 10:05:11.170495 28874 tablet_bootstrap.cc:492] T 99fdbb7a1d374680baf6061f2e28ddb6 P cf512fd1791b4456b4304b564e8e8413: No bootstrap required, opened a new log
I20260608 10:05:11.171036 28874 ts_tablet_manager.cc:1403] T 99fdbb7a1d374680baf6061f2e28ddb6 P cf512fd1791b4456b4304b564e8e8413: Time spent bootstrapping tablet: real 0.033s	user 0.008s	sys 0.007s
I20260608 10:05:11.171041 28873 ts_tablet_manager.cc:1403] T 0ca1ddabe4534250979e034c405bc93b P f855b46194cf423998dcb67c6ffa4da4: Time spent bootstrapping tablet: real 0.040s	user 0.008s	sys 0.008s
I20260608 10:05:11.170944 28872 raft_consensus.cc:359] T e30c0dd0bcfa428bb4ab38b26217d8c5 P c2f51556842b43919622f6003ddd1422 [term 0 FOLLOWER]: Replica starting. Triggering 0 pending ops. Active config: opid_index: -1 OBSOLETE_local: false peers { permanent_uuid: "cf512fd1791b4456b4304b564e8e8413" member_type: VOTER last_known_addr { host: "127.27.90.65" port: 33789 } } peers { permanent_uuid: "c2f51556842b43919622f6003ddd1422" member_type: VOTER last_known_addr { host: "127.27.90.66" port: 36837 } } peers { permanent_uuid: "f855b46194cf423998dcb67c6ffa4da4" member_type: VOTER last_known_addr { host: "127.27.90.67" port: 43719 } }
I20260608 10:05:11.171808 28872 raft_consensus.cc:385] T e30c0dd0bcfa428bb4ab38b26217d8c5 P c2f51556842b43919622f6003ddd1422 [term 0 FOLLOWER]: Consensus starting up: Expiring failure detector timer to make a prompt election more likely
I20260608 10:05:11.172066 28872 raft_consensus.cc:740] T e30c0dd0bcfa428bb4ab38b26217d8c5 P c2f51556842b43919622f6003ddd1422 [term 0 FOLLOWER]: Becoming Follower/Learner. State: Replica: c2f51556842b43919622f6003ddd1422, State: Initialized, Role: FOLLOWER
I20260608 10:05:11.172814 28872 consensus_queue.cc:260] T e30c0dd0bcfa428bb4ab38b26217d8c5 P c2f51556842b43919622f6003ddd1422 [NON_LEADER]: Queue going to NON_LEADER mode. State: All replicated index: 0, Majority replicated index: 0, Committed index: 0, Last appended: 0.0, Last appended by leader: 0, Current term: 0, Majority size: -1, State: 0, Mode: NON_LEADER, active raft config: opid_index: -1 OBSOLETE_local: false peers { permanent_uuid: "cf512fd1791b4456b4304b564e8e8413" member_type: VOTER last_known_addr { host: "127.27.90.65" port: 33789 } } peers { permanent_uuid: "c2f51556842b43919622f6003ddd1422" member_type: VOTER last_known_addr { host: "127.27.90.66" port: 36837 } } peers { permanent_uuid: "f855b46194cf423998dcb67c6ffa4da4" member_type: VOTER last_known_addr { host: "127.27.90.67" port: 43719 } }
I20260608 10:05:11.174084 28874 raft_consensus.cc:359] T 99fdbb7a1d374680baf6061f2e28ddb6 P cf512fd1791b4456b4304b564e8e8413 [term 0 FOLLOWER]: Replica starting. Triggering 0 pending ops. Active config: opid_index: -1 OBSOLETE_local: false peers { permanent_uuid: "f855b46194cf423998dcb67c6ffa4da4" member_type: VOTER last_known_addr { host: "127.27.90.67" port: 43719 } } peers { permanent_uuid: "cf512fd1791b4456b4304b564e8e8413" member_type: VOTER last_known_addr { host: "127.27.90.65" port: 33789 } } peers { permanent_uuid: "c2f51556842b43919622f6003ddd1422" member_type: VOTER last_known_addr { host: "127.27.90.66" port: 36837 } }
I20260608 10:05:11.174327 28873 raft_consensus.cc:359] T 0ca1ddabe4534250979e034c405bc93b P f855b46194cf423998dcb67c6ffa4da4 [term 0 FOLLOWER]: Replica starting. Triggering 0 pending ops. Active config: opid_index: -1 OBSOLETE_local: false peers { permanent_uuid: "cf512fd1791b4456b4304b564e8e8413" member_type: VOTER last_known_addr { host: "127.27.90.65" port: 33789 } } peers { permanent_uuid: "c2f51556842b43919622f6003ddd1422" member_type: VOTER last_known_addr { host: "127.27.90.66" port: 36837 } } peers { permanent_uuid: "f855b46194cf423998dcb67c6ffa4da4" member_type: VOTER last_known_addr { host: "127.27.90.67" port: 43719 } }
I20260608 10:05:11.174835 28874 raft_consensus.cc:385] T 99fdbb7a1d374680baf6061f2e28ddb6 P cf512fd1791b4456b4304b564e8e8413 [term 0 FOLLOWER]: Consensus starting up: Expiring failure detector timer to make a prompt election more likely
I20260608 10:05:11.175127 28873 raft_consensus.cc:385] T 0ca1ddabe4534250979e034c405bc93b P f855b46194cf423998dcb67c6ffa4da4 [term 0 FOLLOWER]: Consensus starting up: Expiring failure detector timer to make a prompt election more likely
I20260608 10:05:11.175191 28872 ts_tablet_manager.cc:1434] T e30c0dd0bcfa428bb4ab38b26217d8c5 P c2f51556842b43919622f6003ddd1422: Time spent starting tablet: real 0.007s	user 0.007s	sys 0.000s
I20260608 10:05:11.175155 28874 raft_consensus.cc:740] T 99fdbb7a1d374680baf6061f2e28ddb6 P cf512fd1791b4456b4304b564e8e8413 [term 0 FOLLOWER]: Becoming Follower/Learner. State: Replica: cf512fd1791b4456b4304b564e8e8413, State: Initialized, Role: FOLLOWER
I20260608 10:05:11.172291 28576 catalog_manager.cc:5696] T 3023a775f8204748afaebc6dc733874b P c2f51556842b43919622f6003ddd1422 reported cstate change: term changed from 0 to 1, leader changed from <none> to c2f51556842b43919622f6003ddd1422 (127.27.90.66). New cstate: current_term: 1 leader_uuid: "c2f51556842b43919622f6003ddd1422" committed_config { opid_index: -1 OBSOLETE_local: false peers { permanent_uuid: "cf512fd1791b4456b4304b564e8e8413" member_type: VOTER last_known_addr { host: "127.27.90.65" port: 33789 } health_report { overall_health: UNKNOWN } } peers { permanent_uuid: "c2f51556842b43919622f6003ddd1422" member_type: VOTER last_known_addr { host: "127.27.90.66" port: 36837 } health_report { overall_health: HEALTHY } } peers { permanent_uuid: "f855b46194cf423998dcb67c6ffa4da4" member_type: VOTER last_known_addr { host: "127.27.90.67" port: 43719 } health_report { overall_health: UNKNOWN } } }
I20260608 10:05:11.175654 28873 raft_consensus.cc:740] T 0ca1ddabe4534250979e034c405bc93b P f855b46194cf423998dcb67c6ffa4da4 [term 0 FOLLOWER]: Becoming Follower/Learner. State: Replica: f855b46194cf423998dcb67c6ffa4da4, State: Initialized, Role: FOLLOWER
I20260608 10:05:11.174078 28575 catalog_manager.cc:5696] T 17d0e16791894d30a3eeba7a21ed5759 P f855b46194cf423998dcb67c6ffa4da4 reported cstate change: term changed from 0 to 1, leader changed from <none> to f855b46194cf423998dcb67c6ffa4da4 (127.27.90.67). New cstate: current_term: 1 leader_uuid: "f855b46194cf423998dcb67c6ffa4da4" committed_config { opid_index: -1 OBSOLETE_local: false peers { permanent_uuid: "cf512fd1791b4456b4304b564e8e8413" member_type: VOTER last_known_addr { host: "127.27.90.65" port: 33789 } health_report { overall_health: UNKNOWN } } peers { permanent_uuid: "c2f51556842b43919622f6003ddd1422" member_type: VOTER last_known_addr { host: "127.27.90.66" port: 36837 } health_report { overall_health: UNKNOWN } } peers { permanent_uuid: "f855b46194cf423998dcb67c6ffa4da4" member_type: VOTER last_known_addr { host: "127.27.90.67" port: 43719 } health_report { overall_health: HEALTHY } } }
I20260608 10:05:11.176231 28874 consensus_queue.cc:260] T 99fdbb7a1d374680baf6061f2e28ddb6 P cf512fd1791b4456b4304b564e8e8413 [NON_LEADER]: Queue going to NON_LEADER mode. State: All replicated index: 0, Majority replicated index: 0, Committed index: 0, Last appended: 0.0, Last appended by leader: 0, Current term: 0, Majority size: -1, State: 0, Mode: NON_LEADER, active raft config: opid_index: -1 OBSOLETE_local: false peers { permanent_uuid: "f855b46194cf423998dcb67c6ffa4da4" member_type: VOTER last_known_addr { host: "127.27.90.67" port: 43719 } } peers { permanent_uuid: "cf512fd1791b4456b4304b564e8e8413" member_type: VOTER last_known_addr { host: "127.27.90.65" port: 33789 } } peers { permanent_uuid: "c2f51556842b43919622f6003ddd1422" member_type: VOTER last_known_addr { host: "127.27.90.66" port: 36837 } }
I20260608 10:05:11.176488 28873 consensus_queue.cc:260] T 0ca1ddabe4534250979e034c405bc93b P f855b46194cf423998dcb67c6ffa4da4 [NON_LEADER]: Queue going to NON_LEADER mode. State: All replicated index: 0, Majority replicated index: 0, Committed index: 0, Last appended: 0.0, Last appended by leader: 0, Current term: 0, Majority size: -1, State: 0, Mode: NON_LEADER, active raft config: opid_index: -1 OBSOLETE_local: false peers { permanent_uuid: "cf512fd1791b4456b4304b564e8e8413" member_type: VOTER last_known_addr { host: "127.27.90.65" port: 33789 } } peers { permanent_uuid: "c2f51556842b43919622f6003ddd1422" member_type: VOTER last_known_addr { host: "127.27.90.66" port: 36837 } } peers { permanent_uuid: "f855b46194cf423998dcb67c6ffa4da4" member_type: VOTER last_known_addr { host: "127.27.90.67" port: 43719 } }
I20260608 10:05:11.178644 28873 ts_tablet_manager.cc:1434] T 0ca1ddabe4534250979e034c405bc93b P f855b46194cf423998dcb67c6ffa4da4: Time spent starting tablet: real 0.007s	user 0.005s	sys 0.000s
I20260608 10:05:11.179553 28873 tablet_bootstrap.cc:492] T 9e9fb9fd689e4cd2848009334aff70b9 P f855b46194cf423998dcb67c6ffa4da4: Bootstrap starting.
I20260608 10:05:11.182338 28874 ts_tablet_manager.cc:1434] T 99fdbb7a1d374680baf6061f2e28ddb6 P cf512fd1791b4456b4304b564e8e8413: Time spent starting tablet: real 0.011s	user 0.003s	sys 0.004s
I20260608 10:05:11.186141 28873 tablet_bootstrap.cc:654] T 9e9fb9fd689e4cd2848009334aff70b9 P f855b46194cf423998dcb67c6ffa4da4: Neither blocks nor log segments found. Creating new log.
I20260608 10:05:11.188298 28874 tablet_bootstrap.cc:492] T e30c0dd0bcfa428bb4ab38b26217d8c5 P cf512fd1791b4456b4304b564e8e8413: Bootstrap starting.
I20260608 10:05:11.194074 28873 tablet_bootstrap.cc:492] T 9e9fb9fd689e4cd2848009334aff70b9 P f855b46194cf423998dcb67c6ffa4da4: No bootstrap required, opened a new log
I20260608 10:05:11.194520 28873 ts_tablet_manager.cc:1403] T 9e9fb9fd689e4cd2848009334aff70b9 P f855b46194cf423998dcb67c6ffa4da4: Time spent bootstrapping tablet: real 0.015s	user 0.005s	sys 0.007s
I20260608 10:05:11.196962 28873 raft_consensus.cc:359] T 9e9fb9fd689e4cd2848009334aff70b9 P f855b46194cf423998dcb67c6ffa4da4 [term 0 FOLLOWER]: Replica starting. Triggering 0 pending ops. Active config: opid_index: -1 OBSOLETE_local: false peers { permanent_uuid: "cf512fd1791b4456b4304b564e8e8413" member_type: VOTER last_known_addr { host: "127.27.90.65" port: 33789 } } peers { permanent_uuid: "c2f51556842b43919622f6003ddd1422" member_type: VOTER last_known_addr { host: "127.27.90.66" port: 36837 } } peers { permanent_uuid: "f855b46194cf423998dcb67c6ffa4da4" member_type: VOTER last_known_addr { host: "127.27.90.67" port: 43719 } }
I20260608 10:05:11.197481 28874 tablet_bootstrap.cc:654] T e30c0dd0bcfa428bb4ab38b26217d8c5 P cf512fd1791b4456b4304b564e8e8413: Neither blocks nor log segments found. Creating new log.
I20260608 10:05:11.197654 28873 raft_consensus.cc:385] T 9e9fb9fd689e4cd2848009334aff70b9 P f855b46194cf423998dcb67c6ffa4da4 [term 0 FOLLOWER]: Consensus starting up: Expiring failure detector timer to make a prompt election more likely
I20260608 10:05:11.197973 28873 raft_consensus.cc:740] T 9e9fb9fd689e4cd2848009334aff70b9 P f855b46194cf423998dcb67c6ffa4da4 [term 0 FOLLOWER]: Becoming Follower/Learner. State: Replica: f855b46194cf423998dcb67c6ffa4da4, State: Initialized, Role: FOLLOWER
I20260608 10:05:11.198716 28873 consensus_queue.cc:260] T 9e9fb9fd689e4cd2848009334aff70b9 P f855b46194cf423998dcb67c6ffa4da4 [NON_LEADER]: Queue going to NON_LEADER mode. State: All replicated index: 0, Majority replicated index: 0, Committed index: 0, Last appended: 0.0, Last appended by leader: 0, Current term: 0, Majority size: -1, State: 0, Mode: NON_LEADER, active raft config: opid_index: -1 OBSOLETE_local: false peers { permanent_uuid: "cf512fd1791b4456b4304b564e8e8413" member_type: VOTER last_known_addr { host: "127.27.90.65" port: 33789 } } peers { permanent_uuid: "c2f51556842b43919622f6003ddd1422" member_type: VOTER last_known_addr { host: "127.27.90.66" port: 36837 } } peers { permanent_uuid: "f855b46194cf423998dcb67c6ffa4da4" member_type: VOTER last_known_addr { host: "127.27.90.67" port: 43719 } }
I20260608 10:05:11.200729 28873 ts_tablet_manager.cc:1434] T 9e9fb9fd689e4cd2848009334aff70b9 P f855b46194cf423998dcb67c6ffa4da4: Time spent starting tablet: real 0.006s	user 0.004s	sys 0.000s
I20260608 10:05:11.203338 28574 catalog_manager.cc:5696] T 3f2d77cd05154ca7a0aa0f79fb3d1638 P f855b46194cf423998dcb67c6ffa4da4 reported cstate change: term changed from 0 to 1, leader changed from <none> to f855b46194cf423998dcb67c6ffa4da4 (127.27.90.67). New cstate: current_term: 1 leader_uuid: "f855b46194cf423998dcb67c6ffa4da4" committed_config { opid_index: -1 OBSOLETE_local: false peers { permanent_uuid: "cf512fd1791b4456b4304b564e8e8413" member_type: VOTER last_known_addr { host: "127.27.90.65" port: 33789 } health_report { overall_health: UNKNOWN } } peers { permanent_uuid: "c2f51556842b43919622f6003ddd1422" member_type: VOTER last_known_addr { host: "127.27.90.66" port: 36837 } health_report { overall_health: UNKNOWN } } peers { permanent_uuid: "f855b46194cf423998dcb67c6ffa4da4" member_type: VOTER last_known_addr { host: "127.27.90.67" port: 43719 } health_report { overall_health: HEALTHY } } }
I20260608 10:05:11.206604 28874 tablet_bootstrap.cc:492] T e30c0dd0bcfa428bb4ab38b26217d8c5 P cf512fd1791b4456b4304b564e8e8413: No bootstrap required, opened a new log
I20260608 10:05:11.206962 28874 ts_tablet_manager.cc:1403] T e30c0dd0bcfa428bb4ab38b26217d8c5 P cf512fd1791b4456b4304b564e8e8413: Time spent bootstrapping tablet: real 0.019s	user 0.009s	sys 0.005s
I20260608 10:05:11.208720 28880 raft_consensus.cc:493] T 9e9fb9fd689e4cd2848009334aff70b9 P cf512fd1791b4456b4304b564e8e8413 [term 0 FOLLOWER]: Starting pre-election (no leader contacted us within the election timeout)
I20260608 10:05:11.209201 28880 raft_consensus.cc:515] T 9e9fb9fd689e4cd2848009334aff70b9 P cf512fd1791b4456b4304b564e8e8413 [term 0 FOLLOWER]: Starting pre-election with config: opid_index: -1 OBSOLETE_local: false peers { permanent_uuid: "cf512fd1791b4456b4304b564e8e8413" member_type: VOTER last_known_addr { host: "127.27.90.65" port: 33789 } } peers { permanent_uuid: "c2f51556842b43919622f6003ddd1422" member_type: VOTER last_known_addr { host: "127.27.90.66" port: 36837 } } peers { permanent_uuid: "f855b46194cf423998dcb67c6ffa4da4" member_type: VOTER last_known_addr { host: "127.27.90.67" port: 43719 } }
I20260608 10:05:11.210309 28874 raft_consensus.cc:359] T e30c0dd0bcfa428bb4ab38b26217d8c5 P cf512fd1791b4456b4304b564e8e8413 [term 0 FOLLOWER]: Replica starting. Triggering 0 pending ops. Active config: opid_index: -1 OBSOLETE_local: false peers { permanent_uuid: "cf512fd1791b4456b4304b564e8e8413" member_type: VOTER last_known_addr { host: "127.27.90.65" port: 33789 } } peers { permanent_uuid: "c2f51556842b43919622f6003ddd1422" member_type: VOTER last_known_addr { host: "127.27.90.66" port: 36837 } } peers { permanent_uuid: "f855b46194cf423998dcb67c6ffa4da4" member_type: VOTER last_known_addr { host: "127.27.90.67" port: 43719 } }
I20260608 10:05:11.210932 28874 raft_consensus.cc:385] T e30c0dd0bcfa428bb4ab38b26217d8c5 P cf512fd1791b4456b4304b564e8e8413 [term 0 FOLLOWER]: Consensus starting up: Expiring failure detector timer to make a prompt election more likely
I20260608 10:05:11.211154 28874 raft_consensus.cc:740] T e30c0dd0bcfa428bb4ab38b26217d8c5 P cf512fd1791b4456b4304b564e8e8413 [term 0 FOLLOWER]: Becoming Follower/Learner. State: Replica: cf512fd1791b4456b4304b564e8e8413, State: Initialized, Role: FOLLOWER
I20260608 10:05:11.211824 28874 consensus_queue.cc:260] T e30c0dd0bcfa428bb4ab38b26217d8c5 P cf512fd1791b4456b4304b564e8e8413 [NON_LEADER]: Queue going to NON_LEADER mode. State: All replicated index: 0, Majority replicated index: 0, Committed index: 0, Last appended: 0.0, Last appended by leader: 0, Current term: 0, Majority size: -1, State: 0, Mode: NON_LEADER, active raft config: opid_index: -1 OBSOLETE_local: false peers { permanent_uuid: "cf512fd1791b4456b4304b564e8e8413" member_type: VOTER last_known_addr { host: "127.27.90.65" port: 33789 } } peers { permanent_uuid: "c2f51556842b43919622f6003ddd1422" member_type: VOTER last_known_addr { host: "127.27.90.66" port: 36837 } } peers { permanent_uuid: "f855b46194cf423998dcb67c6ffa4da4" member_type: VOTER last_known_addr { host: "127.27.90.67" port: 43719 } }
I20260608 10:05:11.213325 28880 leader_election.cc:290] T 9e9fb9fd689e4cd2848009334aff70b9 P cf512fd1791b4456b4304b564e8e8413 [CANDIDATE]: Term 1 pre-election: Requested pre-vote from peers c2f51556842b43919622f6003ddd1422 (127.27.90.66:36837), f855b46194cf423998dcb67c6ffa4da4 (127.27.90.67:43719)
I20260608 10:05:11.222429 28874 ts_tablet_manager.cc:1434] T e30c0dd0bcfa428bb4ab38b26217d8c5 P cf512fd1791b4456b4304b564e8e8413: Time spent starting tablet: real 0.015s	user 0.009s	sys 0.005s
I20260608 10:05:11.225129 28896 raft_consensus.cc:493] T e30c0dd0bcfa428bb4ab38b26217d8c5 P c2f51556842b43919622f6003ddd1422 [term 0 FOLLOWER]: Starting pre-election (no leader contacted us within the election timeout)
I20260608 10:05:11.225615 28896 raft_consensus.cc:515] T e30c0dd0bcfa428bb4ab38b26217d8c5 P c2f51556842b43919622f6003ddd1422 [term 0 FOLLOWER]: Starting pre-election with config: opid_index: -1 OBSOLETE_local: false peers { permanent_uuid: "cf512fd1791b4456b4304b564e8e8413" member_type: VOTER last_known_addr { host: "127.27.90.65" port: 33789 } } peers { permanent_uuid: "c2f51556842b43919622f6003ddd1422" member_type: VOTER last_known_addr { host: "127.27.90.66" port: 36837 } } peers { permanent_uuid: "f855b46194cf423998dcb67c6ffa4da4" member_type: VOTER last_known_addr { host: "127.27.90.67" port: 43719 } }
