I20260608 10:06:23.667562 21260 leader_election.cc:290] T 446bf90f69da437e83c30b529fa19f1c P ac7439a335214819ae1dbcf8dd3f1c57 [CANDIDATE]: Term 1 pre-election: Requested pre-vote from peers c2c36cb603e448448e17e52b92fb5705 (127.17.241.129:33177), 97c0561fd03040d98e790f0b45890564 (127.17.241.131:44287)
I20260608 10:06:23.667898 21059 tablet_service.cc:1917] Received RequestConsensusVote() RPC: tablet_id: "729e965e78aa47b79d9a1798a3c13ff0" candidate_uuid: "97c0561fd03040d98e790f0b45890564" candidate_term: 1 candidate_status { last_received { term: 0 index: 0 } } ignore_live_leader: false dest_uuid: "c2c36cb603e448448e17e52b92fb5705"
I20260608 10:06:23.669332 21059 raft_consensus.cc:2393] T 729e965e78aa47b79d9a1798a3c13ff0 P c2c36cb603e448448e17e52b92fb5705 [term 1 FOLLOWER]: Leader election vote request: Denying vote to candidate 97c0561fd03040d98e790f0b45890564 in current term 1: Already voted for candidate c2c36cb603e448448e17e52b92fb5705 in this term.
I20260608 10:06:23.673501 21133 raft_consensus.cc:2468] T efe51a4bdf3942a9a819eb480a6b8779 P ac7439a335214819ae1dbcf8dd3f1c57 [term 1 FOLLOWER]: Leader election vote request: Granting yes vote for candidate 97c0561fd03040d98e790f0b45890564 in term 1.
I20260608 10:06:23.674243 21208 tablet_service.cc:1917] Received RequestConsensusVote() RPC: tablet_id: "729e965e78aa47b79d9a1798a3c13ff0" candidate_uuid: "c2c36cb603e448448e17e52b92fb5705" candidate_term: 1 candidate_status { last_received { term: 0 index: 0 } } ignore_live_leader: false dest_uuid: "97c0561fd03040d98e790f0b45890564"
I20260608 10:06:23.675283 21208 raft_consensus.cc:2393] T 729e965e78aa47b79d9a1798a3c13ff0 P 97c0561fd03040d98e790f0b45890564 [term 1 FOLLOWER]: Leader election vote request: Denying vote to candidate c2c36cb603e448448e17e52b92fb5705 in current term 1: Already voted for candidate 97c0561fd03040d98e790f0b45890564 in this term.
I20260608 10:06:23.675002 21132 raft_consensus.cc:2468] T 729e965e78aa47b79d9a1798a3c13ff0 P ac7439a335214819ae1dbcf8dd3f1c57 [term 1 FOLLOWER]: Leader election vote request: Granting yes vote for candidate 97c0561fd03040d98e790f0b45890564 in term 1.
I20260608 10:06:23.675036 21261 leader_election.cc:290] T 729e965e78aa47b79d9a1798a3c13ff0 P c2c36cb603e448448e17e52b92fb5705 [CANDIDATE]: Term 1 election: Requested vote from peers ac7439a335214819ae1dbcf8dd3f1c57 (127.17.241.130:40771), 97c0561fd03040d98e790f0b45890564 (127.17.241.131:44287)
I20260608 10:06:23.676790 21172 leader_election.cc:304] T efe51a4bdf3942a9a819eb480a6b8779 P 97c0561fd03040d98e790f0b45890564 [CANDIDATE]: Term 1 election: Election decided. Result: candidate won. Election summary: received 2 responses out of 3 voters: 2 yes votes; 0 no votes. yes voters: 97c0561fd03040d98e790f0b45890564, ac7439a335214819ae1dbcf8dd3f1c57; no voters: 
I20260608 10:06:23.665510 21058 raft_consensus.cc:2468] T efe51a4bdf3942a9a819eb480a6b8779 P c2c36cb603e448448e17e52b92fb5705 [term 1 FOLLOWER]: Leader election vote request: Granting yes vote for candidate 97c0561fd03040d98e790f0b45890564 in term 1.
I20260608 10:06:23.679124 21257 raft_consensus.cc:2804] T efe51a4bdf3942a9a819eb480a6b8779 P 97c0561fd03040d98e790f0b45890564 [term 1 FOLLOWER]: Leader election won for term 1
I20260608 10:06:23.679155 21172 leader_election.cc:304] T 729e965e78aa47b79d9a1798a3c13ff0 P 97c0561fd03040d98e790f0b45890564 [CANDIDATE]: Term 1 election: Election decided. Result: candidate won. Election summary: received 3 responses out of 3 voters: 2 yes votes; 1 no votes. yes voters: 97c0561fd03040d98e790f0b45890564, ac7439a335214819ae1dbcf8dd3f1c57; no voters: c2c36cb603e448448e17e52b92fb5705
I20260608 10:06:23.679821 21257 raft_consensus.cc:697] T efe51a4bdf3942a9a819eb480a6b8779 P 97c0561fd03040d98e790f0b45890564 [term 1 LEADER]: Becoming Leader. State: Replica: 97c0561fd03040d98e790f0b45890564, State: Running, Role: LEADER
I20260608 10:06:23.680234 21133 tablet_service.cc:1917] Received RequestConsensusVote() RPC: tablet_id: "729e965e78aa47b79d9a1798a3c13ff0" candidate_uuid: "c2c36cb603e448448e17e52b92fb5705" candidate_term: 1 candidate_status { last_received { term: 0 index: 0 } } ignore_live_leader: false dest_uuid: "ac7439a335214819ae1dbcf8dd3f1c57"
I20260608 10:06:23.680735 21257 consensus_queue.cc:237] T efe51a4bdf3942a9a819eb480a6b8779 P 97c0561fd03040d98e790f0b45890564 [LEADER]: Queue going to LEADER mode. State: All replicated index: 0, Majority replicated index: 0, Committed index: 0, Last appended: 0.0, Last appended by leader: 0, Current term: 1, Majority size: 2, State: 0, Mode: LEADER, active raft config: opid_index: -1 OBSOLETE_local: false peers { permanent_uuid: "c2c36cb603e448448e17e52b92fb5705" member_type: VOTER last_known_addr { host: "127.17.241.129" port: 33177 } } peers { permanent_uuid: "ac7439a335214819ae1dbcf8dd3f1c57" member_type: VOTER last_known_addr { host: "127.17.241.130" port: 40771 } } peers { permanent_uuid: "97c0561fd03040d98e790f0b45890564" member_type: VOTER last_known_addr { host: "127.17.241.131" port: 44287 } }
I20260608 10:06:23.681288 21133 raft_consensus.cc:2393] T 729e965e78aa47b79d9a1798a3c13ff0 P ac7439a335214819ae1dbcf8dd3f1c57 [term 1 FOLLOWER]: Leader election vote request: Denying vote to candidate c2c36cb603e448448e17e52b92fb5705 in current term 1: Already voted for candidate 97c0561fd03040d98e790f0b45890564 in this term.
I20260608 10:06:23.681238 21276 raft_consensus.cc:2804] T 729e965e78aa47b79d9a1798a3c13ff0 P 97c0561fd03040d98e790f0b45890564 [term 1 FOLLOWER]: Leader election won for term 1
I20260608 10:06:23.685377 21023 leader_election.cc:304] T 729e965e78aa47b79d9a1798a3c13ff0 P c2c36cb603e448448e17e52b92fb5705 [CANDIDATE]: Term 1 election: Election decided. Result: candidate lost. Election summary: received 3 responses out of 3 voters: 1 yes votes; 2 no votes. yes voters: c2c36cb603e448448e17e52b92fb5705; no voters: 97c0561fd03040d98e790f0b45890564, ac7439a335214819ae1dbcf8dd3f1c57
I20260608 10:06:23.692292 21208 tablet_service.cc:1917] Received RequestConsensusVote() RPC: tablet_id: "446bf90f69da437e83c30b529fa19f1c" candidate_uuid: "ac7439a335214819ae1dbcf8dd3f1c57" candidate_term: 1 candidate_status { last_received { term: 0 index: 0 } } ignore_live_leader: false dest_uuid: "97c0561fd03040d98e790f0b45890564" is_pre_election: true
I20260608 10:06:23.693148 21208 raft_consensus.cc:2468] T 446bf90f69da437e83c30b529fa19f1c P 97c0561fd03040d98e790f0b45890564 [term 0 FOLLOWER]: Leader pre-election vote request: Granting yes vote for candidate ac7439a335214819ae1dbcf8dd3f1c57 in term 0.
I20260608 10:06:23.693960 21280 raft_consensus.cc:2749] T 729e965e78aa47b79d9a1798a3c13ff0 P c2c36cb603e448448e17e52b92fb5705 [term 1 FOLLOWER]: Leader election lost for term 1. Reason: could not achieve majority
I20260608 10:06:23.694487 21097 leader_election.cc:304] T 446bf90f69da437e83c30b529fa19f1c P ac7439a335214819ae1dbcf8dd3f1c57 [CANDIDATE]: Term 1 pre-election: Election decided. Result: candidate won. Election summary: received 2 responses out of 3 voters: 2 yes votes; 0 no votes. yes voters: 97c0561fd03040d98e790f0b45890564, ac7439a335214819ae1dbcf8dd3f1c57; no voters: 
I20260608 10:06:23.695459 21260 raft_consensus.cc:2804] T 446bf90f69da437e83c30b529fa19f1c P ac7439a335214819ae1dbcf8dd3f1c57 [term 0 FOLLOWER]: Leader pre-election won for term 1
I20260608 10:06:23.695819 21260 raft_consensus.cc:493] T 446bf90f69da437e83c30b529fa19f1c P ac7439a335214819ae1dbcf8dd3f1c57 [term 0 FOLLOWER]: Starting leader election (no leader contacted us within the election timeout)
I20260608 10:06:23.696216 21260 raft_consensus.cc:3060] T 446bf90f69da437e83c30b529fa19f1c P ac7439a335214819ae1dbcf8dd3f1c57 [term 0 FOLLOWER]: Advancing to term 1
I20260608 10:06:23.697261 21058 tablet_service.cc:1917] Received RequestConsensusVote() RPC: tablet_id: "446bf90f69da437e83c30b529fa19f1c" candidate_uuid: "ac7439a335214819ae1dbcf8dd3f1c57" candidate_term: 1 candidate_status { last_received { term: 0 index: 0 } } ignore_live_leader: false dest_uuid: "c2c36cb603e448448e17e52b92fb5705" is_pre_election: true
I20260608 10:06:23.698226 21058 raft_consensus.cc:2468] T 446bf90f69da437e83c30b529fa19f1c P c2c36cb603e448448e17e52b92fb5705 [term 0 FOLLOWER]: Leader pre-election vote request: Granting yes vote for candidate ac7439a335214819ae1dbcf8dd3f1c57 in term 0.
I20260608 10:06:23.699295 21276 raft_consensus.cc:697] T 729e965e78aa47b79d9a1798a3c13ff0 P 97c0561fd03040d98e790f0b45890564 [term 1 LEADER]: Becoming Leader. State: Replica: 97c0561fd03040d98e790f0b45890564, State: Running, Role: LEADER
I20260608 10:06:23.698295 20957 catalog_manager.cc:5696] T efe51a4bdf3942a9a819eb480a6b8779 P 97c0561fd03040d98e790f0b45890564 reported cstate change: term changed from 0 to 1, leader changed from <none> to 97c0561fd03040d98e790f0b45890564 (127.17.241.131). New cstate: current_term: 1 leader_uuid: "97c0561fd03040d98e790f0b45890564" committed_config { opid_index: -1 OBSOLETE_local: false peers { permanent_uuid: "c2c36cb603e448448e17e52b92fb5705" member_type: VOTER last_known_addr { host: "127.17.241.129" port: 33177 } health_report { overall_health: UNKNOWN } } peers { permanent_uuid: "ac7439a335214819ae1dbcf8dd3f1c57" member_type: VOTER last_known_addr { host: "127.17.241.130" port: 40771 } health_report { overall_health: UNKNOWN } } peers { permanent_uuid: "97c0561fd03040d98e790f0b45890564" member_type: VOTER last_known_addr { host: "127.17.241.131" port: 44287 } health_report { overall_health: HEALTHY } } }
I20260608 10:06:23.700292 21276 consensus_queue.cc:237] T 729e965e78aa47b79d9a1798a3c13ff0 P 97c0561fd03040d98e790f0b45890564 [LEADER]: Queue going to LEADER mode. State: All replicated index: 0, Majority replicated index: 0, Committed index: 0, Last appended: 0.0, Last appended by leader: 0, Current term: 1, Majority size: 2, State: 0, Mode: LEADER, active raft config: opid_index: -1 OBSOLETE_local: false peers { permanent_uuid: "c2c36cb603e448448e17e52b92fb5705" member_type: VOTER last_known_addr { host: "127.17.241.129" port: 33177 } } peers { permanent_uuid: "ac7439a335214819ae1dbcf8dd3f1c57" member_type: VOTER last_known_addr { host: "127.17.241.130" port: 40771 } } peers { permanent_uuid: "97c0561fd03040d98e790f0b45890564" member_type: VOTER last_known_addr { host: "127.17.241.131" port: 44287 } }
I20260608 10:06:23.704874 21260 raft_consensus.cc:515] T 446bf90f69da437e83c30b529fa19f1c P ac7439a335214819ae1dbcf8dd3f1c57 [term 1 FOLLOWER]: Starting leader election with config: opid_index: -1 OBSOLETE_local: false peers { permanent_uuid: "c2c36cb603e448448e17e52b92fb5705" member_type: VOTER last_known_addr { host: "127.17.241.129" port: 33177 } } peers { permanent_uuid: "ac7439a335214819ae1dbcf8dd3f1c57" member_type: VOTER last_known_addr { host: "127.17.241.130" port: 40771 } } peers { permanent_uuid: "97c0561fd03040d98e790f0b45890564" member_type: VOTER last_known_addr { host: "127.17.241.131" port: 44287 } }
I20260608 10:06:23.708226 21260 leader_election.cc:290] T 446bf90f69da437e83c30b529fa19f1c P ac7439a335214819ae1dbcf8dd3f1c57 [CANDIDATE]: Term 1 election: Requested vote from peers c2c36cb603e448448e17e52b92fb5705 (127.17.241.129:33177), 97c0561fd03040d98e790f0b45890564 (127.17.241.131:44287)
I20260608 10:06:23.708187 21058 tablet_service.cc:1917] Received RequestConsensusVote() RPC: tablet_id: "446bf90f69da437e83c30b529fa19f1c" candidate_uuid: "ac7439a335214819ae1dbcf8dd3f1c57" candidate_term: 1 candidate_status { last_received { term: 0 index: 0 } } ignore_live_leader: false dest_uuid: "c2c36cb603e448448e17e52b92fb5705"
I20260608 10:06:23.709359 21058 raft_consensus.cc:3060] T 446bf90f69da437e83c30b529fa19f1c P c2c36cb603e448448e17e52b92fb5705 [term 0 FOLLOWER]: Advancing to term 1
I20260608 10:06:23.709455 21208 tablet_service.cc:1917] Received RequestConsensusVote() RPC: tablet_id: "446bf90f69da437e83c30b529fa19f1c" candidate_uuid: "ac7439a335214819ae1dbcf8dd3f1c57" candidate_term: 1 candidate_status { last_received { term: 0 index: 0 } } ignore_live_leader: false dest_uuid: "97c0561fd03040d98e790f0b45890564"
I20260608 10:06:23.710108 21208 raft_consensus.cc:3060] T 446bf90f69da437e83c30b529fa19f1c P 97c0561fd03040d98e790f0b45890564 [term 0 FOLLOWER]: Advancing to term 1
I20260608 10:06:23.715641 20957 catalog_manager.cc:5696] T 729e965e78aa47b79d9a1798a3c13ff0 P 97c0561fd03040d98e790f0b45890564 reported cstate change: term changed from 0 to 1, leader changed from <none> to 97c0561fd03040d98e790f0b45890564 (127.17.241.131). New cstate: current_term: 1 leader_uuid: "97c0561fd03040d98e790f0b45890564" committed_config { opid_index: -1 OBSOLETE_local: false peers { permanent_uuid: "c2c36cb603e448448e17e52b92fb5705" member_type: VOTER last_known_addr { host: "127.17.241.129" port: 33177 } health_report { overall_health: UNKNOWN } } peers { permanent_uuid: "ac7439a335214819ae1dbcf8dd3f1c57" member_type: VOTER last_known_addr { host: "127.17.241.130" port: 40771 } health_report { overall_health: UNKNOWN } } peers { permanent_uuid: "97c0561fd03040d98e790f0b45890564" member_type: VOTER last_known_addr { host: "127.17.241.131" port: 44287 } health_report { overall_health: HEALTHY } } }
I20260608 10:06:23.716910 21058 raft_consensus.cc:2468] T 446bf90f69da437e83c30b529fa19f1c P c2c36cb603e448448e17e52b92fb5705 [term 1 FOLLOWER]: Leader election vote request: Granting yes vote for candidate ac7439a335214819ae1dbcf8dd3f1c57 in term 1.
I20260608 10:06:23.717581 21208 raft_consensus.cc:2468] T 446bf90f69da437e83c30b529fa19f1c P 97c0561fd03040d98e790f0b45890564 [term 1 FOLLOWER]: Leader election vote request: Granting yes vote for candidate ac7439a335214819ae1dbcf8dd3f1c57 in term 1.
I20260608 10:06:23.718393 21099 leader_election.cc:304] T 446bf90f69da437e83c30b529fa19f1c P ac7439a335214819ae1dbcf8dd3f1c57 [CANDIDATE]: Term 1 election: Election decided. Result: candidate won. Election summary: received 2 responses out of 3 voters: 2 yes votes; 0 no votes. yes voters: ac7439a335214819ae1dbcf8dd3f1c57, c2c36cb603e448448e17e52b92fb5705; no voters: 
I20260608 10:06:23.719290 21260 raft_consensus.cc:2804] T 446bf90f69da437e83c30b529fa19f1c P ac7439a335214819ae1dbcf8dd3f1c57 [term 1 FOLLOWER]: Leader election won for term 1
I20260608 10:06:23.720687 21260 raft_consensus.cc:697] T 446bf90f69da437e83c30b529fa19f1c P ac7439a335214819ae1dbcf8dd3f1c57 [term 1 LEADER]: Becoming Leader. State: Replica: ac7439a335214819ae1dbcf8dd3f1c57, State: Running, Role: LEADER
I20260608 10:06:23.721517 21260 consensus_queue.cc:237] T 446bf90f69da437e83c30b529fa19f1c P ac7439a335214819ae1dbcf8dd3f1c57 [LEADER]: Queue going to LEADER mode. State: All replicated index: 0, Majority replicated index: 0, Committed index: 0, Last appended: 0.0, Last appended by leader: 0, Current term: 1, Majority size: 2, State: 0, Mode: LEADER, active raft config: opid_index: -1 OBSOLETE_local: false peers { permanent_uuid: "c2c36cb603e448448e17e52b92fb5705" member_type: VOTER last_known_addr { host: "127.17.241.129" port: 33177 } } peers { permanent_uuid: "ac7439a335214819ae1dbcf8dd3f1c57" member_type: VOTER last_known_addr { host: "127.17.241.130" port: 40771 } } peers { permanent_uuid: "97c0561fd03040d98e790f0b45890564" member_type: VOTER last_known_addr { host: "127.17.241.131" port: 44287 } }
I20260608 10:06:23.722219 21280 raft_consensus.cc:493] T d7f4cdb7e7d34cc2b83257cb1e799a28 P c2c36cb603e448448e17e52b92fb5705 [term 0 FOLLOWER]: Starting pre-election (no leader contacted us within the election timeout)
I20260608 10:06:23.722740 21280 raft_consensus.cc:515] T d7f4cdb7e7d34cc2b83257cb1e799a28 P c2c36cb603e448448e17e52b92fb5705 [term 0 FOLLOWER]: Starting pre-election with config: opid_index: -1 OBSOLETE_local: false peers { permanent_uuid: "97c0561fd03040d98e790f0b45890564" member_type: VOTER last_known_addr { host: "127.17.241.131" port: 44287 } } peers { permanent_uuid: "c2c36cb603e448448e17e52b92fb5705" member_type: VOTER last_known_addr { host: "127.17.241.129" port: 33177 } } peers { permanent_uuid: "ac7439a335214819ae1dbcf8dd3f1c57" member_type: VOTER last_known_addr { host: "127.17.241.130" port: 40771 } }
I20260608 10:06:23.726845 21280 leader_election.cc:290] T d7f4cdb7e7d34cc2b83257cb1e799a28 P c2c36cb603e448448e17e52b92fb5705 [CANDIDATE]: Term 1 pre-election: Requested pre-vote from peers 97c0561fd03040d98e790f0b45890564 (127.17.241.131:44287), ac7439a335214819ae1dbcf8dd3f1c57 (127.17.241.130:40771)
I20260608 10:06:23.727217 21132 tablet_service.cc:1917] Received RequestConsensusVote() RPC: tablet_id: "d7f4cdb7e7d34cc2b83257cb1e799a28" candidate_uuid: "c2c36cb603e448448e17e52b92fb5705" candidate_term: 1 candidate_status { last_received { term: 0 index: 0 } } ignore_live_leader: false dest_uuid: "ac7439a335214819ae1dbcf8dd3f1c57" is_pre_election: true
I20260608 10:06:23.728168 21132 raft_consensus.cc:2468] T d7f4cdb7e7d34cc2b83257cb1e799a28 P ac7439a335214819ae1dbcf8dd3f1c57 [term 0 FOLLOWER]: Leader pre-election vote request: Granting yes vote for candidate c2c36cb603e448448e17e52b92fb5705 in term 0.
I20260608 10:06:23.729270 21208 tablet_service.cc:1917] Received RequestConsensusVote() RPC: tablet_id: "d7f4cdb7e7d34cc2b83257cb1e799a28" candidate_uuid: "c2c36cb603e448448e17e52b92fb5705" candidate_term: 1 candidate_status { last_received { term: 0 index: 0 } } ignore_live_leader: false dest_uuid: "97c0561fd03040d98e790f0b45890564" is_pre_election: true
I20260608 10:06:23.729732 21023 leader_election.cc:304] T d7f4cdb7e7d34cc2b83257cb1e799a28 P c2c36cb603e448448e17e52b92fb5705 [CANDIDATE]: Term 1 pre-election: Election decided. Result: candidate won. Election summary: received 2 responses out of 3 voters: 2 yes votes; 0 no votes. yes voters: ac7439a335214819ae1dbcf8dd3f1c57, c2c36cb603e448448e17e52b92fb5705; no voters: 
I20260608 10:06:23.730634 21208 raft_consensus.cc:2468] T d7f4cdb7e7d34cc2b83257cb1e799a28 P 97c0561fd03040d98e790f0b45890564 [term 0 FOLLOWER]: Leader pre-election vote request: Granting yes vote for candidate c2c36cb603e448448e17e52b92fb5705 in term 0.
I20260608 10:06:23.731105 21280 raft_consensus.cc:2804] T d7f4cdb7e7d34cc2b83257cb1e799a28 P c2c36cb603e448448e17e52b92fb5705 [term 0 FOLLOWER]: Leader pre-election won for term 1
I20260608 10:06:23.731606 21280 raft_consensus.cc:493] T d7f4cdb7e7d34cc2b83257cb1e799a28 P c2c36cb603e448448e17e52b92fb5705 [term 0 FOLLOWER]: Starting leader election (no leader contacted us within the election timeout)
I20260608 10:06:23.731988 21280 raft_consensus.cc:3060] T d7f4cdb7e7d34cc2b83257cb1e799a28 P c2c36cb603e448448e17e52b92fb5705 [term 0 FOLLOWER]: Advancing to term 1
I20260608 10:06:23.736007 20957 catalog_manager.cc:5696] T 446bf90f69da437e83c30b529fa19f1c P ac7439a335214819ae1dbcf8dd3f1c57 reported cstate change: term changed from 0 to 1, leader changed from <none> to ac7439a335214819ae1dbcf8dd3f1c57 (127.17.241.130). New cstate: current_term: 1 leader_uuid: "ac7439a335214819ae1dbcf8dd3f1c57" committed_config { opid_index: -1 OBSOLETE_local: false peers { permanent_uuid: "c2c36cb603e448448e17e52b92fb5705" member_type: VOTER last_known_addr { host: "127.17.241.129" port: 33177 } health_report { overall_health: UNKNOWN } } peers { permanent_uuid: "ac7439a335214819ae1dbcf8dd3f1c57" member_type: VOTER last_known_addr { host: "127.17.241.130" port: 40771 } health_report { overall_health: HEALTHY } } peers { permanent_uuid: "97c0561fd03040d98e790f0b45890564" member_type: VOTER last_known_addr { host: "127.17.241.131" port: 44287 } health_report { overall_health: UNKNOWN } } }
I20260608 10:06:23.737505 21280 raft_consensus.cc:515] T d7f4cdb7e7d34cc2b83257cb1e799a28 P c2c36cb603e448448e17e52b92fb5705 [term 1 FOLLOWER]: Starting leader election with config: opid_index: -1 OBSOLETE_local: false peers { permanent_uuid: "97c0561fd03040d98e790f0b45890564" member_type: VOTER last_known_addr { host: "127.17.241.131" port: 44287 } } peers { permanent_uuid: "c2c36cb603e448448e17e52b92fb5705" member_type: VOTER last_known_addr { host: "127.17.241.129" port: 33177 } } peers { permanent_uuid: "ac7439a335214819ae1dbcf8dd3f1c57" member_type: VOTER last_known_addr { host: "127.17.241.130" port: 40771 } }
I20260608 10:06:23.740247 21280 leader_election.cc:290] T d7f4cdb7e7d34cc2b83257cb1e799a28 P c2c36cb603e448448e17e52b92fb5705 [CANDIDATE]: Term 1 election: Requested vote from peers 97c0561fd03040d98e790f0b45890564 (127.17.241.131:44287), ac7439a335214819ae1dbcf8dd3f1c57 (127.17.241.130:40771)
I20260608 10:06:23.740890 21132 tablet_service.cc:1917] Received RequestConsensusVote() RPC: tablet_id: "d7f4cdb7e7d34cc2b83257cb1e799a28" candidate_uuid: "c2c36cb603e448448e17e52b92fb5705" candidate_term: 1 candidate_status { last_received { term: 0 index: 0 } } ignore_live_leader: false dest_uuid: "ac7439a335214819ae1dbcf8dd3f1c57"
I20260608 10:06:23.741007 21208 tablet_service.cc:1917] Received RequestConsensusVote() RPC: tablet_id: "d7f4cdb7e7d34cc2b83257cb1e799a28" candidate_uuid: "c2c36cb603e448448e17e52b92fb5705" candidate_term: 1 candidate_status { last_received { term: 0 index: 0 } } ignore_live_leader: false dest_uuid: "97c0561fd03040d98e790f0b45890564"
I20260608 10:06:23.741542 21132 raft_consensus.cc:3060] T d7f4cdb7e7d34cc2b83257cb1e799a28 P ac7439a335214819ae1dbcf8dd3f1c57 [term 0 FOLLOWER]: Advancing to term 1
I20260608 10:06:23.741657 21208 raft_consensus.cc:3060] T d7f4cdb7e7d34cc2b83257cb1e799a28 P 97c0561fd03040d98e790f0b45890564 [term 0 FOLLOWER]: Advancing to term 1
W20260608 10:06:23.744542 21005 auto_rebalancer.cc:259] Could not retrieve cluster info: Service unavailable: Tablet not running
I20260608 10:06:23.748445 21208 raft_consensus.cc:2468] T d7f4cdb7e7d34cc2b83257cb1e799a28 P 97c0561fd03040d98e790f0b45890564 [term 1 FOLLOWER]: Leader election vote request: Granting yes vote for candidate c2c36cb603e448448e17e52b92fb5705 in term 1.
I20260608 10:06:23.748759 21010 auto_leader_rebalancer.cc:140] leader rebalance for table range_aware_auto_rebalancer_test
I20260608 10:06:23.748857 21132 raft_consensus.cc:2468] T d7f4cdb7e7d34cc2b83257cb1e799a28 P ac7439a335214819ae1dbcf8dd3f1c57 [term 1 FOLLOWER]: Leader election vote request: Granting yes vote for candidate c2c36cb603e448448e17e52b92fb5705 in term 1.
W20260608 10:06:23.750069 21010 auto_leader_rebalancer.cc:460] the master instance isn't leader: Service unavailable: Tablet not running
I20260608 10:06:23.750528 21022 leader_election.cc:304] T d7f4cdb7e7d34cc2b83257cb1e799a28 P c2c36cb603e448448e17e52b92fb5705 [CANDIDATE]: Term 1 election: Election decided. Result: candidate won. Election summary: received 2 responses out of 3 voters: 2 yes votes; 0 no votes. yes voters: 97c0561fd03040d98e790f0b45890564, c2c36cb603e448448e17e52b92fb5705; no voters: 
I20260608 10:06:23.751571 21280 raft_consensus.cc:2804] T d7f4cdb7e7d34cc2b83257cb1e799a28 P c2c36cb603e448448e17e52b92fb5705 [term 1 FOLLOWER]: Leader election won for term 1
I20260608 10:06:23.752138 21280 raft_consensus.cc:697] T d7f4cdb7e7d34cc2b83257cb1e799a28 P c2c36cb603e448448e17e52b92fb5705 [term 1 LEADER]: Becoming Leader. State: Replica: c2c36cb603e448448e17e52b92fb5705, State: Running, Role: LEADER
I20260608 10:06:23.753100 21280 consensus_queue.cc:237] T d7f4cdb7e7d34cc2b83257cb1e799a28 P c2c36cb603e448448e17e52b92fb5705 [LEADER]: Queue going to LEADER mode. State: All replicated index: 0, Majority replicated index: 0, Committed index: 0, Last appended: 0.0, Last appended by leader: 0, Current term: 1, Majority size: 2, State: 0, Mode: LEADER, active raft config: opid_index: -1 OBSOLETE_local: false peers { permanent_uuid: "97c0561fd03040d98e790f0b45890564" member_type: VOTER last_known_addr { host: "127.17.241.131" port: 44287 } } peers { permanent_uuid: "c2c36cb603e448448e17e52b92fb5705" member_type: VOTER last_known_addr { host: "127.17.241.129" port: 33177 } } peers { permanent_uuid: "ac7439a335214819ae1dbcf8dd3f1c57" member_type: VOTER last_known_addr { host: "127.17.241.130" port: 40771 } }
I20260608 10:06:23.761802 20957 catalog_manager.cc:5696] T d7f4cdb7e7d34cc2b83257cb1e799a28 P c2c36cb603e448448e17e52b92fb5705 reported cstate change: term changed from 0 to 1, leader changed from <none> to c2c36cb603e448448e17e52b92fb5705 (127.17.241.129). New cstate: current_term: 1 leader_uuid: "c2c36cb603e448448e17e52b92fb5705" committed_config { opid_index: -1 OBSOLETE_local: false peers { permanent_uuid: "97c0561fd03040d98e790f0b45890564" member_type: VOTER last_known_addr { host: "127.17.241.131" port: 44287 } health_report { overall_health: UNKNOWN } } peers { permanent_uuid: "c2c36cb603e448448e17e52b92fb5705" member_type: VOTER last_known_addr { host: "127.17.241.129" port: 33177 } health_report { overall_health: HEALTHY } } peers { permanent_uuid: "ac7439a335214819ae1dbcf8dd3f1c57" member_type: VOTER last_known_addr { host: "127.17.241.130" port: 40771 } health_report { overall_health: UNKNOWN } } }
I20260608 10:06:23.814558 18374 tablet_server.cc:179] TabletServer@127.17.241.129:0 shutting down...
I20260608 10:06:23.837670 18374 ts_tablet_manager.cc:1507] Shutting down tablet manager...
I20260608 10:06:23.838644 18374 tablet_replica.cc:333] T 729e965e78aa47b79d9a1798a3c13ff0 P c2c36cb603e448448e17e52b92fb5705: stopping tablet replica
I20260608 10:06:23.839339 18374 raft_consensus.cc:2243] T 729e965e78aa47b79d9a1798a3c13ff0 P c2c36cb603e448448e17e52b92fb5705 [term 1 FOLLOWER]: Raft consensus shutting down.
I20260608 10:06:23.839792 18374 raft_consensus.cc:2272] T 729e965e78aa47b79d9a1798a3c13ff0 P c2c36cb603e448448e17e52b92fb5705 [term 1 FOLLOWER]: Raft consensus is shut down!
I20260608 10:06:23.842010 18374 tablet_replica.cc:333] T 446bf90f69da437e83c30b529fa19f1c P c2c36cb603e448448e17e52b92fb5705: stopping tablet replica
I20260608 10:06:23.842553 18374 raft_consensus.cc:2243] T 446bf90f69da437e83c30b529fa19f1c P c2c36cb603e448448e17e52b92fb5705 [term 1 FOLLOWER]: Raft consensus shutting down.
I20260608 10:06:23.842963 18374 raft_consensus.cc:2272] T 446bf90f69da437e83c30b529fa19f1c P c2c36cb603e448448e17e52b92fb5705 [term 1 FOLLOWER]: Raft consensus is shut down!
I20260608 10:06:23.845037 18374 tablet_replica.cc:333] T d7f4cdb7e7d34cc2b83257cb1e799a28 P c2c36cb603e448448e17e52b92fb5705: stopping tablet replica
I20260608 10:06:23.845578 18374 raft_consensus.cc:2243] T d7f4cdb7e7d34cc2b83257cb1e799a28 P c2c36cb603e448448e17e52b92fb5705 [term 1 LEADER]: Raft consensus shutting down.
I20260608 10:06:23.846240 18374 pending_rounds.cc:70] T d7f4cdb7e7d34cc2b83257cb1e799a28 P c2c36cb603e448448e17e52b92fb5705: Trying to abort 1 pending ops.
I20260608 10:06:23.846510 18374 pending_rounds.cc:77] T d7f4cdb7e7d34cc2b83257cb1e799a28 P c2c36cb603e448448e17e52b92fb5705: Aborting op as it isn't in flight: id { term: 1 index: 1 } timestamp: 7294620400661864448 op_type: NO_OP noop_request { }
I20260608 10:06:23.846863 18374 raft_consensus.cc:2889] T d7f4cdb7e7d34cc2b83257cb1e799a28 P c2c36cb603e448448e17e52b92fb5705 [term 1 LEADER]: NO_OP replication failed: Aborted: Op aborted
I20260608 10:06:23.847153 18374 raft_consensus.cc:2272] T d7f4cdb7e7d34cc2b83257cb1e799a28 P c2c36cb603e448448e17e52b92fb5705 [term 1 FOLLOWER]: Raft consensus is shut down!
I20260608 10:06:23.849373 18374 tablet_replica.cc:333] T efe51a4bdf3942a9a819eb480a6b8779 P c2c36cb603e448448e17e52b92fb5705: stopping tablet replica
I20260608 10:06:23.850039 18374 raft_consensus.cc:2243] T efe51a4bdf3942a9a819eb480a6b8779 P c2c36cb603e448448e17e52b92fb5705 [term 1 FOLLOWER]: Raft consensus shutting down.
I20260608 10:06:23.850472 18374 raft_consensus.cc:2272] T efe51a4bdf3942a9a819eb480a6b8779 P c2c36cb603e448448e17e52b92fb5705 [term 1 FOLLOWER]: Raft consensus is shut down!
I20260608 10:06:23.875012 18374 tablet_server.cc:196] TabletServer@127.17.241.129:0 shutdown complete.
I20260608 10:06:23.887351 18374 tablet_server.cc:179] TabletServer@127.17.241.130:0 shutting down...
I20260608 10:06:23.905584 18374 ts_tablet_manager.cc:1507] Shutting down tablet manager...
I20260608 10:06:23.906538 18374 tablet_replica.cc:333] T efe51a4bdf3942a9a819eb480a6b8779 P ac7439a335214819ae1dbcf8dd3f1c57: stopping tablet replica
I20260608 10:06:23.907212 18374 raft_consensus.cc:2243] T efe51a4bdf3942a9a819eb480a6b8779 P ac7439a335214819ae1dbcf8dd3f1c57 [term 1 FOLLOWER]: Raft consensus shutting down.
I20260608 10:06:23.907613 18374 raft_consensus.cc:2272] T efe51a4bdf3942a9a819eb480a6b8779 P ac7439a335214819ae1dbcf8dd3f1c57 [term 1 FOLLOWER]: Raft consensus is shut down!
I20260608 10:06:23.909621 18374 tablet_replica.cc:333] T 729e965e78aa47b79d9a1798a3c13ff0 P ac7439a335214819ae1dbcf8dd3f1c57: stopping tablet replica
I20260608 10:06:23.910246 18374 raft_consensus.cc:2243] T 729e965e78aa47b79d9a1798a3c13ff0 P ac7439a335214819ae1dbcf8dd3f1c57 [term 1 FOLLOWER]: Raft consensus shutting down.
I20260608 10:06:23.910705 18374 raft_consensus.cc:2272] T 729e965e78aa47b79d9a1798a3c13ff0 P ac7439a335214819ae1dbcf8dd3f1c57 [term 1 FOLLOWER]: Raft consensus is shut down!
I20260608 10:06:23.912719 18374 tablet_replica.cc:333] T d7f4cdb7e7d34cc2b83257cb1e799a28 P ac7439a335214819ae1dbcf8dd3f1c57: stopping tablet replica
I20260608 10:06:23.913204 18374 raft_consensus.cc:2243] T d7f4cdb7e7d34cc2b83257cb1e799a28 P ac7439a335214819ae1dbcf8dd3f1c57 [term 1 FOLLOWER]: Raft consensus shutting down.
I20260608 10:06:23.913542 18374 raft_consensus.cc:2272] T d7f4cdb7e7d34cc2b83257cb1e799a28 P ac7439a335214819ae1dbcf8dd3f1c57 [term 1 FOLLOWER]: Raft consensus is shut down!
I20260608 10:06:23.915638 18374 tablet_replica.cc:333] T 446bf90f69da437e83c30b529fa19f1c P ac7439a335214819ae1dbcf8dd3f1c57: stopping tablet replica
I20260608 10:06:23.916108 18374 raft_consensus.cc:2243] T 446bf90f69da437e83c30b529fa19f1c P ac7439a335214819ae1dbcf8dd3f1c57 [term 1 LEADER]: Raft consensus shutting down.
I20260608 10:06:23.916666 18374 pending_rounds.cc:70] T 446bf90f69da437e83c30b529fa19f1c P ac7439a335214819ae1dbcf8dd3f1c57: Trying to abort 1 pending ops.
I20260608 10:06:23.916817 18374 pending_rounds.cc:77] T 446bf90f69da437e83c30b529fa19f1c P ac7439a335214819ae1dbcf8dd3f1c57: Aborting op as it isn't in flight: id { term: 1 index: 1 } timestamp: 7294620400532844544 op_type: NO_OP noop_request { }
I20260608 10:06:23.917052 18374 raft_consensus.cc:2889] T 446bf90f69da437e83c30b529fa19f1c P ac7439a335214819ae1dbcf8dd3f1c57 [term 1 LEADER]: NO_OP replication failed: Aborted: Op aborted
I20260608 10:06:23.917274 18374 raft_consensus.cc:2272] T 446bf90f69da437e83c30b529fa19f1c P ac7439a335214819ae1dbcf8dd3f1c57 [term 1 FOLLOWER]: Raft consensus is shut down!
I20260608 10:06:23.941148 18374 tablet_server.cc:196] TabletServer@127.17.241.130:0 shutdown complete.
I20260608 10:06:23.953907 18374 tablet_server.cc:179] TabletServer@127.17.241.131:0 shutting down...
I20260608 10:06:23.974974 18374 ts_tablet_manager.cc:1507] Shutting down tablet manager...
I20260608 10:06:23.975876 18374 tablet_replica.cc:333] T 729e965e78aa47b79d9a1798a3c13ff0 P 97c0561fd03040d98e790f0b45890564: stopping tablet replica
I20260608 10:06:23.976519 18374 raft_consensus.cc:2243] T 729e965e78aa47b79d9a1798a3c13ff0 P 97c0561fd03040d98e790f0b45890564 [term 1 LEADER]: Raft consensus shutting down.
I20260608 10:06:23.977192 18374 pending_rounds.cc:70] T 729e965e78aa47b79d9a1798a3c13ff0 P 97c0561fd03040d98e790f0b45890564: Trying to abort 1 pending ops.
I20260608 10:06:23.977361 18374 pending_rounds.cc:77] T 729e965e78aa47b79d9a1798a3c13ff0 P 97c0561fd03040d98e790f0b45890564: Aborting op as it isn't in flight: id { term: 1 index: 1 } timestamp: 7294620400446631936 op_type: NO_OP noop_request { }
I20260608 10:06:23.977689 18374 raft_consensus.cc:2889] T 729e965e78aa47b79d9a1798a3c13ff0 P 97c0561fd03040d98e790f0b45890564 [term 1 LEADER]: NO_OP replication failed: Aborted: Op aborted
I20260608 10:06:23.978034 18374 raft_consensus.cc:2272] T 729e965e78aa47b79d9a1798a3c13ff0 P 97c0561fd03040d98e790f0b45890564 [term 1 FOLLOWER]: Raft consensus is shut down!
I20260608 10:06:23.980502 18374 tablet_replica.cc:333] T efe51a4bdf3942a9a819eb480a6b8779 P 97c0561fd03040d98e790f0b45890564: stopping tablet replica
I20260608 10:06:23.981084 18374 raft_consensus.cc:2243] T efe51a4bdf3942a9a819eb480a6b8779 P 97c0561fd03040d98e790f0b45890564 [term 1 LEADER]: Raft consensus shutting down.
I20260608 10:06:23.981709 18374 pending_rounds.cc:70] T efe51a4bdf3942a9a819eb480a6b8779 P 97c0561fd03040d98e790f0b45890564: Trying to abort 1 pending ops.
I20260608 10:06:23.981875 18374 pending_rounds.cc:77] T efe51a4bdf3942a9a819eb480a6b8779 P 97c0561fd03040d98e790f0b45890564: Aborting op as it isn't in flight: id { term: 1 index: 1 } timestamp: 7294620400380698624 op_type: NO_OP noop_request { }
I20260608 10:06:23.982254 18374 raft_consensus.cc:2889] T efe51a4bdf3942a9a819eb480a6b8779 P 97c0561fd03040d98e790f0b45890564 [term 1 LEADER]: NO_OP replication failed: Aborted: Op aborted
I20260608 10:06:23.982551 18374 raft_consensus.cc:2272] T efe51a4bdf3942a9a819eb480a6b8779 P 97c0561fd03040d98e790f0b45890564 [term 1 FOLLOWER]: Raft consensus is shut down!
I20260608 10:06:23.984997 18374 tablet_replica.cc:333] T 446bf90f69da437e83c30b529fa19f1c P 97c0561fd03040d98e790f0b45890564: stopping tablet replica
I20260608 10:06:23.985584 18374 raft_consensus.cc:2243] T 446bf90f69da437e83c30b529fa19f1c P 97c0561fd03040d98e790f0b45890564 [term 1 FOLLOWER]: Raft consensus shutting down.
I20260608 10:06:23.986056 18374 raft_consensus.cc:2272] T 446bf90f69da437e83c30b529fa19f1c P 97c0561fd03040d98e790f0b45890564 [term 1 FOLLOWER]: Raft consensus is shut down!
I20260608 10:06:23.988225 18374 tablet_replica.cc:333] T d7f4cdb7e7d34cc2b83257cb1e799a28 P 97c0561fd03040d98e790f0b45890564: stopping tablet replica
I20260608 10:06:23.988745 18374 raft_consensus.cc:2243] T d7f4cdb7e7d34cc2b83257cb1e799a28 P 97c0561fd03040d98e790f0b45890564 [term 1 FOLLOWER]: Raft consensus shutting down.
I20260608 10:06:23.989140 18374 raft_consensus.cc:2272] T d7f4cdb7e7d34cc2b83257cb1e799a28 P 97c0561fd03040d98e790f0b45890564 [term 1 FOLLOWER]: Raft consensus is shut down!
I20260608 10:06:24.012669 18374 tablet_server.cc:196] TabletServer@127.17.241.131:0 shutdown complete.
I20260608 10:06:24.025097 18374 master.cc:562] Master@127.17.241.190:44605 shutting down...
I20260608 10:06:24.043380 18374 raft_consensus.cc:2243] T 00000000000000000000000000000000 P 472f6d24d2b34f9296fe7551ca647a90 [term 1 LEADER]: Raft consensus shutting down.
I20260608 10:06:24.044042 18374 raft_consensus.cc:2272] T 00000000000000000000000000000000 P 472f6d24d2b34f9296fe7551ca647a90 [term 1 FOLLOWER]: Raft consensus is shut down!
I20260608 10:06:24.044395 18374 tablet_replica.cc:333] T 00000000000000000000000000000000 P 472f6d24d2b34f9296fe7551ca647a90: stopping tablet replica
I20260608 10:06:24.054195 18374 master.cc:584] Master@127.17.241.190:44605 shutdown complete.
[       OK ] AutoRebalancerTest.RangeAwareBuildClusterInfoGroupsByRange (2552 ms)
[ RUN      ] AutoRebalancerTest.RangeAwareRebalancesNewRangeReplicas
I20260608 10:06:24.114988 18374 internal_mini_cluster.cc:156] Creating distributed mini masters. Addrs: 127.17.241.190:43893
I20260608 10:06:24.116384 18374 file_cache.cc:492] Constructed file cache file cache with capacity 419430
W20260608 10:06:24.123006 21287 instance_detector.cc:116] could not retrieve AWS instance metadata: Network error: curl error: HTTP response code said error: The requested URL returned error: 404
W20260608 10:06:24.123061 21288 instance_detector.cc:116] could not retrieve Azure instance metadata: Network error: curl error: HTTP response code said error: The requested URL returned error: 404
W20260608 10:06:24.124101 21290 instance_detector.cc:116] could not retrieve OpenStack instance metadata: Network error: curl error: HTTP response code said error: The requested URL returned error: 404
I20260608 10:06:24.126816 18374 server_base.cc:1061] running on GCE node
I20260608 10:06:24.127761 18374 hybrid_clock.cc:584] initializing the hybrid clock with 'system_unsync' time source
W20260608 10:06:24.128002 18374 system_unsync_time.cc:38] NTP support is disabled. Clock error bounds will not be accurate. This configuration is not suitable for distributed clusters.
I20260608 10:06:24.128178 18374 hybrid_clock.cc:648] HybridClock initialized: now 1780913184128155 us; error 0 us; skew 500 ppm
I20260608 10:06:24.128793 18374 server_base.cc:861] Flag tcmalloc_max_total_thread_cache_bytes is not working since tcmalloc is not enabled.
I20260608 10:06:24.131640 18374 webserver.cc:533] Webserver started at http://127.17.241.190:38735/ using document root <none> and password file <none>
I20260608 10:06:24.132222 18374 fs_manager.cc:362] Metadata directory not provided
I20260608 10:06:24.132441 18374 fs_manager.cc:368] Using write-ahead log directory (fs_wal_dir) as metadata directory
I20260608 10:06:24.132884 18374 server_base.cc:909] This appears to be a new deployment of Kudu; creating new FS layout
I20260608 10:06:24.134373 18374 fs_manager.cc:1068] Generated new instance metadata in path /tmp/dist-test-taskm0lP3M/test-tmp/auto_rebalancer-test.0.AutoRebalancerTest.RangeAwareRebalancesNewRangeReplicas.1780913103533528-18374-0/minicluster-data/master-0-root/instance:
uuid: "27cbe65eb5cb416391b0fe82dd701e96"
format_stamp: "Formatted at 2026-06-08 10:06:24 on dist-test-slave-hm0n"
I20260608 10:06:24.139966 18374 fs_manager.cc:696] Time spent creating directory manager: real 0.005s	user 0.005s	sys 0.000s
I20260608 10:06:24.144061 21295 log_block_manager.cc:4031] Time spent loading block containers with low live blocks: real 0.000s	user 0.000s	sys 0.000s
I20260608 10:06:24.145141 18374 fs_manager.cc:730] Time spent opening block manager: real 0.003s	user 0.002s	sys 0.000s
I20260608 10:06:24.145437 18374 fs_manager.cc:647] Opened local filesystem: /tmp/dist-test-taskm0lP3M/test-tmp/auto_rebalancer-test.0.AutoRebalancerTest.RangeAwareRebalancesNewRangeReplicas.1780913103533528-18374-0/minicluster-data/master-0-root
uuid: "27cbe65eb5cb416391b0fe82dd701e96"
format_stamp: "Formatted at 2026-06-08 10:06:24 on dist-test-slave-hm0n"
I20260608 10:06:24.145717 18374 fs_report.cc:389] FS layout report
--------------------
wal directory: /tmp/dist-test-taskm0lP3M/test-tmp/auto_rebalancer-test.0.AutoRebalancerTest.RangeAwareRebalancesNewRangeReplicas.1780913103533528-18374-0/minicluster-data/master-0-root
metadata directory: /tmp/dist-test-taskm0lP3M/test-tmp/auto_rebalancer-test.0.AutoRebalancerTest.RangeAwareRebalancesNewRangeReplicas.1780913103533528-18374-0/minicluster-data/master-0-root
1 data directories: /tmp/dist-test-taskm0lP3M/test-tmp/auto_rebalancer-test.0.AutoRebalancerTest.RangeAwareRebalancesNewRangeReplicas.1780913103533528-18374-0/minicluster-data/master-0-root/data
Total live blocks: 0
Total live bytes: 0
Total live bytes (after alignment): 0
Total number of LBM containers: 0 (0 full)
Did not check for missing blocks
Did not check for orphaned blocks
Total full LBM containers with extra space: 0 (0 repaired)
Total full LBM container extra space in bytes: 0 (0 repaired)
Total incomplete LBM containers: 0 (0 repaired)
Total LBM partial records: 0 (0 repaired)
Total corrupted LBM metadata records in RocksDB: 0 (0 repaired)
I20260608 10:06:24.174340 18374 rpc_server.cc:225] running with OpenSSL 1.1.1  11 Sep 2018
I20260608 10:06:24.175662 18374 kserver.cc:163] Server-wide thread pool size limit: 3276
I20260608 10:06:24.221065 18374 rpc_server.cc:307] RPC server started. Bound to: 127.17.241.190:43893
I20260608 10:06:24.221180 21346 acceptor_pool.cc:272] collecting diagnostics on the listening RPC socket 127.17.241.190:43893 every 8 connection(s)
I20260608 10:06:24.226177 21347 data_dirs.cc:400] Could only allocate 1 dirs of requested 3 for tablet 00000000000000000000000000000000. 1 dirs total, 0 dirs full, 0 dirs failed
I20260608 10:06:24.239607 21347 tablet_bootstrap.cc:492] T 00000000000000000000000000000000 P 27cbe65eb5cb416391b0fe82dd701e96: Bootstrap starting.
I20260608 10:06:24.245581 21347 tablet_bootstrap.cc:654] T 00000000000000000000000000000000 P 27cbe65eb5cb416391b0fe82dd701e96: Neither blocks nor log segments found. Creating new log.
I20260608 10:06:24.250974 21347 tablet_bootstrap.cc:492] T 00000000000000000000000000000000 P 27cbe65eb5cb416391b0fe82dd701e96: No bootstrap required, opened a new log
I20260608 10:06:24.253705 21347 raft_consensus.cc:359] T 00000000000000000000000000000000 P 27cbe65eb5cb416391b0fe82dd701e96 [term 0 FOLLOWER]: Replica starting. Triggering 0 pending ops. Active config: opid_index: -1 OBSOLETE_local: true peers { permanent_uuid: "27cbe65eb5cb416391b0fe82dd701e96" member_type: VOTER }
I20260608 10:06:24.254285 21347 raft_consensus.cc:385] T 00000000000000000000000000000000 P 27cbe65eb5cb416391b0fe82dd701e96 [term 0 FOLLOWER]: Consensus starting up: Expiring failure detector timer to make a prompt election more likely
I20260608 10:06:24.254575 21347 raft_consensus.cc:740] T 00000000000000000000000000000000 P 27cbe65eb5cb416391b0fe82dd701e96 [term 0 FOLLOWER]: Becoming Follower/Learner. State: Replica: 27cbe65eb5cb416391b0fe82dd701e96, State: Initialized, Role: FOLLOWER
I20260608 10:06:24.255369 21347 consensus_queue.cc:260] T 00000000000000000000000000000000 P 27cbe65eb5cb416391b0fe82dd701e96 [NON_LEADER]: Queue going to NON_LEADER mode. State: All replicated index: 0, Majority replicated index: 0, Committed index: 0, Last appended: 0.0, Last appended by leader: 0, Current term: 0, Majority size: -1, State: 0, Mode: NON_LEADER, active raft config: opid_index: -1 OBSOLETE_local: true peers { permanent_uuid: "27cbe65eb5cb416391b0fe82dd701e96" member_type: VOTER }
I20260608 10:06:24.255945 21347 raft_consensus.cc:399] T 00000000000000000000000000000000 P 27cbe65eb5cb416391b0fe82dd701e96 [term 0 FOLLOWER]: Only one voter in the Raft config. Triggering election immediately
I20260608 10:06:24.256199 21347 raft_consensus.cc:493] T 00000000000000000000000000000000 P 27cbe65eb5cb416391b0fe82dd701e96 [term 0 FOLLOWER]: Starting leader election (initial election of a single-replica configuration)
I20260608 10:06:24.256537 21347 raft_consensus.cc:3060] T 00000000000000000000000000000000 P 27cbe65eb5cb416391b0fe82dd701e96 [term 0 FOLLOWER]: Advancing to term 1
I20260608 10:06:24.261832 21347 raft_consensus.cc:515] T 00000000000000000000000000000000 P 27cbe65eb5cb416391b0fe82dd701e96 [term 1 FOLLOWER]: Starting leader election with config: opid_index: -1 OBSOLETE_local: true peers { permanent_uuid: "27cbe65eb5cb416391b0fe82dd701e96" member_type: VOTER }
I20260608 10:06:24.262549 21347 leader_election.cc:304] T 00000000000000000000000000000000 P 27cbe65eb5cb416391b0fe82dd701e96 [CANDIDATE]: Term 1 election: Election decided. Result: candidate won. Election summary: received 1 responses out of 1 voters: 1 yes votes; 0 no votes. yes voters: 27cbe65eb5cb416391b0fe82dd701e96; no voters: 
I20260608 10:06:24.264160 21347 leader_election.cc:290] T 00000000000000000000000000000000 P 27cbe65eb5cb416391b0fe82dd701e96 [CANDIDATE]: Term 1 election: Requested vote from peers 
I20260608 10:06:24.264673 21350 raft_consensus.cc:2804] T 00000000000000000000000000000000 P 27cbe65eb5cb416391b0fe82dd701e96 [term 1 FOLLOWER]: Leader election won for term 1
I20260608 10:06:24.266165 21350 raft_consensus.cc:697] T 00000000000000000000000000000000 P 27cbe65eb5cb416391b0fe82dd701e96 [term 1 LEADER]: Becoming Leader. State: Replica: 27cbe65eb5cb416391b0fe82dd701e96, State: Running, Role: LEADER
I20260608 10:06:24.266975 21350 consensus_queue.cc:237] T 00000000000000000000000000000000 P 27cbe65eb5cb416391b0fe82dd701e96 [LEADER]: Queue going to LEADER mode. State: All replicated index: 0, Majority replicated index: 0, Committed index: 0, Last appended: 0.0, Last appended by leader: 0, Current term: 1, Majority size: 1, State: 0, Mode: LEADER, active raft config: opid_index: -1 OBSOLETE_local: true peers { permanent_uuid: "27cbe65eb5cb416391b0fe82dd701e96" member_type: VOTER }
I20260608 10:06:24.267530 21347 sys_catalog.cc:565] T 00000000000000000000000000000000 P 27cbe65eb5cb416391b0fe82dd701e96 [sys.catalog]: configured and running, proceeding with master startup.
I20260608 10:06:24.270470 21351 sys_catalog.cc:455] T 00000000000000000000000000000000 P 27cbe65eb5cb416391b0fe82dd701e96 [sys.catalog]: SysCatalogTable state changed. Reason: RaftConsensus started. Latest consensus state: current_term: 1 leader_uuid: "27cbe65eb5cb416391b0fe82dd701e96" committed_config { opid_index: -1 OBSOLETE_local: true peers { permanent_uuid: "27cbe65eb5cb416391b0fe82dd701e96" member_type: VOTER } }
I20260608 10:06:24.270501 21352 sys_catalog.cc:455] T 00000000000000000000000000000000 P 27cbe65eb5cb416391b0fe82dd701e96 [sys.catalog]: SysCatalogTable state changed. Reason: New leader 27cbe65eb5cb416391b0fe82dd701e96. Latest consensus state: current_term: 1 leader_uuid: "27cbe65eb5cb416391b0fe82dd701e96" committed_config { opid_index: -1 OBSOLETE_local: true peers { permanent_uuid: "27cbe65eb5cb416391b0fe82dd701e96" member_type: VOTER } }
I20260608 10:06:24.271255 21351 sys_catalog.cc:458] T 00000000000000000000000000000000 P 27cbe65eb5cb416391b0fe82dd701e96 [sys.catalog]: This master's current role is: LEADER
I20260608 10:06:24.271374 21352 sys_catalog.cc:458] T 00000000000000000000000000000000 P 27cbe65eb5cb416391b0fe82dd701e96 [sys.catalog]: This master's current role is: LEADER
I20260608 10:06:24.275820 21355 catalog_manager.cc:1510] Loading table and tablet metadata into memory...
I20260608 10:06:24.281363 21355 catalog_manager.cc:1519] Initializing Kudu cluster ID...
I20260608 10:06:24.285393 18374 internal_mini_cluster.cc:184] Waiting to initialize catalog manager on master 0
I20260608 10:06:24.291918 21355 catalog_manager.cc:1382] Generated new cluster ID: 4f1e460d463a4d92b6620b54ddab749f
I20260608 10:06:24.292260 21355 catalog_manager.cc:1530] Initializing Kudu internal certificate authority...
I20260608 10:06:24.317085 21355 catalog_manager.cc:1405] Generated new certificate authority record
I20260608 10:06:24.318634 21355 catalog_manager.cc:1539] Loading token signing keys...
I20260608 10:06:24.334883 21355 catalog_manager.cc:6069] T 00000000000000000000000000000000 P 27cbe65eb5cb416391b0fe82dd701e96: Generated new TSK 0
I20260608 10:06:24.335559 21355 catalog_manager.cc:1549] Initializing in-progress tserver states...
I20260608 10:06:24.353031 18374 file_cache.cc:492] Constructed file cache file cache with capacity 419430
W20260608 10:06:24.360419 21368 instance_detector.cc:116] could not retrieve AWS instance metadata: Network error: curl error: HTTP response code said error: The requested URL returned error: 404
W20260608 10:06:24.361302 21369 instance_detector.cc:116] could not retrieve Azure instance metadata: Network error: curl error: HTTP response code said error: The requested URL returned error: 404
W20260608 10:06:24.362819 21371 instance_detector.cc:116] could not retrieve OpenStack instance metadata: Network error: curl error: HTTP response code said error: The requested URL returned error: 404
I20260608 10:06:24.363574 18374 server_base.cc:1061] running on GCE node
I20260608 10:06:24.364380 18374 hybrid_clock.cc:584] initializing the hybrid clock with 'system_unsync' time source
W20260608 10:06:24.364564 18374 system_unsync_time.cc:38] NTP support is disabled. Clock error bounds will not be accurate. This configuration is not suitable for distributed clusters.
I20260608 10:06:24.364719 18374 hybrid_clock.cc:648] HybridClock initialized: now 1780913184364707 us; error 0 us; skew 500 ppm
I20260608 10:06:24.365260 18374 server_base.cc:861] Flag tcmalloc_max_total_thread_cache_bytes is not working since tcmalloc is not enabled.
I20260608 10:06:24.367726 18374 webserver.cc:533] Webserver started at http://127.17.241.129:45607/ using document root <none> and password file <none>
I20260608 10:06:24.368227 18374 fs_manager.cc:362] Metadata directory not provided
I20260608 10:06:24.368383 18374 fs_manager.cc:368] Using write-ahead log directory (fs_wal_dir) as metadata directory
I20260608 10:06:24.368597 18374 server_base.cc:909] This appears to be a new deployment of Kudu; creating new FS layout
I20260608 10:06:24.370018 18374 fs_manager.cc:1068] Generated new instance metadata in path /tmp/dist-test-taskm0lP3M/test-tmp/auto_rebalancer-test.0.AutoRebalancerTest.RangeAwareRebalancesNewRangeReplicas.1780913103533528-18374-0/minicluster-data/ts-0-root/instance:
uuid: "844da56cda8f4cc099562c21b206c445"
format_stamp: "Formatted at 2026-06-08 10:06:24 on dist-test-slave-hm0n"
I20260608 10:06:24.374770 18374 fs_manager.cc:696] Time spent creating directory manager: real 0.004s	user 0.004s	sys 0.000s
I20260608 10:06:24.379258 21376 log_block_manager.cc:4031] Time spent loading block containers with low live blocks: real 0.000s	user 0.000s	sys 0.000s
I20260608 10:06:24.380318 18374 fs_manager.cc:730] Time spent opening block manager: real 0.003s	user 0.003s	sys 0.001s
I20260608 10:06:24.380728 18374 fs_manager.cc:647] Opened local filesystem: /tmp/dist-test-taskm0lP3M/test-tmp/auto_rebalancer-test.0.AutoRebalancerTest.RangeAwareRebalancesNewRangeReplicas.1780913103533528-18374-0/minicluster-data/ts-0-root
uuid: "844da56cda8f4cc099562c21b206c445"
format_stamp: "Formatted at 2026-06-08 10:06:24 on dist-test-slave-hm0n"
I20260608 10:06:24.381057 18374 fs_report.cc:389] FS layout report
--------------------
wal directory: /tmp/dist-test-taskm0lP3M/test-tmp/auto_rebalancer-test.0.AutoRebalancerTest.RangeAwareRebalancesNewRangeReplicas.1780913103533528-18374-0/minicluster-data/ts-0-root
metadata directory: /tmp/dist-test-taskm0lP3M/test-tmp/auto_rebalancer-test.0.AutoRebalancerTest.RangeAwareRebalancesNewRangeReplicas.1780913103533528-18374-0/minicluster-data/ts-0-root
1 data directories: /tmp/dist-test-taskm0lP3M/test-tmp/auto_rebalancer-test.0.AutoRebalancerTest.RangeAwareRebalancesNewRangeReplicas.1780913103533528-18374-0/minicluster-data/ts-0-root/data
Total live blocks: 0
Total live bytes: 0
Total live bytes (after alignment): 0
Total number of LBM containers: 0 (0 full)
Did not check for missing blocks
Did not check for orphaned blocks
