I20260608 10:06:22.893658  5729 consensus_queue.cc:260] T baba566cf90f4272985164f6f102af48 P c0bdea1ef383442aa4d372598da0f6cf [NON_LEADER]: Queue going to NON_LEADER mode. State: All replicated index: 0, Majority replicated index: 0, Committed index: 0, Last appended: 0.0, Last appended by leader: 0, Current term: 0, Majority size: -1, State: 0, Mode: NON_LEADER, active raft config: opid_index: -1 OBSOLETE_local: false peers { permanent_uuid: "c0bdea1ef383442aa4d372598da0f6cf" member_type: VOTER last_known_addr { host: "127.2.204.129" port: 38285 } } peers { permanent_uuid: "8e6edd3916fb4fc1b4aaf46266f814fc" member_type: VOTER last_known_addr { host: "127.2.204.130" port: 43655 } } peers { permanent_uuid: "90a5116a7ba64acb814c6d471104be31" member_type: VOTER last_known_addr { host: "127.2.204.131" port: 40135 } }
I20260608 10:06:22.895582  5681 tablet_service.cc:1917] Received RequestConsensusVote() RPC: tablet_id: "f632b991fe7e4e848a24fc6ea9b47c1f" candidate_uuid: "8e6edd3916fb4fc1b4aaf46266f814fc" candidate_term: 1 candidate_status { last_received { term: 0 index: 0 } } ignore_live_leader: false dest_uuid: "90a5116a7ba64acb814c6d471104be31" is_pre_election: true
I20260608 10:06:22.896574  5729 ts_tablet_manager.cc:1434] T baba566cf90f4272985164f6f102af48 P c0bdea1ef383442aa4d372598da0f6cf: Time spent starting tablet: real 0.017s	user 0.007s	sys 0.005s
I20260608 10:06:22.896409  5681 raft_consensus.cc:2468] T f632b991fe7e4e848a24fc6ea9b47c1f P 90a5116a7ba64acb814c6d471104be31 [term 0 FOLLOWER]: Leader pre-election vote request: Granting yes vote for candidate 8e6edd3916fb4fc1b4aaf46266f814fc in term 0.
W20260608 10:06:22.897238  5573 leader_election.cc:343] T f632b991fe7e4e848a24fc6ea9b47c1f P 8e6edd3916fb4fc1b4aaf46266f814fc [CANDIDATE]: Term 1 pre-election: Tablet error from VoteRequest() call to peer c0bdea1ef383442aa4d372598da0f6cf (127.2.204.129:38285): Illegal state: must be running to vote when last-logged opid is not known
I20260608 10:06:22.898247  5572 leader_election.cc:304] T f632b991fe7e4e848a24fc6ea9b47c1f P 8e6edd3916fb4fc1b4aaf46266f814fc [CANDIDATE]: Term 1 pre-election: Election decided. Result: candidate won. Election summary: received 3 responses out of 3 voters: 2 yes votes; 1 no votes. yes voters: 8e6edd3916fb4fc1b4aaf46266f814fc, 90a5116a7ba64acb814c6d471104be31; no voters: c0bdea1ef383442aa4d372598da0f6cf
I20260608 10:06:22.899326  5731 raft_consensus.cc:2804] T f632b991fe7e4e848a24fc6ea9b47c1f P 8e6edd3916fb4fc1b4aaf46266f814fc [term 0 FOLLOWER]: Leader pre-election won for term 1
I20260608 10:06:22.899755  5731 raft_consensus.cc:493] T f632b991fe7e4e848a24fc6ea9b47c1f P 8e6edd3916fb4fc1b4aaf46266f814fc [term 0 FOLLOWER]: Starting leader election (no leader contacted us within the election timeout)
I20260608 10:06:22.900107  5731 raft_consensus.cc:3060] T f632b991fe7e4e848a24fc6ea9b47c1f P 8e6edd3916fb4fc1b4aaf46266f814fc [term 0 FOLLOWER]: Advancing to term 1
I20260608 10:06:22.901733  5732 raft_consensus.cc:515] T baba566cf90f4272985164f6f102af48 P 90a5116a7ba64acb814c6d471104be31 [term 1 FOLLOWER]: Starting leader election with config: opid_index: -1 OBSOLETE_local: false peers { permanent_uuid: "c0bdea1ef383442aa4d372598da0f6cf" member_type: VOTER last_known_addr { host: "127.2.204.129" port: 38285 } } peers { permanent_uuid: "8e6edd3916fb4fc1b4aaf46266f814fc" member_type: VOTER last_known_addr { host: "127.2.204.130" port: 43655 } } peers { permanent_uuid: "90a5116a7ba64acb814c6d471104be31" member_type: VOTER last_known_addr { host: "127.2.204.131" port: 40135 } }
I20260608 10:06:22.904115  5732 leader_election.cc:290] T baba566cf90f4272985164f6f102af48 P 90a5116a7ba64acb814c6d471104be31 [CANDIDATE]: Term 1 election: Requested vote from peers c0bdea1ef383442aa4d372598da0f6cf (127.2.204.129:38285), 8e6edd3916fb4fc1b4aaf46266f814fc (127.2.204.130:43655)
I20260608 10:06:22.878932  5728 consensus_queue.cc:260] T 474fc22882bd4af7861010e635d6bced P 90a5116a7ba64acb814c6d471104be31 [NON_LEADER]: Queue going to NON_LEADER mode. State: All replicated index: 0, Majority replicated index: 0, Committed index: 0, Last appended: 0.0, Last appended by leader: 0, Current term: 0, Majority size: -1, State: 0, Mode: NON_LEADER, active raft config: opid_index: -1 OBSOLETE_local: false peers { permanent_uuid: "c0bdea1ef383442aa4d372598da0f6cf" member_type: VOTER last_known_addr { host: "127.2.204.129" port: 38285 } } peers { permanent_uuid: "8e6edd3916fb4fc1b4aaf46266f814fc" member_type: VOTER last_known_addr { host: "127.2.204.130" port: 43655 } } peers { permanent_uuid: "90a5116a7ba64acb814c6d471104be31" member_type: VOTER last_known_addr { host: "127.2.204.131" port: 40135 } }
I20260608 10:06:22.905545  5607 tablet_service.cc:1917] Received RequestConsensusVote() RPC: tablet_id: "baba566cf90f4272985164f6f102af48" candidate_uuid: "90a5116a7ba64acb814c6d471104be31" candidate_term: 1 candidate_status { last_received { term: 0 index: 0 } } ignore_live_leader: false dest_uuid: "8e6edd3916fb4fc1b4aaf46266f814fc"
I20260608 10:06:22.906229  5607 raft_consensus.cc:3060] T baba566cf90f4272985164f6f102af48 P 8e6edd3916fb4fc1b4aaf46266f814fc [term 0 FOLLOWER]: Advancing to term 1
I20260608 10:06:22.906445  5728 ts_tablet_manager.cc:1434] T 474fc22882bd4af7861010e635d6bced P 90a5116a7ba64acb814c6d471104be31: Time spent starting tablet: real 0.033s	user 0.007s	sys 0.000s
I20260608 10:06:22.907675  5728 tablet_bootstrap.cc:492] T 65f32825ccd64c729a4ef3a7f22738b1 P 90a5116a7ba64acb814c6d471104be31: Bootstrap starting.
I20260608 10:06:22.908099  5731 raft_consensus.cc:515] T f632b991fe7e4e848a24fc6ea9b47c1f P 8e6edd3916fb4fc1b4aaf46266f814fc [term 1 FOLLOWER]: Starting leader election with config: opid_index: -1 OBSOLETE_local: false peers { permanent_uuid: "c0bdea1ef383442aa4d372598da0f6cf" member_type: VOTER last_known_addr { host: "127.2.204.129" port: 38285 } } peers { permanent_uuid: "8e6edd3916fb4fc1b4aaf46266f814fc" member_type: VOTER last_known_addr { host: "127.2.204.130" port: 43655 } } peers { permanent_uuid: "90a5116a7ba64acb814c6d471104be31" member_type: VOTER last_known_addr { host: "127.2.204.131" port: 40135 } }
I20260608 10:06:22.910382  5532 tablet_service.cc:1917] Received RequestConsensusVote() RPC: tablet_id: "baba566cf90f4272985164f6f102af48" candidate_uuid: "90a5116a7ba64acb814c6d471104be31" candidate_term: 1 candidate_status { last_received { term: 0 index: 0 } } ignore_live_leader: false dest_uuid: "c0bdea1ef383442aa4d372598da0f6cf"
I20260608 10:06:22.911005  5731 leader_election.cc:290] T f632b991fe7e4e848a24fc6ea9b47c1f P 8e6edd3916fb4fc1b4aaf46266f814fc [CANDIDATE]: Term 1 election: Requested vote from peers c0bdea1ef383442aa4d372598da0f6cf (127.2.204.129:38285), 90a5116a7ba64acb814c6d471104be31 (127.2.204.131:40135)
I20260608 10:06:22.911072  5532 raft_consensus.cc:3060] T baba566cf90f4272985164f6f102af48 P c0bdea1ef383442aa4d372598da0f6cf [term 0 FOLLOWER]: Advancing to term 1
I20260608 10:06:22.913254  5531 tablet_service.cc:1917] Received RequestConsensusVote() RPC: tablet_id: "f632b991fe7e4e848a24fc6ea9b47c1f" candidate_uuid: "8e6edd3916fb4fc1b4aaf46266f814fc" candidate_term: 1 candidate_status { last_received { term: 0 index: 0 } } ignore_live_leader: false dest_uuid: "c0bdea1ef383442aa4d372598da0f6cf"
I20260608 10:06:22.915359  5728 tablet_bootstrap.cc:654] T 65f32825ccd64c729a4ef3a7f22738b1 P 90a5116a7ba64acb814c6d471104be31: Neither blocks nor log segments found. Creating new log.
W20260608 10:06:22.915272  5573 leader_election.cc:343] T f632b991fe7e4e848a24fc6ea9b47c1f P 8e6edd3916fb4fc1b4aaf46266f814fc [CANDIDATE]: Term 1 election: Tablet error from VoteRequest() call to peer c0bdea1ef383442aa4d372598da0f6cf (127.2.204.129:38285): Illegal state: must be running to vote when last-logged opid is not known
I20260608 10:06:22.923187  5681 tablet_service.cc:1917] Received RequestConsensusVote() RPC: tablet_id: "f632b991fe7e4e848a24fc6ea9b47c1f" candidate_uuid: "8e6edd3916fb4fc1b4aaf46266f814fc" candidate_term: 1 candidate_status { last_received { term: 0 index: 0 } } ignore_live_leader: false dest_uuid: "90a5116a7ba64acb814c6d471104be31"
I20260608 10:06:22.923842  5681 raft_consensus.cc:3060] T f632b991fe7e4e848a24fc6ea9b47c1f P 90a5116a7ba64acb814c6d471104be31 [term 0 FOLLOWER]: Advancing to term 1
I20260608 10:06:22.922816  5607 raft_consensus.cc:2468] T baba566cf90f4272985164f6f102af48 P 8e6edd3916fb4fc1b4aaf46266f814fc [term 1 FOLLOWER]: Leader election vote request: Granting yes vote for candidate 90a5116a7ba64acb814c6d471104be31 in term 1.
I20260608 10:06:22.925908  5647 leader_election.cc:304] T baba566cf90f4272985164f6f102af48 P 90a5116a7ba64acb814c6d471104be31 [CANDIDATE]: Term 1 election: Election decided. Result: candidate won. Election summary: received 2 responses out of 3 voters: 2 yes votes; 0 no votes. yes voters: 8e6edd3916fb4fc1b4aaf46266f814fc, 90a5116a7ba64acb814c6d471104be31; no voters: 
I20260608 10:06:22.927040  5732 raft_consensus.cc:2804] T baba566cf90f4272985164f6f102af48 P 90a5116a7ba64acb814c6d471104be31 [term 1 FOLLOWER]: Leader election won for term 1
I20260608 10:06:22.934473  5681 raft_consensus.cc:2468] T f632b991fe7e4e848a24fc6ea9b47c1f P 90a5116a7ba64acb814c6d471104be31 [term 1 FOLLOWER]: Leader election vote request: Granting yes vote for candidate 8e6edd3916fb4fc1b4aaf46266f814fc in term 1.
I20260608 10:06:22.936194  5572 leader_election.cc:304] T f632b991fe7e4e848a24fc6ea9b47c1f P 8e6edd3916fb4fc1b4aaf46266f814fc [CANDIDATE]: Term 1 election: Election decided. Result: candidate won. Election summary: received 3 responses out of 3 voters: 2 yes votes; 1 no votes. yes voters: 8e6edd3916fb4fc1b4aaf46266f814fc, 90a5116a7ba64acb814c6d471104be31; no voters: c0bdea1ef383442aa4d372598da0f6cf
I20260608 10:06:22.939435  5731 raft_consensus.cc:2804] T f632b991fe7e4e848a24fc6ea9b47c1f P 8e6edd3916fb4fc1b4aaf46266f814fc [term 1 FOLLOWER]: Leader election won for term 1
I20260608 10:06:22.940132  5731 raft_consensus.cc:697] T f632b991fe7e4e848a24fc6ea9b47c1f P 8e6edd3916fb4fc1b4aaf46266f814fc [term 1 LEADER]: Becoming Leader. State: Replica: 8e6edd3916fb4fc1b4aaf46266f814fc, State: Running, Role: LEADER
I20260608 10:06:22.941314  5731 consensus_queue.cc:237] T f632b991fe7e4e848a24fc6ea9b47c1f P 8e6edd3916fb4fc1b4aaf46266f814fc [LEADER]: Queue going to LEADER mode. State: All replicated index: 0, Majority replicated index: 0, Committed index: 0, Last appended: 0.0, Last appended by leader: 0, Current term: 1, Majority size: 2, State: 0, Mode: LEADER, active raft config: opid_index: -1 OBSOLETE_local: false peers { permanent_uuid: "c0bdea1ef383442aa4d372598da0f6cf" member_type: VOTER last_known_addr { host: "127.2.204.129" port: 38285 } } peers { permanent_uuid: "8e6edd3916fb4fc1b4aaf46266f814fc" member_type: VOTER last_known_addr { host: "127.2.204.130" port: 43655 } } peers { permanent_uuid: "90a5116a7ba64acb814c6d471104be31" member_type: VOTER last_known_addr { host: "127.2.204.131" port: 40135 } }
I20260608 10:06:22.942447  5729 tablet_bootstrap.cc:492] T 474fc22882bd4af7861010e635d6bced P c0bdea1ef383442aa4d372598da0f6cf: Bootstrap starting.
I20260608 10:06:22.951062  5532 raft_consensus.cc:2468] T baba566cf90f4272985164f6f102af48 P c0bdea1ef383442aa4d372598da0f6cf [term 1 FOLLOWER]: Leader election vote request: Granting yes vote for candidate 90a5116a7ba64acb814c6d471104be31 in term 1.
I20260608 10:06:22.954348  5732 raft_consensus.cc:697] T baba566cf90f4272985164f6f102af48 P 90a5116a7ba64acb814c6d471104be31 [term 1 LEADER]: Becoming Leader. State: Replica: 90a5116a7ba64acb814c6d471104be31, State: Running, Role: LEADER
I20260608 10:06:22.956143  5732 consensus_queue.cc:237] T baba566cf90f4272985164f6f102af48 P 90a5116a7ba64acb814c6d471104be31 [LEADER]: Queue going to LEADER mode. State: All replicated index: 0, Majority replicated index: 0, Committed index: 0, Last appended: 0.0, Last appended by leader: 0, Current term: 1, Majority size: 2, State: 0, Mode: LEADER, active raft config: opid_index: -1 OBSOLETE_local: false peers { permanent_uuid: "c0bdea1ef383442aa4d372598da0f6cf" member_type: VOTER last_known_addr { host: "127.2.204.129" port: 38285 } } peers { permanent_uuid: "8e6edd3916fb4fc1b4aaf46266f814fc" member_type: VOTER last_known_addr { host: "127.2.204.130" port: 43655 } } peers { permanent_uuid: "90a5116a7ba64acb814c6d471104be31" member_type: VOTER last_known_addr { host: "127.2.204.131" port: 40135 } }
I20260608 10:06:22.959044  5729 tablet_bootstrap.cc:654] T 474fc22882bd4af7861010e635d6bced P c0bdea1ef383442aa4d372598da0f6cf: Neither blocks nor log segments found. Creating new log.
I20260608 10:06:22.966594  5748 raft_consensus.cc:493] T 474fc22882bd4af7861010e635d6bced P 90a5116a7ba64acb814c6d471104be31 [term 0 FOLLOWER]: Starting pre-election (no leader contacted us within the election timeout)
I20260608 10:06:22.965437  5429 catalog_manager.cc:5696] T f632b991fe7e4e848a24fc6ea9b47c1f P 8e6edd3916fb4fc1b4aaf46266f814fc reported cstate change: term changed from 0 to 1, leader changed from <none> to 8e6edd3916fb4fc1b4aaf46266f814fc (127.2.204.130). New cstate: current_term: 1 leader_uuid: "8e6edd3916fb4fc1b4aaf46266f814fc" committed_config { opid_index: -1 OBSOLETE_local: false peers { permanent_uuid: "c0bdea1ef383442aa4d372598da0f6cf" member_type: VOTER last_known_addr { host: "127.2.204.129" port: 38285 } health_report { overall_health: UNKNOWN } } peers { permanent_uuid: "8e6edd3916fb4fc1b4aaf46266f814fc" member_type: VOTER last_known_addr { host: "127.2.204.130" port: 43655 } health_report { overall_health: HEALTHY } } peers { permanent_uuid: "90a5116a7ba64acb814c6d471104be31" member_type: VOTER last_known_addr { host: "127.2.204.131" port: 40135 } health_report { overall_health: UNKNOWN } } }
I20260608 10:06:22.970850  5729 tablet_bootstrap.cc:492] T 474fc22882bd4af7861010e635d6bced P c0bdea1ef383442aa4d372598da0f6cf: No bootstrap required, opened a new log
I20260608 10:06:22.971478  5729 ts_tablet_manager.cc:1403] T 474fc22882bd4af7861010e635d6bced P c0bdea1ef383442aa4d372598da0f6cf: Time spent bootstrapping tablet: real 0.029s	user 0.013s	sys 0.007s
I20260608 10:06:22.972606  5728 tablet_bootstrap.cc:492] T 65f32825ccd64c729a4ef3a7f22738b1 P 90a5116a7ba64acb814c6d471104be31: No bootstrap required, opened a new log
I20260608 10:06:22.973444  5728 ts_tablet_manager.cc:1403] T 65f32825ccd64c729a4ef3a7f22738b1 P 90a5116a7ba64acb814c6d471104be31: Time spent bootstrapping tablet: real 0.066s	user 0.021s	sys 0.038s
I20260608 10:06:22.975008  5729 raft_consensus.cc:359] T 474fc22882bd4af7861010e635d6bced P c0bdea1ef383442aa4d372598da0f6cf [term 0 FOLLOWER]: Replica starting. Triggering 0 pending ops. Active config: opid_index: -1 OBSOLETE_local: false peers { permanent_uuid: "c0bdea1ef383442aa4d372598da0f6cf" member_type: VOTER last_known_addr { host: "127.2.204.129" port: 38285 } } peers { permanent_uuid: "8e6edd3916fb4fc1b4aaf46266f814fc" member_type: VOTER last_known_addr { host: "127.2.204.130" port: 43655 } } peers { permanent_uuid: "90a5116a7ba64acb814c6d471104be31" member_type: VOTER last_known_addr { host: "127.2.204.131" port: 40135 } }
I20260608 10:06:22.975849  5729 raft_consensus.cc:385] T 474fc22882bd4af7861010e635d6bced P c0bdea1ef383442aa4d372598da0f6cf [term 0 FOLLOWER]: Consensus starting up: Expiring failure detector timer to make a prompt election more likely
I20260608 10:06:22.976205  5729 raft_consensus.cc:740] T 474fc22882bd4af7861010e635d6bced P c0bdea1ef383442aa4d372598da0f6cf [term 0 FOLLOWER]: Becoming Follower/Learner. State: Replica: c0bdea1ef383442aa4d372598da0f6cf, State: Initialized, Role: FOLLOWER
I20260608 10:06:22.977170  5729 consensus_queue.cc:260] T 474fc22882bd4af7861010e635d6bced P c0bdea1ef383442aa4d372598da0f6cf [NON_LEADER]: Queue going to NON_LEADER mode. State: All replicated index: 0, Majority replicated index: 0, Committed index: 0, Last appended: 0.0, Last appended by leader: 0, Current term: 0, Majority size: -1, State: 0, Mode: NON_LEADER, active raft config: opid_index: -1 OBSOLETE_local: false peers { permanent_uuid: "c0bdea1ef383442aa4d372598da0f6cf" member_type: VOTER last_known_addr { host: "127.2.204.129" port: 38285 } } peers { permanent_uuid: "8e6edd3916fb4fc1b4aaf46266f814fc" member_type: VOTER last_known_addr { host: "127.2.204.130" port: 43655 } } peers { permanent_uuid: "90a5116a7ba64acb814c6d471104be31" member_type: VOTER last_known_addr { host: "127.2.204.131" port: 40135 } }
I20260608 10:06:22.979861  5729 ts_tablet_manager.cc:1434] T 474fc22882bd4af7861010e635d6bced P c0bdea1ef383442aa4d372598da0f6cf: Time spent starting tablet: real 0.008s	user 0.003s	sys 0.003s
I20260608 10:06:22.967746  5748 raft_consensus.cc:515] T 474fc22882bd4af7861010e635d6bced P 90a5116a7ba64acb814c6d471104be31 [term 0 FOLLOWER]: Starting pre-election with config: opid_index: -1 OBSOLETE_local: false peers { permanent_uuid: "c0bdea1ef383442aa4d372598da0f6cf" member_type: VOTER last_known_addr { host: "127.2.204.129" port: 38285 } } peers { permanent_uuid: "8e6edd3916fb4fc1b4aaf46266f814fc" member_type: VOTER last_known_addr { host: "127.2.204.130" port: 43655 } } peers { permanent_uuid: "90a5116a7ba64acb814c6d471104be31" member_type: VOTER last_known_addr { host: "127.2.204.131" port: 40135 } }
I20260608 10:06:22.981091  5729 tablet_bootstrap.cc:492] T f632b991fe7e4e848a24fc6ea9b47c1f P c0bdea1ef383442aa4d372598da0f6cf: Bootstrap starting.
I20260608 10:06:22.983976  5532 tablet_service.cc:1917] Received RequestConsensusVote() RPC: tablet_id: "474fc22882bd4af7861010e635d6bced" candidate_uuid: "90a5116a7ba64acb814c6d471104be31" candidate_term: 1 candidate_status { last_received { term: 0 index: 0 } } ignore_live_leader: false dest_uuid: "c0bdea1ef383442aa4d372598da0f6cf" is_pre_election: true
I20260608 10:06:22.984762  5532 raft_consensus.cc:2468] T 474fc22882bd4af7861010e635d6bced P c0bdea1ef383442aa4d372598da0f6cf [term 0 FOLLOWER]: Leader pre-election vote request: Granting yes vote for candidate 90a5116a7ba64acb814c6d471104be31 in term 0.
I20260608 10:06:22.986369  5647 leader_election.cc:304] T 474fc22882bd4af7861010e635d6bced P 90a5116a7ba64acb814c6d471104be31 [CANDIDATE]: Term 1 pre-election: Election decided. Result: candidate won. Election summary: received 2 responses out of 3 voters: 2 yes votes; 0 no votes. yes voters: 90a5116a7ba64acb814c6d471104be31, c0bdea1ef383442aa4d372598da0f6cf; no voters: 
I20260608 10:06:22.978228  5728 raft_consensus.cc:359] T 65f32825ccd64c729a4ef3a7f22738b1 P 90a5116a7ba64acb814c6d471104be31 [term 0 FOLLOWER]: Replica starting. Triggering 0 pending ops. Active config: opid_index: -1 OBSOLETE_local: false peers { permanent_uuid: "8e6edd3916fb4fc1b4aaf46266f814fc" member_type: VOTER last_known_addr { host: "127.2.204.130" port: 43655 } } peers { permanent_uuid: "c0bdea1ef383442aa4d372598da0f6cf" member_type: VOTER last_known_addr { host: "127.2.204.129" port: 38285 } } peers { permanent_uuid: "90a5116a7ba64acb814c6d471104be31" member_type: VOTER last_known_addr { host: "127.2.204.131" port: 40135 } }
I20260608 10:06:22.988876  5748 leader_election.cc:290] T 474fc22882bd4af7861010e635d6bced P 90a5116a7ba64acb814c6d471104be31 [CANDIDATE]: Term 1 pre-election: Requested pre-vote from peers c0bdea1ef383442aa4d372598da0f6cf (127.2.204.129:38285), 8e6edd3916fb4fc1b4aaf46266f814fc (127.2.204.130:43655)
I20260608 10:06:22.989204  5728 raft_consensus.cc:385] T 65f32825ccd64c729a4ef3a7f22738b1 P 90a5116a7ba64acb814c6d471104be31 [term 0 FOLLOWER]: Consensus starting up: Expiring failure detector timer to make a prompt election more likely
I20260608 10:06:22.989513  5748 raft_consensus.cc:2804] T 474fc22882bd4af7861010e635d6bced P 90a5116a7ba64acb814c6d471104be31 [term 0 FOLLOWER]: Leader pre-election won for term 1
I20260608 10:06:22.989809  5729 tablet_bootstrap.cc:654] T f632b991fe7e4e848a24fc6ea9b47c1f P c0bdea1ef383442aa4d372598da0f6cf: Neither blocks nor log segments found. Creating new log.
I20260608 10:06:22.990008  5748 raft_consensus.cc:493] T 474fc22882bd4af7861010e635d6bced P 90a5116a7ba64acb814c6d471104be31 [term 0 FOLLOWER]: Starting leader election (no leader contacted us within the election timeout)
I20260608 10:06:22.990495  5748 raft_consensus.cc:3060] T 474fc22882bd4af7861010e635d6bced P 90a5116a7ba64acb814c6d471104be31 [term 0 FOLLOWER]: Advancing to term 1
I20260608 10:06:22.989691  5728 raft_consensus.cc:740] T 65f32825ccd64c729a4ef3a7f22738b1 P 90a5116a7ba64acb814c6d471104be31 [term 0 FOLLOWER]: Becoming Follower/Learner. State: Replica: 90a5116a7ba64acb814c6d471104be31, State: Initialized, Role: FOLLOWER
I20260608 10:06:22.994670  5728 consensus_queue.cc:260] T 65f32825ccd64c729a4ef3a7f22738b1 P 90a5116a7ba64acb814c6d471104be31 [NON_LEADER]: Queue going to NON_LEADER mode. State: All replicated index: 0, Majority replicated index: 0, Committed index: 0, Last appended: 0.0, Last appended by leader: 0, Current term: 0, Majority size: -1, State: 0, Mode: NON_LEADER, active raft config: opid_index: -1 OBSOLETE_local: false peers { permanent_uuid: "8e6edd3916fb4fc1b4aaf46266f814fc" member_type: VOTER last_known_addr { host: "127.2.204.130" port: 43655 } } peers { permanent_uuid: "c0bdea1ef383442aa4d372598da0f6cf" member_type: VOTER last_known_addr { host: "127.2.204.129" port: 38285 } } peers { permanent_uuid: "90a5116a7ba64acb814c6d471104be31" member_type: VOTER last_known_addr { host: "127.2.204.131" port: 40135 } }
I20260608 10:06:22.998333  5728 ts_tablet_manager.cc:1434] T 65f32825ccd64c729a4ef3a7f22738b1 P 90a5116a7ba64acb814c6d471104be31: Time spent starting tablet: real 0.024s	user 0.010s	sys 0.000s
I20260608 10:06:23.001327  5429 catalog_manager.cc:5696] T baba566cf90f4272985164f6f102af48 P 90a5116a7ba64acb814c6d471104be31 reported cstate change: term changed from 0 to 1, leader changed from <none> to 90a5116a7ba64acb814c6d471104be31 (127.2.204.131). New cstate: current_term: 1 leader_uuid: "90a5116a7ba64acb814c6d471104be31" committed_config { opid_index: -1 OBSOLETE_local: false peers { permanent_uuid: "c0bdea1ef383442aa4d372598da0f6cf" member_type: VOTER last_known_addr { host: "127.2.204.129" port: 38285 } health_report { overall_health: UNKNOWN } } peers { permanent_uuid: "8e6edd3916fb4fc1b4aaf46266f814fc" member_type: VOTER last_known_addr { host: "127.2.204.130" port: 43655 } health_report { overall_health: UNKNOWN } } peers { permanent_uuid: "90a5116a7ba64acb814c6d471104be31" member_type: VOTER last_known_addr { host: "127.2.204.131" port: 40135 } health_report { overall_health: HEALTHY } } }
I20260608 10:06:23.006407  5607 tablet_service.cc:1917] Received RequestConsensusVote() RPC: tablet_id: "474fc22882bd4af7861010e635d6bced" candidate_uuid: "90a5116a7ba64acb814c6d471104be31" candidate_term: 1 candidate_status { last_received { term: 0 index: 0 } } ignore_live_leader: false dest_uuid: "8e6edd3916fb4fc1b4aaf46266f814fc" is_pre_election: true
I20260608 10:06:23.007083  5607 raft_consensus.cc:2468] T 474fc22882bd4af7861010e635d6bced P 8e6edd3916fb4fc1b4aaf46266f814fc [term 0 FOLLOWER]: Leader pre-election vote request: Granting yes vote for candidate 90a5116a7ba64acb814c6d471104be31 in term 0.
I20260608 10:06:23.008073  5748 raft_consensus.cc:515] T 474fc22882bd4af7861010e635d6bced P 90a5116a7ba64acb814c6d471104be31 [term 1 FOLLOWER]: Starting leader election with config: opid_index: -1 OBSOLETE_local: false peers { permanent_uuid: "c0bdea1ef383442aa4d372598da0f6cf" member_type: VOTER last_known_addr { host: "127.2.204.129" port: 38285 } } peers { permanent_uuid: "8e6edd3916fb4fc1b4aaf46266f814fc" member_type: VOTER last_known_addr { host: "127.2.204.130" port: 43655 } } peers { permanent_uuid: "90a5116a7ba64acb814c6d471104be31" member_type: VOTER last_known_addr { host: "127.2.204.131" port: 40135 } }
I20260608 10:06:23.010071  5729 tablet_bootstrap.cc:492] T f632b991fe7e4e848a24fc6ea9b47c1f P c0bdea1ef383442aa4d372598da0f6cf: No bootstrap required, opened a new log
I20260608 10:06:23.010607  5729 ts_tablet_manager.cc:1403] T f632b991fe7e4e848a24fc6ea9b47c1f P c0bdea1ef383442aa4d372598da0f6cf: Time spent bootstrapping tablet: real 0.030s	user 0.018s	sys 0.000s
I20260608 10:06:23.010691  5748 leader_election.cc:290] T 474fc22882bd4af7861010e635d6bced P 90a5116a7ba64acb814c6d471104be31 [CANDIDATE]: Term 1 election: Requested vote from peers c0bdea1ef383442aa4d372598da0f6cf (127.2.204.129:38285), 8e6edd3916fb4fc1b4aaf46266f814fc (127.2.204.130:43655)
W20260608 10:06:23.012408  5478 auto_rebalancer.cc:259] Could not retrieve cluster info: Service unavailable: Tablet not running
I20260608 10:06:23.013365  5532 tablet_service.cc:1917] Received RequestConsensusVote() RPC: tablet_id: "474fc22882bd4af7861010e635d6bced" candidate_uuid: "90a5116a7ba64acb814c6d471104be31" candidate_term: 1 candidate_status { last_received { term: 0 index: 0 } } ignore_live_leader: false dest_uuid: "c0bdea1ef383442aa4d372598da0f6cf"
I20260608 10:06:23.013983  5532 raft_consensus.cc:3060] T 474fc22882bd4af7861010e635d6bced P c0bdea1ef383442aa4d372598da0f6cf [term 0 FOLLOWER]: Advancing to term 1
I20260608 10:06:23.014022  5729 raft_consensus.cc:359] T f632b991fe7e4e848a24fc6ea9b47c1f P c0bdea1ef383442aa4d372598da0f6cf [term 0 FOLLOWER]: Replica starting. Triggering 0 pending ops. Active config: opid_index: -1 OBSOLETE_local: false peers { permanent_uuid: "c0bdea1ef383442aa4d372598da0f6cf" member_type: VOTER last_known_addr { host: "127.2.204.129" port: 38285 } } peers { permanent_uuid: "8e6edd3916fb4fc1b4aaf46266f814fc" member_type: VOTER last_known_addr { host: "127.2.204.130" port: 43655 } } peers { permanent_uuid: "90a5116a7ba64acb814c6d471104be31" member_type: VOTER last_known_addr { host: "127.2.204.131" port: 40135 } }
I20260608 10:06:23.014890  5729 raft_consensus.cc:385] T f632b991fe7e4e848a24fc6ea9b47c1f P c0bdea1ef383442aa4d372598da0f6cf [term 0 FOLLOWER]: Consensus starting up: Expiring failure detector timer to make a prompt election more likely
I20260608 10:06:23.015215  5729 raft_consensus.cc:740] T f632b991fe7e4e848a24fc6ea9b47c1f P c0bdea1ef383442aa4d372598da0f6cf [term 0 FOLLOWER]: Becoming Follower/Learner. State: Replica: c0bdea1ef383442aa4d372598da0f6cf, State: Initialized, Role: FOLLOWER
I20260608 10:06:23.016106  5729 consensus_queue.cc:260] T f632b991fe7e4e848a24fc6ea9b47c1f P c0bdea1ef383442aa4d372598da0f6cf [NON_LEADER]: Queue going to NON_LEADER mode. State: All replicated index: 0, Majority replicated index: 0, Committed index: 0, Last appended: 0.0, Last appended by leader: 0, Current term: 0, Majority size: -1, State: 0, Mode: NON_LEADER, active raft config: opid_index: -1 OBSOLETE_local: false peers { permanent_uuid: "c0bdea1ef383442aa4d372598da0f6cf" member_type: VOTER last_known_addr { host: "127.2.204.129" port: 38285 } } peers { permanent_uuid: "8e6edd3916fb4fc1b4aaf46266f814fc" member_type: VOTER last_known_addr { host: "127.2.204.130" port: 43655 } } peers { permanent_uuid: "90a5116a7ba64acb814c6d471104be31" member_type: VOTER last_known_addr { host: "127.2.204.131" port: 40135 } }
I20260608 10:06:23.017125  5483 auto_leader_rebalancer.cc:140] leader rebalance for table range_aware_auto_rebalancer_test
W20260608 10:06:23.018132  5483 auto_leader_rebalancer.cc:460] the master instance isn't leader: Service unavailable: Tablet not running
I20260608 10:06:23.018705  5729 ts_tablet_manager.cc:1434] T f632b991fe7e4e848a24fc6ea9b47c1f P c0bdea1ef383442aa4d372598da0f6cf: Time spent starting tablet: real 0.008s	user 0.008s	sys 0.000s
I20260608 10:06:23.020141  5607 tablet_service.cc:1917] Received RequestConsensusVote() RPC: tablet_id: "474fc22882bd4af7861010e635d6bced" candidate_uuid: "90a5116a7ba64acb814c6d471104be31" candidate_term: 1 candidate_status { last_received { term: 0 index: 0 } } ignore_live_leader: false dest_uuid: "8e6edd3916fb4fc1b4aaf46266f814fc"
I20260608 10:06:23.020833  5607 raft_consensus.cc:3060] T 474fc22882bd4af7861010e635d6bced P 8e6edd3916fb4fc1b4aaf46266f814fc [term 0 FOLLOWER]: Advancing to term 1
I20260608 10:06:23.025854  5532 raft_consensus.cc:2468] T 474fc22882bd4af7861010e635d6bced P c0bdea1ef383442aa4d372598da0f6cf [term 1 FOLLOWER]: Leader election vote request: Granting yes vote for candidate 90a5116a7ba64acb814c6d471104be31 in term 1.
I20260608 10:06:23.027500  5647 leader_election.cc:304] T 474fc22882bd4af7861010e635d6bced P 90a5116a7ba64acb814c6d471104be31 [CANDIDATE]: Term 1 election: Election decided. Result: candidate won. Election summary: received 2 responses out of 3 voters: 2 yes votes; 0 no votes. yes voters: 90a5116a7ba64acb814c6d471104be31, c0bdea1ef383442aa4d372598da0f6cf; no voters: 
I20260608 10:06:23.028585  5748 raft_consensus.cc:2804] T 474fc22882bd4af7861010e635d6bced P 90a5116a7ba64acb814c6d471104be31 [term 1 FOLLOWER]: Leader election won for term 1
I20260608 10:06:23.029155  5748 raft_consensus.cc:697] T 474fc22882bd4af7861010e635d6bced P 90a5116a7ba64acb814c6d471104be31 [term 1 LEADER]: Becoming Leader. State: Replica: 90a5116a7ba64acb814c6d471104be31, State: Running, Role: LEADER
I20260608 10:06:23.030081  5607 raft_consensus.cc:2468] T 474fc22882bd4af7861010e635d6bced P 8e6edd3916fb4fc1b4aaf46266f814fc [term 1 FOLLOWER]: Leader election vote request: Granting yes vote for candidate 90a5116a7ba64acb814c6d471104be31 in term 1.
I20260608 10:06:23.030076  5748 consensus_queue.cc:237] T 474fc22882bd4af7861010e635d6bced P 90a5116a7ba64acb814c6d471104be31 [LEADER]: Queue going to LEADER mode. State: All replicated index: 0, Majority replicated index: 0, Committed index: 0, Last appended: 0.0, Last appended by leader: 0, Current term: 1, Majority size: 2, State: 0, Mode: LEADER, active raft config: opid_index: -1 OBSOLETE_local: false peers { permanent_uuid: "c0bdea1ef383442aa4d372598da0f6cf" member_type: VOTER last_known_addr { host: "127.2.204.129" port: 38285 } } peers { permanent_uuid: "8e6edd3916fb4fc1b4aaf46266f814fc" member_type: VOTER last_known_addr { host: "127.2.204.130" port: 43655 } } peers { permanent_uuid: "90a5116a7ba64acb814c6d471104be31" member_type: VOTER last_known_addr { host: "127.2.204.131" port: 40135 } }
I20260608 10:06:23.044319  5429 catalog_manager.cc:5696] T 474fc22882bd4af7861010e635d6bced P 90a5116a7ba64acb814c6d471104be31 reported cstate change: term changed from 0 to 1, leader changed from <none> to 90a5116a7ba64acb814c6d471104be31 (127.2.204.131). New cstate: current_term: 1 leader_uuid: "90a5116a7ba64acb814c6d471104be31" committed_config { opid_index: -1 OBSOLETE_local: false peers { permanent_uuid: "c0bdea1ef383442aa4d372598da0f6cf" member_type: VOTER last_known_addr { host: "127.2.204.129" port: 38285 } health_report { overall_health: UNKNOWN } } peers { permanent_uuid: "8e6edd3916fb4fc1b4aaf46266f814fc" member_type: VOTER last_known_addr { host: "127.2.204.130" port: 43655 } health_report { overall_health: UNKNOWN } } peers { permanent_uuid: "90a5116a7ba64acb814c6d471104be31" member_type: VOTER last_known_addr { host: "127.2.204.131" port: 40135 } health_report { overall_health: HEALTHY } } }
I20260608 10:06:23.109035  5748 raft_consensus.cc:493] T 65f32825ccd64c729a4ef3a7f22738b1 P 90a5116a7ba64acb814c6d471104be31 [term 0 FOLLOWER]: Starting pre-election (no leader contacted us within the election timeout)
I20260608 10:06:23.109602  5748 raft_consensus.cc:515] T 65f32825ccd64c729a4ef3a7f22738b1 P 90a5116a7ba64acb814c6d471104be31 [term 0 FOLLOWER]: Starting pre-election with config: opid_index: -1 OBSOLETE_local: false peers { permanent_uuid: "8e6edd3916fb4fc1b4aaf46266f814fc" member_type: VOTER last_known_addr { host: "127.2.204.130" port: 43655 } } peers { permanent_uuid: "c0bdea1ef383442aa4d372598da0f6cf" member_type: VOTER last_known_addr { host: "127.2.204.129" port: 38285 } } peers { permanent_uuid: "90a5116a7ba64acb814c6d471104be31" member_type: VOTER last_known_addr { host: "127.2.204.131" port: 40135 } }
I20260608 10:06:23.111474  5748 leader_election.cc:290] T 65f32825ccd64c729a4ef3a7f22738b1 P 90a5116a7ba64acb814c6d471104be31 [CANDIDATE]: Term 1 pre-election: Requested pre-vote from peers 8e6edd3916fb4fc1b4aaf46266f814fc (127.2.204.130:43655), c0bdea1ef383442aa4d372598da0f6cf (127.2.204.129:38285)
I20260608 10:06:23.112479  5607 tablet_service.cc:1917] Received RequestConsensusVote() RPC: tablet_id: "65f32825ccd64c729a4ef3a7f22738b1" candidate_uuid: "90a5116a7ba64acb814c6d471104be31" candidate_term: 1 candidate_status { last_received { term: 0 index: 0 } } ignore_live_leader: false dest_uuid: "8e6edd3916fb4fc1b4aaf46266f814fc" is_pre_election: true
I20260608 10:06:23.112751  5532 tablet_service.cc:1917] Received RequestConsensusVote() RPC: tablet_id: "65f32825ccd64c729a4ef3a7f22738b1" candidate_uuid: "90a5116a7ba64acb814c6d471104be31" candidate_term: 1 candidate_status { last_received { term: 0 index: 0 } } ignore_live_leader: false dest_uuid: "c0bdea1ef383442aa4d372598da0f6cf" is_pre_election: true
I20260608 10:06:23.113243  5607 raft_consensus.cc:2468] T 65f32825ccd64c729a4ef3a7f22738b1 P 8e6edd3916fb4fc1b4aaf46266f814fc [term 0 FOLLOWER]: Leader pre-election vote request: Granting yes vote for candidate 90a5116a7ba64acb814c6d471104be31 in term 0.
I20260608 10:06:23.113341  5532 raft_consensus.cc:2468] T 65f32825ccd64c729a4ef3a7f22738b1 P c0bdea1ef383442aa4d372598da0f6cf [term 0 FOLLOWER]: Leader pre-election vote request: Granting yes vote for candidate 90a5116a7ba64acb814c6d471104be31 in term 0.
I20260608 10:06:23.114915  5647 leader_election.cc:304] T 65f32825ccd64c729a4ef3a7f22738b1 P 90a5116a7ba64acb814c6d471104be31 [CANDIDATE]: Term 1 pre-election: Election decided. Result: candidate won. Election summary: received 2 responses out of 3 voters: 2 yes votes; 0 no votes. yes voters: 8e6edd3916fb4fc1b4aaf46266f814fc, 90a5116a7ba64acb814c6d471104be31; no voters: 
I20260608 10:06:23.115841  5748 raft_consensus.cc:2804] T 65f32825ccd64c729a4ef3a7f22738b1 P 90a5116a7ba64acb814c6d471104be31 [term 0 FOLLOWER]: Leader pre-election won for term 1
I20260608 10:06:23.116276  5748 raft_consensus.cc:493] T 65f32825ccd64c729a4ef3a7f22738b1 P 90a5116a7ba64acb814c6d471104be31 [term 0 FOLLOWER]: Starting leader election (no leader contacted us within the election timeout)
I20260608 10:06:23.116722  5748 raft_consensus.cc:3060] T 65f32825ccd64c729a4ef3a7f22738b1 P 90a5116a7ba64acb814c6d471104be31 [term 0 FOLLOWER]: Advancing to term 1
I20260608 10:06:23.122400  5748 raft_consensus.cc:515] T 65f32825ccd64c729a4ef3a7f22738b1 P 90a5116a7ba64acb814c6d471104be31 [term 1 FOLLOWER]: Starting leader election with config: opid_index: -1 OBSOLETE_local: false peers { permanent_uuid: "8e6edd3916fb4fc1b4aaf46266f814fc" member_type: VOTER last_known_addr { host: "127.2.204.130" port: 43655 } } peers { permanent_uuid: "c0bdea1ef383442aa4d372598da0f6cf" member_type: VOTER last_known_addr { host: "127.2.204.129" port: 38285 } } peers { permanent_uuid: "90a5116a7ba64acb814c6d471104be31" member_type: VOTER last_known_addr { host: "127.2.204.131" port: 40135 } }
I20260608 10:06:23.124455  5748 leader_election.cc:290] T 65f32825ccd64c729a4ef3a7f22738b1 P 90a5116a7ba64acb814c6d471104be31 [CANDIDATE]: Term 1 election: Requested vote from peers 8e6edd3916fb4fc1b4aaf46266f814fc (127.2.204.130:43655), c0bdea1ef383442aa4d372598da0f6cf (127.2.204.129:38285)
I20260608 10:06:23.125308  5607 tablet_service.cc:1917] Received RequestConsensusVote() RPC: tablet_id: "65f32825ccd64c729a4ef3a7f22738b1" candidate_uuid: "90a5116a7ba64acb814c6d471104be31" candidate_term: 1 candidate_status { last_received { term: 0 index: 0 } } ignore_live_leader: false dest_uuid: "8e6edd3916fb4fc1b4aaf46266f814fc"
I20260608 10:06:23.125926  5607 raft_consensus.cc:3060] T 65f32825ccd64c729a4ef3a7f22738b1 P 8e6edd3916fb4fc1b4aaf46266f814fc [term 0 FOLLOWER]: Advancing to term 1
I20260608 10:06:23.126230  5532 tablet_service.cc:1917] Received RequestConsensusVote() RPC: tablet_id: "65f32825ccd64c729a4ef3a7f22738b1" candidate_uuid: "90a5116a7ba64acb814c6d471104be31" candidate_term: 1 candidate_status { last_received { term: 0 index: 0 } } ignore_live_leader: false dest_uuid: "c0bdea1ef383442aa4d372598da0f6cf"
I20260608 10:06:23.127178  5532 raft_consensus.cc:3060] T 65f32825ccd64c729a4ef3a7f22738b1 P c0bdea1ef383442aa4d372598da0f6cf [term 0 FOLLOWER]: Advancing to term 1
I20260608 10:06:23.131352  5607 raft_consensus.cc:2468] T 65f32825ccd64c729a4ef3a7f22738b1 P 8e6edd3916fb4fc1b4aaf46266f814fc [term 1 FOLLOWER]: Leader election vote request: Granting yes vote for candidate 90a5116a7ba64acb814c6d471104be31 in term 1.
I20260608 10:06:23.132723  5647 leader_election.cc:304] T 65f32825ccd64c729a4ef3a7f22738b1 P 90a5116a7ba64acb814c6d471104be31 [CANDIDATE]: Term 1 election: Election decided. Result: candidate won. Election summary: received 2 responses out of 3 voters: 2 yes votes; 0 no votes. yes voters: 8e6edd3916fb4fc1b4aaf46266f814fc, 90a5116a7ba64acb814c6d471104be31; no voters: 
I20260608 10:06:23.133668  5748 raft_consensus.cc:2804] T 65f32825ccd64c729a4ef3a7f22738b1 P 90a5116a7ba64acb814c6d471104be31 [term 1 FOLLOWER]: Leader election won for term 1
I20260608 10:06:23.133627  5532 raft_consensus.cc:2468] T 65f32825ccd64c729a4ef3a7f22738b1 P c0bdea1ef383442aa4d372598da0f6cf [term 1 FOLLOWER]: Leader election vote request: Granting yes vote for candidate 90a5116a7ba64acb814c6d471104be31 in term 1.
I20260608 10:06:23.134397  5748 raft_consensus.cc:697] T 65f32825ccd64c729a4ef3a7f22738b1 P 90a5116a7ba64acb814c6d471104be31 [term 1 LEADER]: Becoming Leader. State: Replica: 90a5116a7ba64acb814c6d471104be31, State: Running, Role: LEADER
I20260608 10:06:23.135318  5748 consensus_queue.cc:237] T 65f32825ccd64c729a4ef3a7f22738b1 P 90a5116a7ba64acb814c6d471104be31 [LEADER]: Queue going to LEADER mode. State: All replicated index: 0, Majority replicated index: 0, Committed index: 0, Last appended: 0.0, Last appended by leader: 0, Current term: 1, Majority size: 2, State: 0, Mode: LEADER, active raft config: opid_index: -1 OBSOLETE_local: false peers { permanent_uuid: "8e6edd3916fb4fc1b4aaf46266f814fc" member_type: VOTER last_known_addr { host: "127.2.204.130" port: 43655 } } peers { permanent_uuid: "c0bdea1ef383442aa4d372598da0f6cf" member_type: VOTER last_known_addr { host: "127.2.204.129" port: 38285 } } peers { permanent_uuid: "90a5116a7ba64acb814c6d471104be31" member_type: VOTER last_known_addr { host: "127.2.204.131" port: 40135 } }
I20260608 10:06:23.143488  5429 catalog_manager.cc:5696] T 65f32825ccd64c729a4ef3a7f22738b1 P 90a5116a7ba64acb814c6d471104be31 reported cstate change: term changed from 0 to 1, leader changed from <none> to 90a5116a7ba64acb814c6d471104be31 (127.2.204.131). New cstate: current_term: 1 leader_uuid: "90a5116a7ba64acb814c6d471104be31" committed_config { opid_index: -1 OBSOLETE_local: false peers { permanent_uuid: "8e6edd3916fb4fc1b4aaf46266f814fc" member_type: VOTER last_known_addr { host: "127.2.204.130" port: 43655 } health_report { overall_health: UNKNOWN } } peers { permanent_uuid: "c0bdea1ef383442aa4d372598da0f6cf" member_type: VOTER last_known_addr { host: "127.2.204.129" port: 38285 } health_report { overall_health: UNKNOWN } } peers { permanent_uuid: "90a5116a7ba64acb814c6d471104be31" member_type: VOTER last_known_addr { host: "127.2.204.131" port: 40135 } health_report { overall_health: HEALTHY } } }
I20260608 10:06:23.155408  5736 raft_consensus.cc:493] T f632b991fe7e4e848a24fc6ea9b47c1f P c0bdea1ef383442aa4d372598da0f6cf [term 0 FOLLOWER]: Starting pre-election (no leader contacted us within the election timeout)
I20260608 10:06:23.155920  5736 raft_consensus.cc:515] T f632b991fe7e4e848a24fc6ea9b47c1f P c0bdea1ef383442aa4d372598da0f6cf [term 0 FOLLOWER]: Starting pre-election with config: opid_index: -1 OBSOLETE_local: false peers { permanent_uuid: "c0bdea1ef383442aa4d372598da0f6cf" member_type: VOTER last_known_addr { host: "127.2.204.129" port: 38285 } } peers { permanent_uuid: "8e6edd3916fb4fc1b4aaf46266f814fc" member_type: VOTER last_known_addr { host: "127.2.204.130" port: 43655 } } peers { permanent_uuid: "90a5116a7ba64acb814c6d471104be31" member_type: VOTER last_known_addr { host: "127.2.204.131" port: 40135 } }
I20260608 10:06:23.158444  5736 leader_election.cc:290] T f632b991fe7e4e848a24fc6ea9b47c1f P c0bdea1ef383442aa4d372598da0f6cf [CANDIDATE]: Term 1 pre-election: Requested pre-vote from peers 8e6edd3916fb4fc1b4aaf46266f814fc (127.2.204.130:43655), 90a5116a7ba64acb814c6d471104be31 (127.2.204.131:40135)
I20260608 10:06:23.169409  5681 tablet_service.cc:1917] Received RequestConsensusVote() RPC: tablet_id: "f632b991fe7e4e848a24fc6ea9b47c1f" candidate_uuid: "c0bdea1ef383442aa4d372598da0f6cf" candidate_term: 1 candidate_status { last_received { term: 0 index: 0 } } ignore_live_leader: false dest_uuid: "90a5116a7ba64acb814c6d471104be31" is_pre_election: true
I20260608 10:06:23.169394  5607 tablet_service.cc:1917] Received RequestConsensusVote() RPC: tablet_id: "f632b991fe7e4e848a24fc6ea9b47c1f" candidate_uuid: "c0bdea1ef383442aa4d372598da0f6cf" candidate_term: 1 candidate_status { last_received { term: 0 index: 0 } } ignore_live_leader: false dest_uuid: "8e6edd3916fb4fc1b4aaf46266f814fc" is_pre_election: true
I20260608 10:06:23.170747  5681 raft_consensus.cc:2393] T f632b991fe7e4e848a24fc6ea9b47c1f P 90a5116a7ba64acb814c6d471104be31 [term 1 FOLLOWER]: Leader pre-election vote request: Denying vote to candidate c0bdea1ef383442aa4d372598da0f6cf in current term 1: Already voted for candidate 8e6edd3916fb4fc1b4aaf46266f814fc in this term.
I20260608 10:06:23.172011  5497 leader_election.cc:304] T f632b991fe7e4e848a24fc6ea9b47c1f P c0bdea1ef383442aa4d372598da0f6cf [CANDIDATE]: Term 1 pre-election: Election decided. Result: candidate lost. Election summary: received 3 responses out of 3 voters: 1 yes votes; 2 no votes. yes voters: c0bdea1ef383442aa4d372598da0f6cf; no voters: 8e6edd3916fb4fc1b4aaf46266f814fc, 90a5116a7ba64acb814c6d471104be31
I20260608 10:06:23.172806  5736 raft_consensus.cc:3060] T f632b991fe7e4e848a24fc6ea9b47c1f P c0bdea1ef383442aa4d372598da0f6cf [term 0 FOLLOWER]: Advancing to term 1
I20260608 10:06:23.178354  5736 raft_consensus.cc:2749] T f632b991fe7e4e848a24fc6ea9b47c1f P c0bdea1ef383442aa4d372598da0f6cf [term 1 FOLLOWER]: Leader pre-election lost for term 1. Reason: could not achieve majority
I20260608 10:06:23.210996  2866 tablet_server.cc:179] TabletServer@127.2.204.129:0 shutting down...
I20260608 10:06:23.231279  2866 ts_tablet_manager.cc:1507] Shutting down tablet manager...
I20260608 10:06:23.232453  2866 tablet_replica.cc:333] T f632b991fe7e4e848a24fc6ea9b47c1f P c0bdea1ef383442aa4d372598da0f6cf: stopping tablet replica
I20260608 10:06:23.233059  2866 raft_consensus.cc:2243] T f632b991fe7e4e848a24fc6ea9b47c1f P c0bdea1ef383442aa4d372598da0f6cf [term 1 FOLLOWER]: Raft consensus shutting down.
I20260608 10:06:23.233482  2866 raft_consensus.cc:2272] T f632b991fe7e4e848a24fc6ea9b47c1f P c0bdea1ef383442aa4d372598da0f6cf [term 1 FOLLOWER]: Raft consensus is shut down!
I20260608 10:06:23.235589  2866 tablet_replica.cc:333] T baba566cf90f4272985164f6f102af48 P c0bdea1ef383442aa4d372598da0f6cf: stopping tablet replica
I20260608 10:06:23.236123  2866 raft_consensus.cc:2243] T baba566cf90f4272985164f6f102af48 P c0bdea1ef383442aa4d372598da0f6cf [term 1 FOLLOWER]: Raft consensus shutting down.
I20260608 10:06:23.236564  2866 raft_consensus.cc:2272] T baba566cf90f4272985164f6f102af48 P c0bdea1ef383442aa4d372598da0f6cf [term 1 FOLLOWER]: Raft consensus is shut down!
I20260608 10:06:23.238510  2866 tablet_replica.cc:333] T 474fc22882bd4af7861010e635d6bced P c0bdea1ef383442aa4d372598da0f6cf: stopping tablet replica
I20260608 10:06:23.239060  2866 raft_consensus.cc:2243] T 474fc22882bd4af7861010e635d6bced P c0bdea1ef383442aa4d372598da0f6cf [term 1 FOLLOWER]: Raft consensus shutting down.
I20260608 10:06:23.239471  2866 raft_consensus.cc:2272] T 474fc22882bd4af7861010e635d6bced P c0bdea1ef383442aa4d372598da0f6cf [term 1 FOLLOWER]: Raft consensus is shut down!
I20260608 10:06:23.241554  2866 tablet_replica.cc:333] T 65f32825ccd64c729a4ef3a7f22738b1 P c0bdea1ef383442aa4d372598da0f6cf: stopping tablet replica
I20260608 10:06:23.242090  2866 raft_consensus.cc:2243] T 65f32825ccd64c729a4ef3a7f22738b1 P c0bdea1ef383442aa4d372598da0f6cf [term 1 FOLLOWER]: Raft consensus shutting down.
I20260608 10:06:23.242503  2866 raft_consensus.cc:2272] T 65f32825ccd64c729a4ef3a7f22738b1 P c0bdea1ef383442aa4d372598da0f6cf [term 1 FOLLOWER]: Raft consensus is shut down!
I20260608 10:06:23.266875  2866 tablet_server.cc:196] TabletServer@127.2.204.129:0 shutdown complete.
I20260608 10:06:23.279454  2866 tablet_server.cc:179] TabletServer@127.2.204.130:0 shutting down...
I20260608 10:06:23.298507  2866 ts_tablet_manager.cc:1507] Shutting down tablet manager...
I20260608 10:06:23.299515  2866 tablet_replica.cc:333] T 65f32825ccd64c729a4ef3a7f22738b1 P 8e6edd3916fb4fc1b4aaf46266f814fc: stopping tablet replica
I20260608 10:06:23.300096  2866 raft_consensus.cc:2243] T 65f32825ccd64c729a4ef3a7f22738b1 P 8e6edd3916fb4fc1b4aaf46266f814fc [term 1 FOLLOWER]: Raft consensus shutting down.
I20260608 10:06:23.301345  2866 raft_consensus.cc:2272] T 65f32825ccd64c729a4ef3a7f22738b1 P 8e6edd3916fb4fc1b4aaf46266f814fc [term 1 FOLLOWER]: Raft consensus is shut down!
I20260608 10:06:23.303453  2866 tablet_replica.cc:333] T 474fc22882bd4af7861010e635d6bced P 8e6edd3916fb4fc1b4aaf46266f814fc: stopping tablet replica
I20260608 10:06:23.304057  2866 raft_consensus.cc:2243] T 474fc22882bd4af7861010e635d6bced P 8e6edd3916fb4fc1b4aaf46266f814fc [term 1 FOLLOWER]: Raft consensus shutting down.
I20260608 10:06:23.304539  2866 raft_consensus.cc:2272] T 474fc22882bd4af7861010e635d6bced P 8e6edd3916fb4fc1b4aaf46266f814fc [term 1 FOLLOWER]: Raft consensus is shut down!
I20260608 10:06:23.306337  2866 tablet_replica.cc:333] T f632b991fe7e4e848a24fc6ea9b47c1f P 8e6edd3916fb4fc1b4aaf46266f814fc: stopping tablet replica
I20260608 10:06:23.306913  2866 raft_consensus.cc:2243] T f632b991fe7e4e848a24fc6ea9b47c1f P 8e6edd3916fb4fc1b4aaf46266f814fc [term 1 LEADER]: Raft consensus shutting down.
I20260608 10:06:23.307545  2866 pending_rounds.cc:70] T f632b991fe7e4e848a24fc6ea9b47c1f P 8e6edd3916fb4fc1b4aaf46266f814fc: Trying to abort 1 pending ops.
I20260608 10:06:23.307825  2866 pending_rounds.cc:77] T f632b991fe7e4e848a24fc6ea9b47c1f P 8e6edd3916fb4fc1b4aaf46266f814fc: Aborting op as it isn't in flight: id { term: 1 index: 1 } timestamp: 7294620397344026624 op_type: NO_OP noop_request { }
I20260608 10:06:23.308133  2866 raft_consensus.cc:2889] T f632b991fe7e4e848a24fc6ea9b47c1f P 8e6edd3916fb4fc1b4aaf46266f814fc [term 1 LEADER]: NO_OP replication failed: Aborted: Op aborted
I20260608 10:06:23.308524  2866 raft_consensus.cc:2272] T f632b991fe7e4e848a24fc6ea9b47c1f P 8e6edd3916fb4fc1b4aaf46266f814fc [term 1 FOLLOWER]: Raft consensus is shut down!
I20260608 10:06:23.310999  2866 tablet_replica.cc:333] T baba566cf90f4272985164f6f102af48 P 8e6edd3916fb4fc1b4aaf46266f814fc: stopping tablet replica
I20260608 10:06:23.311820  2866 raft_consensus.cc:2243] T baba566cf90f4272985164f6f102af48 P 8e6edd3916fb4fc1b4aaf46266f814fc [term 1 FOLLOWER]: Raft consensus shutting down.
I20260608 10:06:23.312299  2866 raft_consensus.cc:2272] T baba566cf90f4272985164f6f102af48 P 8e6edd3916fb4fc1b4aaf46266f814fc [term 1 FOLLOWER]: Raft consensus is shut down!
I20260608 10:06:23.338207  2866 tablet_server.cc:196] TabletServer@127.2.204.130:0 shutdown complete.
I20260608 10:06:23.350345  2866 tablet_server.cc:179] TabletServer@127.2.204.131:0 shutting down...
I20260608 10:06:23.372632  2866 ts_tablet_manager.cc:1507] Shutting down tablet manager...
I20260608 10:06:23.373628  2866 tablet_replica.cc:333] T 65f32825ccd64c729a4ef3a7f22738b1 P 90a5116a7ba64acb814c6d471104be31: stopping tablet replica
I20260608 10:06:23.374213  2866 raft_consensus.cc:2243] T 65f32825ccd64c729a4ef3a7f22738b1 P 90a5116a7ba64acb814c6d471104be31 [term 1 LEADER]: Raft consensus shutting down.
I20260608 10:06:23.374923  2866 pending_rounds.cc:70] T 65f32825ccd64c729a4ef3a7f22738b1 P 90a5116a7ba64acb814c6d471104be31: Trying to abort 1 pending ops.
I20260608 10:06:23.375123  2866 pending_rounds.cc:77] T 65f32825ccd64c729a4ef3a7f22738b1 P 90a5116a7ba64acb814c6d471104be31: Aborting op as it isn't in flight: id { term: 1 index: 1 } timestamp: 7294620398130585600 op_type: NO_OP noop_request { }
I20260608 10:06:23.375434  2866 raft_consensus.cc:2889] T 65f32825ccd64c729a4ef3a7f22738b1 P 90a5116a7ba64acb814c6d471104be31 [term 1 LEADER]: NO_OP replication failed: Aborted: Op aborted
I20260608 10:06:23.375749  2866 raft_consensus.cc:2272] T 65f32825ccd64c729a4ef3a7f22738b1 P 90a5116a7ba64acb814c6d471104be31 [term 1 FOLLOWER]: Raft consensus is shut down!
I20260608 10:06:23.378103  2866 tablet_replica.cc:333] T 474fc22882bd4af7861010e635d6bced P 90a5116a7ba64acb814c6d471104be31: stopping tablet replica
I20260608 10:06:23.378672  2866 raft_consensus.cc:2243] T 474fc22882bd4af7861010e635d6bced P 90a5116a7ba64acb814c6d471104be31 [term 1 LEADER]: Raft consensus shutting down.
I20260608 10:06:23.379335  2866 pending_rounds.cc:70] T 474fc22882bd4af7861010e635d6bced P 90a5116a7ba64acb814c6d471104be31: Trying to abort 1 pending ops.
I20260608 10:06:23.379614  2866 pending_rounds.cc:77] T 474fc22882bd4af7861010e635d6bced P 90a5116a7ba64acb814c6d471104be31: Aborting op as it isn't in flight: id { term: 1 index: 1 } timestamp: 7294620397712699392 op_type: NO_OP noop_request { }
I20260608 10:06:23.379958  2866 raft_consensus.cc:2889] T 474fc22882bd4af7861010e635d6bced P 90a5116a7ba64acb814c6d471104be31 [term 1 LEADER]: NO_OP replication failed: Aborted: Op aborted
I20260608 10:06:23.380266  2866 raft_consensus.cc:2272] T 474fc22882bd4af7861010e635d6bced P 90a5116a7ba64acb814c6d471104be31 [term 1 FOLLOWER]: Raft consensus is shut down!
I20260608 10:06:23.382647  2866 tablet_replica.cc:333] T baba566cf90f4272985164f6f102af48 P 90a5116a7ba64acb814c6d471104be31: stopping tablet replica
