I20260608 09:47:28.153949  4394 tablet_bootstrap.cc:654] T ebed5ae8c27f4d1cac3e6461d2379d0f P fe2805be14ff42bd996158249a277a68: Neither blocks nor log segments found. Creating new log.
I20260608 09:47:28.157928  4393 tablet_bootstrap.cc:654] T 94ecaaa9320b46b9bae57acce0604f64 P 75f44326560e48e896588ba855ec3e4e: Neither blocks nor log segments found. Creating new log.
I20260608 09:47:28.166009  4392 tablet_bootstrap.cc:492] T ebed5ae8c27f4d1cac3e6461d2379d0f P 89bfd03d9bb341e2988aa26b9a586110: No bootstrap required, opened a new log
I20260608 09:47:28.166504  4392 ts_tablet_manager.cc:1403] T ebed5ae8c27f4d1cac3e6461d2379d0f P 89bfd03d9bb341e2988aa26b9a586110: Time spent bootstrapping tablet: real 0.021s	user 0.013s	sys 0.005s
I20260608 09:47:28.167708  4394 tablet_bootstrap.cc:492] T ebed5ae8c27f4d1cac3e6461d2379d0f P fe2805be14ff42bd996158249a277a68: No bootstrap required, opened a new log
I20260608 09:47:28.168268  4394 ts_tablet_manager.cc:1403] T ebed5ae8c27f4d1cac3e6461d2379d0f P fe2805be14ff42bd996158249a277a68: Time spent bootstrapping tablet: real 0.028s	user 0.015s	sys 0.004s
I20260608 09:47:28.169893  4392 raft_consensus.cc:359] T ebed5ae8c27f4d1cac3e6461d2379d0f P 89bfd03d9bb341e2988aa26b9a586110 [term 0 FOLLOWER]: Replica starting. Triggering 0 pending ops. Active config: opid_index: -1 OBSOLETE_local: false peers { permanent_uuid: "89bfd03d9bb341e2988aa26b9a586110" member_type: VOTER last_known_addr { host: "127.3.113.193" port: 33399 } } peers { permanent_uuid: "fe2805be14ff42bd996158249a277a68" member_type: VOTER last_known_addr { host: "127.3.113.194" port: 45487 } } peers { permanent_uuid: "75f44326560e48e896588ba855ec3e4e" member_type: VOTER last_known_addr { host: "127.3.113.195" port: 34103 } }
I20260608 09:47:28.170902  4392 raft_consensus.cc:385] T ebed5ae8c27f4d1cac3e6461d2379d0f P 89bfd03d9bb341e2988aa26b9a586110 [term 0 FOLLOWER]: Consensus starting up: Expiring failure detector timer to make a prompt election more likely
I20260608 09:47:28.171279  4392 raft_consensus.cc:740] T ebed5ae8c27f4d1cac3e6461d2379d0f P 89bfd03d9bb341e2988aa26b9a586110 [term 0 FOLLOWER]: Becoming Follower/Learner. State: Replica: 89bfd03d9bb341e2988aa26b9a586110, State: Initialized, Role: FOLLOWER
I20260608 09:47:28.171728  4394 raft_consensus.cc:359] T ebed5ae8c27f4d1cac3e6461d2379d0f P fe2805be14ff42bd996158249a277a68 [term 0 FOLLOWER]: Replica starting. Triggering 0 pending ops. Active config: opid_index: -1 OBSOLETE_local: false peers { permanent_uuid: "89bfd03d9bb341e2988aa26b9a586110" member_type: VOTER last_known_addr { host: "127.3.113.193" port: 33399 } } peers { permanent_uuid: "fe2805be14ff42bd996158249a277a68" member_type: VOTER last_known_addr { host: "127.3.113.194" port: 45487 } } peers { permanent_uuid: "75f44326560e48e896588ba855ec3e4e" member_type: VOTER last_known_addr { host: "127.3.113.195" port: 34103 } }
I20260608 09:47:28.171909  4392 consensus_queue.cc:260] T ebed5ae8c27f4d1cac3e6461d2379d0f P 89bfd03d9bb341e2988aa26b9a586110 [NON_LEADER]: Queue going to NON_LEADER mode. State: All replicated index: 0, Majority replicated index: 0, Committed index: 0, Last appended: 0.0, Last appended by leader: 0, Current term: 0, Majority size: -1, State: 0, Mode: NON_LEADER, active raft config: opid_index: -1 OBSOLETE_local: false peers { permanent_uuid: "89bfd03d9bb341e2988aa26b9a586110" member_type: VOTER last_known_addr { host: "127.3.113.193" port: 33399 } } peers { permanent_uuid: "fe2805be14ff42bd996158249a277a68" member_type: VOTER last_known_addr { host: "127.3.113.194" port: 45487 } } peers { permanent_uuid: "75f44326560e48e896588ba855ec3e4e" member_type: VOTER last_known_addr { host: "127.3.113.195" port: 34103 } }
I20260608 09:47:28.172407  4394 raft_consensus.cc:385] T ebed5ae8c27f4d1cac3e6461d2379d0f P fe2805be14ff42bd996158249a277a68 [term 0 FOLLOWER]: Consensus starting up: Expiring failure detector timer to make a prompt election more likely
I20260608 09:47:28.172755  4394 raft_consensus.cc:740] T ebed5ae8c27f4d1cac3e6461d2379d0f P fe2805be14ff42bd996158249a277a68 [term 0 FOLLOWER]: Becoming Follower/Learner. State: Replica: fe2805be14ff42bd996158249a277a68, State: Initialized, Role: FOLLOWER
I20260608 09:47:28.173554  4394 consensus_queue.cc:260] T ebed5ae8c27f4d1cac3e6461d2379d0f P fe2805be14ff42bd996158249a277a68 [NON_LEADER]: Queue going to NON_LEADER mode. State: All replicated index: 0, Majority replicated index: 0, Committed index: 0, Last appended: 0.0, Last appended by leader: 0, Current term: 0, Majority size: -1, State: 0, Mode: NON_LEADER, active raft config: opid_index: -1 OBSOLETE_local: false peers { permanent_uuid: "89bfd03d9bb341e2988aa26b9a586110" member_type: VOTER last_known_addr { host: "127.3.113.193" port: 33399 } } peers { permanent_uuid: "fe2805be14ff42bd996158249a277a68" member_type: VOTER last_known_addr { host: "127.3.113.194" port: 45487 } } peers { permanent_uuid: "75f44326560e48e896588ba855ec3e4e" member_type: VOTER last_known_addr { host: "127.3.113.195" port: 34103 } }
I20260608 09:47:28.174075  4392 ts_tablet_manager.cc:1434] T ebed5ae8c27f4d1cac3e6461d2379d0f P 89bfd03d9bb341e2988aa26b9a586110: Time spent starting tablet: real 0.007s	user 0.006s	sys 0.000s
I20260608 09:47:28.175063  4392 tablet_bootstrap.cc:492] T fd6cc02bee6544b9b7a2a9c8c431ed81 P 89bfd03d9bb341e2988aa26b9a586110: Bootstrap starting.
I20260608 09:47:28.175558  4394 ts_tablet_manager.cc:1434] T ebed5ae8c27f4d1cac3e6461d2379d0f P fe2805be14ff42bd996158249a277a68: Time spent starting tablet: real 0.007s	user 0.001s	sys 0.003s
I20260608 09:47:28.176550  4394 tablet_bootstrap.cc:492] T 765b4695cf464958ac79bae40d6d53aa P fe2805be14ff42bd996158249a277a68: Bootstrap starting.
I20260608 09:47:28.180516  4392 tablet_bootstrap.cc:654] T fd6cc02bee6544b9b7a2a9c8c431ed81 P 89bfd03d9bb341e2988aa26b9a586110: Neither blocks nor log segments found. Creating new log.
I20260608 09:47:28.183279  4394 tablet_bootstrap.cc:654] T 765b4695cf464958ac79bae40d6d53aa P fe2805be14ff42bd996158249a277a68: Neither blocks nor log segments found. Creating new log.
I20260608 09:47:28.184285  4393 tablet_bootstrap.cc:492] T 94ecaaa9320b46b9bae57acce0604f64 P 75f44326560e48e896588ba855ec3e4e: No bootstrap required, opened a new log
I20260608 09:47:28.184955  4393 ts_tablet_manager.cc:1403] T 94ecaaa9320b46b9bae57acce0604f64 P 75f44326560e48e896588ba855ec3e4e: Time spent bootstrapping tablet: real 0.034s	user 0.012s	sys 0.008s
I20260608 09:47:28.188555  4393 raft_consensus.cc:359] T 94ecaaa9320b46b9bae57acce0604f64 P 75f44326560e48e896588ba855ec3e4e [term 0 FOLLOWER]: Replica starting. Triggering 0 pending ops. Active config: opid_index: -1 OBSOLETE_local: false peers { permanent_uuid: "89bfd03d9bb341e2988aa26b9a586110" member_type: VOTER last_known_addr { host: "127.3.113.193" port: 33399 } } peers { permanent_uuid: "fe2805be14ff42bd996158249a277a68" member_type: VOTER last_known_addr { host: "127.3.113.194" port: 45487 } } peers { permanent_uuid: "75f44326560e48e896588ba855ec3e4e" member_type: VOTER last_known_addr { host: "127.3.113.195" port: 34103 } }
I20260608 09:47:28.189502  4393 raft_consensus.cc:385] T 94ecaaa9320b46b9bae57acce0604f64 P 75f44326560e48e896588ba855ec3e4e [term 0 FOLLOWER]: Consensus starting up: Expiring failure detector timer to make a prompt election more likely
I20260608 09:47:28.189888  4393 raft_consensus.cc:740] T 94ecaaa9320b46b9bae57acce0604f64 P 75f44326560e48e896588ba855ec3e4e [term 0 FOLLOWER]: Becoming Follower/Learner. State: Replica: 75f44326560e48e896588ba855ec3e4e, State: Initialized, Role: FOLLOWER
I20260608 09:47:28.191042  4393 consensus_queue.cc:260] T 94ecaaa9320b46b9bae57acce0604f64 P 75f44326560e48e896588ba855ec3e4e [NON_LEADER]: Queue going to NON_LEADER mode. State: All replicated index: 0, Majority replicated index: 0, Committed index: 0, Last appended: 0.0, Last appended by leader: 0, Current term: 0, Majority size: -1, State: 0, Mode: NON_LEADER, active raft config: opid_index: -1 OBSOLETE_local: false peers { permanent_uuid: "89bfd03d9bb341e2988aa26b9a586110" member_type: VOTER last_known_addr { host: "127.3.113.193" port: 33399 } } peers { permanent_uuid: "fe2805be14ff42bd996158249a277a68" member_type: VOTER last_known_addr { host: "127.3.113.194" port: 45487 } } peers { permanent_uuid: "75f44326560e48e896588ba855ec3e4e" member_type: VOTER last_known_addr { host: "127.3.113.195" port: 34103 } }
I20260608 09:47:28.199383  4393 ts_tablet_manager.cc:1434] T 94ecaaa9320b46b9bae57acce0604f64 P 75f44326560e48e896588ba855ec3e4e: Time spent starting tablet: real 0.014s	user 0.003s	sys 0.005s
I20260608 09:47:28.199502  4394 tablet_bootstrap.cc:492] T 765b4695cf464958ac79bae40d6d53aa P fe2805be14ff42bd996158249a277a68: No bootstrap required, opened a new log
I20260608 09:47:28.199658  4392 tablet_bootstrap.cc:492] T fd6cc02bee6544b9b7a2a9c8c431ed81 P 89bfd03d9bb341e2988aa26b9a586110: No bootstrap required, opened a new log
I20260608 09:47:28.200022  4394 ts_tablet_manager.cc:1403] T 765b4695cf464958ac79bae40d6d53aa P fe2805be14ff42bd996158249a277a68: Time spent bootstrapping tablet: real 0.024s	user 0.009s	sys 0.012s
I20260608 09:47:28.200358  4392 ts_tablet_manager.cc:1403] T fd6cc02bee6544b9b7a2a9c8c431ed81 P 89bfd03d9bb341e2988aa26b9a586110: Time spent bootstrapping tablet: real 0.025s	user 0.007s	sys 0.017s
I20260608 09:47:28.200510  4393 tablet_bootstrap.cc:492] T ff38cb123000407eaa558c0c65dcd6d0 P 75f44326560e48e896588ba855ec3e4e: Bootstrap starting.
I20260608 09:47:28.203112  4394 raft_consensus.cc:359] T 765b4695cf464958ac79bae40d6d53aa P fe2805be14ff42bd996158249a277a68 [term 0 FOLLOWER]: Replica starting. Triggering 0 pending ops. Active config: opid_index: -1 OBSOLETE_local: false peers { permanent_uuid: "89bfd03d9bb341e2988aa26b9a586110" member_type: VOTER last_known_addr { host: "127.3.113.193" port: 33399 } } peers { permanent_uuid: "fe2805be14ff42bd996158249a277a68" member_type: VOTER last_known_addr { host: "127.3.113.194" port: 45487 } } peers { permanent_uuid: "75f44326560e48e896588ba855ec3e4e" member_type: VOTER last_known_addr { host: "127.3.113.195" port: 34103 } }
I20260608 09:47:28.203387  4392 raft_consensus.cc:359] T fd6cc02bee6544b9b7a2a9c8c431ed81 P 89bfd03d9bb341e2988aa26b9a586110 [term 0 FOLLOWER]: Replica starting. Triggering 0 pending ops. Active config: opid_index: -1 OBSOLETE_local: false peers { permanent_uuid: "89bfd03d9bb341e2988aa26b9a586110" member_type: VOTER last_known_addr { host: "127.3.113.193" port: 33399 } } peers { permanent_uuid: "fe2805be14ff42bd996158249a277a68" member_type: VOTER last_known_addr { host: "127.3.113.194" port: 45487 } } peers { permanent_uuid: "75f44326560e48e896588ba855ec3e4e" member_type: VOTER last_known_addr { host: "127.3.113.195" port: 34103 } }
I20260608 09:47:28.203860  4394 raft_consensus.cc:385] T 765b4695cf464958ac79bae40d6d53aa P fe2805be14ff42bd996158249a277a68 [term 0 FOLLOWER]: Consensus starting up: Expiring failure detector timer to make a prompt election more likely
I20260608 09:47:28.204303  4392 raft_consensus.cc:385] T fd6cc02bee6544b9b7a2a9c8c431ed81 P 89bfd03d9bb341e2988aa26b9a586110 [term 0 FOLLOWER]: Consensus starting up: Expiring failure detector timer to make a prompt election more likely
I20260608 09:47:28.204365  4394 raft_consensus.cc:740] T 765b4695cf464958ac79bae40d6d53aa P fe2805be14ff42bd996158249a277a68 [term 0 FOLLOWER]: Becoming Follower/Learner. State: Replica: fe2805be14ff42bd996158249a277a68, State: Initialized, Role: FOLLOWER
I20260608 09:47:28.204797  4392 raft_consensus.cc:740] T fd6cc02bee6544b9b7a2a9c8c431ed81 P 89bfd03d9bb341e2988aa26b9a586110 [term 0 FOLLOWER]: Becoming Follower/Learner. State: Replica: 89bfd03d9bb341e2988aa26b9a586110, State: Initialized, Role: FOLLOWER
I20260608 09:47:28.205703  4394 consensus_queue.cc:260] T 765b4695cf464958ac79bae40d6d53aa P fe2805be14ff42bd996158249a277a68 [NON_LEADER]: Queue going to NON_LEADER mode. State: All replicated index: 0, Majority replicated index: 0, Committed index: 0, Last appended: 0.0, Last appended by leader: 0, Current term: 0, Majority size: -1, State: 0, Mode: NON_LEADER, active raft config: opid_index: -1 OBSOLETE_local: false peers { permanent_uuid: "89bfd03d9bb341e2988aa26b9a586110" member_type: VOTER last_known_addr { host: "127.3.113.193" port: 33399 } } peers { permanent_uuid: "fe2805be14ff42bd996158249a277a68" member_type: VOTER last_known_addr { host: "127.3.113.194" port: 45487 } } peers { permanent_uuid: "75f44326560e48e896588ba855ec3e4e" member_type: VOTER last_known_addr { host: "127.3.113.195" port: 34103 } }
I20260608 09:47:28.205600  4392 consensus_queue.cc:260] T fd6cc02bee6544b9b7a2a9c8c431ed81 P 89bfd03d9bb341e2988aa26b9a586110 [NON_LEADER]: Queue going to NON_LEADER mode. State: All replicated index: 0, Majority replicated index: 0, Committed index: 0, Last appended: 0.0, Last appended by leader: 0, Current term: 0, Majority size: -1, State: 0, Mode: NON_LEADER, active raft config: opid_index: -1 OBSOLETE_local: false peers { permanent_uuid: "89bfd03d9bb341e2988aa26b9a586110" member_type: VOTER last_known_addr { host: "127.3.113.193" port: 33399 } } peers { permanent_uuid: "fe2805be14ff42bd996158249a277a68" member_type: VOTER last_known_addr { host: "127.3.113.194" port: 45487 } } peers { permanent_uuid: "75f44326560e48e896588ba855ec3e4e" member_type: VOTER last_known_addr { host: "127.3.113.195" port: 34103 } }
I20260608 09:47:28.206365  4393 tablet_bootstrap.cc:654] T ff38cb123000407eaa558c0c65dcd6d0 P 75f44326560e48e896588ba855ec3e4e: Neither blocks nor log segments found. Creating new log.
I20260608 09:47:28.207875  4394 ts_tablet_manager.cc:1434] T 765b4695cf464958ac79bae40d6d53aa P fe2805be14ff42bd996158249a277a68: Time spent starting tablet: real 0.007s	user 0.006s	sys 0.000s
I20260608 09:47:28.208809  4394 tablet_bootstrap.cc:492] T ff38cb123000407eaa558c0c65dcd6d0 P fe2805be14ff42bd996158249a277a68: Bootstrap starting.
I20260608 09:47:28.214758  4394 tablet_bootstrap.cc:654] T ff38cb123000407eaa558c0c65dcd6d0 P fe2805be14ff42bd996158249a277a68: Neither blocks nor log segments found. Creating new log.
I20260608 09:47:28.217394  4392 ts_tablet_manager.cc:1434] T fd6cc02bee6544b9b7a2a9c8c431ed81 P 89bfd03d9bb341e2988aa26b9a586110: Time spent starting tablet: real 0.017s	user 0.007s	sys 0.000s
I20260608 09:47:28.218489  4392 tablet_bootstrap.cc:492] T 94ecaaa9320b46b9bae57acce0604f64 P 89bfd03d9bb341e2988aa26b9a586110: Bootstrap starting.
I20260608 09:47:28.225165  4392 tablet_bootstrap.cc:654] T 94ecaaa9320b46b9bae57acce0604f64 P 89bfd03d9bb341e2988aa26b9a586110: Neither blocks nor log segments found. Creating new log.
I20260608 09:47:28.230969  4394 tablet_bootstrap.cc:492] T ff38cb123000407eaa558c0c65dcd6d0 P fe2805be14ff42bd996158249a277a68: No bootstrap required, opened a new log
I20260608 09:47:28.231392  4394 ts_tablet_manager.cc:1403] T ff38cb123000407eaa558c0c65dcd6d0 P fe2805be14ff42bd996158249a277a68: Time spent bootstrapping tablet: real 0.023s	user 0.011s	sys 0.004s
I20260608 09:47:28.231642  4393 tablet_bootstrap.cc:492] T ff38cb123000407eaa558c0c65dcd6d0 P 75f44326560e48e896588ba855ec3e4e: No bootstrap required, opened a new log
I20260608 09:47:28.232084  4393 ts_tablet_manager.cc:1403] T ff38cb123000407eaa558c0c65dcd6d0 P 75f44326560e48e896588ba855ec3e4e: Time spent bootstrapping tablet: real 0.032s	user 0.015s	sys 0.008s
I20260608 09:47:28.233707  4394 raft_consensus.cc:359] T ff38cb123000407eaa558c0c65dcd6d0 P fe2805be14ff42bd996158249a277a68 [term 0 FOLLOWER]: Replica starting. Triggering 0 pending ops. Active config: opid_index: -1 OBSOLETE_local: false peers { permanent_uuid: "89bfd03d9bb341e2988aa26b9a586110" member_type: VOTER last_known_addr { host: "127.3.113.193" port: 33399 } } peers { permanent_uuid: "fe2805be14ff42bd996158249a277a68" member_type: VOTER last_known_addr { host: "127.3.113.194" port: 45487 } } peers { permanent_uuid: "75f44326560e48e896588ba855ec3e4e" member_type: VOTER last_known_addr { host: "127.3.113.195" port: 34103 } }
I20260608 09:47:28.234472  4394 raft_consensus.cc:385] T ff38cb123000407eaa558c0c65dcd6d0 P fe2805be14ff42bd996158249a277a68 [term 0 FOLLOWER]: Consensus starting up: Expiring failure detector timer to make a prompt election more likely
I20260608 09:47:28.234779  4394 raft_consensus.cc:740] T ff38cb123000407eaa558c0c65dcd6d0 P fe2805be14ff42bd996158249a277a68 [term 0 FOLLOWER]: Becoming Follower/Learner. State: Replica: fe2805be14ff42bd996158249a277a68, State: Initialized, Role: FOLLOWER
I20260608 09:47:28.234953  4393 raft_consensus.cc:359] T ff38cb123000407eaa558c0c65dcd6d0 P 75f44326560e48e896588ba855ec3e4e [term 0 FOLLOWER]: Replica starting. Triggering 0 pending ops. Active config: opid_index: -1 OBSOLETE_local: false peers { permanent_uuid: "89bfd03d9bb341e2988aa26b9a586110" member_type: VOTER last_known_addr { host: "127.3.113.193" port: 33399 } } peers { permanent_uuid: "fe2805be14ff42bd996158249a277a68" member_type: VOTER last_known_addr { host: "127.3.113.194" port: 45487 } } peers { permanent_uuid: "75f44326560e48e896588ba855ec3e4e" member_type: VOTER last_known_addr { host: "127.3.113.195" port: 34103 } }
I20260608 09:47:28.235689  4393 raft_consensus.cc:385] T ff38cb123000407eaa558c0c65dcd6d0 P 75f44326560e48e896588ba855ec3e4e [term 0 FOLLOWER]: Consensus starting up: Expiring failure detector timer to make a prompt election more likely
I20260608 09:47:28.235459  4394 consensus_queue.cc:260] T ff38cb123000407eaa558c0c65dcd6d0 P fe2805be14ff42bd996158249a277a68 [NON_LEADER]: Queue going to NON_LEADER mode. State: All replicated index: 0, Majority replicated index: 0, Committed index: 0, Last appended: 0.0, Last appended by leader: 0, Current term: 0, Majority size: -1, State: 0, Mode: NON_LEADER, active raft config: opid_index: -1 OBSOLETE_local: false peers { permanent_uuid: "89bfd03d9bb341e2988aa26b9a586110" member_type: VOTER last_known_addr { host: "127.3.113.193" port: 33399 } } peers { permanent_uuid: "fe2805be14ff42bd996158249a277a68" member_type: VOTER last_known_addr { host: "127.3.113.194" port: 45487 } } peers { permanent_uuid: "75f44326560e48e896588ba855ec3e4e" member_type: VOTER last_known_addr { host: "127.3.113.195" port: 34103 } }
I20260608 09:47:28.236028  4392 tablet_bootstrap.cc:492] T 94ecaaa9320b46b9bae57acce0604f64 P 89bfd03d9bb341e2988aa26b9a586110: No bootstrap required, opened a new log
I20260608 09:47:28.235992  4393 raft_consensus.cc:740] T ff38cb123000407eaa558c0c65dcd6d0 P 75f44326560e48e896588ba855ec3e4e [term 0 FOLLOWER]: Becoming Follower/Learner. State: Replica: 75f44326560e48e896588ba855ec3e4e, State: Initialized, Role: FOLLOWER
I20260608 09:47:28.236567  4392 ts_tablet_manager.cc:1403] T 94ecaaa9320b46b9bae57acce0604f64 P 89bfd03d9bb341e2988aa26b9a586110: Time spent bootstrapping tablet: real 0.018s	user 0.011s	sys 0.001s
I20260608 09:47:28.236927  4393 consensus_queue.cc:260] T ff38cb123000407eaa558c0c65dcd6d0 P 75f44326560e48e896588ba855ec3e4e [NON_LEADER]: Queue going to NON_LEADER mode. State: All replicated index: 0, Majority replicated index: 0, Committed index: 0, Last appended: 0.0, Last appended by leader: 0, Current term: 0, Majority size: -1, State: 0, Mode: NON_LEADER, active raft config: opid_index: -1 OBSOLETE_local: false peers { permanent_uuid: "89bfd03d9bb341e2988aa26b9a586110" member_type: VOTER last_known_addr { host: "127.3.113.193" port: 33399 } } peers { permanent_uuid: "fe2805be14ff42bd996158249a277a68" member_type: VOTER last_known_addr { host: "127.3.113.194" port: 45487 } } peers { permanent_uuid: "75f44326560e48e896588ba855ec3e4e" member_type: VOTER last_known_addr { host: "127.3.113.195" port: 34103 } }
I20260608 09:47:28.237491  4394 ts_tablet_manager.cc:1434] T ff38cb123000407eaa558c0c65dcd6d0 P fe2805be14ff42bd996158249a277a68: Time spent starting tablet: real 0.006s	user 0.003s	sys 0.004s
I20260608 09:47:28.238478  4394 tablet_bootstrap.cc:492] T 94ecaaa9320b46b9bae57acce0604f64 P fe2805be14ff42bd996158249a277a68: Bootstrap starting.
I20260608 09:47:28.239108  4393 ts_tablet_manager.cc:1434] T ff38cb123000407eaa558c0c65dcd6d0 P 75f44326560e48e896588ba855ec3e4e: Time spent starting tablet: real 0.007s	user 0.001s	sys 0.004s
I20260608 09:47:28.239277  4392 raft_consensus.cc:359] T 94ecaaa9320b46b9bae57acce0604f64 P 89bfd03d9bb341e2988aa26b9a586110 [term 0 FOLLOWER]: Replica starting. Triggering 0 pending ops. Active config: opid_index: -1 OBSOLETE_local: false peers { permanent_uuid: "89bfd03d9bb341e2988aa26b9a586110" member_type: VOTER last_known_addr { host: "127.3.113.193" port: 33399 } } peers { permanent_uuid: "fe2805be14ff42bd996158249a277a68" member_type: VOTER last_known_addr { host: "127.3.113.194" port: 45487 } } peers { permanent_uuid: "75f44326560e48e896588ba855ec3e4e" member_type: VOTER last_known_addr { host: "127.3.113.195" port: 34103 } }
I20260608 09:47:28.239902  4392 raft_consensus.cc:385] T 94ecaaa9320b46b9bae57acce0604f64 P 89bfd03d9bb341e2988aa26b9a586110 [term 0 FOLLOWER]: Consensus starting up: Expiring failure detector timer to make a prompt election more likely
I20260608 09:47:28.240154  4392 raft_consensus.cc:740] T 94ecaaa9320b46b9bae57acce0604f64 P 89bfd03d9bb341e2988aa26b9a586110 [term 0 FOLLOWER]: Becoming Follower/Learner. State: Replica: 89bfd03d9bb341e2988aa26b9a586110, State: Initialized, Role: FOLLOWER
I20260608 09:47:28.240370  4393 tablet_bootstrap.cc:492] T 765b4695cf464958ac79bae40d6d53aa P 75f44326560e48e896588ba855ec3e4e: Bootstrap starting.
I20260608 09:47:28.240883  4392 consensus_queue.cc:260] T 94ecaaa9320b46b9bae57acce0604f64 P 89bfd03d9bb341e2988aa26b9a586110 [NON_LEADER]: Queue going to NON_LEADER mode. State: All replicated index: 0, Majority replicated index: 0, Committed index: 0, Last appended: 0.0, Last appended by leader: 0, Current term: 0, Majority size: -1, State: 0, Mode: NON_LEADER, active raft config: opid_index: -1 OBSOLETE_local: false peers { permanent_uuid: "89bfd03d9bb341e2988aa26b9a586110" member_type: VOTER last_known_addr { host: "127.3.113.193" port: 33399 } } peers { permanent_uuid: "fe2805be14ff42bd996158249a277a68" member_type: VOTER last_known_addr { host: "127.3.113.194" port: 45487 } } peers { permanent_uuid: "75f44326560e48e896588ba855ec3e4e" member_type: VOTER last_known_addr { host: "127.3.113.195" port: 34103 } }
I20260608 09:47:28.244880  4394 tablet_bootstrap.cc:654] T 94ecaaa9320b46b9bae57acce0604f64 P fe2805be14ff42bd996158249a277a68: Neither blocks nor log segments found. Creating new log.
I20260608 09:47:28.245723  4392 ts_tablet_manager.cc:1434] T 94ecaaa9320b46b9bae57acce0604f64 P 89bfd03d9bb341e2988aa26b9a586110: Time spent starting tablet: real 0.009s	user 0.002s	sys 0.003s
I20260608 09:47:28.246532  4392 tablet_bootstrap.cc:492] T 3390db14fcf54913877320e6a6991229 P 89bfd03d9bb341e2988aa26b9a586110: Bootstrap starting.
I20260608 09:47:28.246776  4393 tablet_bootstrap.cc:654] T 765b4695cf464958ac79bae40d6d53aa P 75f44326560e48e896588ba855ec3e4e: Neither blocks nor log segments found. Creating new log.
I20260608 09:47:28.247249  4399 raft_consensus.cc:493] T ff38cb123000407eaa558c0c65dcd6d0 P 75f44326560e48e896588ba855ec3e4e [term 0 FOLLOWER]: Starting pre-election (no leader contacted us within the election timeout)
I20260608 09:47:28.247856  4399 raft_consensus.cc:515] T ff38cb123000407eaa558c0c65dcd6d0 P 75f44326560e48e896588ba855ec3e4e [term 0 FOLLOWER]: Starting pre-election with config: opid_index: -1 OBSOLETE_local: false peers { permanent_uuid: "89bfd03d9bb341e2988aa26b9a586110" member_type: VOTER last_known_addr { host: "127.3.113.193" port: 33399 } } peers { permanent_uuid: "fe2805be14ff42bd996158249a277a68" member_type: VOTER last_known_addr { host: "127.3.113.194" port: 45487 } } peers { permanent_uuid: "75f44326560e48e896588ba855ec3e4e" member_type: VOTER last_known_addr { host: "127.3.113.195" port: 34103 } }
I20260608 09:47:28.253005  4392 tablet_bootstrap.cc:654] T 3390db14fcf54913877320e6a6991229 P 89bfd03d9bb341e2988aa26b9a586110: Neither blocks nor log segments found. Creating new log.
I20260608 09:47:28.257936  4399 leader_election.cc:290] T ff38cb123000407eaa558c0c65dcd6d0 P 75f44326560e48e896588ba855ec3e4e [CANDIDATE]: Term 1 pre-election: Requested pre-vote from peers 89bfd03d9bb341e2988aa26b9a586110 (127.3.113.193:33399), fe2805be14ff42bd996158249a277a68 (127.3.113.194:45487)
I20260608 09:47:28.274042  4394 tablet_bootstrap.cc:492] T 94ecaaa9320b46b9bae57acce0604f64 P fe2805be14ff42bd996158249a277a68: No bootstrap required, opened a new log
I20260608 09:47:28.274550  4394 ts_tablet_manager.cc:1403] T 94ecaaa9320b46b9bae57acce0604f64 P fe2805be14ff42bd996158249a277a68: Time spent bootstrapping tablet: real 0.036s	user 0.014s	sys 0.017s
I20260608 09:47:28.277619  4394 raft_consensus.cc:359] T 94ecaaa9320b46b9bae57acce0604f64 P fe2805be14ff42bd996158249a277a68 [term 0 FOLLOWER]: Replica starting. Triggering 0 pending ops. Active config: opid_index: -1 OBSOLETE_local: false peers { permanent_uuid: "89bfd03d9bb341e2988aa26b9a586110" member_type: VOTER last_known_addr { host: "127.3.113.193" port: 33399 } } peers { permanent_uuid: "fe2805be14ff42bd996158249a277a68" member_type: VOTER last_known_addr { host: "127.3.113.194" port: 45487 } } peers { permanent_uuid: "75f44326560e48e896588ba855ec3e4e" member_type: VOTER last_known_addr { host: "127.3.113.195" port: 34103 } }
I20260608 09:47:28.278391  4394 raft_consensus.cc:385] T 94ecaaa9320b46b9bae57acce0604f64 P fe2805be14ff42bd996158249a277a68 [term 0 FOLLOWER]: Consensus starting up: Expiring failure detector timer to make a prompt election more likely
I20260608 09:47:28.278761  4394 raft_consensus.cc:740] T 94ecaaa9320b46b9bae57acce0604f64 P fe2805be14ff42bd996158249a277a68 [term 0 FOLLOWER]: Becoming Follower/Learner. State: Replica: fe2805be14ff42bd996158249a277a68, State: Initialized, Role: FOLLOWER
I20260608 09:47:28.279471  4394 consensus_queue.cc:260] T 94ecaaa9320b46b9bae57acce0604f64 P fe2805be14ff42bd996158249a277a68 [NON_LEADER]: Queue going to NON_LEADER mode. State: All replicated index: 0, Majority replicated index: 0, Committed index: 0, Last appended: 0.0, Last appended by leader: 0, Current term: 0, Majority size: -1, State: 0, Mode: NON_LEADER, active raft config: opid_index: -1 OBSOLETE_local: false peers { permanent_uuid: "89bfd03d9bb341e2988aa26b9a586110" member_type: VOTER last_known_addr { host: "127.3.113.193" port: 33399 } } peers { permanent_uuid: "fe2805be14ff42bd996158249a277a68" member_type: VOTER last_known_addr { host: "127.3.113.194" port: 45487 } } peers { permanent_uuid: "75f44326560e48e896588ba855ec3e4e" member_type: VOTER last_known_addr { host: "127.3.113.195" port: 34103 } }
I20260608 09:47:28.280500  4400 raft_consensus.cc:493] T ebed5ae8c27f4d1cac3e6461d2379d0f P 89bfd03d9bb341e2988aa26b9a586110 [term 0 FOLLOWER]: Starting pre-election (no leader contacted us within the election timeout)
I20260608 09:47:28.281152  4400 raft_consensus.cc:515] T ebed5ae8c27f4d1cac3e6461d2379d0f P 89bfd03d9bb341e2988aa26b9a586110 [term 0 FOLLOWER]: Starting pre-election with config: opid_index: -1 OBSOLETE_local: false peers { permanent_uuid: "89bfd03d9bb341e2988aa26b9a586110" member_type: VOTER last_known_addr { host: "127.3.113.193" port: 33399 } } peers { permanent_uuid: "fe2805be14ff42bd996158249a277a68" member_type: VOTER last_known_addr { host: "127.3.113.194" port: 45487 } } peers { permanent_uuid: "75f44326560e48e896588ba855ec3e4e" member_type: VOTER last_known_addr { host: "127.3.113.195" port: 34103 } }
I20260608 09:47:28.281965  4394 ts_tablet_manager.cc:1434] T 94ecaaa9320b46b9bae57acce0604f64 P fe2805be14ff42bd996158249a277a68: Time spent starting tablet: real 0.007s	user 0.008s	sys 0.000s
I20260608 09:47:28.283036  4394 tablet_bootstrap.cc:492] T 3cef85399bcf44d09091448558fa646e P fe2805be14ff42bd996158249a277a68: Bootstrap starting.
I20260608 09:47:28.293232  4398 raft_consensus.cc:493] T 6a08f4ba20af409aaab6060a8442724c P fe2805be14ff42bd996158249a277a68 [term 0 FOLLOWER]: Starting pre-election (no leader contacted us within the election timeout)
I20260608 09:47:28.293898  4398 raft_consensus.cc:515] T 6a08f4ba20af409aaab6060a8442724c P fe2805be14ff42bd996158249a277a68 [term 0 FOLLOWER]: Starting pre-election with config: opid_index: -1 OBSOLETE_local: false peers { permanent_uuid: "89bfd03d9bb341e2988aa26b9a586110" member_type: VOTER last_known_addr { host: "127.3.113.193" port: 33399 } } peers { permanent_uuid: "fe2805be14ff42bd996158249a277a68" member_type: VOTER last_known_addr { host: "127.3.113.194" port: 45487 } } peers { permanent_uuid: "75f44326560e48e896588ba855ec3e4e" member_type: VOTER last_known_addr { host: "127.3.113.195" port: 34103 } }
I20260608 09:47:28.302238  4398 leader_election.cc:290] T 6a08f4ba20af409aaab6060a8442724c P fe2805be14ff42bd996158249a277a68 [CANDIDATE]: Term 1 pre-election: Requested pre-vote from peers 89bfd03d9bb341e2988aa26b9a586110 (127.3.113.193:33399), 75f44326560e48e896588ba855ec3e4e (127.3.113.195:34103)
I20260608 09:47:28.287370  4400 leader_election.cc:290] T ebed5ae8c27f4d1cac3e6461d2379d0f P 89bfd03d9bb341e2988aa26b9a586110 [CANDIDATE]: Term 1 pre-election: Requested pre-vote from peers fe2805be14ff42bd996158249a277a68 (127.3.113.194:45487), 75f44326560e48e896588ba855ec3e4e (127.3.113.195:34103)
I20260608 09:47:28.359977  4393 tablet_bootstrap.cc:492] T 765b4695cf464958ac79bae40d6d53aa P 75f44326560e48e896588ba855ec3e4e: No bootstrap required, opened a new log
I20260608 09:47:28.360520  4393 ts_tablet_manager.cc:1403] T 765b4695cf464958ac79bae40d6d53aa P 75f44326560e48e896588ba855ec3e4e: Time spent bootstrapping tablet: real 0.120s	user 0.041s	sys 0.049s
I20260608 09:47:28.362783  4394 tablet_bootstrap.cc:654] T 3cef85399bcf44d09091448558fa646e P fe2805be14ff42bd996158249a277a68: Neither blocks nor log segments found. Creating new log.
I20260608 09:47:28.362638  4398 raft_consensus.cc:493] T ebed5ae8c27f4d1cac3e6461d2379d0f P fe2805be14ff42bd996158249a277a68 [term 0 FOLLOWER]: Starting pre-election (no leader contacted us within the election timeout)
I20260608 09:47:28.363207  4398 raft_consensus.cc:515] T ebed5ae8c27f4d1cac3e6461d2379d0f P fe2805be14ff42bd996158249a277a68 [term 0 FOLLOWER]: Starting pre-election with config: opid_index: -1 OBSOLETE_local: false peers { permanent_uuid: "89bfd03d9bb341e2988aa26b9a586110" member_type: VOTER last_known_addr { host: "127.3.113.193" port: 33399 } } peers { permanent_uuid: "fe2805be14ff42bd996158249a277a68" member_type: VOTER last_known_addr { host: "127.3.113.194" port: 45487 } } peers { permanent_uuid: "75f44326560e48e896588ba855ec3e4e" member_type: VOTER last_known_addr { host: "127.3.113.195" port: 34103 } }
I20260608 09:47:28.364961  4392 tablet_bootstrap.cc:492] T 3390db14fcf54913877320e6a6991229 P 89bfd03d9bb341e2988aa26b9a586110: No bootstrap required, opened a new log
I20260608 09:47:28.365566  4392 ts_tablet_manager.cc:1403] T 3390db14fcf54913877320e6a6991229 P 89bfd03d9bb341e2988aa26b9a586110: Time spent bootstrapping tablet: real 0.119s	user 0.030s	sys 0.026s
I20260608 09:47:28.365865  4398 leader_election.cc:290] T ebed5ae8c27f4d1cac3e6461d2379d0f P fe2805be14ff42bd996158249a277a68 [CANDIDATE]: Term 1 pre-election: Requested pre-vote from peers 89bfd03d9bb341e2988aa26b9a586110 (127.3.113.193:33399), 75f44326560e48e896588ba855ec3e4e (127.3.113.195:34103)
I20260608 09:47:28.367978  4393 raft_consensus.cc:359] T 765b4695cf464958ac79bae40d6d53aa P 75f44326560e48e896588ba855ec3e4e [term 0 FOLLOWER]: Replica starting. Triggering 0 pending ops. Active config: opid_index: -1 OBSOLETE_local: false peers { permanent_uuid: "89bfd03d9bb341e2988aa26b9a586110" member_type: VOTER last_known_addr { host: "127.3.113.193" port: 33399 } } peers { permanent_uuid: "fe2805be14ff42bd996158249a277a68" member_type: VOTER last_known_addr { host: "127.3.113.194" port: 45487 } } peers { permanent_uuid: "75f44326560e48e896588ba855ec3e4e" member_type: VOTER last_known_addr { host: "127.3.113.195" port: 34103 } }
I20260608 09:47:28.368880  4393 raft_consensus.cc:385] T 765b4695cf464958ac79bae40d6d53aa P 75f44326560e48e896588ba855ec3e4e [term 0 FOLLOWER]: Consensus starting up: Expiring failure detector timer to make a prompt election more likely
I20260608 09:47:28.369222  4393 raft_consensus.cc:740] T 765b4695cf464958ac79bae40d6d53aa P 75f44326560e48e896588ba855ec3e4e [term 0 FOLLOWER]: Becoming Follower/Learner. State: Replica: 75f44326560e48e896588ba855ec3e4e, State: Initialized, Role: FOLLOWER
I20260608 09:47:28.370093  4393 consensus_queue.cc:260] T 765b4695cf464958ac79bae40d6d53aa P 75f44326560e48e896588ba855ec3e4e [NON_LEADER]: Queue going to NON_LEADER mode. State: All replicated index: 0, Majority replicated index: 0, Committed index: 0, Last appended: 0.0, Last appended by leader: 0, Current term: 0, Majority size: -1, State: 0, Mode: NON_LEADER, active raft config: opid_index: -1 OBSOLETE_local: false peers { permanent_uuid: "89bfd03d9bb341e2988aa26b9a586110" member_type: VOTER last_known_addr { host: "127.3.113.193" port: 33399 } } peers { permanent_uuid: "fe2805be14ff42bd996158249a277a68" member_type: VOTER last_known_addr { host: "127.3.113.194" port: 45487 } } peers { permanent_uuid: "75f44326560e48e896588ba855ec3e4e" member_type: VOTER last_known_addr { host: "127.3.113.195" port: 34103 } }
I20260608 09:47:28.378152  4273 tablet_service.cc:1917] Received RequestConsensusVote() RPC: tablet_id: "ff38cb123000407eaa558c0c65dcd6d0" candidate_uuid: "75f44326560e48e896588ba855ec3e4e" candidate_term: 1 candidate_status { last_received { term: 0 index: 0 } } ignore_live_leader: false dest_uuid: "fe2805be14ff42bd996158249a277a68" is_pre_election: true
I20260608 09:47:28.379367  4393 ts_tablet_manager.cc:1434] T 765b4695cf464958ac79bae40d6d53aa P 75f44326560e48e896588ba855ec3e4e: Time spent starting tablet: real 0.019s	user 0.007s	sys 0.000s
I20260608 09:47:28.379294  4273 raft_consensus.cc:2468] T ff38cb123000407eaa558c0c65dcd6d0 P fe2805be14ff42bd996158249a277a68 [term 0 FOLLOWER]: Leader pre-election vote request: Granting yes vote for candidate 75f44326560e48e896588ba855ec3e4e in term 0.
I20260608 09:47:28.380486  4393 tablet_bootstrap.cc:492] T fd6cc02bee6544b9b7a2a9c8c431ed81 P 75f44326560e48e896588ba855ec3e4e: Bootstrap starting.
I20260608 09:47:28.383809  4198 tablet_service.cc:1917] Received RequestConsensusVote() RPC: tablet_id: "ff38cb123000407eaa558c0c65dcd6d0" candidate_uuid: "75f44326560e48e896588ba855ec3e4e" candidate_term: 1 candidate_status { last_received { term: 0 index: 0 } } ignore_live_leader: false dest_uuid: "89bfd03d9bb341e2988aa26b9a586110" is_pre_election: true
I20260608 09:47:28.384492  4198 raft_consensus.cc:2468] T ff38cb123000407eaa558c0c65dcd6d0 P 89bfd03d9bb341e2988aa26b9a586110 [term 0 FOLLOWER]: Leader pre-election vote request: Granting yes vote for candidate 75f44326560e48e896588ba855ec3e4e in term 0.
I20260608 09:47:28.384761  4311 leader_election.cc:304] T ff38cb123000407eaa558c0c65dcd6d0 P 75f44326560e48e896588ba855ec3e4e [CANDIDATE]: Term 1 pre-election: Election decided. Result: candidate won. Election summary: received 2 responses out of 3 voters: 2 yes votes; 0 no votes. yes voters: 75f44326560e48e896588ba855ec3e4e, fe2805be14ff42bd996158249a277a68; no voters: 
I20260608 09:47:28.387413  4399 raft_consensus.cc:2804] T ff38cb123000407eaa558c0c65dcd6d0 P 75f44326560e48e896588ba855ec3e4e [term 0 FOLLOWER]: Leader pre-election won for term 1
I20260608 09:47:28.388454  4399 raft_consensus.cc:493] T ff38cb123000407eaa558c0c65dcd6d0 P 75f44326560e48e896588ba855ec3e4e [term 0 FOLLOWER]: Starting leader election (no leader contacted us within the election timeout)
I20260608 09:47:28.388834  4399 raft_consensus.cc:3060] T ff38cb123000407eaa558c0c65dcd6d0 P 75f44326560e48e896588ba855ec3e4e [term 0 FOLLOWER]: Advancing to term 1
I20260608 09:47:28.387095  4392 raft_consensus.cc:359] T 3390db14fcf54913877320e6a6991229 P 89bfd03d9bb341e2988aa26b9a586110 [term 0 FOLLOWER]: Replica starting. Triggering 0 pending ops. Active config: opid_index: -1 OBSOLETE_local: false peers { permanent_uuid: "75f44326560e48e896588ba855ec3e4e" member_type: VOTER last_known_addr { host: "127.3.113.195" port: 34103 } } peers { permanent_uuid: "89bfd03d9bb341e2988aa26b9a586110" member_type: VOTER last_known_addr { host: "127.3.113.193" port: 33399 } } peers { permanent_uuid: "fe2805be14ff42bd996158249a277a68" member_type: VOTER last_known_addr { host: "127.3.113.194" port: 45487 } }
I20260608 09:47:28.393108  4394 tablet_bootstrap.cc:492] T 3cef85399bcf44d09091448558fa646e P fe2805be14ff42bd996158249a277a68: No bootstrap required, opened a new log
I20260608 09:47:28.390455  4392 raft_consensus.cc:385] T 3390db14fcf54913877320e6a6991229 P 89bfd03d9bb341e2988aa26b9a586110 [term 0 FOLLOWER]: Consensus starting up: Expiring failure detector timer to make a prompt election more likely
I20260608 09:47:28.394330  4392 raft_consensus.cc:740] T 3390db14fcf54913877320e6a6991229 P 89bfd03d9bb341e2988aa26b9a586110 [term 0 FOLLOWER]: Becoming Follower/Learner. State: Replica: 89bfd03d9bb341e2988aa26b9a586110, State: Initialized, Role: FOLLOWER
I20260608 09:47:28.396320  4392 consensus_queue.cc:260] T 3390db14fcf54913877320e6a6991229 P 89bfd03d9bb341e2988aa26b9a586110 [NON_LEADER]: Queue going to NON_LEADER mode. State: All replicated index: 0, Majority replicated index: 0, Committed index: 0, Last appended: 0.0, Last appended by leader: 0, Current term: 0, Majority size: -1, State: 0, Mode: NON_LEADER, active raft config: opid_index: -1 OBSOLETE_local: false peers { permanent_uuid: "75f44326560e48e896588ba855ec3e4e" member_type: VOTER last_known_addr { host: "127.3.113.195" port: 34103 } } peers { permanent_uuid: "89bfd03d9bb341e2988aa26b9a586110" member_type: VOTER last_known_addr { host: "127.3.113.193" port: 33399 } } peers { permanent_uuid: "fe2805be14ff42bd996158249a277a68" member_type: VOTER last_known_addr { host: "127.3.113.194" port: 45487 } }
I20260608 09:47:28.394088  4394 ts_tablet_manager.cc:1403] T 3cef85399bcf44d09091448558fa646e P fe2805be14ff42bd996158249a277a68: Time spent bootstrapping tablet: real 0.111s	user 0.010s	sys 0.013s
I20260608 09:47:28.401979  4392 ts_tablet_manager.cc:1434] T 3390db14fcf54913877320e6a6991229 P 89bfd03d9bb341e2988aa26b9a586110: Time spent starting tablet: real 0.036s	user 0.009s	sys 0.000s
I20260608 09:47:28.405714  4392 tablet_bootstrap.cc:492] T 6a08f4ba20af409aaab6060a8442724c P 89bfd03d9bb341e2988aa26b9a586110: Bootstrap starting.
I20260608 09:47:28.406085  4394 raft_consensus.cc:359] T 3cef85399bcf44d09091448558fa646e P fe2805be14ff42bd996158249a277a68 [term 0 FOLLOWER]: Replica starting. Triggering 0 pending ops. Active config: opid_index: -1 OBSOLETE_local: false peers { permanent_uuid: "89bfd03d9bb341e2988aa26b9a586110" member_type: VOTER last_known_addr { host: "127.3.113.193" port: 33399 } } peers { permanent_uuid: "fe2805be14ff42bd996158249a277a68" member_type: VOTER last_known_addr { host: "127.3.113.194" port: 45487 } } peers { permanent_uuid: "75f44326560e48e896588ba855ec3e4e" member_type: VOTER last_known_addr { host: "127.3.113.195" port: 34103 } }
I20260608 09:47:28.407354  4394 raft_consensus.cc:385] T 3cef85399bcf44d09091448558fa646e P fe2805be14ff42bd996158249a277a68 [term 0 FOLLOWER]: Consensus starting up: Expiring failure detector timer to make a prompt election more likely
I20260608 09:47:28.410667  4273 tablet_service.cc:1917] Received RequestConsensusVote() RPC: tablet_id: "ebed5ae8c27f4d1cac3e6461d2379d0f" candidate_uuid: "89bfd03d9bb341e2988aa26b9a586110" candidate_term: 1 candidate_status { last_received { term: 0 index: 0 } } ignore_live_leader: false dest_uuid: "fe2805be14ff42bd996158249a277a68" is_pre_election: true
I20260608 09:47:28.408093  4394 raft_consensus.cc:740] T 3cef85399bcf44d09091448558fa646e P fe2805be14ff42bd996158249a277a68 [term 0 FOLLOWER]: Becoming Follower/Learner. State: Replica: fe2805be14ff42bd996158249a277a68, State: Initialized, Role: FOLLOWER
I20260608 09:47:28.413622  4149 auto_leader_rebalancer.cc:140] leader rebalance for table test-workload
I20260608 09:47:28.411310  4273 raft_consensus.cc:2468] T ebed5ae8c27f4d1cac3e6461d2379d0f P fe2805be14ff42bd996158249a277a68 [term 0 FOLLOWER]: Leader pre-election vote request: Granting yes vote for candidate 89bfd03d9bb341e2988aa26b9a586110 in term 0.
W20260608 09:47:28.412046  4144 auto_rebalancer.cc:259] Could not retrieve cluster info: Service unavailable: Tablet not running
W20260608 09:47:28.416064  4149 auto_leader_rebalancer.cc:460] the master instance isn't leader: Service unavailable: Tablet not running
I20260608 09:47:28.416738  4162 leader_election.cc:304] T ebed5ae8c27f4d1cac3e6461d2379d0f P 89bfd03d9bb341e2988aa26b9a586110 [CANDIDATE]: Term 1 pre-election: Election decided. Result: candidate won. Election summary: received 2 responses out of 3 voters: 2 yes votes; 0 no votes. yes voters: 89bfd03d9bb341e2988aa26b9a586110, fe2805be14ff42bd996158249a277a68; no voters: 
I20260608 09:47:28.418087  4400 raft_consensus.cc:2804] T ebed5ae8c27f4d1cac3e6461d2379d0f P 89bfd03d9bb341e2988aa26b9a586110 [term 0 FOLLOWER]: Leader pre-election won for term 1
I20260608 09:47:28.418571  4400 raft_consensus.cc:493] T ebed5ae8c27f4d1cac3e6461d2379d0f P 89bfd03d9bb341e2988aa26b9a586110 [term 0 FOLLOWER]: Starting leader election (no leader contacted us within the election timeout)
I20260608 09:47:28.419831  4346 tablet_service.cc:1917] Received RequestConsensusVote() RPC: tablet_id: "ebed5ae8c27f4d1cac3e6461d2379d0f" candidate_uuid: "fe2805be14ff42bd996158249a277a68" candidate_term: 1 candidate_status { last_received { term: 0 index: 0 } } ignore_live_leader: false dest_uuid: "75f44326560e48e896588ba855ec3e4e" is_pre_election: true
I20260608 09:47:28.420408  4398 raft_consensus.cc:493] T 94ecaaa9320b46b9bae57acce0604f64 P fe2805be14ff42bd996158249a277a68 [term 0 FOLLOWER]: Starting pre-election (no leader contacted us within the election timeout)
I20260608 09:47:28.420791  4398 raft_consensus.cc:515] T 94ecaaa9320b46b9bae57acce0604f64 P fe2805be14ff42bd996158249a277a68 [term 0 FOLLOWER]: Starting pre-election with config: opid_index: -1 OBSOLETE_local: false peers { permanent_uuid: "89bfd03d9bb341e2988aa26b9a586110" member_type: VOTER last_known_addr { host: "127.3.113.193" port: 33399 } } peers { permanent_uuid: "fe2805be14ff42bd996158249a277a68" member_type: VOTER last_known_addr { host: "127.3.113.194" port: 45487 } } peers { permanent_uuid: "75f44326560e48e896588ba855ec3e4e" member_type: VOTER last_known_addr { host: "127.3.113.195" port: 34103 } }
W20260608 09:47:28.423677  4239 leader_election.cc:343] T ebed5ae8c27f4d1cac3e6461d2379d0f P fe2805be14ff42bd996158249a277a68 [CANDIDATE]: Term 1 pre-election: Tablet error from VoteRequest() call to peer 75f44326560e48e896588ba855ec3e4e (127.3.113.195:34103): Illegal state: must be running to vote when last-logged opid is not known
I20260608 09:47:28.423779  4399 raft_consensus.cc:515] T ff38cb123000407eaa558c0c65dcd6d0 P 75f44326560e48e896588ba855ec3e4e [term 1 FOLLOWER]: Starting leader election with config: opid_index: -1 OBSOLETE_local: false peers { permanent_uuid: "89bfd03d9bb341e2988aa26b9a586110" member_type: VOTER last_known_addr { host: "127.3.113.193" port: 33399 } } peers { permanent_uuid: "fe2805be14ff42bd996158249a277a68" member_type: VOTER last_known_addr { host: "127.3.113.194" port: 45487 } } peers { permanent_uuid: "75f44326560e48e896588ba855ec3e4e" member_type: VOTER last_known_addr { host: "127.3.113.195" port: 34103 } }
I20260608 09:47:28.417788  4422 raft_consensus.cc:493] T 94ecaaa9320b46b9bae57acce0604f64 P 75f44326560e48e896588ba855ec3e4e [term 0 FOLLOWER]: Starting pre-election (no leader contacted us within the election timeout)
I20260608 09:47:28.418922  4400 raft_consensus.cc:3060] T ebed5ae8c27f4d1cac3e6461d2379d0f P 89bfd03d9bb341e2988aa26b9a586110 [term 0 FOLLOWER]: Advancing to term 1
I20260608 09:47:28.425194  4347 tablet_service.cc:1917] Received RequestConsensusVote() RPC: tablet_id: "6a08f4ba20af409aaab6060a8442724c" candidate_uuid: "fe2805be14ff42bd996158249a277a68" candidate_term: 1 candidate_status { last_received { term: 0 index: 0 } } ignore_live_leader: false dest_uuid: "75f44326560e48e896588ba855ec3e4e" is_pre_election: true
I20260608 09:47:28.425397  4394 consensus_queue.cc:260] T 3cef85399bcf44d09091448558fa646e P fe2805be14ff42bd996158249a277a68 [NON_LEADER]: Queue going to NON_LEADER mode. State: All replicated index: 0, Majority replicated index: 0, Committed index: 0, Last appended: 0.0, Last appended by leader: 0, Current term: 0, Majority size: -1, State: 0, Mode: NON_LEADER, active raft config: opid_index: -1 OBSOLETE_local: false peers { permanent_uuid: "89bfd03d9bb341e2988aa26b9a586110" member_type: VOTER last_known_addr { host: "127.3.113.193" port: 33399 } } peers { permanent_uuid: "fe2805be14ff42bd996158249a277a68" member_type: VOTER last_known_addr { host: "127.3.113.194" port: 45487 } } peers { permanent_uuid: "75f44326560e48e896588ba855ec3e4e" member_type: VOTER last_known_addr { host: "127.3.113.195" port: 34103 } }
I20260608 09:47:28.426448  4347 raft_consensus.cc:2468] T 6a08f4ba20af409aaab6060a8442724c P 75f44326560e48e896588ba855ec3e4e [term 0 FOLLOWER]: Leader pre-election vote request: Granting yes vote for candidate fe2805be14ff42bd996158249a277a68 in term 0.
I20260608 09:47:28.430531  4239 leader_election.cc:304] T 6a08f4ba20af409aaab6060a8442724c P fe2805be14ff42bd996158249a277a68 [CANDIDATE]: Term 1 pre-election: Election decided. Result: candidate won. Election summary: received 2 responses out of 3 voters: 2 yes votes; 0 no votes. yes voters: 75f44326560e48e896588ba855ec3e4e, fe2805be14ff42bd996158249a277a68; no voters: 
I20260608 09:47:28.433146  4347 tablet_service.cc:1917] Received RequestConsensusVote() RPC: tablet_id: "ebed5ae8c27f4d1cac3e6461d2379d0f" candidate_uuid: "89bfd03d9bb341e2988aa26b9a586110" candidate_term: 1 candidate_status { last_received { term: 0 index: 0 } } ignore_live_leader: false dest_uuid: "75f44326560e48e896588ba855ec3e4e" is_pre_election: true
I20260608 09:47:28.428792  4398 leader_election.cc:290] T 94ecaaa9320b46b9bae57acce0604f64 P fe2805be14ff42bd996158249a277a68 [CANDIDATE]: Term 1 pre-election: Requested pre-vote from peers 89bfd03d9bb341e2988aa26b9a586110 (127.3.113.193:33399), 75f44326560e48e896588ba855ec3e4e (127.3.113.195:34103)
W20260608 09:47:28.441322  4164 leader_election.cc:343] T ebed5ae8c27f4d1cac3e6461d2379d0f P 89bfd03d9bb341e2988aa26b9a586110 [CANDIDATE]: Term 1 pre-election: Tablet error from VoteRequest() call to peer 75f44326560e48e896588ba855ec3e4e (127.3.113.195:34103): Illegal state: must be running to vote when last-logged opid is not known
I20260608 09:47:28.443622  4392 tablet_bootstrap.cc:654] T 6a08f4ba20af409aaab6060a8442724c P 89bfd03d9bb341e2988aa26b9a586110: Neither blocks nor log segments found. Creating new log.
I20260608 09:47:28.443625  4398 raft_consensus.cc:2804] T 6a08f4ba20af409aaab6060a8442724c P fe2805be14ff42bd996158249a277a68 [term 0 FOLLOWER]: Leader pre-election won for term 1
I20260608 09:47:28.444141  4398 raft_consensus.cc:493] T 6a08f4ba20af409aaab6060a8442724c P fe2805be14ff42bd996158249a277a68 [term 0 FOLLOWER]: Starting leader election (no leader contacted us within the election timeout)
I20260608 09:47:28.444494  4398 raft_consensus.cc:3060] T 6a08f4ba20af409aaab6060a8442724c P fe2805be14ff42bd996158249a277a68 [term 0 FOLLOWER]: Advancing to term 1
I20260608 09:47:28.425663  4422 raft_consensus.cc:515] T 94ecaaa9320b46b9bae57acce0604f64 P 75f44326560e48e896588ba855ec3e4e [term 0 FOLLOWER]: Starting pre-election with config: opid_index: -1 OBSOLETE_local: false peers { permanent_uuid: "89bfd03d9bb341e2988aa26b9a586110" member_type: VOTER last_known_addr { host: "127.3.113.193" port: 33399 } } peers { permanent_uuid: "fe2805be14ff42bd996158249a277a68" member_type: VOTER last_known_addr { host: "127.3.113.194" port: 45487 } } peers { permanent_uuid: "75f44326560e48e896588ba855ec3e4e" member_type: VOTER last_known_addr { host: "127.3.113.195" port: 34103 } }
I20260608 09:47:28.447285  4394 ts_tablet_manager.cc:1434] T 3cef85399bcf44d09091448558fa646e P fe2805be14ff42bd996158249a277a68: Time spent starting tablet: real 0.049s	user 0.005s	sys 0.014s
I20260608 09:47:28.452843  4347 tablet_service.cc:1917] Received RequestConsensusVote() RPC: tablet_id: "94ecaaa9320b46b9bae57acce0604f64" candidate_uuid: "fe2805be14ff42bd996158249a277a68" candidate_term: 1 candidate_status { last_received { term: 0 index: 0 } } ignore_live_leader: false dest_uuid: "75f44326560e48e896588ba855ec3e4e" is_pre_election: true
I20260608 09:47:28.455590  4393 tablet_bootstrap.cc:654] T fd6cc02bee6544b9b7a2a9c8c431ed81 P 75f44326560e48e896588ba855ec3e4e: Neither blocks nor log segments found. Creating new log.
I20260608 09:47:28.458876  4196 tablet_service.cc:1917] Received RequestConsensusVote() RPC: tablet_id: "94ecaaa9320b46b9bae57acce0604f64" candidate_uuid: "fe2805be14ff42bd996158249a277a68" candidate_term: 1 candidate_status { last_received { term: 0 index: 0 } } ignore_live_leader: false dest_uuid: "89bfd03d9bb341e2988aa26b9a586110" is_pre_election: true
I20260608 09:47:28.459713  4196 raft_consensus.cc:2468] T 94ecaaa9320b46b9bae57acce0604f64 P 89bfd03d9bb341e2988aa26b9a586110 [term 0 FOLLOWER]: Leader pre-election vote request: Granting yes vote for candidate fe2805be14ff42bd996158249a277a68 in term 0.
I20260608 09:47:28.458083  4198 tablet_service.cc:1917] Received RequestConsensusVote() RPC: tablet_id: "6a08f4ba20af409aaab6060a8442724c" candidate_uuid: "fe2805be14ff42bd996158249a277a68" candidate_term: 1 candidate_status { last_received { term: 0 index: 0 } } ignore_live_leader: false dest_uuid: "89bfd03d9bb341e2988aa26b9a586110" is_pre_election: true
