I20260608 10:06:27.637975 10999 raft_consensus.cc:2955] T 796309ee70b049b9ba821e0399c5c9dc P 0628fae0252447129c093e90f2b4394d [term 2 LEADER]: Committing config change with OpId 2.5: config changed from index 4 to 5, VOTER 743d2c72c6544c9f9237b2b26290cd9f (127.7.69.66) evicted. New config: { opid_index: 5 OBSOLETE_local: false peers { permanent_uuid: "0628fae0252447129c093e90f2b4394d" member_type: VOTER last_known_addr { host: "127.7.69.65" port: 36251 } } peers { permanent_uuid: "5eb09bcb23f645ba8843f09da894884c" member_type: VOTER last_known_addr { host: "127.7.69.67" port: 38097 } } peers { permanent_uuid: "e8c879565079410cbe9d0240f6674f87" member_type: VOTER last_known_addr { host: "127.7.69.68" port: 40735 } attrs { promote: false } } }
I20260608 10:06:27.640031 10591 raft_consensus.cc:2955] T 796309ee70b049b9ba821e0399c5c9dc P 5eb09bcb23f645ba8843f09da894884c [term 2 FOLLOWER]: Committing config change with OpId 2.5: config changed from index 4 to 5, VOTER 743d2c72c6544c9f9237b2b26290cd9f (127.7.69.66) evicted. New config: { opid_index: 5 OBSOLETE_local: false peers { permanent_uuid: "0628fae0252447129c093e90f2b4394d" member_type: VOTER last_known_addr { host: "127.7.69.65" port: 36251 } } peers { permanent_uuid: "5eb09bcb23f645ba8843f09da894884c" member_type: VOTER last_known_addr { host: "127.7.69.67" port: 38097 } } peers { permanent_uuid: "e8c879565079410cbe9d0240f6674f87" member_type: VOTER last_known_addr { host: "127.7.69.68" port: 40735 } attrs { promote: false } } }
I20260608 10:06:27.644043 10328 catalog_manager.cc:5209] ChangeConfig:REMOVE_PEER RPC for tablet b714622d842b470a899edc0574290d39 with cas_config_opid_index 3: ChangeConfig:REMOVE_PEER succeeded (attempt 1)
I20260608 10:06:27.645008 10338 catalog_manager.cc:5696] T b714622d842b470a899edc0574290d39 P 743d2c72c6544c9f9237b2b26290cd9f reported cstate change: config changed from index 3 to 4, VOTER 5eb09bcb23f645ba8843f09da894884c (127.7.69.67) evicted. New cstate: current_term: 1 leader_uuid: "743d2c72c6544c9f9237b2b26290cd9f" committed_config { opid_index: 4 OBSOLETE_local: false peers { permanent_uuid: "0628fae0252447129c093e90f2b4394d" member_type: VOTER last_known_addr { host: "127.7.69.65" port: 36251 } health_report { overall_health: HEALTHY } } peers { permanent_uuid: "743d2c72c6544c9f9237b2b26290cd9f" member_type: VOTER last_known_addr { host: "127.7.69.66" port: 33657 } health_report { overall_health: HEALTHY } } peers { permanent_uuid: "e8c879565079410cbe9d0240f6674f87" member_type: VOTER last_known_addr { host: "127.7.69.68" port: 40735 } attrs { promote: false } health_report { overall_health: HEALTHY } } }
I20260608 10:06:27.647609 10395 auto_leader_rebalancer.cc:140] leader rebalance for table range_aware_rebalance_new_range
I20260608 10:06:27.655543 10740 raft_consensus.cc:1275] T 796309ee70b049b9ba821e0399c5c9dc P e8c879565079410cbe9d0240f6674f87 [term 2 FOLLOWER]: Refusing update from remote peer 0628fae0252447129c093e90f2b4394d: Log matching property violated. Preceding OpId in replica: term: 2 index: 4. Preceding OpId from leader: term: 2 index: 5. (index mismatch)
I20260608 10:06:27.657601 10958 consensus_queue.cc:1048] T 796309ee70b049b9ba821e0399c5c9dc P 0628fae0252447129c093e90f2b4394d [LEADER]: Connected to new peer: Peer: permanent_uuid: "e8c879565079410cbe9d0240f6674f87" member_type: VOTER last_known_addr { host: "127.7.69.68" port: 40735 } attrs { promote: false }, Status: LMP_MISMATCH, Last received: 0.0, Next index: 5, Last known committed idx: 4, Time since last communication: 0.000s
I20260608 10:06:27.658715 10579 tablet_service.cc:1558] Processing DeleteTablet for tablet b714622d842b470a899edc0574290d39 with delete_type TABLET_DATA_TOMBSTONED (TS 5eb09bcb23f645ba8843f09da894884c not found in new config with opid_index 4) from {username='slave'} at 127.0.0.1:53948
I20260608 10:06:27.668097 10327 catalog_manager.cc:5209] ChangeConfig:REMOVE_PEER RPC for tablet 796309ee70b049b9ba821e0399c5c9dc with cas_config_opid_index 4: ChangeConfig:REMOVE_PEER succeeded (attempt 1)
I20260608 10:06:27.669529 10740 raft_consensus.cc:2955] T 796309ee70b049b9ba821e0399c5c9dc P e8c879565079410cbe9d0240f6674f87 [term 2 FOLLOWER]: Committing config change with OpId 2.5: config changed from index 4 to 5, VOTER 743d2c72c6544c9f9237b2b26290cd9f (127.7.69.66) evicted. New config: { opid_index: 5 OBSOLETE_local: false peers { permanent_uuid: "0628fae0252447129c093e90f2b4394d" member_type: VOTER last_known_addr { host: "127.7.69.65" port: 36251 } } peers { permanent_uuid: "5eb09bcb23f645ba8843f09da894884c" member_type: VOTER last_known_addr { host: "127.7.69.67" port: 38097 } } peers { permanent_uuid: "e8c879565079410cbe9d0240f6674f87" member_type: VOTER last_known_addr { host: "127.7.69.68" port: 40735 } attrs { promote: false } } }
I20260608 10:06:27.672662 11016 raft_consensus.cc:1064] T da69835131054a8993a93b95aa165ef6 P 0628fae0252447129c093e90f2b4394d: attempting to promote NON_VOTER 5eb09bcb23f645ba8843f09da894884c to VOTER
I20260608 10:06:27.677278 11016 consensus_queue.cc:237] T da69835131054a8993a93b95aa165ef6 P 0628fae0252447129c093e90f2b4394d [LEADER]: Queue going to LEADER mode. State: All replicated index: 0, Majority replicated index: 2, Committed index: 2, Last appended: 1.2, Last appended by leader: 0, Current term: 1, Majority size: 3, State: 0, Mode: LEADER, active raft config: opid_index: 3 OBSOLETE_local: false peers { permanent_uuid: "0628fae0252447129c093e90f2b4394d" member_type: VOTER last_known_addr { host: "127.7.69.65" port: 36251 } } peers { permanent_uuid: "743d2c72c6544c9f9237b2b26290cd9f" member_type: VOTER last_known_addr { host: "127.7.69.66" port: 33657 } } peers { permanent_uuid: "e8c879565079410cbe9d0240f6674f87" member_type: VOTER last_known_addr { host: "127.7.69.68" port: 40735 } attrs { replace: true } } peers { permanent_uuid: "5eb09bcb23f645ba8843f09da894884c" member_type: VOTER last_known_addr { host: "127.7.69.67" port: 38097 } attrs { promote: false } }
I20260608 10:06:27.692505 10338 catalog_manager.cc:5696] T 796309ee70b049b9ba821e0399c5c9dc P 0628fae0252447129c093e90f2b4394d reported cstate change: config changed from index 4 to 5, VOTER 743d2c72c6544c9f9237b2b26290cd9f (127.7.69.66) evicted. New cstate: current_term: 2 leader_uuid: "0628fae0252447129c093e90f2b4394d" committed_config { opid_index: 5 OBSOLETE_local: false peers { permanent_uuid: "0628fae0252447129c093e90f2b4394d" member_type: VOTER last_known_addr { host: "127.7.69.65" port: 36251 } health_report { overall_health: HEALTHY } } peers { permanent_uuid: "5eb09bcb23f645ba8843f09da894884c" member_type: VOTER last_known_addr { host: "127.7.69.67" port: 38097 } health_report { overall_health: HEALTHY } } peers { permanent_uuid: "e8c879565079410cbe9d0240f6674f87" member_type: VOTER last_known_addr { host: "127.7.69.68" port: 40735 } attrs { promote: false } health_report { overall_health: UNKNOWN } } }
I20260608 10:06:27.696399 11018 tablet_replica.cc:333] T b714622d842b470a899edc0574290d39 P 5eb09bcb23f645ba8843f09da894884c: stopping tablet replica
I20260608 10:06:27.697552 11018 raft_consensus.cc:2243] T b714622d842b470a899edc0574290d39 P 5eb09bcb23f645ba8843f09da894884c [term 1 FOLLOWER]: Raft consensus shutting down.
I20260608 10:06:27.702450 10517 raft_consensus.cc:1275] T da69835131054a8993a93b95aa165ef6 P 743d2c72c6544c9f9237b2b26290cd9f [term 1 FOLLOWER]: Refusing update from remote peer 0628fae0252447129c093e90f2b4394d: Log matching property violated. Preceding OpId in replica: term: 1 index: 2. Preceding OpId from leader: term: 1 index: 3. (index mismatch)
I20260608 10:06:27.705910 10740 raft_consensus.cc:1275] T da69835131054a8993a93b95aa165ef6 P e8c879565079410cbe9d0240f6674f87 [term 1 FOLLOWER]: Refusing update from remote peer 0628fae0252447129c093e90f2b4394d: Log matching property violated. Preceding OpId in replica: term: 1 index: 2. Preceding OpId from leader: term: 1 index: 3. (index mismatch)
I20260608 10:06:27.706841 10591 raft_consensus.cc:1275] T da69835131054a8993a93b95aa165ef6 P 5eb09bcb23f645ba8843f09da894884c [term 1 LEARNER]: Refusing update from remote peer 0628fae0252447129c093e90f2b4394d: Log matching property violated. Preceding OpId in replica: term: 1 index: 2. Preceding OpId from leader: term: 1 index: 3. (index mismatch)
I20260608 10:06:27.710598 10944 consensus_queue.cc:1048] T da69835131054a8993a93b95aa165ef6 P 0628fae0252447129c093e90f2b4394d [LEADER]: Connected to new peer: Peer: permanent_uuid: "743d2c72c6544c9f9237b2b26290cd9f" member_type: VOTER last_known_addr { host: "127.7.69.66" port: 33657 }, Status: LMP_MISMATCH, Last received: 0.0, Next index: 3, Last known committed idx: 2, Time since last communication: 0.000s
I20260608 10:06:27.711498 11018 raft_consensus.cc:2272] T b714622d842b470a899edc0574290d39 P 5eb09bcb23f645ba8843f09da894884c [term 1 FOLLOWER]: Raft consensus is shut down!
I20260608 10:06:27.713586 10999 consensus_queue.cc:1048] T da69835131054a8993a93b95aa165ef6 P 0628fae0252447129c093e90f2b4394d [LEADER]: Connected to new peer: Peer: permanent_uuid: "5eb09bcb23f645ba8843f09da894884c" member_type: VOTER last_known_addr { host: "127.7.69.67" port: 38097 } attrs { promote: false }, Status: LMP_MISMATCH, Last received: 0.0, Next index: 3, Last known committed idx: 2, Time since last communication: 0.000s
I20260608 10:06:27.716609 11016 consensus_queue.cc:1048] T da69835131054a8993a93b95aa165ef6 P 0628fae0252447129c093e90f2b4394d [LEADER]: Connected to new peer: Peer: permanent_uuid: "e8c879565079410cbe9d0240f6674f87" member_type: VOTER last_known_addr { host: "127.7.69.68" port: 40735 } attrs { replace: true }, Status: LMP_MISMATCH, Last received: 0.0, Next index: 3, Last known committed idx: 2, Time since last communication: 0.001s
I20260608 10:06:27.709465 10395 auto_leader_rebalancer.cc:388] table: range_aware_rebalance_new_range, leader rebalance finish, leader transfer count: 0
I20260608 10:06:27.722249 10395 auto_leader_rebalancer.cc:451] All tables' leader rebalancing finished this round
I20260608 10:06:27.727782 10509 tablet_service.cc:1558] Processing DeleteTablet for tablet 796309ee70b049b9ba821e0399c5c9dc with delete_type TABLET_DATA_TOMBSTONED (TS 743d2c72c6544c9f9237b2b26290cd9f not found in new config with opid_index 5) from {username='slave'} at 127.0.0.1:36866
I20260608 10:06:27.736732 11018 ts_tablet_manager.cc:1916] T b714622d842b470a899edc0574290d39 P 5eb09bcb23f645ba8843f09da894884c: Deleting tablet data with delete state TABLET_DATA_TOMBSTONED
I20260608 10:06:27.755357 11021 tablet_replica.cc:333] T 796309ee70b049b9ba821e0399c5c9dc P 743d2c72c6544c9f9237b2b26290cd9f: stopping tablet replica
I20260608 10:06:27.757436 11021 raft_consensus.cc:2243] T 796309ee70b049b9ba821e0399c5c9dc P 743d2c72c6544c9f9237b2b26290cd9f [term 2 FOLLOWER]: Raft consensus shutting down.
I20260608 10:06:27.759737 11021 raft_consensus.cc:2272] T 796309ee70b049b9ba821e0399c5c9dc P 743d2c72c6544c9f9237b2b26290cd9f [term 2 FOLLOWER]: Raft consensus is shut down!
I20260608 10:06:27.765038 10740 raft_consensus.cc:2955] T da69835131054a8993a93b95aa165ef6 P e8c879565079410cbe9d0240f6674f87 [term 1 FOLLOWER]: Committing config change with OpId 1.3: config changed from index 2 to 3, 5eb09bcb23f645ba8843f09da894884c (127.7.69.67) changed from NON_VOTER to VOTER. New config: { opid_index: 3 OBSOLETE_local: false peers { permanent_uuid: "0628fae0252447129c093e90f2b4394d" member_type: VOTER last_known_addr { host: "127.7.69.65" port: 36251 } } peers { permanent_uuid: "743d2c72c6544c9f9237b2b26290cd9f" member_type: VOTER last_known_addr { host: "127.7.69.66" port: 33657 } } peers { permanent_uuid: "e8c879565079410cbe9d0240f6674f87" member_type: VOTER last_known_addr { host: "127.7.69.68" port: 40735 } attrs { replace: true } } peers { permanent_uuid: "5eb09bcb23f645ba8843f09da894884c" member_type: VOTER last_known_addr { host: "127.7.69.67" port: 38097 } attrs { promote: false } } }
I20260608 10:06:27.768908 10591 raft_consensus.cc:2955] T da69835131054a8993a93b95aa165ef6 P 5eb09bcb23f645ba8843f09da894884c [term 1 FOLLOWER]: Committing config change with OpId 1.3: config changed from index 2 to 3, 5eb09bcb23f645ba8843f09da894884c (127.7.69.67) changed from NON_VOTER to VOTER. New config: { opid_index: 3 OBSOLETE_local: false peers { permanent_uuid: "0628fae0252447129c093e90f2b4394d" member_type: VOTER last_known_addr { host: "127.7.69.65" port: 36251 } } peers { permanent_uuid: "743d2c72c6544c9f9237b2b26290cd9f" member_type: VOTER last_known_addr { host: "127.7.69.66" port: 33657 } } peers { permanent_uuid: "e8c879565079410cbe9d0240f6674f87" member_type: VOTER last_known_addr { host: "127.7.69.68" port: 40735 } attrs { replace: true } } peers { permanent_uuid: "5eb09bcb23f645ba8843f09da894884c" member_type: VOTER last_known_addr { host: "127.7.69.67" port: 38097 } attrs { promote: false } } }
I20260608 10:06:27.762565 11016 raft_consensus.cc:2955] T da69835131054a8993a93b95aa165ef6 P 0628fae0252447129c093e90f2b4394d [term 1 LEADER]: Committing config change with OpId 1.3: config changed from index 2 to 3, 5eb09bcb23f645ba8843f09da894884c (127.7.69.67) changed from NON_VOTER to VOTER. New config: { opid_index: 3 OBSOLETE_local: false peers { permanent_uuid: "0628fae0252447129c093e90f2b4394d" member_type: VOTER last_known_addr { host: "127.7.69.65" port: 36251 } } peers { permanent_uuid: "743d2c72c6544c9f9237b2b26290cd9f" member_type: VOTER last_known_addr { host: "127.7.69.66" port: 33657 } } peers { permanent_uuid: "e8c879565079410cbe9d0240f6674f87" member_type: VOTER last_known_addr { host: "127.7.69.68" port: 40735 } attrs { replace: true } } peers { permanent_uuid: "5eb09bcb23f645ba8843f09da894884c" member_type: VOTER last_known_addr { host: "127.7.69.67" port: 38097 } attrs { promote: false } } }
I20260608 10:06:27.773763 11021 ts_tablet_manager.cc:1916] T 796309ee70b049b9ba821e0399c5c9dc P 743d2c72c6544c9f9237b2b26290cd9f: Deleting tablet data with delete state TABLET_DATA_TOMBSTONED
I20260608 10:06:27.786952 10340 catalog_manager.cc:5696] T da69835131054a8993a93b95aa165ef6 P e8c879565079410cbe9d0240f6674f87 reported cstate change: config changed from index 2 to 3, 5eb09bcb23f645ba8843f09da894884c (127.7.69.67) changed from NON_VOTER to VOTER. New cstate: current_term: 1 leader_uuid: "0628fae0252447129c093e90f2b4394d" committed_config { opid_index: 3 OBSOLETE_local: false peers { permanent_uuid: "0628fae0252447129c093e90f2b4394d" member_type: VOTER last_known_addr { host: "127.7.69.65" port: 36251 } } peers { permanent_uuid: "743d2c72c6544c9f9237b2b26290cd9f" member_type: VOTER last_known_addr { host: "127.7.69.66" port: 33657 } } peers { permanent_uuid: "e8c879565079410cbe9d0240f6674f87" member_type: VOTER last_known_addr { host: "127.7.69.68" port: 40735 } attrs { replace: true } } peers { permanent_uuid: "5eb09bcb23f645ba8843f09da894884c" member_type: VOTER last_known_addr { host: "127.7.69.67" port: 38097 } attrs { promote: false } } }
I20260608 10:06:27.801318 10517 raft_consensus.cc:2955] T da69835131054a8993a93b95aa165ef6 P 743d2c72c6544c9f9237b2b26290cd9f [term 1 FOLLOWER]: Committing config change with OpId 1.3: config changed from index 2 to 3, 5eb09bcb23f645ba8843f09da894884c (127.7.69.67) changed from NON_VOTER to VOTER. New config: { opid_index: 3 OBSOLETE_local: false peers { permanent_uuid: "0628fae0252447129c093e90f2b4394d" member_type: VOTER last_known_addr { host: "127.7.69.65" port: 36251 } } peers { permanent_uuid: "743d2c72c6544c9f9237b2b26290cd9f" member_type: VOTER last_known_addr { host: "127.7.69.66" port: 33657 } } peers { permanent_uuid: "e8c879565079410cbe9d0240f6674f87" member_type: VOTER last_known_addr { host: "127.7.69.68" port: 40735 } attrs { replace: true } } peers { permanent_uuid: "5eb09bcb23f645ba8843f09da894884c" member_type: VOTER last_known_addr { host: "127.7.69.67" port: 38097 } attrs { promote: false } } }
I20260608 10:06:27.802526 11021 ts_tablet_manager.cc:1929] T 796309ee70b049b9ba821e0399c5c9dc P 743d2c72c6544c9f9237b2b26290cd9f: tablet deleted with delete type TABLET_DATA_TOMBSTONED: last-logged OpId 2.4
I20260608 10:06:27.803390 11021 log.cc:1199] T 796309ee70b049b9ba821e0399c5c9dc P 743d2c72c6544c9f9237b2b26290cd9f: Deleting WAL directory at /tmp/dist-test-taskYGp5ED/test-tmp/auto_rebalancer-test.0.AutoRebalancerTest.RangeAwareRebalancesNewRangeReplicas.1780913094345964-7445-0/minicluster-data/ts-1-root/wals/796309ee70b049b9ba821e0399c5c9dc
I20260608 10:06:27.805748 10328 catalog_manager.cc:5027] TS 743d2c72c6544c9f9237b2b26290cd9f (127.7.69.66:33657): tablet 796309ee70b049b9ba821e0399c5c9dc (table range_aware_rebalance_new_range [id=b39d2b8798644c48a950b17d345b9b47]) successfully deleted
I20260608 10:06:27.818324 11018 ts_tablet_manager.cc:1929] T b714622d842b470a899edc0574290d39 P 5eb09bcb23f645ba8843f09da894884c: tablet deleted with delete type TABLET_DATA_TOMBSTONED: last-logged OpId 1.3
I20260608 10:06:27.818908 11018 log.cc:1199] T b714622d842b470a899edc0574290d39 P 5eb09bcb23f645ba8843f09da894884c: Deleting WAL directory at /tmp/dist-test-taskYGp5ED/test-tmp/auto_rebalancer-test.0.AutoRebalancerTest.RangeAwareRebalancesNewRangeReplicas.1780913094345964-7445-0/minicluster-data/ts-2-root/wals/b714622d842b470a899edc0574290d39
I20260608 10:06:27.818792 10441 consensus_queue.cc:237] T da69835131054a8993a93b95aa165ef6 P 0628fae0252447129c093e90f2b4394d [LEADER]: Queue going to LEADER mode. State: All replicated index: 0, Majority replicated index: 3, Committed index: 3, Last appended: 1.3, Last appended by leader: 0, Current term: 1, Majority size: 2, State: 0, Mode: LEADER, active raft config: opid_index: 4 OBSOLETE_local: false peers { permanent_uuid: "0628fae0252447129c093e90f2b4394d" member_type: VOTER last_known_addr { host: "127.7.69.65" port: 36251 } } peers { permanent_uuid: "743d2c72c6544c9f9237b2b26290cd9f" member_type: VOTER last_known_addr { host: "127.7.69.66" port: 33657 } } peers { permanent_uuid: "5eb09bcb23f645ba8843f09da894884c" member_type: VOTER last_known_addr { host: "127.7.69.67" port: 38097 } attrs { promote: false } }
I20260608 10:06:27.821832 10328 catalog_manager.cc:5027] TS 5eb09bcb23f645ba8843f09da894884c (127.7.69.67:38097): tablet b714622d842b470a899edc0574290d39 (table range_aware_rebalance_new_range [id=b39d2b8798644c48a950b17d345b9b47]) successfully deleted
I20260608 10:06:27.836197 10591 raft_consensus.cc:1275] T da69835131054a8993a93b95aa165ef6 P 5eb09bcb23f645ba8843f09da894884c [term 1 FOLLOWER]: Refusing update from remote peer 0628fae0252447129c093e90f2b4394d: Log matching property violated. Preceding OpId in replica: term: 1 index: 3. Preceding OpId from leader: term: 1 index: 4. (index mismatch)
I20260608 10:06:27.837935 10944 consensus_queue.cc:1048] T da69835131054a8993a93b95aa165ef6 P 0628fae0252447129c093e90f2b4394d [LEADER]: Connected to new peer: Peer: permanent_uuid: "5eb09bcb23f645ba8843f09da894884c" member_type: VOTER last_known_addr { host: "127.7.69.67" port: 38097 } attrs { promote: false }, Status: LMP_MISMATCH, Last received: 0.0, Next index: 4, Last known committed idx: 3, Time since last communication: 0.000s
I20260608 10:06:27.840263 10517 raft_consensus.cc:1275] T da69835131054a8993a93b95aa165ef6 P 743d2c72c6544c9f9237b2b26290cd9f [term 1 FOLLOWER]: Refusing update from remote peer 0628fae0252447129c093e90f2b4394d: Log matching property violated. Preceding OpId in replica: term: 1 index: 3. Preceding OpId from leader: term: 1 index: 4. (index mismatch)
I20260608 10:06:27.842689 10944 consensus_queue.cc:1048] T da69835131054a8993a93b95aa165ef6 P 0628fae0252447129c093e90f2b4394d [LEADER]: Connected to new peer: Peer: permanent_uuid: "743d2c72c6544c9f9237b2b26290cd9f" member_type: VOTER last_known_addr { host: "127.7.69.66" port: 33657 }, Status: LMP_MISMATCH, Last received: 0.0, Next index: 4, Last known committed idx: 3, Time since last communication: 0.000s
I20260608 10:06:27.848520 10999 raft_consensus.cc:2955] T da69835131054a8993a93b95aa165ef6 P 0628fae0252447129c093e90f2b4394d [term 1 LEADER]: Committing config change with OpId 1.4: config changed from index 3 to 4, VOTER e8c879565079410cbe9d0240f6674f87 (127.7.69.68) evicted. New config: { opid_index: 4 OBSOLETE_local: false peers { permanent_uuid: "0628fae0252447129c093e90f2b4394d" member_type: VOTER last_known_addr { host: "127.7.69.65" port: 36251 } } peers { permanent_uuid: "743d2c72c6544c9f9237b2b26290cd9f" member_type: VOTER last_known_addr { host: "127.7.69.66" port: 33657 } } peers { permanent_uuid: "5eb09bcb23f645ba8843f09da894884c" member_type: VOTER last_known_addr { host: "127.7.69.67" port: 38097 } attrs { promote: false } } }
I20260608 10:06:27.853046 10592 raft_consensus.cc:2955] T da69835131054a8993a93b95aa165ef6 P 5eb09bcb23f645ba8843f09da894884c [term 1 FOLLOWER]: Committing config change with OpId 1.4: config changed from index 3 to 4, VOTER e8c879565079410cbe9d0240f6674f87 (127.7.69.68) evicted. New config: { opid_index: 4 OBSOLETE_local: false peers { permanent_uuid: "0628fae0252447129c093e90f2b4394d" member_type: VOTER last_known_addr { host: "127.7.69.65" port: 36251 } } peers { permanent_uuid: "743d2c72c6544c9f9237b2b26290cd9f" member_type: VOTER last_known_addr { host: "127.7.69.66" port: 33657 } } peers { permanent_uuid: "5eb09bcb23f645ba8843f09da894884c" member_type: VOTER last_known_addr { host: "127.7.69.67" port: 38097 } attrs { promote: false } } }
I20260608 10:06:27.860045 10518 raft_consensus.cc:2955] T da69835131054a8993a93b95aa165ef6 P 743d2c72c6544c9f9237b2b26290cd9f [term 1 FOLLOWER]: Committing config change with OpId 1.4: config changed from index 3 to 4, VOTER e8c879565079410cbe9d0240f6674f87 (127.7.69.68) evicted. New config: { opid_index: 4 OBSOLETE_local: false peers { permanent_uuid: "0628fae0252447129c093e90f2b4394d" member_type: VOTER last_known_addr { host: "127.7.69.65" port: 36251 } } peers { permanent_uuid: "743d2c72c6544c9f9237b2b26290cd9f" member_type: VOTER last_known_addr { host: "127.7.69.66" port: 33657 } } peers { permanent_uuid: "5eb09bcb23f645ba8843f09da894884c" member_type: VOTER last_known_addr { host: "127.7.69.67" port: 38097 } attrs { promote: false } } }
I20260608 10:06:27.860978 10327 catalog_manager.cc:5209] ChangeConfig:REMOVE_PEER RPC for tablet da69835131054a8993a93b95aa165ef6 with cas_config_opid_index 3: ChangeConfig:REMOVE_PEER succeeded (attempt 1)
I20260608 10:06:27.866935 10338 catalog_manager.cc:5696] T da69835131054a8993a93b95aa165ef6 P 0628fae0252447129c093e90f2b4394d reported cstate change: config changed from index 3 to 4, VOTER e8c879565079410cbe9d0240f6674f87 (127.7.69.68) evicted. New cstate: current_term: 1 leader_uuid: "0628fae0252447129c093e90f2b4394d" committed_config { opid_index: 4 OBSOLETE_local: false peers { permanent_uuid: "0628fae0252447129c093e90f2b4394d" member_type: VOTER last_known_addr { host: "127.7.69.65" port: 36251 } health_report { overall_health: HEALTHY } } peers { permanent_uuid: "743d2c72c6544c9f9237b2b26290cd9f" member_type: VOTER last_known_addr { host: "127.7.69.66" port: 33657 } health_report { overall_health: HEALTHY } } peers { permanent_uuid: "5eb09bcb23f645ba8843f09da894884c" member_type: VOTER last_known_addr { host: "127.7.69.67" port: 38097 } attrs { promote: false } health_report { overall_health: HEALTHY } } }
I20260608 10:06:27.879139 10725 tablet_service.cc:1558] Processing DeleteTablet for tablet da69835131054a8993a93b95aa165ef6 with delete_type TABLET_DATA_TOMBSTONED (TS e8c879565079410cbe9d0240f6674f87 not found in new config with opid_index 4) from {username='slave'} at 127.0.0.1:59536
I20260608 10:06:27.888623 11024 tablet_replica.cc:333] T da69835131054a8993a93b95aa165ef6 P e8c879565079410cbe9d0240f6674f87: stopping tablet replica
I20260608 10:06:27.889825 11024 raft_consensus.cc:2243] T da69835131054a8993a93b95aa165ef6 P e8c879565079410cbe9d0240f6674f87 [term 1 FOLLOWER]: Raft consensus shutting down.
I20260608 10:06:27.890738 11024 raft_consensus.cc:2272] T da69835131054a8993a93b95aa165ef6 P e8c879565079410cbe9d0240f6674f87 [term 1 FOLLOWER]: Raft consensus is shut down!
I20260608 10:06:27.895792 11024 ts_tablet_manager.cc:1916] T da69835131054a8993a93b95aa165ef6 P e8c879565079410cbe9d0240f6674f87: Deleting tablet data with delete state TABLET_DATA_TOMBSTONED
I20260608 10:06:27.913918 11024 ts_tablet_manager.cc:1929] T da69835131054a8993a93b95aa165ef6 P e8c879565079410cbe9d0240f6674f87: tablet deleted with delete type TABLET_DATA_TOMBSTONED: last-logged OpId 1.3
I20260608 10:06:27.914386 11024 log.cc:1199] T da69835131054a8993a93b95aa165ef6 P e8c879565079410cbe9d0240f6674f87: Deleting WAL directory at /tmp/dist-test-taskYGp5ED/test-tmp/auto_rebalancer-test.0.AutoRebalancerTest.RangeAwareRebalancesNewRangeReplicas.1780913094345964-7445-0/minicluster-data/ts-3-root/wals/da69835131054a8993a93b95aa165ef6
I20260608 10:06:27.916441 10329 catalog_manager.cc:5027] TS e8c879565079410cbe9d0240f6674f87 (127.7.69.68:40735): tablet da69835131054a8993a93b95aa165ef6 (table range_aware_rebalance_new_range [id=b39d2b8798644c48a950b17d345b9b47]) successfully deleted
I20260608 10:06:28.910945 10592 consensus_queue.cc:237] T 125adf17a22a40148a6b8bd2931e90aa P 5eb09bcb23f645ba8843f09da894884c [LEADER]: Queue going to LEADER mode. State: All replicated index: 0, Majority replicated index: 1, Committed index: 1, Last appended: 1.1, Last appended by leader: 0, Current term: 1, Majority size: 2, State: 0, Mode: LEADER, active raft config: opid_index: 2 OBSOLETE_local: false peers { permanent_uuid: "e8c879565079410cbe9d0240f6674f87" member_type: VOTER last_known_addr { host: "127.7.69.68" port: 40735 } attrs { replace: true } } peers { permanent_uuid: "0628fae0252447129c093e90f2b4394d" member_type: VOTER last_known_addr { host: "127.7.69.65" port: 36251 } } peers { permanent_uuid: "5eb09bcb23f645ba8843f09da894884c" member_type: VOTER last_known_addr { host: "127.7.69.67" port: 38097 } } peers { permanent_uuid: "743d2c72c6544c9f9237b2b26290cd9f" member_type: NON_VOTER last_known_addr { host: "127.7.69.66" port: 33657 } attrs { promote: true } }
W20260608 10:06:28.918416 10558 consensus_peers.cc:597] T 125adf17a22a40148a6b8bd2931e90aa P 5eb09bcb23f645ba8843f09da894884c -> Peer 743d2c72c6544c9f9237b2b26290cd9f (127.7.69.66:33657): Couldn't send request to peer 743d2c72c6544c9f9237b2b26290cd9f. Error code: TABLET_NOT_FOUND (6). Status: Not found: Tablet not found: 125adf17a22a40148a6b8bd2931e90aa. This is attempt 1: this message will repeat every 5th retry.
I20260608 10:06:28.918821 10442 raft_consensus.cc:1275] T 125adf17a22a40148a6b8bd2931e90aa P 0628fae0252447129c093e90f2b4394d [term 1 FOLLOWER]: Refusing update from remote peer 5eb09bcb23f645ba8843f09da894884c: Log matching property violated. Preceding OpId in replica: term: 1 index: 1. Preceding OpId from leader: term: 1 index: 2. (index mismatch)
I20260608 10:06:28.919483 10739 raft_consensus.cc:1275] T 125adf17a22a40148a6b8bd2931e90aa P e8c879565079410cbe9d0240f6674f87 [term 1 FOLLOWER]: Refusing update from remote peer 5eb09bcb23f645ba8843f09da894884c: Log matching property violated. Preceding OpId in replica: term: 1 index: 1. Preceding OpId from leader: term: 1 index: 2. (index mismatch)
I20260608 10:06:28.920435 11000 consensus_queue.cc:1048] T 125adf17a22a40148a6b8bd2931e90aa P 5eb09bcb23f645ba8843f09da894884c [LEADER]: Connected to new peer: Peer: permanent_uuid: "0628fae0252447129c093e90f2b4394d" member_type: VOTER last_known_addr { host: "127.7.69.65" port: 36251 }, Status: LMP_MISMATCH, Last received: 0.0, Next index: 2, Last known committed idx: 1, Time since last communication: 0.000s
I20260608 10:06:28.922014 11000 consensus_queue.cc:1048] T 125adf17a22a40148a6b8bd2931e90aa P 5eb09bcb23f645ba8843f09da894884c [LEADER]: Connected to new peer: Peer: permanent_uuid: "e8c879565079410cbe9d0240f6674f87" member_type: VOTER last_known_addr { host: "127.7.69.68" port: 40735 } attrs { replace: true }, Status: LMP_MISMATCH, Last received: 0.0, Next index: 2, Last known committed idx: 1, Time since last communication: 0.000s
I20260608 10:06:28.933780 11027 raft_consensus.cc:2955] T 125adf17a22a40148a6b8bd2931e90aa P 5eb09bcb23f645ba8843f09da894884c [term 1 LEADER]: Committing config change with OpId 1.2: config changed from index -1 to 2, NON_VOTER 743d2c72c6544c9f9237b2b26290cd9f (127.7.69.66) added. New config: { opid_index: 2 OBSOLETE_local: false peers { permanent_uuid: "e8c879565079410cbe9d0240f6674f87" member_type: VOTER last_known_addr { host: "127.7.69.68" port: 40735 } attrs { replace: true } } peers { permanent_uuid: "0628fae0252447129c093e90f2b4394d" member_type: VOTER last_known_addr { host: "127.7.69.65" port: 36251 } } peers { permanent_uuid: "5eb09bcb23f645ba8843f09da894884c" member_type: VOTER last_known_addr { host: "127.7.69.67" port: 38097 } } peers { permanent_uuid: "743d2c72c6544c9f9237b2b26290cd9f" member_type: NON_VOTER last_known_addr { host: "127.7.69.66" port: 33657 } attrs { promote: true } } }
I20260608 10:06:28.937855 10740 raft_consensus.cc:2955] T 125adf17a22a40148a6b8bd2931e90aa P e8c879565079410cbe9d0240f6674f87 [term 1 FOLLOWER]: Committing config change with OpId 1.2: config changed from index -1 to 2, NON_VOTER 743d2c72c6544c9f9237b2b26290cd9f (127.7.69.66) added. New config: { opid_index: 2 OBSOLETE_local: false peers { permanent_uuid: "e8c879565079410cbe9d0240f6674f87" member_type: VOTER last_known_addr { host: "127.7.69.68" port: 40735 } attrs { replace: true } } peers { permanent_uuid: "0628fae0252447129c093e90f2b4394d" member_type: VOTER last_known_addr { host: "127.7.69.65" port: 36251 } } peers { permanent_uuid: "5eb09bcb23f645ba8843f09da894884c" member_type: VOTER last_known_addr { host: "127.7.69.67" port: 38097 } } peers { permanent_uuid: "743d2c72c6544c9f9237b2b26290cd9f" member_type: NON_VOTER last_known_addr { host: "127.7.69.66" port: 33657 } attrs { promote: true } } }
I20260608 10:06:28.950505 10441 raft_consensus.cc:2955] T 125adf17a22a40148a6b8bd2931e90aa P 0628fae0252447129c093e90f2b4394d [term 1 FOLLOWER]: Committing config change with OpId 1.2: config changed from index -1 to 2, NON_VOTER 743d2c72c6544c9f9237b2b26290cd9f (127.7.69.66) added. New config: { opid_index: 2 OBSOLETE_local: false peers { permanent_uuid: "e8c879565079410cbe9d0240f6674f87" member_type: VOTER last_known_addr { host: "127.7.69.68" port: 40735 } attrs { replace: true } } peers { permanent_uuid: "0628fae0252447129c093e90f2b4394d" member_type: VOTER last_known_addr { host: "127.7.69.65" port: 36251 } } peers { permanent_uuid: "5eb09bcb23f645ba8843f09da894884c" member_type: VOTER last_known_addr { host: "127.7.69.67" port: 38097 } } peers { permanent_uuid: "743d2c72c6544c9f9237b2b26290cd9f" member_type: NON_VOTER last_known_addr { host: "127.7.69.66" port: 33657 } attrs { promote: true } } }
I20260608 10:06:28.972009 10340 catalog_manager.cc:5696] T 125adf17a22a40148a6b8bd2931e90aa P 0628fae0252447129c093e90f2b4394d reported cstate change: config changed from index -1 to 2, NON_VOTER 743d2c72c6544c9f9237b2b26290cd9f (127.7.69.66) added. New cstate: current_term: 1 leader_uuid: "5eb09bcb23f645ba8843f09da894884c" committed_config { opid_index: 2 OBSOLETE_local: false peers { permanent_uuid: "e8c879565079410cbe9d0240f6674f87" member_type: VOTER last_known_addr { host: "127.7.69.68" port: 40735 } attrs { replace: true } } peers { permanent_uuid: "0628fae0252447129c093e90f2b4394d" member_type: VOTER last_known_addr { host: "127.7.69.65" port: 36251 } } peers { permanent_uuid: "5eb09bcb23f645ba8843f09da894884c" member_type: VOTER last_known_addr { host: "127.7.69.67" port: 38097 } } peers { permanent_uuid: "743d2c72c6544c9f9237b2b26290cd9f" member_type: NON_VOTER last_known_addr { host: "127.7.69.66" port: 33657 } attrs { promote: true } } }
I20260608 10:06:29.418314 11037 ts_tablet_manager.cc:933] T 125adf17a22a40148a6b8bd2931e90aa P 743d2c72c6544c9f9237b2b26290cd9f: Initiating tablet copy from peer 5eb09bcb23f645ba8843f09da894884c (127.7.69.67:38097)
I20260608 10:06:29.420575 11037 tablet_copy_client.cc:323] T 125adf17a22a40148a6b8bd2931e90aa P 743d2c72c6544c9f9237b2b26290cd9f: tablet copy: Beginning tablet copy session from remote peer at address 127.7.69.67:38097
I20260608 10:06:29.422722 10603 tablet_copy_service.cc:140] P 5eb09bcb23f645ba8843f09da894884c: Received BeginTabletCopySession request for tablet 125adf17a22a40148a6b8bd2931e90aa from peer 743d2c72c6544c9f9237b2b26290cd9f ({username='slave'} at 127.0.0.1:53952)
I20260608 10:06:29.423377 10603 tablet_copy_service.cc:161] P 5eb09bcb23f645ba8843f09da894884c: Beginning new tablet copy session on tablet 125adf17a22a40148a6b8bd2931e90aa from peer 743d2c72c6544c9f9237b2b26290cd9f at {username='slave'} at 127.0.0.1:53952: session id = 743d2c72c6544c9f9237b2b26290cd9f-125adf17a22a40148a6b8bd2931e90aa
I20260608 10:06:29.433934 10603 tablet_copy_source_session.cc:215] T 125adf17a22a40148a6b8bd2931e90aa P 5eb09bcb23f645ba8843f09da894884c: Tablet Copy: opened 0 blocks and 1 log segments
I20260608 10:06:29.437594 11037 data_dirs.cc:400] Could only allocate 1 dirs of requested 3 for tablet 125adf17a22a40148a6b8bd2931e90aa. 1 dirs total, 0 dirs full, 0 dirs failed
I20260608 10:06:29.454897 11037 tablet_copy_client.cc:806] T 125adf17a22a40148a6b8bd2931e90aa P 743d2c72c6544c9f9237b2b26290cd9f: tablet copy: Starting download of 0 data blocks...
I20260608 10:06:29.455518 11037 tablet_copy_client.cc:670] T 125adf17a22a40148a6b8bd2931e90aa P 743d2c72c6544c9f9237b2b26290cd9f: tablet copy: Starting download of 1 WAL segments...
I20260608 10:06:29.460103 11037 tablet_copy_client.cc:538] T 125adf17a22a40148a6b8bd2931e90aa P 743d2c72c6544c9f9237b2b26290cd9f: tablet copy: Tablet Copy complete. Replacing tablet superblock.
I20260608 10:06:29.469588 11037 tablet_bootstrap.cc:492] T 125adf17a22a40148a6b8bd2931e90aa P 743d2c72c6544c9f9237b2b26290cd9f: Bootstrap starting.
I20260608 10:06:29.514424 11037 tablet_bootstrap.cc:492] T 125adf17a22a40148a6b8bd2931e90aa P 743d2c72c6544c9f9237b2b26290cd9f: Bootstrap replayed 1/1 log segments. Stats: ops{read=2 overwritten=0 applied=2 ignored=0} inserts{seen=0 ignored=0} mutations{seen=0 ignored=0} orphaned_commits=0. Pending: 0 replicates
I20260608 10:06:29.515230 11037 tablet_bootstrap.cc:492] T 125adf17a22a40148a6b8bd2931e90aa P 743d2c72c6544c9f9237b2b26290cd9f: Bootstrap complete.
I20260608 10:06:29.515931 11037 ts_tablet_manager.cc:1403] T 125adf17a22a40148a6b8bd2931e90aa P 743d2c72c6544c9f9237b2b26290cd9f: Time spent bootstrapping tablet: real 0.047s	user 0.025s	sys 0.019s
I20260608 10:06:29.518501 11037 raft_consensus.cc:359] T 125adf17a22a40148a6b8bd2931e90aa P 743d2c72c6544c9f9237b2b26290cd9f [term 1 LEARNER]: Replica starting. Triggering 0 pending ops. Active config: opid_index: 2 OBSOLETE_local: false peers { permanent_uuid: "e8c879565079410cbe9d0240f6674f87" member_type: VOTER last_known_addr { host: "127.7.69.68" port: 40735 } attrs { replace: true } } peers { permanent_uuid: "0628fae0252447129c093e90f2b4394d" member_type: VOTER last_known_addr { host: "127.7.69.65" port: 36251 } } peers { permanent_uuid: "5eb09bcb23f645ba8843f09da894884c" member_type: VOTER last_known_addr { host: "127.7.69.67" port: 38097 } } peers { permanent_uuid: "743d2c72c6544c9f9237b2b26290cd9f" member_type: NON_VOTER last_known_addr { host: "127.7.69.66" port: 33657 } attrs { promote: true } }
I20260608 10:06:29.519145 11037 raft_consensus.cc:740] T 125adf17a22a40148a6b8bd2931e90aa P 743d2c72c6544c9f9237b2b26290cd9f [term 1 LEARNER]: Becoming Follower/Learner. State: Replica: 743d2c72c6544c9f9237b2b26290cd9f, State: Initialized, Role: LEARNER
I20260608 10:06:29.519855 11037 consensus_queue.cc:260] T 125adf17a22a40148a6b8bd2931e90aa P 743d2c72c6544c9f9237b2b26290cd9f [NON_LEADER]: Queue going to NON_LEADER mode. State: All replicated index: 0, Majority replicated index: 0, Committed index: 2, Last appended: 1.2, Last appended by leader: 2, Current term: 0, Majority size: -1, State: 0, Mode: NON_LEADER, active raft config: opid_index: 2 OBSOLETE_local: false peers { permanent_uuid: "e8c879565079410cbe9d0240f6674f87" member_type: VOTER last_known_addr { host: "127.7.69.68" port: 40735 } attrs { replace: true } } peers { permanent_uuid: "0628fae0252447129c093e90f2b4394d" member_type: VOTER last_known_addr { host: "127.7.69.65" port: 36251 } } peers { permanent_uuid: "5eb09bcb23f645ba8843f09da894884c" member_type: VOTER last_known_addr { host: "127.7.69.67" port: 38097 } } peers { permanent_uuid: "743d2c72c6544c9f9237b2b26290cd9f" member_type: NON_VOTER last_known_addr { host: "127.7.69.66" port: 33657 } attrs { promote: true } }
I20260608 10:06:29.522266 11037 ts_tablet_manager.cc:1434] T 125adf17a22a40148a6b8bd2931e90aa P 743d2c72c6544c9f9237b2b26290cd9f: Time spent starting tablet: real 0.006s	user 0.002s	sys 0.002s
I20260608 10:06:29.524627 10603 tablet_copy_service.cc:342] P 5eb09bcb23f645ba8843f09da894884c: Request end of tablet copy session 743d2c72c6544c9f9237b2b26290cd9f-125adf17a22a40148a6b8bd2931e90aa received from {username='slave'} at 127.0.0.1:53952
I20260608 10:06:29.525094 10603 tablet_copy_service.cc:434] P 5eb09bcb23f645ba8843f09da894884c: ending tablet copy session 743d2c72c6544c9f9237b2b26290cd9f-125adf17a22a40148a6b8bd2931e90aa on tablet 125adf17a22a40148a6b8bd2931e90aa with peer 743d2c72c6544c9f9237b2b26290cd9f
I20260608 10:06:29.723590 10395 auto_leader_rebalancer.cc:140] leader rebalance for table range_aware_rebalance_new_range
I20260608 10:06:29.743916 10395 auto_leader_rebalancer.cc:388] table: range_aware_rebalance_new_range, leader rebalance finish, leader transfer count: 0
I20260608 10:06:29.744884 10395 auto_leader_rebalancer.cc:451] All tables' leader rebalancing finished this round
I20260608 10:06:29.947149 10518 raft_consensus.cc:1217] T 125adf17a22a40148a6b8bd2931e90aa P 743d2c72c6544c9f9237b2b26290cd9f [term 1 LEARNER]: Deduplicated request from leader. Original: 1.1->[1.2-1.2]   Dedup: 1.2->[]
I20260608 10:06:30.392313 11000 raft_consensus.cc:1064] T 125adf17a22a40148a6b8bd2931e90aa P 5eb09bcb23f645ba8843f09da894884c: attempting to promote NON_VOTER 743d2c72c6544c9f9237b2b26290cd9f to VOTER
I20260608 10:06:30.395298 11000 consensus_queue.cc:237] T 125adf17a22a40148a6b8bd2931e90aa P 5eb09bcb23f645ba8843f09da894884c [LEADER]: Queue going to LEADER mode. State: All replicated index: 0, Majority replicated index: 2, Committed index: 2, Last appended: 1.2, Last appended by leader: 0, Current term: 1, Majority size: 3, State: 0, Mode: LEADER, active raft config: opid_index: 3 OBSOLETE_local: false peers { permanent_uuid: "e8c879565079410cbe9d0240f6674f87" member_type: VOTER last_known_addr { host: "127.7.69.68" port: 40735 } attrs { replace: true } } peers { permanent_uuid: "0628fae0252447129c093e90f2b4394d" member_type: VOTER last_known_addr { host: "127.7.69.65" port: 36251 } } peers { permanent_uuid: "5eb09bcb23f645ba8843f09da894884c" member_type: VOTER last_known_addr { host: "127.7.69.67" port: 38097 } } peers { permanent_uuid: "743d2c72c6544c9f9237b2b26290cd9f" member_type: VOTER last_known_addr { host: "127.7.69.66" port: 33657 } attrs { promote: false } }
I20260608 10:06:30.403381 10518 raft_consensus.cc:1275] T 125adf17a22a40148a6b8bd2931e90aa P 743d2c72c6544c9f9237b2b26290cd9f [term 1 LEARNER]: Refusing update from remote peer 5eb09bcb23f645ba8843f09da894884c: Log matching property violated. Preceding OpId in replica: term: 1 index: 2. Preceding OpId from leader: term: 1 index: 3. (index mismatch)
I20260608 10:06:30.405269 11040 consensus_queue.cc:1048] T 125adf17a22a40148a6b8bd2931e90aa P 5eb09bcb23f645ba8843f09da894884c [LEADER]: Connected to new peer: Peer: permanent_uuid: "743d2c72c6544c9f9237b2b26290cd9f" member_type: VOTER last_known_addr { host: "127.7.69.66" port: 33657 } attrs { promote: false }, Status: LMP_MISMATCH, Last received: 0.0, Next index: 3, Last known committed idx: 2, Time since last communication: 0.000s
I20260608 10:06:30.417136 10441 raft_consensus.cc:1275] T 125adf17a22a40148a6b8bd2931e90aa P 0628fae0252447129c093e90f2b4394d [term 1 FOLLOWER]: Refusing update from remote peer 5eb09bcb23f645ba8843f09da894884c: Log matching property violated. Preceding OpId in replica: term: 1 index: 2. Preceding OpId from leader: term: 1 index: 3. (index mismatch)
I20260608 10:06:30.419257 11040 consensus_queue.cc:1048] T 125adf17a22a40148a6b8bd2931e90aa P 5eb09bcb23f645ba8843f09da894884c [LEADER]: Connected to new peer: Peer: permanent_uuid: "0628fae0252447129c093e90f2b4394d" member_type: VOTER last_known_addr { host: "127.7.69.65" port: 36251 }, Status: LMP_MISMATCH, Last received: 0.0, Next index: 3, Last known committed idx: 2, Time since last communication: 0.000s
I20260608 10:06:30.421720 10740 raft_consensus.cc:1275] T 125adf17a22a40148a6b8bd2931e90aa P e8c879565079410cbe9d0240f6674f87 [term 1 FOLLOWER]: Refusing update from remote peer 5eb09bcb23f645ba8843f09da894884c: Log matching property violated. Preceding OpId in replica: term: 1 index: 2. Preceding OpId from leader: term: 1 index: 3. (index mismatch)
I20260608 10:06:30.423401 11041 consensus_queue.cc:1048] T 125adf17a22a40148a6b8bd2931e90aa P 5eb09bcb23f645ba8843f09da894884c [LEADER]: Connected to new peer: Peer: permanent_uuid: "e8c879565079410cbe9d0240f6674f87" member_type: VOTER last_known_addr { host: "127.7.69.68" port: 40735 } attrs { replace: true }, Status: LMP_MISMATCH, Last received: 0.0, Next index: 3, Last known committed idx: 2, Time since last communication: 0.000s
I20260608 10:06:30.444386 11041 raft_consensus.cc:2955] T 125adf17a22a40148a6b8bd2931e90aa P 5eb09bcb23f645ba8843f09da894884c [term 1 LEADER]: Committing config change with OpId 1.3: config changed from index 2 to 3, 743d2c72c6544c9f9237b2b26290cd9f (127.7.69.66) changed from NON_VOTER to VOTER. New config: { opid_index: 3 OBSOLETE_local: false peers { permanent_uuid: "e8c879565079410cbe9d0240f6674f87" member_type: VOTER last_known_addr { host: "127.7.69.68" port: 40735 } attrs { replace: true } } peers { permanent_uuid: "0628fae0252447129c093e90f2b4394d" member_type: VOTER last_known_addr { host: "127.7.69.65" port: 36251 } } peers { permanent_uuid: "5eb09bcb23f645ba8843f09da894884c" member_type: VOTER last_known_addr { host: "127.7.69.67" port: 38097 } } peers { permanent_uuid: "743d2c72c6544c9f9237b2b26290cd9f" member_type: VOTER last_known_addr { host: "127.7.69.66" port: 33657 } attrs { promote: false } } }
I20260608 10:06:30.448827 10517 raft_consensus.cc:2955] T 125adf17a22a40148a6b8bd2931e90aa P 743d2c72c6544c9f9237b2b26290cd9f [term 1 FOLLOWER]: Committing config change with OpId 1.3: config changed from index 2 to 3, 743d2c72c6544c9f9237b2b26290cd9f (127.7.69.66) changed from NON_VOTER to VOTER. New config: { opid_index: 3 OBSOLETE_local: false peers { permanent_uuid: "e8c879565079410cbe9d0240f6674f87" member_type: VOTER last_known_addr { host: "127.7.69.68" port: 40735 } attrs { replace: true } } peers { permanent_uuid: "0628fae0252447129c093e90f2b4394d" member_type: VOTER last_known_addr { host: "127.7.69.65" port: 36251 } } peers { permanent_uuid: "5eb09bcb23f645ba8843f09da894884c" member_type: VOTER last_known_addr { host: "127.7.69.67" port: 38097 } } peers { permanent_uuid: "743d2c72c6544c9f9237b2b26290cd9f" member_type: VOTER last_known_addr { host: "127.7.69.66" port: 33657 } attrs { promote: false } } }
I20260608 10:06:30.455078 10441 raft_consensus.cc:2955] T 125adf17a22a40148a6b8bd2931e90aa P 0628fae0252447129c093e90f2b4394d [term 1 FOLLOWER]: Committing config change with OpId 1.3: config changed from index 2 to 3, 743d2c72c6544c9f9237b2b26290cd9f (127.7.69.66) changed from NON_VOTER to VOTER. New config: { opid_index: 3 OBSOLETE_local: false peers { permanent_uuid: "e8c879565079410cbe9d0240f6674f87" member_type: VOTER last_known_addr { host: "127.7.69.68" port: 40735 } attrs { replace: true } } peers { permanent_uuid: "0628fae0252447129c093e90f2b4394d" member_type: VOTER last_known_addr { host: "127.7.69.65" port: 36251 } } peers { permanent_uuid: "5eb09bcb23f645ba8843f09da894884c" member_type: VOTER last_known_addr { host: "127.7.69.67" port: 38097 } } peers { permanent_uuid: "743d2c72c6544c9f9237b2b26290cd9f" member_type: VOTER last_known_addr { host: "127.7.69.66" port: 33657 } attrs { promote: false } } }
I20260608 10:06:30.464633 10342 catalog_manager.cc:5696] T 125adf17a22a40148a6b8bd2931e90aa P 743d2c72c6544c9f9237b2b26290cd9f reported cstate change: config changed from index 2 to 3, 743d2c72c6544c9f9237b2b26290cd9f (127.7.69.66) changed from NON_VOTER to VOTER. New cstate: current_term: 1 leader_uuid: "5eb09bcb23f645ba8843f09da894884c" committed_config { opid_index: 3 OBSOLETE_local: false peers { permanent_uuid: "e8c879565079410cbe9d0240f6674f87" member_type: VOTER last_known_addr { host: "127.7.69.68" port: 40735 } attrs { replace: true } } peers { permanent_uuid: "0628fae0252447129c093e90f2b4394d" member_type: VOTER last_known_addr { host: "127.7.69.65" port: 36251 } } peers { permanent_uuid: "5eb09bcb23f645ba8843f09da894884c" member_type: VOTER last_known_addr { host: "127.7.69.67" port: 38097 } } peers { permanent_uuid: "743d2c72c6544c9f9237b2b26290cd9f" member_type: VOTER last_known_addr { host: "127.7.69.66" port: 33657 } attrs { promote: false } } }
I20260608 10:06:30.481578 10740 raft_consensus.cc:2955] T 125adf17a22a40148a6b8bd2931e90aa P e8c879565079410cbe9d0240f6674f87 [term 1 FOLLOWER]: Committing config change with OpId 1.3: config changed from index 2 to 3, 743d2c72c6544c9f9237b2b26290cd9f (127.7.69.66) changed from NON_VOTER to VOTER. New config: { opid_index: 3 OBSOLETE_local: false peers { permanent_uuid: "e8c879565079410cbe9d0240f6674f87" member_type: VOTER last_known_addr { host: "127.7.69.68" port: 40735 } attrs { replace: true } } peers { permanent_uuid: "0628fae0252447129c093e90f2b4394d" member_type: VOTER last_known_addr { host: "127.7.69.65" port: 36251 } } peers { permanent_uuid: "5eb09bcb23f645ba8843f09da894884c" member_type: VOTER last_known_addr { host: "127.7.69.67" port: 38097 } } peers { permanent_uuid: "743d2c72c6544c9f9237b2b26290cd9f" member_type: VOTER last_known_addr { host: "127.7.69.66" port: 33657 } attrs { promote: false } } }
I20260608 10:06:30.517542 10592 consensus_queue.cc:237] T 125adf17a22a40148a6b8bd2931e90aa P 5eb09bcb23f645ba8843f09da894884c [LEADER]: Queue going to LEADER mode. State: All replicated index: 0, Majority replicated index: 3, Committed index: 3, Last appended: 1.3, Last appended by leader: 0, Current term: 1, Majority size: 2, State: 0, Mode: LEADER, active raft config: opid_index: 4 OBSOLETE_local: false peers { permanent_uuid: "0628fae0252447129c093e90f2b4394d" member_type: VOTER last_known_addr { host: "127.7.69.65" port: 36251 } } peers { permanent_uuid: "5eb09bcb23f645ba8843f09da894884c" member_type: VOTER last_known_addr { host: "127.7.69.67" port: 38097 } } peers { permanent_uuid: "743d2c72c6544c9f9237b2b26290cd9f" member_type: VOTER last_known_addr { host: "127.7.69.66" port: 33657 } attrs { promote: false } }
I20260608 10:06:30.530066 10517 raft_consensus.cc:1275] T 125adf17a22a40148a6b8bd2931e90aa P 743d2c72c6544c9f9237b2b26290cd9f [term 1 FOLLOWER]: Refusing update from remote peer 5eb09bcb23f645ba8843f09da894884c: Log matching property violated. Preceding OpId in replica: term: 1 index: 3. Preceding OpId from leader: term: 1 index: 4. (index mismatch)
I20260608 10:06:30.530115 10441 raft_consensus.cc:1275] T 125adf17a22a40148a6b8bd2931e90aa P 0628fae0252447129c093e90f2b4394d [term 1 FOLLOWER]: Refusing update from remote peer 5eb09bcb23f645ba8843f09da894884c: Log matching property violated. Preceding OpId in replica: term: 1 index: 3. Preceding OpId from leader: term: 1 index: 4. (index mismatch)
I20260608 10:06:30.532203 11041 consensus_queue.cc:1048] T 125adf17a22a40148a6b8bd2931e90aa P 5eb09bcb23f645ba8843f09da894884c [LEADER]: Connected to new peer: Peer: permanent_uuid: "0628fae0252447129c093e90f2b4394d" member_type: VOTER last_known_addr { host: "127.7.69.65" port: 36251 }, Status: LMP_MISMATCH, Last received: 0.0, Next index: 4, Last known committed idx: 3, Time since last communication: 0.000s
I20260608 10:06:30.533663 11000 consensus_queue.cc:1048] T 125adf17a22a40148a6b8bd2931e90aa P 5eb09bcb23f645ba8843f09da894884c [LEADER]: Connected to new peer: Peer: permanent_uuid: "743d2c72c6544c9f9237b2b26290cd9f" member_type: VOTER last_known_addr { host: "127.7.69.66" port: 33657 } attrs { promote: false }, Status: LMP_MISMATCH, Last received: 0.0, Next index: 4, Last known committed idx: 3, Time since last communication: 0.001s
I20260608 10:06:30.547900 10517 raft_consensus.cc:2955] T 125adf17a22a40148a6b8bd2931e90aa P 743d2c72c6544c9f9237b2b26290cd9f [term 1 FOLLOWER]: Committing config change with OpId 1.4: config changed from index 3 to 4, VOTER e8c879565079410cbe9d0240f6674f87 (127.7.69.68) evicted. New config: { opid_index: 4 OBSOLETE_local: false peers { permanent_uuid: "0628fae0252447129c093e90f2b4394d" member_type: VOTER last_known_addr { host: "127.7.69.65" port: 36251 } } peers { permanent_uuid: "5eb09bcb23f645ba8843f09da894884c" member_type: VOTER last_known_addr { host: "127.7.69.67" port: 38097 } } peers { permanent_uuid: "743d2c72c6544c9f9237b2b26290cd9f" member_type: VOTER last_known_addr { host: "127.7.69.66" port: 33657 } attrs { promote: false } } }
I20260608 10:06:30.548560 10442 raft_consensus.cc:2955] T 125adf17a22a40148a6b8bd2931e90aa P 0628fae0252447129c093e90f2b4394d [term 1 FOLLOWER]: Committing config change with OpId 1.4: config changed from index 3 to 4, VOTER e8c879565079410cbe9d0240f6674f87 (127.7.69.68) evicted. New config: { opid_index: 4 OBSOLETE_local: false peers { permanent_uuid: "0628fae0252447129c093e90f2b4394d" member_type: VOTER last_known_addr { host: "127.7.69.65" port: 36251 } } peers { permanent_uuid: "5eb09bcb23f645ba8843f09da894884c" member_type: VOTER last_known_addr { host: "127.7.69.67" port: 38097 } } peers { permanent_uuid: "743d2c72c6544c9f9237b2b26290cd9f" member_type: VOTER last_known_addr { host: "127.7.69.66" port: 33657 } attrs { promote: false } } }
