I20260608 10:06:46.863822 26783 tablet_replica.cc:333] T 00000000000000000000000000000000 P 9c03a4590d6a47ce8d57bc7743b205e3: stopping tablet replica
I20260608 10:06:46.883203 26783 master.cc:584] Master@127.26.39.254:43415 shutdown complete.
[       OK ] AutoRebalancerTest.NoReplicaMovesIfLocationLoadSkewedByOne (12899 ms)
[ RUN      ] AutoRebalancerTest.NoReplicaMovesIfCannotFixPlacementPolicy
I20260608 10:06:46.923065 26783 internal_mini_cluster.cc:156] Creating distributed mini masters. Addrs: 127.26.39.254:46571
I20260608 10:06:46.924250 26783 file_cache.cc:492] Constructed file cache file cache with capacity 419430
W20260608 10:06:46.931216 30863 instance_detector.cc:116] could not retrieve AWS instance metadata: Network error: curl error: HTTP response code said error: The requested URL returned error: 404
W20260608 10:06:46.933782 30864 instance_detector.cc:116] could not retrieve Azure instance metadata: Network error: curl error: HTTP response code said error: The requested URL returned error: 404
W20260608 10:06:46.935648 30866 instance_detector.cc:116] could not retrieve OpenStack instance metadata: Network error: curl error: HTTP response code said error: The requested URL returned error: 404
I20260608 10:06:46.937005 26783 server_base.cc:1061] running on GCE node
I20260608 10:06:46.937933 26783 hybrid_clock.cc:584] initializing the hybrid clock with 'system_unsync' time source
W20260608 10:06:46.938160 26783 system_unsync_time.cc:38] NTP support is disabled. Clock error bounds will not be accurate. This configuration is not suitable for distributed clusters.
I20260608 10:06:46.938339 26783 hybrid_clock.cc:648] HybridClock initialized: now 1780913206938322 us; error 0 us; skew 500 ppm
I20260608 10:06:46.938941 26783 server_base.cc:861] Flag tcmalloc_max_total_thread_cache_bytes is not working since tcmalloc is not enabled.
I20260608 10:06:46.941592 26783 webserver.cc:533] Webserver started at http://127.26.39.254:35173/ using document root <none> and password file <none>
I20260608 10:06:46.942137 26783 fs_manager.cc:362] Metadata directory not provided
I20260608 10:06:46.942386 26783 fs_manager.cc:368] Using write-ahead log directory (fs_wal_dir) as metadata directory
I20260608 10:06:46.942720 26783 server_base.cc:909] This appears to be a new deployment of Kudu; creating new FS layout
I20260608 10:06:46.943954 26783 fs_manager.cc:1068] Generated new instance metadata in path /tmp/dist-test-taskYPyxXL/test-tmp/auto_rebalancer-test.0.AutoRebalancerTest.NoReplicaMovesIfCannotFixPlacementPolicy.1780913091086972-26783-0/minicluster-data/master-0-root/instance:
uuid: "c605fb0b1ea046d6aa3d839dc7e26786"
format_stamp: "Formatted at 2026-06-08 10:06:46 on dist-test-slave-chcn"
I20260608 10:06:46.948807 26783 fs_manager.cc:696] Time spent creating directory manager: real 0.004s	user 0.004s	sys 0.003s
I20260608 10:06:46.952263 30871 log_block_manager.cc:4031] Time spent loading block containers with low live blocks: real 0.000s	user 0.000s	sys 0.000s
I20260608 10:06:46.953152 26783 fs_manager.cc:730] Time spent opening block manager: real 0.002s	user 0.000s	sys 0.003s
I20260608 10:06:46.953388 26783 fs_manager.cc:647] Opened local filesystem: /tmp/dist-test-taskYPyxXL/test-tmp/auto_rebalancer-test.0.AutoRebalancerTest.NoReplicaMovesIfCannotFixPlacementPolicy.1780913091086972-26783-0/minicluster-data/master-0-root
uuid: "c605fb0b1ea046d6aa3d839dc7e26786"
format_stamp: "Formatted at 2026-06-08 10:06:46 on dist-test-slave-chcn"
I20260608 10:06:46.953624 26783 fs_report.cc:389] FS layout report
--------------------
wal directory: /tmp/dist-test-taskYPyxXL/test-tmp/auto_rebalancer-test.0.AutoRebalancerTest.NoReplicaMovesIfCannotFixPlacementPolicy.1780913091086972-26783-0/minicluster-data/master-0-root
metadata directory: /tmp/dist-test-taskYPyxXL/test-tmp/auto_rebalancer-test.0.AutoRebalancerTest.NoReplicaMovesIfCannotFixPlacementPolicy.1780913091086972-26783-0/minicluster-data/master-0-root
1 data directories: /tmp/dist-test-taskYPyxXL/test-tmp/auto_rebalancer-test.0.AutoRebalancerTest.NoReplicaMovesIfCannotFixPlacementPolicy.1780913091086972-26783-0/minicluster-data/master-0-root/data
Total live blocks: 0
Total live bytes: 0
Total live bytes (after alignment): 0
Total number of LBM containers: 0 (0 full)
Did not check for missing blocks
Did not check for orphaned blocks
Total full LBM containers with extra space: 0 (0 repaired)
Total full LBM container extra space in bytes: 0 (0 repaired)
Total incomplete LBM containers: 0 (0 repaired)
Total LBM partial records: 0 (0 repaired)
Total corrupted LBM metadata records in RocksDB: 0 (0 repaired)
I20260608 10:06:46.965668 26783 rpc_server.cc:225] running with OpenSSL 1.1.1  11 Sep 2018
I20260608 10:06:46.966831 26783 kserver.cc:163] Server-wide thread pool size limit: 3276
I20260608 10:06:47.008222 26783 rpc_server.cc:307] RPC server started. Bound to: 127.26.39.254:46571
I20260608 10:06:47.008358 30922 acceptor_pool.cc:272] collecting diagnostics on the listening RPC socket 127.26.39.254:46571 every 8 connection(s)
I20260608 10:06:47.012837 30923 data_dirs.cc:400] Could only allocate 1 dirs of requested 3 for tablet 00000000000000000000000000000000. 1 dirs total, 0 dirs full, 0 dirs failed
I20260608 10:06:47.023988 30923 tablet_bootstrap.cc:492] T 00000000000000000000000000000000 P c605fb0b1ea046d6aa3d839dc7e26786: Bootstrap starting.
I20260608 10:06:47.028806 30923 tablet_bootstrap.cc:654] T 00000000000000000000000000000000 P c605fb0b1ea046d6aa3d839dc7e26786: Neither blocks nor log segments found. Creating new log.
I20260608 10:06:47.032970 30923 tablet_bootstrap.cc:492] T 00000000000000000000000000000000 P c605fb0b1ea046d6aa3d839dc7e26786: No bootstrap required, opened a new log
I20260608 10:06:47.035277 30923 raft_consensus.cc:359] T 00000000000000000000000000000000 P c605fb0b1ea046d6aa3d839dc7e26786 [term 0 FOLLOWER]: Replica starting. Triggering 0 pending ops. Active config: opid_index: -1 OBSOLETE_local: true peers { permanent_uuid: "c605fb0b1ea046d6aa3d839dc7e26786" member_type: VOTER }
I20260608 10:06:47.035713 30923 raft_consensus.cc:385] T 00000000000000000000000000000000 P c605fb0b1ea046d6aa3d839dc7e26786 [term 0 FOLLOWER]: Consensus starting up: Expiring failure detector timer to make a prompt election more likely
I20260608 10:06:47.035955 30923 raft_consensus.cc:740] T 00000000000000000000000000000000 P c605fb0b1ea046d6aa3d839dc7e26786 [term 0 FOLLOWER]: Becoming Follower/Learner. State: Replica: c605fb0b1ea046d6aa3d839dc7e26786, State: Initialized, Role: FOLLOWER
I20260608 10:06:47.036566 30923 consensus_queue.cc:260] T 00000000000000000000000000000000 P c605fb0b1ea046d6aa3d839dc7e26786 [NON_LEADER]: Queue going to NON_LEADER mode. State: All replicated index: 0, Majority replicated index: 0, Committed index: 0, Last appended: 0.0, Last appended by leader: 0, Current term: 0, Majority size: -1, State: 0, Mode: NON_LEADER, active raft config: opid_index: -1 OBSOLETE_local: true peers { permanent_uuid: "c605fb0b1ea046d6aa3d839dc7e26786" member_type: VOTER }
I20260608 10:06:47.037061 30923 raft_consensus.cc:399] T 00000000000000000000000000000000 P c605fb0b1ea046d6aa3d839dc7e26786 [term 0 FOLLOWER]: Only one voter in the Raft config. Triggering election immediately
I20260608 10:06:47.037287 30923 raft_consensus.cc:493] T 00000000000000000000000000000000 P c605fb0b1ea046d6aa3d839dc7e26786 [term 0 FOLLOWER]: Starting leader election (initial election of a single-replica configuration)
I20260608 10:06:47.037575 30923 raft_consensus.cc:3060] T 00000000000000000000000000000000 P c605fb0b1ea046d6aa3d839dc7e26786 [term 0 FOLLOWER]: Advancing to term 1
I20260608 10:06:47.042179 30923 raft_consensus.cc:515] T 00000000000000000000000000000000 P c605fb0b1ea046d6aa3d839dc7e26786 [term 1 FOLLOWER]: Starting leader election with config: opid_index: -1 OBSOLETE_local: true peers { permanent_uuid: "c605fb0b1ea046d6aa3d839dc7e26786" member_type: VOTER }
I20260608 10:06:47.042721 30923 leader_election.cc:304] T 00000000000000000000000000000000 P c605fb0b1ea046d6aa3d839dc7e26786 [CANDIDATE]: Term 1 election: Election decided. Result: candidate won. Election summary: received 1 responses out of 1 voters: 1 yes votes; 0 no votes. yes voters: c605fb0b1ea046d6aa3d839dc7e26786; no voters: 
I20260608 10:06:47.043891 30923 leader_election.cc:290] T 00000000000000000000000000000000 P c605fb0b1ea046d6aa3d839dc7e26786 [CANDIDATE]: Term 1 election: Requested vote from peers 
I20260608 10:06:47.044480 30926 raft_consensus.cc:2804] T 00000000000000000000000000000000 P c605fb0b1ea046d6aa3d839dc7e26786 [term 1 FOLLOWER]: Leader election won for term 1
I20260608 10:06:47.045907 30926 raft_consensus.cc:697] T 00000000000000000000000000000000 P c605fb0b1ea046d6aa3d839dc7e26786 [term 1 LEADER]: Becoming Leader. State: Replica: c605fb0b1ea046d6aa3d839dc7e26786, State: Running, Role: LEADER
I20260608 10:06:47.046639 30926 consensus_queue.cc:237] T 00000000000000000000000000000000 P c605fb0b1ea046d6aa3d839dc7e26786 [LEADER]: Queue going to LEADER mode. State: All replicated index: 0, Majority replicated index: 0, Committed index: 0, Last appended: 0.0, Last appended by leader: 0, Current term: 1, Majority size: 1, State: 0, Mode: LEADER, active raft config: opid_index: -1 OBSOLETE_local: true peers { permanent_uuid: "c605fb0b1ea046d6aa3d839dc7e26786" member_type: VOTER }
I20260608 10:06:47.047111 30923 sys_catalog.cc:565] T 00000000000000000000000000000000 P c605fb0b1ea046d6aa3d839dc7e26786 [sys.catalog]: configured and running, proceeding with master startup.
I20260608 10:06:47.051154 30927 sys_catalog.cc:455] T 00000000000000000000000000000000 P c605fb0b1ea046d6aa3d839dc7e26786 [sys.catalog]: SysCatalogTable state changed. Reason: RaftConsensus started. Latest consensus state: current_term: 1 leader_uuid: "c605fb0b1ea046d6aa3d839dc7e26786" committed_config { opid_index: -1 OBSOLETE_local: true peers { permanent_uuid: "c605fb0b1ea046d6aa3d839dc7e26786" member_type: VOTER } }
I20260608 10:06:47.051318 30928 sys_catalog.cc:455] T 00000000000000000000000000000000 P c605fb0b1ea046d6aa3d839dc7e26786 [sys.catalog]: SysCatalogTable state changed. Reason: New leader c605fb0b1ea046d6aa3d839dc7e26786. Latest consensus state: current_term: 1 leader_uuid: "c605fb0b1ea046d6aa3d839dc7e26786" committed_config { opid_index: -1 OBSOLETE_local: true peers { permanent_uuid: "c605fb0b1ea046d6aa3d839dc7e26786" member_type: VOTER } }
I20260608 10:06:47.051821 30927 sys_catalog.cc:458] T 00000000000000000000000000000000 P c605fb0b1ea046d6aa3d839dc7e26786 [sys.catalog]: This master's current role is: LEADER
I20260608 10:06:47.051898 30928 sys_catalog.cc:458] T 00000000000000000000000000000000 P c605fb0b1ea046d6aa3d839dc7e26786 [sys.catalog]: This master's current role is: LEADER
I20260608 10:06:47.055539 30933 catalog_manager.cc:1510] Loading table and tablet metadata into memory...
I20260608 10:06:47.063876 30933 catalog_manager.cc:1519] Initializing Kudu cluster ID...
I20260608 10:06:47.064828 26783 internal_mini_cluster.cc:184] Waiting to initialize catalog manager on master 0
I20260608 10:06:47.073177 30933 catalog_manager.cc:1382] Generated new cluster ID: a8c2e9afb76b4614b3ec9030a9ce4f8c
I20260608 10:06:47.073416 30933 catalog_manager.cc:1530] Initializing Kudu internal certificate authority...
I20260608 10:06:47.099995 30933 catalog_manager.cc:1405] Generated new certificate authority record
I20260608 10:06:47.101370 30933 catalog_manager.cc:1539] Loading token signing keys...
I20260608 10:06:47.121767 30933 catalog_manager.cc:6069] T 00000000000000000000000000000000 P c605fb0b1ea046d6aa3d839dc7e26786: Generated new TSK 0
I20260608 10:06:47.122476 30933 catalog_manager.cc:1549] Initializing in-progress tserver states...
I20260608 10:06:47.131274 26783 file_cache.cc:492] Constructed file cache file cache with capacity 419430
W20260608 10:06:47.138166 30944 instance_detector.cc:116] could not retrieve AWS instance metadata: Network error: curl error: HTTP response code said error: The requested URL returned error: 404
W20260608 10:06:47.138980 30945 instance_detector.cc:116] could not retrieve Azure instance metadata: Network error: curl error: HTTP response code said error: The requested URL returned error: 404
I20260608 10:06:47.141812 26783 server_base.cc:1061] running on GCE node
W20260608 10:06:47.141906 30947 instance_detector.cc:116] could not retrieve OpenStack instance metadata: Network error: curl error: HTTP response code said error: The requested URL returned error: 404
I20260608 10:06:47.142881 26783 hybrid_clock.cc:584] initializing the hybrid clock with 'system_unsync' time source
W20260608 10:06:47.143114 26783 system_unsync_time.cc:38] NTP support is disabled. Clock error bounds will not be accurate. This configuration is not suitable for distributed clusters.
I20260608 10:06:47.143301 26783 hybrid_clock.cc:648] HybridClock initialized: now 1780913207143283 us; error 0 us; skew 500 ppm
I20260608 10:06:47.143893 26783 server_base.cc:861] Flag tcmalloc_max_total_thread_cache_bytes is not working since tcmalloc is not enabled.
I20260608 10:06:47.146407 26783 webserver.cc:533] Webserver started at http://127.26.39.193:36737/ using document root <none> and password file <none>
I20260608 10:06:47.146929 26783 fs_manager.cc:362] Metadata directory not provided
I20260608 10:06:47.147148 26783 fs_manager.cc:368] Using write-ahead log directory (fs_wal_dir) as metadata directory
I20260608 10:06:47.147441 26783 server_base.cc:909] This appears to be a new deployment of Kudu; creating new FS layout
I20260608 10:06:47.148823 26783 fs_manager.cc:1068] Generated new instance metadata in path /tmp/dist-test-taskYPyxXL/test-tmp/auto_rebalancer-test.0.AutoRebalancerTest.NoReplicaMovesIfCannotFixPlacementPolicy.1780913091086972-26783-0/minicluster-data/ts-0-root/instance:
uuid: "1d87f0f9d6a54e89abe6f34d57ad3757"
format_stamp: "Formatted at 2026-06-08 10:06:47 on dist-test-slave-chcn"
I20260608 10:06:47.153471 26783 fs_manager.cc:696] Time spent creating directory manager: real 0.004s	user 0.002s	sys 0.002s
I20260608 10:06:47.157297 30952 log_block_manager.cc:4031] Time spent loading block containers with low live blocks: real 0.000s	user 0.000s	sys 0.000s
I20260608 10:06:47.158329 26783 fs_manager.cc:730] Time spent opening block manager: real 0.003s	user 0.002s	sys 0.002s
I20260608 10:06:47.158629 26783 fs_manager.cc:647] Opened local filesystem: /tmp/dist-test-taskYPyxXL/test-tmp/auto_rebalancer-test.0.AutoRebalancerTest.NoReplicaMovesIfCannotFixPlacementPolicy.1780913091086972-26783-0/minicluster-data/ts-0-root
uuid: "1d87f0f9d6a54e89abe6f34d57ad3757"
format_stamp: "Formatted at 2026-06-08 10:06:47 on dist-test-slave-chcn"
I20260608 10:06:47.158932 26783 fs_report.cc:389] FS layout report
--------------------
wal directory: /tmp/dist-test-taskYPyxXL/test-tmp/auto_rebalancer-test.0.AutoRebalancerTest.NoReplicaMovesIfCannotFixPlacementPolicy.1780913091086972-26783-0/minicluster-data/ts-0-root
metadata directory: /tmp/dist-test-taskYPyxXL/test-tmp/auto_rebalancer-test.0.AutoRebalancerTest.NoReplicaMovesIfCannotFixPlacementPolicy.1780913091086972-26783-0/minicluster-data/ts-0-root
1 data directories: /tmp/dist-test-taskYPyxXL/test-tmp/auto_rebalancer-test.0.AutoRebalancerTest.NoReplicaMovesIfCannotFixPlacementPolicy.1780913091086972-26783-0/minicluster-data/ts-0-root/data
Total live blocks: 0
Total live bytes: 0
Total live bytes (after alignment): 0
Total number of LBM containers: 0 (0 full)
Did not check for missing blocks
Did not check for orphaned blocks
Total full LBM containers with extra space: 0 (0 repaired)
Total full LBM container extra space in bytes: 0 (0 repaired)
Total incomplete LBM containers: 0 (0 repaired)
Total LBM partial records: 0 (0 repaired)
Total corrupted LBM metadata records in RocksDB: 0 (0 repaired)
I20260608 10:06:47.187477 26783 rpc_server.cc:225] running with OpenSSL 1.1.1  11 Sep 2018
I20260608 10:06:47.188819 26783 kserver.cc:163] Server-wide thread pool size limit: 3276
I20260608 10:06:47.190423 26783 txn_system_client.cc:432] TxnSystemClient initialization is disabled...
I20260608 10:06:47.192919 26783 ts_tablet_manager.cc:585] Loaded tablet metadata (0 total tablets, 0 live tablets)
I20260608 10:06:47.193156 26783 ts_tablet_manager.cc:531] Time spent load tablet metadata: real 0.000s	user 0.000s	sys 0.000s
I20260608 10:06:47.193399 26783 ts_tablet_manager.cc:616] Registered 0 tablets
I20260608 10:06:47.193574 26783 ts_tablet_manager.cc:595] Time spent register tablets: real 0.000s	user 0.000s	sys 0.000s
I20260608 10:06:47.235149 26783 rpc_server.cc:307] RPC server started. Bound to: 127.26.39.193:45429
I20260608 10:06:47.235273 31014 acceptor_pool.cc:272] collecting diagnostics on the listening RPC socket 127.26.39.193:45429 every 8 connection(s)
I20260608 10:06:47.240780 26783 file_cache.cc:492] Constructed file cache file cache with capacity 419430
W20260608 10:06:47.248992 31019 instance_detector.cc:116] could not retrieve AWS instance metadata: Network error: curl error: HTTP response code said error: The requested URL returned error: 404
W20260608 10:06:47.249770 31020 instance_detector.cc:116] could not retrieve Azure instance metadata: Network error: curl error: HTTP response code said error: The requested URL returned error: 404
W20260608 10:06:47.252550 31022 instance_detector.cc:116] could not retrieve OpenStack instance metadata: Network error: curl error: HTTP response code said error: The requested URL returned error: 404
I20260608 10:06:47.253430 26783 server_base.cc:1061] running on GCE node
I20260608 10:06:47.254539 26783 hybrid_clock.cc:584] initializing the hybrid clock with 'system_unsync' time source
W20260608 10:06:47.254742 26783 system_unsync_time.cc:38] NTP support is disabled. Clock error bounds will not be accurate. This configuration is not suitable for distributed clusters.
I20260608 10:06:47.254884 26783 hybrid_clock.cc:648] HybridClock initialized: now 1780913207254872 us; error 0 us; skew 500 ppm
I20260608 10:06:47.255673 26783 server_base.cc:861] Flag tcmalloc_max_total_thread_cache_bytes is not working since tcmalloc is not enabled.
I20260608 10:06:47.258860 26783 webserver.cc:533] Webserver started at http://127.26.39.194:41259/ using document root <none> and password file <none>
I20260608 10:06:47.259438 26783 fs_manager.cc:362] Metadata directory not provided
I20260608 10:06:47.259414 31015 heartbeater.cc:344] Connected to a master server at 127.26.39.254:46571
I20260608 10:06:47.259912 26783 fs_manager.cc:368] Using write-ahead log directory (fs_wal_dir) as metadata directory
I20260608 10:06:47.260099 31015 heartbeater.cc:461] Registering TS with master...
I20260608 10:06:47.260268 26783 server_base.cc:909] This appears to be a new deployment of Kudu; creating new FS layout
I20260608 10:06:47.261066 31015 heartbeater.cc:507] Master 127.26.39.254:46571 requested a full tablet report, sending...
I20260608 10:06:47.261816 26783 fs_manager.cc:1068] Generated new instance metadata in path /tmp/dist-test-taskYPyxXL/test-tmp/auto_rebalancer-test.0.AutoRebalancerTest.NoReplicaMovesIfCannotFixPlacementPolicy.1780913091086972-26783-0/minicluster-data/ts-1-root/instance:
uuid: "2e0508952e5343ec9cdd6d4a775da1dc"
format_stamp: "Formatted at 2026-06-08 10:06:47 on dist-test-slave-chcn"
I20260608 10:06:47.263563 30888 ts_manager.cc:194] Registered new tserver with Master: 1d87f0f9d6a54e89abe6f34d57ad3757 (127.26.39.193:45429)
I20260608 10:06:47.266270 30888 master_service.cc:502] Signed X509 certificate for tserver {username='slave'} at 127.0.0.1:38894
I20260608 10:06:47.268116 26783 fs_manager.cc:696] Time spent creating directory manager: real 0.006s	user 0.006s	sys 0.000s
I20260608 10:06:47.271938 31027 log_block_manager.cc:4031] Time spent loading block containers with low live blocks: real 0.000s	user 0.000s	sys 0.000s
I20260608 10:06:47.272814 26783 fs_manager.cc:730] Time spent opening block manager: real 0.002s	user 0.003s	sys 0.000s
I20260608 10:06:47.273101 26783 fs_manager.cc:647] Opened local filesystem: /tmp/dist-test-taskYPyxXL/test-tmp/auto_rebalancer-test.0.AutoRebalancerTest.NoReplicaMovesIfCannotFixPlacementPolicy.1780913091086972-26783-0/minicluster-data/ts-1-root
uuid: "2e0508952e5343ec9cdd6d4a775da1dc"
format_stamp: "Formatted at 2026-06-08 10:06:47 on dist-test-slave-chcn"
I20260608 10:06:47.273404 26783 fs_report.cc:389] FS layout report
--------------------
wal directory: /tmp/dist-test-taskYPyxXL/test-tmp/auto_rebalancer-test.0.AutoRebalancerTest.NoReplicaMovesIfCannotFixPlacementPolicy.1780913091086972-26783-0/minicluster-data/ts-1-root
metadata directory: /tmp/dist-test-taskYPyxXL/test-tmp/auto_rebalancer-test.0.AutoRebalancerTest.NoReplicaMovesIfCannotFixPlacementPolicy.1780913091086972-26783-0/minicluster-data/ts-1-root
1 data directories: /tmp/dist-test-taskYPyxXL/test-tmp/auto_rebalancer-test.0.AutoRebalancerTest.NoReplicaMovesIfCannotFixPlacementPolicy.1780913091086972-26783-0/minicluster-data/ts-1-root/data
Total live blocks: 0
Total live bytes: 0
Total live bytes (after alignment): 0
Total number of LBM containers: 0 (0 full)
Did not check for missing blocks
Did not check for orphaned blocks
Total full LBM containers with extra space: 0 (0 repaired)
Total full LBM container extra space in bytes: 0 (0 repaired)
Total incomplete LBM containers: 0 (0 repaired)
Total LBM partial records: 0 (0 repaired)
Total corrupted LBM metadata records in RocksDB: 0 (0 repaired)
I20260608 10:06:47.289827 26783 rpc_server.cc:225] running with OpenSSL 1.1.1  11 Sep 2018
I20260608 10:06:47.291075 26783 kserver.cc:163] Server-wide thread pool size limit: 3276
I20260608 10:06:47.292598 26783 txn_system_client.cc:432] TxnSystemClient initialization is disabled...
I20260608 10:06:47.294976 26783 ts_tablet_manager.cc:585] Loaded tablet metadata (0 total tablets, 0 live tablets)
I20260608 10:06:47.295217 26783 ts_tablet_manager.cc:531] Time spent load tablet metadata: real 0.000s	user 0.000s	sys 0.000s
I20260608 10:06:47.295472 26783 ts_tablet_manager.cc:616] Registered 0 tablets
I20260608 10:06:47.295665 26783 ts_tablet_manager.cc:595] Time spent register tablets: real 0.000s	user 0.000s	sys 0.000s
I20260608 10:06:47.337530 26783 rpc_server.cc:307] RPC server started. Bound to: 127.26.39.194:36817
I20260608 10:06:47.337668 31089 acceptor_pool.cc:272] collecting diagnostics on the listening RPC socket 127.26.39.194:36817 every 8 connection(s)
I20260608 10:06:47.342787 26783 file_cache.cc:492] Constructed file cache file cache with capacity 419430
W20260608 10:06:47.351169 31094 instance_detector.cc:116] could not retrieve Azure instance metadata: Network error: curl error: HTTP response code said error: The requested URL returned error: 404
W20260608 10:06:47.352154 31093 instance_detector.cc:116] could not retrieve AWS instance metadata: Network error: curl error: HTTP response code said error: The requested URL returned error: 404
W20260608 10:06:47.352851 31096 instance_detector.cc:116] could not retrieve OpenStack instance metadata: Network error: curl error: HTTP response code said error: The requested URL returned error: 404
I20260608 10:06:47.354844 26783 server_base.cc:1061] running on GCE node
I20260608 10:06:47.355898 26783 hybrid_clock.cc:584] initializing the hybrid clock with 'system_unsync' time source
I20260608 10:06:47.355988 31090 heartbeater.cc:344] Connected to a master server at 127.26.39.254:46571
W20260608 10:06:47.356266 26783 system_unsync_time.cc:38] NTP support is disabled. Clock error bounds will not be accurate. This configuration is not suitable for distributed clusters.
I20260608 10:06:47.356431 31090 heartbeater.cc:461] Registering TS with master...
I20260608 10:06:47.356491 26783 hybrid_clock.cc:648] HybridClock initialized: now 1780913207356469 us; error 0 us; skew 500 ppm
I20260608 10:06:47.357501 26783 server_base.cc:861] Flag tcmalloc_max_total_thread_cache_bytes is not working since tcmalloc is not enabled.
I20260608 10:06:47.357471 31090 heartbeater.cc:507] Master 127.26.39.254:46571 requested a full tablet report, sending...
I20260608 10:06:47.360165 30888 ts_manager.cc:194] Registered new tserver with Master: 2e0508952e5343ec9cdd6d4a775da1dc (127.26.39.194:36817)
I20260608 10:06:47.360797 26783 webserver.cc:533] Webserver started at http://127.26.39.195:39029/ using document root <none> and password file <none>
I20260608 10:06:47.361363 26783 fs_manager.cc:362] Metadata directory not provided
I20260608 10:06:47.361578 26783 fs_manager.cc:368] Using write-ahead log directory (fs_wal_dir) as metadata directory
I20260608 10:06:47.361900 26783 server_base.cc:909] This appears to be a new deployment of Kudu; creating new FS layout
I20260608 10:06:47.361878 30888 master_service.cc:502] Signed X509 certificate for tserver {username='slave'} at 127.0.0.1:38900
I20260608 10:06:47.363502 26783 fs_manager.cc:1068] Generated new instance metadata in path /tmp/dist-test-taskYPyxXL/test-tmp/auto_rebalancer-test.0.AutoRebalancerTest.NoReplicaMovesIfCannotFixPlacementPolicy.1780913091086972-26783-0/minicluster-data/ts-2-root/instance:
uuid: "aef78aa3db374cafba0df0635c38e6fe"
format_stamp: "Formatted at 2026-06-08 10:06:47 on dist-test-slave-chcn"
I20260608 10:06:47.368193 26783 fs_manager.cc:696] Time spent creating directory manager: real 0.004s	user 0.005s	sys 0.000s
I20260608 10:06:47.371838 31101 log_block_manager.cc:4031] Time spent loading block containers with low live blocks: real 0.000s	user 0.000s	sys 0.000s
I20260608 10:06:47.372632 26783 fs_manager.cc:730] Time spent opening block manager: real 0.002s	user 0.003s	sys 0.000s
I20260608 10:06:47.373024 26783 fs_manager.cc:647] Opened local filesystem: /tmp/dist-test-taskYPyxXL/test-tmp/auto_rebalancer-test.0.AutoRebalancerTest.NoReplicaMovesIfCannotFixPlacementPolicy.1780913091086972-26783-0/minicluster-data/ts-2-root
uuid: "aef78aa3db374cafba0df0635c38e6fe"
format_stamp: "Formatted at 2026-06-08 10:06:47 on dist-test-slave-chcn"
I20260608 10:06:47.373325 26783 fs_report.cc:389] FS layout report
--------------------
wal directory: /tmp/dist-test-taskYPyxXL/test-tmp/auto_rebalancer-test.0.AutoRebalancerTest.NoReplicaMovesIfCannotFixPlacementPolicy.1780913091086972-26783-0/minicluster-data/ts-2-root
metadata directory: /tmp/dist-test-taskYPyxXL/test-tmp/auto_rebalancer-test.0.AutoRebalancerTest.NoReplicaMovesIfCannotFixPlacementPolicy.1780913091086972-26783-0/minicluster-data/ts-2-root
1 data directories: /tmp/dist-test-taskYPyxXL/test-tmp/auto_rebalancer-test.0.AutoRebalancerTest.NoReplicaMovesIfCannotFixPlacementPolicy.1780913091086972-26783-0/minicluster-data/ts-2-root/data
Total live blocks: 0
Total live bytes: 0
Total live bytes (after alignment): 0
Total number of LBM containers: 0 (0 full)
Did not check for missing blocks
Did not check for orphaned blocks
Total full LBM containers with extra space: 0 (0 repaired)
Total full LBM container extra space in bytes: 0 (0 repaired)
Total incomplete LBM containers: 0 (0 repaired)
Total LBM partial records: 0 (0 repaired)
Total corrupted LBM metadata records in RocksDB: 0 (0 repaired)
I20260608 10:06:47.398293 26783 rpc_server.cc:225] running with OpenSSL 1.1.1  11 Sep 2018
I20260608 10:06:47.399752 26783 kserver.cc:163] Server-wide thread pool size limit: 3276
I20260608 10:06:47.401702 26783 txn_system_client.cc:432] TxnSystemClient initialization is disabled...
I20260608 10:06:47.404381 26783 ts_tablet_manager.cc:585] Loaded tablet metadata (0 total tablets, 0 live tablets)
I20260608 10:06:47.404673 26783 ts_tablet_manager.cc:531] Time spent load tablet metadata: real 0.000s	user 0.000s	sys 0.000s
I20260608 10:06:47.405033 26783 ts_tablet_manager.cc:616] Registered 0 tablets
I20260608 10:06:47.405252 26783 ts_tablet_manager.cc:595] Time spent register tablets: real 0.000s	user 0.000s	sys 0.000s
I20260608 10:06:47.448748 26783 rpc_server.cc:307] RPC server started. Bound to: 127.26.39.195:34145
I20260608 10:06:47.448835 31163 acceptor_pool.cc:272] collecting diagnostics on the listening RPC socket 127.26.39.195:34145 every 8 connection(s)
I20260608 10:06:47.463692 31164 heartbeater.cc:344] Connected to a master server at 127.26.39.254:46571
I20260608 10:06:47.464071 31164 heartbeater.cc:461] Registering TS with master...
I20260608 10:06:47.464890 31164 heartbeater.cc:507] Master 127.26.39.254:46571 requested a full tablet report, sending...
I20260608 10:06:47.466864 30888 ts_manager.cc:194] Registered new tserver with Master: aef78aa3db374cafba0df0635c38e6fe (127.26.39.195:34145)
I20260608 10:06:47.467249 26783 internal_mini_cluster.cc:371] 3 TS(s) registered with all masters after 0.014772009s
I20260608 10:06:47.468339 30888 master_service.cc:502] Signed X509 certificate for tserver {username='slave'} at 127.0.0.1:38912
I20260608 10:06:48.269330 31015 heartbeater.cc:499] Master 127.26.39.254:46571 was elected leader, sending a full tablet report...
I20260608 10:06:48.364619 31090 heartbeater.cc:499] Master 127.26.39.254:46571 was elected leader, sending a full tablet report...
I20260608 10:06:48.471102 31164 heartbeater.cc:499] Master 127.26.39.254:46571 was elected leader, sending a full tablet report...
I20260608 10:06:48.535774 30888 catalog_manager.cc:2282] Servicing CreateTable request from {username='slave'} at 127.0.0.1:38924:
name: "test-workload"
schema {
  columns {
    name: "key"
    type: INT32
    is_key: true
    is_nullable: false
    encoding: AUTO_ENCODING
    compression: DEFAULT_COMPRESSION
    cfile_block_size: 0
    immutable: false
  }
  columns {
    name: "int_val"
    type: INT32
    is_key: false
    is_nullable: false
    encoding: AUTO_ENCODING
    compression: DEFAULT_COMPRESSION
    cfile_block_size: 0
    immutable: false
  }
  columns {
    name: "string_val"
    type: STRING
    is_key: false
    is_nullable: true
    encoding: AUTO_ENCODING
    compression: DEFAULT_COMPRESSION
    cfile_block_size: 0
    immutable: false
  }
}
num_replicas: 3
split_rows_range_bounds {
}
partition_schema {
  range_schema {
    columns {
      name: "key"
    }
  }
}
W20260608 10:06:48.537904 30888 catalog_manager.cc:7076] The number of live tablet servers is not enough to re-replicate a tablet replica of the newly created table test-workload in case of a server failure: 4 tablet servers would be needed, 3 are available. Consider bringing up more tablet servers.
I20260608 10:06:48.586588 31055 tablet_service.cc:1511] Processing CreateTablet for tablet c667b248a07b44ebb69d541f70cd8c5b (DEFAULT_TABLE table=test-workload [id=295750488bad47c4b4b40ff7283c5839]), partition=RANGE (key) PARTITION UNBOUNDED
I20260608 10:06:48.587073 31129 tablet_service.cc:1511] Processing CreateTablet for tablet c667b248a07b44ebb69d541f70cd8c5b (DEFAULT_TABLE table=test-workload [id=295750488bad47c4b4b40ff7283c5839]), partition=RANGE (key) PARTITION UNBOUNDED
I20260608 10:06:48.588056 31055 data_dirs.cc:400] Could only allocate 1 dirs of requested 3 for tablet c667b248a07b44ebb69d541f70cd8c5b. 1 dirs total, 0 dirs full, 0 dirs failed
I20260608 10:06:48.588308 31129 data_dirs.cc:400] Could only allocate 1 dirs of requested 3 for tablet c667b248a07b44ebb69d541f70cd8c5b. 1 dirs total, 0 dirs full, 0 dirs failed
I20260608 10:06:48.599515 30980 tablet_service.cc:1511] Processing CreateTablet for tablet c667b248a07b44ebb69d541f70cd8c5b (DEFAULT_TABLE table=test-workload [id=295750488bad47c4b4b40ff7283c5839]), partition=RANGE (key) PARTITION UNBOUNDED
I20260608 10:06:48.600574 30980 data_dirs.cc:400] Could only allocate 1 dirs of requested 3 for tablet c667b248a07b44ebb69d541f70cd8c5b. 1 dirs total, 0 dirs full, 0 dirs failed
I20260608 10:06:48.606585 31185 tablet_bootstrap.cc:492] T c667b248a07b44ebb69d541f70cd8c5b P aef78aa3db374cafba0df0635c38e6fe: Bootstrap starting.
I20260608 10:06:48.608072 31186 tablet_bootstrap.cc:492] T c667b248a07b44ebb69d541f70cd8c5b P 2e0508952e5343ec9cdd6d4a775da1dc: Bootstrap starting.
I20260608 10:06:48.613695 31185 tablet_bootstrap.cc:654] T c667b248a07b44ebb69d541f70cd8c5b P aef78aa3db374cafba0df0635c38e6fe: Neither blocks nor log segments found. Creating new log.
I20260608 10:06:48.615643 31186 tablet_bootstrap.cc:654] T c667b248a07b44ebb69d541f70cd8c5b P 2e0508952e5343ec9cdd6d4a775da1dc: Neither blocks nor log segments found. Creating new log.
I20260608 10:06:48.618768 31187 tablet_bootstrap.cc:492] T c667b248a07b44ebb69d541f70cd8c5b P 1d87f0f9d6a54e89abe6f34d57ad3757: Bootstrap starting.
I20260608 10:06:48.620563 31185 tablet_bootstrap.cc:492] T c667b248a07b44ebb69d541f70cd8c5b P aef78aa3db374cafba0df0635c38e6fe: No bootstrap required, opened a new log
I20260608 10:06:48.621066 31185 ts_tablet_manager.cc:1403] T c667b248a07b44ebb69d541f70cd8c5b P aef78aa3db374cafba0df0635c38e6fe: Time spent bootstrapping tablet: real 0.015s	user 0.003s	sys 0.009s
I20260608 10:06:48.621587 31186 tablet_bootstrap.cc:492] T c667b248a07b44ebb69d541f70cd8c5b P 2e0508952e5343ec9cdd6d4a775da1dc: No bootstrap required, opened a new log
I20260608 10:06:48.622010 31186 ts_tablet_manager.cc:1403] T c667b248a07b44ebb69d541f70cd8c5b P 2e0508952e5343ec9cdd6d4a775da1dc: Time spent bootstrapping tablet: real 0.014s	user 0.001s	sys 0.012s
I20260608 10:06:48.624282 31186 raft_consensus.cc:359] T c667b248a07b44ebb69d541f70cd8c5b P 2e0508952e5343ec9cdd6d4a775da1dc [term 0 FOLLOWER]: Replica starting. Triggering 0 pending ops. Active config: opid_index: -1 OBSOLETE_local: false peers { permanent_uuid: "2e0508952e5343ec9cdd6d4a775da1dc" member_type: VOTER last_known_addr { host: "127.26.39.194" port: 36817 } } peers { permanent_uuid: "aef78aa3db374cafba0df0635c38e6fe" member_type: VOTER last_known_addr { host: "127.26.39.195" port: 34145 } } peers { permanent_uuid: "1d87f0f9d6a54e89abe6f34d57ad3757" member_type: VOTER last_known_addr { host: "127.26.39.193" port: 45429 } }
I20260608 10:06:48.624318 31185 raft_consensus.cc:359] T c667b248a07b44ebb69d541f70cd8c5b P aef78aa3db374cafba0df0635c38e6fe [term 0 FOLLOWER]: Replica starting. Triggering 0 pending ops. Active config: opid_index: -1 OBSOLETE_local: false peers { permanent_uuid: "2e0508952e5343ec9cdd6d4a775da1dc" member_type: VOTER last_known_addr { host: "127.26.39.194" port: 36817 } } peers { permanent_uuid: "aef78aa3db374cafba0df0635c38e6fe" member_type: VOTER last_known_addr { host: "127.26.39.195" port: 34145 } } peers { permanent_uuid: "1d87f0f9d6a54e89abe6f34d57ad3757" member_type: VOTER last_known_addr { host: "127.26.39.193" port: 45429 } }
I20260608 10:06:48.625034 31186 raft_consensus.cc:385] T c667b248a07b44ebb69d541f70cd8c5b P 2e0508952e5343ec9cdd6d4a775da1dc [term 0 FOLLOWER]: Consensus starting up: Expiring failure detector timer to make a prompt election more likely
I20260608 10:06:48.625209 31185 raft_consensus.cc:385] T c667b248a07b44ebb69d541f70cd8c5b P aef78aa3db374cafba0df0635c38e6fe [term 0 FOLLOWER]: Consensus starting up: Expiring failure detector timer to make a prompt election more likely
I20260608 10:06:48.625418 31186 raft_consensus.cc:740] T c667b248a07b44ebb69d541f70cd8c5b P 2e0508952e5343ec9cdd6d4a775da1dc [term 0 FOLLOWER]: Becoming Follower/Learner. State: Replica: 2e0508952e5343ec9cdd6d4a775da1dc, State: Initialized, Role: FOLLOWER
I20260608 10:06:48.625605 31185 raft_consensus.cc:740] T c667b248a07b44ebb69d541f70cd8c5b P aef78aa3db374cafba0df0635c38e6fe [term 0 FOLLOWER]: Becoming Follower/Learner. State: Replica: aef78aa3db374cafba0df0635c38e6fe, State: Initialized, Role: FOLLOWER
I20260608 10:06:48.626013 31187 tablet_bootstrap.cc:654] T c667b248a07b44ebb69d541f70cd8c5b P 1d87f0f9d6a54e89abe6f34d57ad3757: Neither blocks nor log segments found. Creating new log.
I20260608 10:06:48.626497 31186 consensus_queue.cc:260] T c667b248a07b44ebb69d541f70cd8c5b P 2e0508952e5343ec9cdd6d4a775da1dc [NON_LEADER]: Queue going to NON_LEADER mode. State: All replicated index: 0, Majority replicated index: 0, Committed index: 0, Last appended: 0.0, Last appended by leader: 0, Current term: 0, Majority size: -1, State: 0, Mode: NON_LEADER, active raft config: opid_index: -1 OBSOLETE_local: false peers { permanent_uuid: "2e0508952e5343ec9cdd6d4a775da1dc" member_type: VOTER last_known_addr { host: "127.26.39.194" port: 36817 } } peers { permanent_uuid: "aef78aa3db374cafba0df0635c38e6fe" member_type: VOTER last_known_addr { host: "127.26.39.195" port: 34145 } } peers { permanent_uuid: "1d87f0f9d6a54e89abe6f34d57ad3757" member_type: VOTER last_known_addr { host: "127.26.39.193" port: 45429 } }
I20260608 10:06:48.626561 31185 consensus_queue.cc:260] T c667b248a07b44ebb69d541f70cd8c5b P aef78aa3db374cafba0df0635c38e6fe [NON_LEADER]: Queue going to NON_LEADER mode. State: All replicated index: 0, Majority replicated index: 0, Committed index: 0, Last appended: 0.0, Last appended by leader: 0, Current term: 0, Majority size: -1, State: 0, Mode: NON_LEADER, active raft config: opid_index: -1 OBSOLETE_local: false peers { permanent_uuid: "2e0508952e5343ec9cdd6d4a775da1dc" member_type: VOTER last_known_addr { host: "127.26.39.194" port: 36817 } } peers { permanent_uuid: "aef78aa3db374cafba0df0635c38e6fe" member_type: VOTER last_known_addr { host: "127.26.39.195" port: 34145 } } peers { permanent_uuid: "1d87f0f9d6a54e89abe6f34d57ad3757" member_type: VOTER last_known_addr { host: "127.26.39.193" port: 45429 } }
I20260608 10:06:48.629624 31186 ts_tablet_manager.cc:1434] T c667b248a07b44ebb69d541f70cd8c5b P 2e0508952e5343ec9cdd6d4a775da1dc: Time spent starting tablet: real 0.007s	user 0.007s	sys 0.001s
I20260608 10:06:48.631907 31185 ts_tablet_manager.cc:1434] T c667b248a07b44ebb69d541f70cd8c5b P aef78aa3db374cafba0df0635c38e6fe: Time spent starting tablet: real 0.011s	user 0.008s	sys 0.002s
I20260608 10:06:48.635982 31187 tablet_bootstrap.cc:492] T c667b248a07b44ebb69d541f70cd8c5b P 1d87f0f9d6a54e89abe6f34d57ad3757: No bootstrap required, opened a new log
I20260608 10:06:48.636523 31187 ts_tablet_manager.cc:1403] T c667b248a07b44ebb69d541f70cd8c5b P 1d87f0f9d6a54e89abe6f34d57ad3757: Time spent bootstrapping tablet: real 0.018s	user 0.004s	sys 0.008s
I20260608 10:06:48.639745 31187 raft_consensus.cc:359] T c667b248a07b44ebb69d541f70cd8c5b P 1d87f0f9d6a54e89abe6f34d57ad3757 [term 0 FOLLOWER]: Replica starting. Triggering 0 pending ops. Active config: opid_index: -1 OBSOLETE_local: false peers { permanent_uuid: "2e0508952e5343ec9cdd6d4a775da1dc" member_type: VOTER last_known_addr { host: "127.26.39.194" port: 36817 } } peers { permanent_uuid: "aef78aa3db374cafba0df0635c38e6fe" member_type: VOTER last_known_addr { host: "127.26.39.195" port: 34145 } } peers { permanent_uuid: "1d87f0f9d6a54e89abe6f34d57ad3757" member_type: VOTER last_known_addr { host: "127.26.39.193" port: 45429 } }
I20260608 10:06:48.640492 31187 raft_consensus.cc:385] T c667b248a07b44ebb69d541f70cd8c5b P 1d87f0f9d6a54e89abe6f34d57ad3757 [term 0 FOLLOWER]: Consensus starting up: Expiring failure detector timer to make a prompt election more likely
I20260608 10:06:48.640764 31187 raft_consensus.cc:740] T c667b248a07b44ebb69d541f70cd8c5b P 1d87f0f9d6a54e89abe6f34d57ad3757 [term 0 FOLLOWER]: Becoming Follower/Learner. State: Replica: 1d87f0f9d6a54e89abe6f34d57ad3757, State: Initialized, Role: FOLLOWER
I20260608 10:06:48.641531 31187 consensus_queue.cc:260] T c667b248a07b44ebb69d541f70cd8c5b P 1d87f0f9d6a54e89abe6f34d57ad3757 [NON_LEADER]: Queue going to NON_LEADER mode. State: All replicated index: 0, Majority replicated index: 0, Committed index: 0, Last appended: 0.0, Last appended by leader: 0, Current term: 0, Majority size: -1, State: 0, Mode: NON_LEADER, active raft config: opid_index: -1 OBSOLETE_local: false peers { permanent_uuid: "2e0508952e5343ec9cdd6d4a775da1dc" member_type: VOTER last_known_addr { host: "127.26.39.194" port: 36817 } } peers { permanent_uuid: "aef78aa3db374cafba0df0635c38e6fe" member_type: VOTER last_known_addr { host: "127.26.39.195" port: 34145 } } peers { permanent_uuid: "1d87f0f9d6a54e89abe6f34d57ad3757" member_type: VOTER last_known_addr { host: "127.26.39.193" port: 45429 } }
I20260608 10:06:48.644292 31187 ts_tablet_manager.cc:1434] T c667b248a07b44ebb69d541f70cd8c5b P 1d87f0f9d6a54e89abe6f34d57ad3757: Time spent starting tablet: real 0.007s	user 0.003s	sys 0.003s
I20260608 10:06:48.663945 31191 raft_consensus.cc:493] T c667b248a07b44ebb69d541f70cd8c5b P aef78aa3db374cafba0df0635c38e6fe [term 0 FOLLOWER]: Starting pre-election (no leader contacted us within the election timeout)
I20260608 10:06:48.664451 31191 raft_consensus.cc:515] T c667b248a07b44ebb69d541f70cd8c5b P aef78aa3db374cafba0df0635c38e6fe [term 0 FOLLOWER]: Starting pre-election with config: opid_index: -1 OBSOLETE_local: false peers { permanent_uuid: "2e0508952e5343ec9cdd6d4a775da1dc" member_type: VOTER last_known_addr { host: "127.26.39.194" port: 36817 } } peers { permanent_uuid: "aef78aa3db374cafba0df0635c38e6fe" member_type: VOTER last_known_addr { host: "127.26.39.195" port: 34145 } } peers { permanent_uuid: "1d87f0f9d6a54e89abe6f34d57ad3757" member_type: VOTER last_known_addr { host: "127.26.39.193" port: 45429 } }
I20260608 10:06:48.666769 31191 leader_election.cc:290] T c667b248a07b44ebb69d541f70cd8c5b P aef78aa3db374cafba0df0635c38e6fe [CANDIDATE]: Term 1 pre-election: Requested pre-vote from peers 2e0508952e5343ec9cdd6d4a775da1dc (127.26.39.194:36817), 1d87f0f9d6a54e89abe6f34d57ad3757 (127.26.39.193:45429)
I20260608 10:06:48.678092 31065 tablet_service.cc:1917] Received RequestConsensusVote() RPC: tablet_id: "c667b248a07b44ebb69d541f70cd8c5b" candidate_uuid: "aef78aa3db374cafba0df0635c38e6fe" candidate_term: 1 candidate_status { last_received { term: 0 index: 0 } } ignore_live_leader: false dest_uuid: "2e0508952e5343ec9cdd6d4a775da1dc" is_pre_election: true
I20260608 10:06:48.678786 30990 tablet_service.cc:1917] Received RequestConsensusVote() RPC: tablet_id: "c667b248a07b44ebb69d541f70cd8c5b" candidate_uuid: "aef78aa3db374cafba0df0635c38e6fe" candidate_term: 1 candidate_status { last_received { term: 0 index: 0 } } ignore_live_leader: false dest_uuid: "1d87f0f9d6a54e89abe6f34d57ad3757" is_pre_election: true
I20260608 10:06:48.678928 31065 raft_consensus.cc:2468] T c667b248a07b44ebb69d541f70cd8c5b P 2e0508952e5343ec9cdd6d4a775da1dc [term 0 FOLLOWER]: Leader pre-election vote request: Granting yes vote for candidate aef78aa3db374cafba0df0635c38e6fe in term 0.
I20260608 10:06:48.679494 30990 raft_consensus.cc:2468] T c667b248a07b44ebb69d541f70cd8c5b P 1d87f0f9d6a54e89abe6f34d57ad3757 [term 0 FOLLOWER]: Leader pre-election vote request: Granting yes vote for candidate aef78aa3db374cafba0df0635c38e6fe in term 0.
I20260608 10:06:48.680384 31102 leader_election.cc:304] T c667b248a07b44ebb69d541f70cd8c5b P aef78aa3db374cafba0df0635c38e6fe [CANDIDATE]: Term 1 pre-election: Election decided. Result: candidate won. Election summary: received 2 responses out of 3 voters: 2 yes votes; 0 no votes. yes voters: 2e0508952e5343ec9cdd6d4a775da1dc, aef78aa3db374cafba0df0635c38e6fe; no voters: 
I20260608 10:06:48.681348 31191 raft_consensus.cc:2804] T c667b248a07b44ebb69d541f70cd8c5b P aef78aa3db374cafba0df0635c38e6fe [term 0 FOLLOWER]: Leader pre-election won for term 1
I20260608 10:06:48.681713 31191 raft_consensus.cc:493] T c667b248a07b44ebb69d541f70cd8c5b P aef78aa3db374cafba0df0635c38e6fe [term 0 FOLLOWER]: Starting leader election (no leader contacted us within the election timeout)
I20260608 10:06:48.682056 31191 raft_consensus.cc:3060] T c667b248a07b44ebb69d541f70cd8c5b P aef78aa3db374cafba0df0635c38e6fe [term 0 FOLLOWER]: Advancing to term 1
I20260608 10:06:48.687143 31191 raft_consensus.cc:515] T c667b248a07b44ebb69d541f70cd8c5b P aef78aa3db374cafba0df0635c38e6fe [term 1 FOLLOWER]: Starting leader election with config: opid_index: -1 OBSOLETE_local: false peers { permanent_uuid: "2e0508952e5343ec9cdd6d4a775da1dc" member_type: VOTER last_known_addr { host: "127.26.39.194" port: 36817 } } peers { permanent_uuid: "aef78aa3db374cafba0df0635c38e6fe" member_type: VOTER last_known_addr { host: "127.26.39.195" port: 34145 } } peers { permanent_uuid: "1d87f0f9d6a54e89abe6f34d57ad3757" member_type: VOTER last_known_addr { host: "127.26.39.193" port: 45429 } }
I20260608 10:06:48.688786 31191 leader_election.cc:290] T c667b248a07b44ebb69d541f70cd8c5b P aef78aa3db374cafba0df0635c38e6fe [CANDIDATE]: Term 1 election: Requested vote from peers 2e0508952e5343ec9cdd6d4a775da1dc (127.26.39.194:36817), 1d87f0f9d6a54e89abe6f34d57ad3757 (127.26.39.193:45429)
I20260608 10:06:48.689626 31065 tablet_service.cc:1917] Received RequestConsensusVote() RPC: tablet_id: "c667b248a07b44ebb69d541f70cd8c5b" candidate_uuid: "aef78aa3db374cafba0df0635c38e6fe" candidate_term: 1 candidate_status { last_received { term: 0 index: 0 } } ignore_live_leader: false dest_uuid: "2e0508952e5343ec9cdd6d4a775da1dc"
I20260608 10:06:48.689822 30990 tablet_service.cc:1917] Received RequestConsensusVote() RPC: tablet_id: "c667b248a07b44ebb69d541f70cd8c5b" candidate_uuid: "aef78aa3db374cafba0df0635c38e6fe" candidate_term: 1 candidate_status { last_received { term: 0 index: 0 } } ignore_live_leader: false dest_uuid: "1d87f0f9d6a54e89abe6f34d57ad3757"
I20260608 10:06:48.690104 31065 raft_consensus.cc:3060] T c667b248a07b44ebb69d541f70cd8c5b P 2e0508952e5343ec9cdd6d4a775da1dc [term 0 FOLLOWER]: Advancing to term 1
I20260608 10:06:48.690374 30990 raft_consensus.cc:3060] T c667b248a07b44ebb69d541f70cd8c5b P 1d87f0f9d6a54e89abe6f34d57ad3757 [term 0 FOLLOWER]: Advancing to term 1
I20260608 10:06:48.695163 31065 raft_consensus.cc:2468] T c667b248a07b44ebb69d541f70cd8c5b P 2e0508952e5343ec9cdd6d4a775da1dc [term 1 FOLLOWER]: Leader election vote request: Granting yes vote for candidate aef78aa3db374cafba0df0635c38e6fe in term 1.
I20260608 10:06:48.695405 30990 raft_consensus.cc:2468] T c667b248a07b44ebb69d541f70cd8c5b P 1d87f0f9d6a54e89abe6f34d57ad3757 [term 1 FOLLOWER]: Leader election vote request: Granting yes vote for candidate aef78aa3db374cafba0df0635c38e6fe in term 1.
I20260608 10:06:48.696251 31102 leader_election.cc:304] T c667b248a07b44ebb69d541f70cd8c5b P aef78aa3db374cafba0df0635c38e6fe [CANDIDATE]: Term 1 election: Election decided. Result: candidate won. Election summary: received 2 responses out of 3 voters: 2 yes votes; 0 no votes. yes voters: 2e0508952e5343ec9cdd6d4a775da1dc, aef78aa3db374cafba0df0635c38e6fe; no voters: 
I20260608 10:06:48.697124 31191 raft_consensus.cc:2804] T c667b248a07b44ebb69d541f70cd8c5b P aef78aa3db374cafba0df0635c38e6fe [term 1 FOLLOWER]: Leader election won for term 1
I20260608 10:06:48.698192 31191 raft_consensus.cc:697] T c667b248a07b44ebb69d541f70cd8c5b P aef78aa3db374cafba0df0635c38e6fe [term 1 LEADER]: Becoming Leader. State: Replica: aef78aa3db374cafba0df0635c38e6fe, State: Running, Role: LEADER
I20260608 10:06:48.698868 31191 consensus_queue.cc:237] T c667b248a07b44ebb69d541f70cd8c5b P aef78aa3db374cafba0df0635c38e6fe [LEADER]: Queue going to LEADER mode. State: All replicated index: 0, Majority replicated index: 0, Committed index: 0, Last appended: 0.0, Last appended by leader: 0, Current term: 1, Majority size: 2, State: 0, Mode: LEADER, active raft config: opid_index: -1 OBSOLETE_local: false peers { permanent_uuid: "2e0508952e5343ec9cdd6d4a775da1dc" member_type: VOTER last_known_addr { host: "127.26.39.194" port: 36817 } } peers { permanent_uuid: "aef78aa3db374cafba0df0635c38e6fe" member_type: VOTER last_known_addr { host: "127.26.39.195" port: 34145 } } peers { permanent_uuid: "1d87f0f9d6a54e89abe6f34d57ad3757" member_type: VOTER last_known_addr { host: "127.26.39.193" port: 45429 } }
W20260608 10:06:48.704774 31165 tablet.cc:2404] T c667b248a07b44ebb69d541f70cd8c5b P aef78aa3db374cafba0df0635c38e6fe: Can't schedule compaction. Clean time has not been advanced past its initial value.
I20260608 10:06:48.706496 30888 catalog_manager.cc:5696] T c667b248a07b44ebb69d541f70cd8c5b P aef78aa3db374cafba0df0635c38e6fe reported cstate change: term changed from 0 to 1, leader changed from <none> to aef78aa3db374cafba0df0635c38e6fe (127.26.39.195). New cstate: current_term: 1 leader_uuid: "aef78aa3db374cafba0df0635c38e6fe" committed_config { opid_index: -1 OBSOLETE_local: false peers { permanent_uuid: "2e0508952e5343ec9cdd6d4a775da1dc" member_type: VOTER last_known_addr { host: "127.26.39.194" port: 36817 } health_report { overall_health: UNKNOWN } } peers { permanent_uuid: "aef78aa3db374cafba0df0635c38e6fe" member_type: VOTER last_known_addr { host: "127.26.39.195" port: 34145 } health_report { overall_health: HEALTHY } } peers { permanent_uuid: "1d87f0f9d6a54e89abe6f34d57ad3757" member_type: VOTER last_known_addr { host: "127.26.39.193" port: 45429 } health_report { overall_health: UNKNOWN } } }
I20260608 10:06:49.062096 30936 placement_policy_util.cc:407] tablet c667b248a07b44ebb69d541f70cd8c5b: detected majority of replicas (2 of 3) at location L0
I20260608 10:06:49.063617 30941 auto_leader_rebalancer.cc:140] leader rebalance for table test-workload
I20260608 10:06:49.065694 30941 auto_leader_rebalancer.cc:388] table: test-workload, leader rebalance finish, leader transfer count: 0
I20260608 10:06:49.066118 30941 auto_leader_rebalancer.cc:451] All tables' leader rebalancing finished this round
I20260608 10:06:49.143136 31191 consensus_queue.cc:1048] T c667b248a07b44ebb69d541f70cd8c5b P aef78aa3db374cafba0df0635c38e6fe [LEADER]: Connected to new peer: Peer: permanent_uuid: "1d87f0f9d6a54e89abe6f34d57ad3757" member_type: VOTER last_known_addr { host: "127.26.39.193" port: 45429 }, Status: LMP_MISMATCH, Last received: 0.0, Next index: 1, Last known committed idx: 0, Time since last communication: 0.000s
I20260608 10:06:49.157728 31191 consensus_queue.cc:1048] T c667b248a07b44ebb69d541f70cd8c5b P aef78aa3db374cafba0df0635c38e6fe [LEADER]: Connected to new peer: Peer: permanent_uuid: "2e0508952e5343ec9cdd6d4a775da1dc" member_type: VOTER last_known_addr { host: "127.26.39.194" port: 36817 }, Status: LMP_MISMATCH, Last received: 0.0, Next index: 1, Last known committed idx: 0, Time since last communication: 0.000s
