I20260608 09:48:38.920888 24871 tablet_service.cc:1917] Received RequestConsensusVote() RPC: tablet_id: "22494a11ebad475db2973f997fd5287b" candidate_uuid: "e8ba645c0443473c8edd2dac42f561d3" candidate_term: 1 candidate_status { last_received { term: 0 index: 0 } } ignore_live_leader: false dest_uuid: "170ee7f74da94f52b5b3ae14cbb90b34" is_pre_election: true
I20260608 09:48:38.921658 24871 raft_consensus.cc:2468] T 22494a11ebad475db2973f997fd5287b P 170ee7f74da94f52b5b3ae14cbb90b34 [term 0 FOLLOWER]: Leader pre-election vote request: Granting yes vote for candidate e8ba645c0443473c8edd2dac42f561d3 in term 0.
I20260608 09:48:38.900290 25102 raft_consensus.cc:2804] T 01e8e01dd7084867a32799c3bee9edfc P 847eabe06f454ce595d9ee4d188b34f8 [term 1 FOLLOWER]: Leader election won for term 1
I20260608 09:48:38.922320 24760 leader_election.cc:304] T 3dc57c3aa33e4f81989ecec33635e29c P 847eabe06f454ce595d9ee4d188b34f8 [CANDIDATE]: Term 1 pre-election: Election decided. Result: candidate won. Election summary: received 2 responses out of 3 voters: 2 yes votes; 0 no votes. yes voters: 13fe3dbbacdd494ebc1a05f8961b3770, 847eabe06f454ce595d9ee4d188b34f8; no voters: 
I20260608 09:48:38.922736 24687 leader_election.cc:304] T 22494a11ebad475db2973f997fd5287b P e8ba645c0443473c8edd2dac42f561d3 [CANDIDATE]: Term 1 pre-election: Election decided. Result: candidate won. Election summary: received 2 responses out of 3 voters: 2 yes votes; 0 no votes. yes voters: 170ee7f74da94f52b5b3ae14cbb90b34, e8ba645c0443473c8edd2dac42f561d3; no voters: 
I20260608 09:48:38.923275 25072 ts_tablet_manager.cc:1434] T 3dc57c3aa33e4f81989ecec33635e29c P 13fe3dbbacdd494ebc1a05f8961b3770: Time spent starting tablet: real 0.219s	user 0.065s	sys 0.056s
I20260608 09:48:38.923344 24721 tablet_service.cc:1917] Received RequestConsensusVote() RPC: tablet_id: "22494a11ebad475db2973f997fd5287b" candidate_uuid: "170ee7f74da94f52b5b3ae14cbb90b34" candidate_term: 1 candidate_status { last_received { term: 0 index: 0 } } ignore_live_leader: false dest_uuid: "e8ba645c0443473c8edd2dac42f561d3" is_pre_election: true
I20260608 09:48:38.924011 24721 raft_consensus.cc:2468] T 22494a11ebad475db2973f997fd5287b P e8ba645c0443473c8edd2dac42f561d3 [term 0 FOLLOWER]: Leader pre-election vote request: Granting yes vote for candidate 170ee7f74da94f52b5b3ae14cbb90b34 in term 0.
I20260608 09:48:38.924646 24967 raft_consensus.cc:2804] T 22494a11ebad475db2973f997fd5287b P e8ba645c0443473c8edd2dac42f561d3 [term 0 FOLLOWER]: Leader pre-election won for term 1
I20260608 09:48:38.925050 24967 raft_consensus.cc:493] T 22494a11ebad475db2973f997fd5287b P e8ba645c0443473c8edd2dac42f561d3 [term 0 FOLLOWER]: Starting leader election (no leader contacted us within the election timeout)
I20260608 09:48:38.925096 24836 leader_election.cc:304] T 22494a11ebad475db2973f997fd5287b P 170ee7f74da94f52b5b3ae14cbb90b34 [CANDIDATE]: Term 1 pre-election: Election decided. Result: candidate won. Election summary: received 3 responses out of 3 voters: 2 yes votes; 1 no votes. yes voters: 170ee7f74da94f52b5b3ae14cbb90b34, e8ba645c0443473c8edd2dac42f561d3; no voters: 13fe3dbbacdd494ebc1a05f8961b3770
I20260608 09:48:38.926469 24955 raft_consensus.cc:2804] T 22494a11ebad475db2973f997fd5287b P 170ee7f74da94f52b5b3ae14cbb90b34 [term 0 FOLLOWER]: Leader pre-election won for term 1
I20260608 09:48:38.927232 24955 raft_consensus.cc:493] T 22494a11ebad475db2973f997fd5287b P 170ee7f74da94f52b5b3ae14cbb90b34 [term 0 FOLLOWER]: Starting leader election (no leader contacted us within the election timeout)
I20260608 09:48:38.927654 24955 raft_consensus.cc:3060] T 22494a11ebad475db2973f997fd5287b P 170ee7f74da94f52b5b3ae14cbb90b34 [term 0 FOLLOWER]: Advancing to term 1
I20260608 09:48:38.928340 25027 tablet_service.cc:1917] Received RequestConsensusVote() RPC: tablet_id: "22494a11ebad475db2973f997fd5287b" candidate_uuid: "e8ba645c0443473c8edd2dac42f561d3" candidate_term: 1 candidate_status { last_received { term: 0 index: 0 } } ignore_live_leader: false dest_uuid: "13fe3dbbacdd494ebc1a05f8961b3770" is_pre_election: true
I20260608 09:48:38.926880 24967 raft_consensus.cc:3060] T 22494a11ebad475db2973f997fd5287b P e8ba645c0443473c8edd2dac42f561d3 [term 0 FOLLOWER]: Advancing to term 1
W20260608 09:48:38.929597 24685 leader_election.cc:343] T 22494a11ebad475db2973f997fd5287b P e8ba645c0443473c8edd2dac42f561d3 [CANDIDATE]: Term 1 pre-election: Tablet error from VoteRequest() call to peer 13fe3dbbacdd494ebc1a05f8961b3770 (127.21.58.4:33733): Illegal state: must be running to vote when last-logged opid is not known
I20260608 09:48:38.926874 25082 raft_consensus.cc:2749] T c7d69c86d0114125bda346a2efa9fbe2 P 13fe3dbbacdd494ebc1a05f8961b3770 [term 1 FOLLOWER]: Leader pre-election lost for term 1. Reason: could not achieve majority
I20260608 09:48:38.937445 25065 tablet_bootstrap.cc:492] T fc13644313b343a698a86af4211db053 P 170ee7f74da94f52b5b3ae14cbb90b34: No bootstrap required, opened a new log
I20260608 09:48:38.937953 25065 ts_tablet_manager.cc:1403] T fc13644313b343a698a86af4211db053 P 170ee7f74da94f52b5b3ae14cbb90b34: Time spent bootstrapping tablet: real 0.242s	user 0.013s	sys 0.003s
I20260608 09:48:38.940665 24967 raft_consensus.cc:515] T 22494a11ebad475db2973f997fd5287b P e8ba645c0443473c8edd2dac42f561d3 [term 1 FOLLOWER]: Starting leader election with config: opid_index: -1 OBSOLETE_local: false peers { permanent_uuid: "13fe3dbbacdd494ebc1a05f8961b3770" member_type: VOTER last_known_addr { host: "127.21.58.4" port: 33733 } } peers { permanent_uuid: "e8ba645c0443473c8edd2dac42f561d3" member_type: VOTER last_known_addr { host: "127.21.58.1" port: 35509 } } peers { permanent_uuid: "170ee7f74da94f52b5b3ae14cbb90b34" member_type: VOTER last_known_addr { host: "127.21.58.3" port: 35779 } }
I20260608 09:48:38.947120 24871 tablet_service.cc:1917] Received RequestConsensusVote() RPC: tablet_id: "22494a11ebad475db2973f997fd5287b" candidate_uuid: "e8ba645c0443473c8edd2dac42f561d3" candidate_term: 1 candidate_status { last_received { term: 0 index: 0 } } ignore_live_leader: false dest_uuid: "170ee7f74da94f52b5b3ae14cbb90b34"
I20260608 09:48:38.941785 24955 raft_consensus.cc:515] T 22494a11ebad475db2973f997fd5287b P 170ee7f74da94f52b5b3ae14cbb90b34 [term 1 FOLLOWER]: Starting leader election with config: opid_index: -1 OBSOLETE_local: false peers { permanent_uuid: "13fe3dbbacdd494ebc1a05f8961b3770" member_type: VOTER last_known_addr { host: "127.21.58.4" port: 33733 } } peers { permanent_uuid: "e8ba645c0443473c8edd2dac42f561d3" member_type: VOTER last_known_addr { host: "127.21.58.1" port: 35509 } } peers { permanent_uuid: "170ee7f74da94f52b5b3ae14cbb90b34" member_type: VOTER last_known_addr { host: "127.21.58.3" port: 35779 } }
I20260608 09:48:38.949442 25027 tablet_service.cc:1917] Received RequestConsensusVote() RPC: tablet_id: "22494a11ebad475db2973f997fd5287b" candidate_uuid: "e8ba645c0443473c8edd2dac42f561d3" candidate_term: 1 candidate_status { last_received { term: 0 index: 0 } } ignore_live_leader: false dest_uuid: "13fe3dbbacdd494ebc1a05f8961b3770"
I20260608 09:48:38.949793 24871 raft_consensus.cc:2393] T 22494a11ebad475db2973f997fd5287b P 170ee7f74da94f52b5b3ae14cbb90b34 [term 1 FOLLOWER]: Leader election vote request: Denying vote to candidate e8ba645c0443473c8edd2dac42f561d3 in current term 1: Already voted for candidate 170ee7f74da94f52b5b3ae14cbb90b34 in this term.
I20260608 09:48:38.950685 24955 leader_election.cc:290] T 22494a11ebad475db2973f997fd5287b P 170ee7f74da94f52b5b3ae14cbb90b34 [CANDIDATE]: Term 1 election: Requested vote from peers 13fe3dbbacdd494ebc1a05f8961b3770 (127.21.58.4:33733), e8ba645c0443473c8edd2dac42f561d3 (127.21.58.1:35509)
I20260608 09:48:38.940958 25065 raft_consensus.cc:359] T fc13644313b343a698a86af4211db053 P 170ee7f74da94f52b5b3ae14cbb90b34 [term 0 FOLLOWER]: Replica starting. Triggering 0 pending ops. Active config: opid_index: -1 OBSOLETE_local: false peers { permanent_uuid: "13fe3dbbacdd494ebc1a05f8961b3770" member_type: VOTER last_known_addr { host: "127.21.58.4" port: 33733 } } peers { permanent_uuid: "170ee7f74da94f52b5b3ae14cbb90b34" member_type: VOTER last_known_addr { host: "127.21.58.3" port: 35779 } } peers { permanent_uuid: "e8ba645c0443473c8edd2dac42f561d3" member_type: VOTER last_known_addr { host: "127.21.58.1" port: 35509 } }
I20260608 09:48:38.941375 25103 raft_consensus.cc:2804] T 3dc57c3aa33e4f81989ecec33635e29c P 847eabe06f454ce595d9ee4d188b34f8 [term 0 FOLLOWER]: Leader pre-election won for term 1
W20260608 09:48:38.950881 24685 leader_election.cc:343] T 22494a11ebad475db2973f997fd5287b P e8ba645c0443473c8edd2dac42f561d3 [CANDIDATE]: Term 1 election: Tablet error from VoteRequest() call to peer 13fe3dbbacdd494ebc1a05f8961b3770 (127.21.58.4:33733): Illegal state: must be running to vote when last-logged opid is not known
I20260608 09:48:38.941802 24922 raft_consensus.cc:493] T 4f31b4f2f92e4cde8c61720aba451e08 P e8ba645c0443473c8edd2dac42f561d3 [term 0 FOLLOWER]: Starting pre-election (no leader contacted us within the election timeout)
I20260608 09:48:38.951375 24967 leader_election.cc:290] T 22494a11ebad475db2973f997fd5287b P e8ba645c0443473c8edd2dac42f561d3 [CANDIDATE]: Term 1 election: Requested vote from peers 13fe3dbbacdd494ebc1a05f8961b3770 (127.21.58.4:33733), 170ee7f74da94f52b5b3ae14cbb90b34 (127.21.58.3:35779)
I20260608 09:48:38.951143 25065 raft_consensus.cc:385] T fc13644313b343a698a86af4211db053 P 170ee7f74da94f52b5b3ae14cbb90b34 [term 0 FOLLOWER]: Consensus starting up: Expiring failure detector timer to make a prompt election more likely
I20260608 09:48:38.951853 24922 raft_consensus.cc:515] T 4f31b4f2f92e4cde8c61720aba451e08 P e8ba645c0443473c8edd2dac42f561d3 [term 0 FOLLOWER]: Starting pre-election with config: opid_index: -1 OBSOLETE_local: false peers { permanent_uuid: "847eabe06f454ce595d9ee4d188b34f8" member_type: VOTER last_known_addr { host: "127.21.58.2" port: 46295 } } peers { permanent_uuid: "e8ba645c0443473c8edd2dac42f561d3" member_type: VOTER last_known_addr { host: "127.21.58.1" port: 35509 } } peers { permanent_uuid: "13fe3dbbacdd494ebc1a05f8961b3770" member_type: VOTER last_known_addr { host: "127.21.58.4" port: 33733 } }
I20260608 09:48:38.952250 25065 raft_consensus.cc:740] T fc13644313b343a698a86af4211db053 P 170ee7f74da94f52b5b3ae14cbb90b34 [term 0 FOLLOWER]: Becoming Follower/Learner. State: Replica: 170ee7f74da94f52b5b3ae14cbb90b34, State: Initialized, Role: FOLLOWER
I20260608 09:48:38.952456 24720 tablet_service.cc:1917] Received RequestConsensusVote() RPC: tablet_id: "22494a11ebad475db2973f997fd5287b" candidate_uuid: "170ee7f74da94f52b5b3ae14cbb90b34" candidate_term: 1 candidate_status { last_received { term: 0 index: 0 } } ignore_live_leader: false dest_uuid: "e8ba645c0443473c8edd2dac42f561d3"
I20260608 09:48:38.952657 24687 leader_election.cc:304] T 22494a11ebad475db2973f997fd5287b P e8ba645c0443473c8edd2dac42f561d3 [CANDIDATE]: Term 1 election: Election decided. Result: candidate lost. Election summary: received 3 responses out of 3 voters: 1 yes votes; 2 no votes. yes voters: e8ba645c0443473c8edd2dac42f561d3; no voters: 13fe3dbbacdd494ebc1a05f8961b3770, 170ee7f74da94f52b5b3ae14cbb90b34
I20260608 09:48:38.953310 24720 raft_consensus.cc:2393] T 22494a11ebad475db2973f997fd5287b P e8ba645c0443473c8edd2dac42f561d3 [term 1 FOLLOWER]: Leader election vote request: Denying vote to candidate 170ee7f74da94f52b5b3ae14cbb90b34 in current term 1: Already voted for candidate e8ba645c0443473c8edd2dac42f561d3 in this term.
I20260608 09:48:38.953015 25065 consensus_queue.cc:260] T fc13644313b343a698a86af4211db053 P 170ee7f74da94f52b5b3ae14cbb90b34 [NON_LEADER]: Queue going to NON_LEADER mode. State: All replicated index: 0, Majority replicated index: 0, Committed index: 0, Last appended: 0.0, Last appended by leader: 0, Current term: 0, Majority size: -1, State: 0, Mode: NON_LEADER, active raft config: opid_index: -1 OBSOLETE_local: false peers { permanent_uuid: "13fe3dbbacdd494ebc1a05f8961b3770" member_type: VOTER last_known_addr { host: "127.21.58.4" port: 33733 } } peers { permanent_uuid: "170ee7f74da94f52b5b3ae14cbb90b34" member_type: VOTER last_known_addr { host: "127.21.58.3" port: 35779 } } peers { permanent_uuid: "e8ba645c0443473c8edd2dac42f561d3" member_type: VOTER last_known_addr { host: "127.21.58.1" port: 35509 } }
I20260608 09:48:38.954028 24922 leader_election.cc:290] T 4f31b4f2f92e4cde8c61720aba451e08 P e8ba645c0443473c8edd2dac42f561d3 [CANDIDATE]: Term 1 pre-election: Requested pre-vote from peers 847eabe06f454ce595d9ee4d188b34f8 (127.21.58.2:46295), 13fe3dbbacdd494ebc1a05f8961b3770 (127.21.58.4:33733)
I20260608 09:48:38.954517 24922 raft_consensus.cc:2749] T 22494a11ebad475db2973f997fd5287b P e8ba645c0443473c8edd2dac42f561d3 [term 1 FOLLOWER]: Leader election lost for term 1. Reason: could not achieve majority
I20260608 09:48:38.951270 25103 raft_consensus.cc:493] T 3dc57c3aa33e4f81989ecec33635e29c P 847eabe06f454ce595d9ee4d188b34f8 [term 0 FOLLOWER]: Starting leader election (no leader contacted us within the election timeout)
I20260608 09:48:38.954903 25102 raft_consensus.cc:697] T 01e8e01dd7084867a32799c3bee9edfc P 847eabe06f454ce595d9ee4d188b34f8 [term 1 LEADER]: Becoming Leader. State: Replica: 847eabe06f454ce595d9ee4d188b34f8, State: Running, Role: LEADER
I20260608 09:48:38.955284 25103 raft_consensus.cc:3060] T 3dc57c3aa33e4f81989ecec33635e29c P 847eabe06f454ce595d9ee4d188b34f8 [term 0 FOLLOWER]: Advancing to term 1
I20260608 09:48:38.955636 25065 ts_tablet_manager.cc:1434] T fc13644313b343a698a86af4211db053 P 170ee7f74da94f52b5b3ae14cbb90b34: Time spent starting tablet: real 0.017s	user 0.007s	sys 0.000s
I20260608 09:48:38.942616 24982 consensus_queue.cc:1048] T c7d69c86d0114125bda346a2efa9fbe2 P 847eabe06f454ce595d9ee4d188b34f8 [LEADER]: Connected to new peer: Peer: permanent_uuid: "13fe3dbbacdd494ebc1a05f8961b3770" member_type: VOTER last_known_addr { host: "127.21.58.4" port: 33733 }, Status: LMP_MISMATCH, Last received: 0.0, Next index: 1, Last known committed idx: 0, Time since last communication: 0.000s
I20260608 09:48:38.955696 25027 tablet_service.cc:1917] Received RequestConsensusVote() RPC: tablet_id: "22494a11ebad475db2973f997fd5287b" candidate_uuid: "170ee7f74da94f52b5b3ae14cbb90b34" candidate_term: 1 candidate_status { last_received { term: 0 index: 0 } } ignore_live_leader: false dest_uuid: "13fe3dbbacdd494ebc1a05f8961b3770"
I20260608 09:48:38.959038 25065 tablet_bootstrap.cc:492] T 3dc57c3aa33e4f81989ecec33635e29c P 170ee7f74da94f52b5b3ae14cbb90b34: Bootstrap starting.
I20260608 09:48:38.960706 24796 tablet_service.cc:1917] Received RequestConsensusVote() RPC: tablet_id: "4f31b4f2f92e4cde8c61720aba451e08" candidate_uuid: "e8ba645c0443473c8edd2dac42f561d3" candidate_term: 1 candidate_status { last_received { term: 0 index: 0 } } ignore_live_leader: false dest_uuid: "847eabe06f454ce595d9ee4d188b34f8" is_pre_election: true
I20260608 09:48:38.961360 24796 raft_consensus.cc:2468] T 4f31b4f2f92e4cde8c61720aba451e08 P 847eabe06f454ce595d9ee4d188b34f8 [term 0 FOLLOWER]: Leader pre-election vote request: Granting yes vote for candidate e8ba645c0443473c8edd2dac42f561d3 in term 0.
I20260608 09:48:38.963548 25026 tablet_service.cc:1917] Received RequestConsensusVote() RPC: tablet_id: "4f31b4f2f92e4cde8c61720aba451e08" candidate_uuid: "e8ba645c0443473c8edd2dac42f561d3" candidate_term: 1 candidate_status { last_received { term: 0 index: 0 } } ignore_live_leader: false dest_uuid: "13fe3dbbacdd494ebc1a05f8961b3770" is_pre_election: true
I20260608 09:48:38.968829 24685 leader_election.cc:304] T 4f31b4f2f92e4cde8c61720aba451e08 P e8ba645c0443473c8edd2dac42f561d3 [CANDIDATE]: Term 1 pre-election: Election decided. Result: candidate won. Election summary: received 2 responses out of 3 voters: 2 yes votes; 0 no votes. yes voters: 847eabe06f454ce595d9ee4d188b34f8, e8ba645c0443473c8edd2dac42f561d3; no voters: 
W20260608 09:48:38.971669 24685 leader_election.cc:343] T 4f31b4f2f92e4cde8c61720aba451e08 P e8ba645c0443473c8edd2dac42f561d3 [CANDIDATE]: Term 1 pre-election: Tablet error from VoteRequest() call to peer 13fe3dbbacdd494ebc1a05f8961b3770 (127.21.58.4:33733): Illegal state: must be running to vote when last-logged opid is not known
I20260608 09:48:38.968698 24870 tablet_service.cc:1917] Received RequestConsensusVote() RPC: tablet_id: "3dc57c3aa33e4f81989ecec33635e29c" candidate_uuid: "847eabe06f454ce595d9ee4d188b34f8" candidate_term: 1 candidate_status { last_received { term: 0 index: 0 } } ignore_live_leader: false dest_uuid: "170ee7f74da94f52b5b3ae14cbb90b34" is_pre_election: true
W20260608 09:48:38.964531 24834 leader_election.cc:343] T 22494a11ebad475db2973f997fd5287b P 170ee7f74da94f52b5b3ae14cbb90b34 [CANDIDATE]: Term 1 election: Tablet error from VoteRequest() call to peer 13fe3dbbacdd494ebc1a05f8961b3770 (127.21.58.4:33733): Illegal state: must be running to vote when last-logged opid is not known
I20260608 09:48:38.975834 24834 leader_election.cc:304] T 22494a11ebad475db2973f997fd5287b P 170ee7f74da94f52b5b3ae14cbb90b34 [CANDIDATE]: Term 1 election: Election decided. Result: candidate lost. Election summary: received 3 responses out of 3 voters: 1 yes votes; 2 no votes. yes voters: 170ee7f74da94f52b5b3ae14cbb90b34; no voters: 13fe3dbbacdd494ebc1a05f8961b3770, e8ba645c0443473c8edd2dac42f561d3
I20260608 09:48:38.968870 25072 tablet_bootstrap.cc:492] T 01e8e01dd7084867a32799c3bee9edfc P 13fe3dbbacdd494ebc1a05f8961b3770: Bootstrap starting.
I20260608 09:48:38.976590 24967 raft_consensus.cc:2804] T 4f31b4f2f92e4cde8c61720aba451e08 P e8ba645c0443473c8edd2dac42f561d3 [term 0 FOLLOWER]: Leader pre-election won for term 1
I20260608 09:48:38.977000 24967 raft_consensus.cc:493] T 4f31b4f2f92e4cde8c61720aba451e08 P e8ba645c0443473c8edd2dac42f561d3 [term 0 FOLLOWER]: Starting leader election (no leader contacted us within the election timeout)
I20260608 09:48:38.962884 25102 consensus_queue.cc:237] T 01e8e01dd7084867a32799c3bee9edfc P 847eabe06f454ce595d9ee4d188b34f8 [LEADER]: Queue going to LEADER mode. State: All replicated index: 0, Majority replicated index: 0, Committed index: 0, Last appended: 0.0, Last appended by leader: 0, Current term: 1, Majority size: 2, State: 0, Mode: LEADER, active raft config: opid_index: -1 OBSOLETE_local: false peers { permanent_uuid: "847eabe06f454ce595d9ee4d188b34f8" member_type: VOTER last_known_addr { host: "127.21.58.2" port: 46295 } } peers { permanent_uuid: "13fe3dbbacdd494ebc1a05f8961b3770" member_type: VOTER last_known_addr { host: "127.21.58.4" port: 33733 } } peers { permanent_uuid: "e8ba645c0443473c8edd2dac42f561d3" member_type: VOTER last_known_addr { host: "127.21.58.1" port: 35509 } }
I20260608 09:48:38.977353 24967 raft_consensus.cc:3060] T 4f31b4f2f92e4cde8c61720aba451e08 P e8ba645c0443473c8edd2dac42f561d3 [term 0 FOLLOWER]: Advancing to term 1
I20260608 09:48:39.035590 25101 raft_consensus.cc:2749] T 22494a11ebad475db2973f997fd5287b P 170ee7f74da94f52b5b3ae14cbb90b34 [term 1 FOLLOWER]: Leader election lost for term 1. Reason: could not achieve majority
I20260608 09:48:39.037460 25065 tablet_bootstrap.cc:654] T 3dc57c3aa33e4f81989ecec33635e29c P 170ee7f74da94f52b5b3ae14cbb90b34: Neither blocks nor log segments found. Creating new log.
W20260608 09:48:39.037931 24762 leader_election.cc:343] T 3dc57c3aa33e4f81989ecec33635e29c P 847eabe06f454ce595d9ee4d188b34f8 [CANDIDATE]: Term 1 pre-election: Tablet error from VoteRequest() call to peer 170ee7f74da94f52b5b3ae14cbb90b34 (127.21.58.3:35779): Illegal state: must be running to vote when last-logged opid is not known
I20260608 09:48:39.039237 25103 raft_consensus.cc:515] T 3dc57c3aa33e4f81989ecec33635e29c P 847eabe06f454ce595d9ee4d188b34f8 [term 1 FOLLOWER]: Starting leader election with config: opid_index: -1 OBSOLETE_local: false peers { permanent_uuid: "13fe3dbbacdd494ebc1a05f8961b3770" member_type: VOTER last_known_addr { host: "127.21.58.4" port: 33733 } } peers { permanent_uuid: "847eabe06f454ce595d9ee4d188b34f8" member_type: VOTER last_known_addr { host: "127.21.58.2" port: 46295 } } peers { permanent_uuid: "170ee7f74da94f52b5b3ae14cbb90b34" member_type: VOTER last_known_addr { host: "127.21.58.3" port: 35779 } }
I20260608 09:48:39.058156 24982 consensus_queue.cc:1048] T c7d69c86d0114125bda346a2efa9fbe2 P 847eabe06f454ce595d9ee4d188b34f8 [LEADER]: Connected to new peer: Peer: permanent_uuid: "e8ba645c0443473c8edd2dac42f561d3" member_type: VOTER last_known_addr { host: "127.21.58.1" port: 35509 }, Status: LMP_MISMATCH, Last received: 0.0, Next index: 1, Last known committed idx: 0, Time since last communication: 0.000s
I20260608 09:48:39.059890 25026 tablet_service.cc:1917] Received RequestConsensusVote() RPC: tablet_id: "3dc57c3aa33e4f81989ecec33635e29c" candidate_uuid: "847eabe06f454ce595d9ee4d188b34f8" candidate_term: 1 candidate_status { last_received { term: 0 index: 0 } } ignore_live_leader: false dest_uuid: "13fe3dbbacdd494ebc1a05f8961b3770"
I20260608 09:48:38.977449 24620 catalog_manager.cc:5696] T d0ec3219e5954ede8bec3bb726c39e82 P 170ee7f74da94f52b5b3ae14cbb90b34 reported cstate change: term changed from 0 to 1, leader changed from <none> to 170ee7f74da94f52b5b3ae14cbb90b34 (127.21.58.3). New cstate: current_term: 1 leader_uuid: "170ee7f74da94f52b5b3ae14cbb90b34" committed_config { opid_index: -1 OBSOLETE_local: false peers { permanent_uuid: "13fe3dbbacdd494ebc1a05f8961b3770" member_type: VOTER last_known_addr { host: "127.21.58.4" port: 33733 } health_report { overall_health: UNKNOWN } } peers { permanent_uuid: "170ee7f74da94f52b5b3ae14cbb90b34" member_type: VOTER last_known_addr { host: "127.21.58.3" port: 35779 } health_report { overall_health: HEALTHY } } peers { permanent_uuid: "847eabe06f454ce595d9ee4d188b34f8" member_type: VOTER last_known_addr { host: "127.21.58.2" port: 46295 } health_report { overall_health: UNKNOWN } } }
I20260608 09:48:39.062299 24870 tablet_service.cc:1917] Received RequestConsensusVote() RPC: tablet_id: "3dc57c3aa33e4f81989ecec33635e29c" candidate_uuid: "847eabe06f454ce595d9ee4d188b34f8" candidate_term: 1 candidate_status { last_received { term: 0 index: 0 } } ignore_live_leader: false dest_uuid: "170ee7f74da94f52b5b3ae14cbb90b34"
I20260608 09:48:39.115697 24619 catalog_manager.cc:5696] T 01e8e01dd7084867a32799c3bee9edfc P 847eabe06f454ce595d9ee4d188b34f8 reported cstate change: term changed from 0 to 1, leader changed from <none> to 847eabe06f454ce595d9ee4d188b34f8 (127.21.58.2). New cstate: current_term: 1 leader_uuid: "847eabe06f454ce595d9ee4d188b34f8" committed_config { opid_index: -1 OBSOLETE_local: false peers { permanent_uuid: "847eabe06f454ce595d9ee4d188b34f8" member_type: VOTER last_known_addr { host: "127.21.58.2" port: 46295 } health_report { overall_health: HEALTHY } } peers { permanent_uuid: "13fe3dbbacdd494ebc1a05f8961b3770" member_type: VOTER last_known_addr { host: "127.21.58.4" port: 33733 } health_report { overall_health: UNKNOWN } } peers { permanent_uuid: "e8ba645c0443473c8edd2dac42f561d3" member_type: VOTER last_known_addr { host: "127.21.58.1" port: 35509 } health_report { overall_health: UNKNOWN } } }
I20260608 09:48:39.065937 24967 raft_consensus.cc:515] T 4f31b4f2f92e4cde8c61720aba451e08 P e8ba645c0443473c8edd2dac42f561d3 [term 1 FOLLOWER]: Starting leader election with config: opid_index: -1 OBSOLETE_local: false peers { permanent_uuid: "847eabe06f454ce595d9ee4d188b34f8" member_type: VOTER last_known_addr { host: "127.21.58.2" port: 46295 } } peers { permanent_uuid: "e8ba645c0443473c8edd2dac42f561d3" member_type: VOTER last_known_addr { host: "127.21.58.1" port: 35509 } } peers { permanent_uuid: "13fe3dbbacdd494ebc1a05f8961b3770" member_type: VOTER last_known_addr { host: "127.21.58.4" port: 33733 } }
I20260608 09:48:39.120469 24967 leader_election.cc:290] T 4f31b4f2f92e4cde8c61720aba451e08 P e8ba645c0443473c8edd2dac42f561d3 [CANDIDATE]: Term 1 election: Requested vote from peers 847eabe06f454ce595d9ee4d188b34f8 (127.21.58.2:46295), 13fe3dbbacdd494ebc1a05f8961b3770 (127.21.58.4:33733)
I20260608 09:48:39.061038 25026 raft_consensus.cc:3060] T 3dc57c3aa33e4f81989ecec33635e29c P 13fe3dbbacdd494ebc1a05f8961b3770 [term 0 FOLLOWER]: Advancing to term 1
I20260608 09:48:39.123884 24796 tablet_service.cc:1917] Received RequestConsensusVote() RPC: tablet_id: "4f31b4f2f92e4cde8c61720aba451e08" candidate_uuid: "e8ba645c0443473c8edd2dac42f561d3" candidate_term: 1 candidate_status { last_received { term: 0 index: 0 } } ignore_live_leader: false dest_uuid: "847eabe06f454ce595d9ee4d188b34f8"
I20260608 09:48:39.125029 24796 raft_consensus.cc:3060] T 4f31b4f2f92e4cde8c61720aba451e08 P 847eabe06f454ce595d9ee4d188b34f8 [term 0 FOLLOWER]: Advancing to term 1
I20260608 09:48:39.070534 25072 tablet_bootstrap.cc:654] T 01e8e01dd7084867a32799c3bee9edfc P 13fe3dbbacdd494ebc1a05f8961b3770: Neither blocks nor log segments found. Creating new log.
I20260608 09:48:39.066133 25065 tablet_bootstrap.cc:492] T 3dc57c3aa33e4f81989ecec33635e29c P 170ee7f74da94f52b5b3ae14cbb90b34: No bootstrap required, opened a new log
I20260608 09:48:39.062806 25103 leader_election.cc:290] T 3dc57c3aa33e4f81989ecec33635e29c P 847eabe06f454ce595d9ee4d188b34f8 [CANDIDATE]: Term 1 election: Requested vote from peers 13fe3dbbacdd494ebc1a05f8961b3770 (127.21.58.4:33733), 170ee7f74da94f52b5b3ae14cbb90b34 (127.21.58.3:35779)
W20260608 09:48:39.115839 24762 leader_election.cc:343] T 3dc57c3aa33e4f81989ecec33635e29c P 847eabe06f454ce595d9ee4d188b34f8 [CANDIDATE]: Term 1 election: Tablet error from VoteRequest() call to peer 170ee7f74da94f52b5b3ae14cbb90b34 (127.21.58.3:35779): Illegal state: must be running to vote when last-logged opid is not known
I20260608 09:48:39.137732 25101 consensus_queue.cc:1048] T 8e6bd70fd9034f6a9c20d269e62f7ef8 P 170ee7f74da94f52b5b3ae14cbb90b34 [LEADER]: Connected to new peer: Peer: permanent_uuid: "13fe3dbbacdd494ebc1a05f8961b3770" member_type: VOTER last_known_addr { host: "127.21.58.4" port: 33733 }, Status: LMP_MISMATCH, Last received: 0.0, Next index: 1, Last known committed idx: 0, Time since last communication: 0.001s
I20260608 09:48:39.141553 24967 raft_consensus.cc:493] T fc13644313b343a698a86af4211db053 P e8ba645c0443473c8edd2dac42f561d3 [term 0 FOLLOWER]: Starting pre-election (no leader contacted us within the election timeout)
I20260608 09:48:39.142046 24796 raft_consensus.cc:2468] T 4f31b4f2f92e4cde8c61720aba451e08 P 847eabe06f454ce595d9ee4d188b34f8 [term 1 FOLLOWER]: Leader election vote request: Granting yes vote for candidate e8ba645c0443473c8edd2dac42f561d3 in term 1.
I20260608 09:48:39.144006 24685 leader_election.cc:304] T 4f31b4f2f92e4cde8c61720aba451e08 P e8ba645c0443473c8edd2dac42f561d3 [CANDIDATE]: Term 1 election: Election decided. Result: candidate won. Election summary: received 2 responses out of 3 voters: 2 yes votes; 0 no votes. yes voters: 847eabe06f454ce595d9ee4d188b34f8, e8ba645c0443473c8edd2dac42f561d3; no voters: 
I20260608 09:48:39.145711 24922 raft_consensus.cc:2804] T 4f31b4f2f92e4cde8c61720aba451e08 P e8ba645c0443473c8edd2dac42f561d3 [term 1 FOLLOWER]: Leader election won for term 1
I20260608 09:48:39.149726 24922 raft_consensus.cc:697] T 4f31b4f2f92e4cde8c61720aba451e08 P e8ba645c0443473c8edd2dac42f561d3 [term 1 LEADER]: Becoming Leader. State: Replica: e8ba645c0443473c8edd2dac42f561d3, State: Running, Role: LEADER
I20260608 09:48:39.152993 25065 ts_tablet_manager.cc:1403] T 3dc57c3aa33e4f81989ecec33635e29c P 170ee7f74da94f52b5b3ae14cbb90b34: Time spent bootstrapping tablet: real 0.195s	user 0.009s	sys 0.015s
I20260608 09:48:39.152941 24922 consensus_queue.cc:237] T 4f31b4f2f92e4cde8c61720aba451e08 P e8ba645c0443473c8edd2dac42f561d3 [LEADER]: Queue going to LEADER mode. State: All replicated index: 0, Majority replicated index: 0, Committed index: 0, Last appended: 0.0, Last appended by leader: 0, Current term: 1, Majority size: 2, State: 0, Mode: LEADER, active raft config: opid_index: -1 OBSOLETE_local: false peers { permanent_uuid: "847eabe06f454ce595d9ee4d188b34f8" member_type: VOTER last_known_addr { host: "127.21.58.2" port: 46295 } } peers { permanent_uuid: "e8ba645c0443473c8edd2dac42f561d3" member_type: VOTER last_known_addr { host: "127.21.58.1" port: 35509 } } peers { permanent_uuid: "13fe3dbbacdd494ebc1a05f8961b3770" member_type: VOTER last_known_addr { host: "127.21.58.4" port: 33733 } }
I20260608 09:48:39.162273 25026 raft_consensus.cc:2468] T 3dc57c3aa33e4f81989ecec33635e29c P 13fe3dbbacdd494ebc1a05f8961b3770 [term 1 FOLLOWER]: Leader election vote request: Granting yes vote for candidate 847eabe06f454ce595d9ee4d188b34f8 in term 1.
I20260608 09:48:39.165068 24760 leader_election.cc:304] T 3dc57c3aa33e4f81989ecec33635e29c P 847eabe06f454ce595d9ee4d188b34f8 [CANDIDATE]: Term 1 election: Election decided. Result: candidate won. Election summary: received 3 responses out of 3 voters: 2 yes votes; 1 no votes. yes voters: 13fe3dbbacdd494ebc1a05f8961b3770, 847eabe06f454ce595d9ee4d188b34f8; no voters: 170ee7f74da94f52b5b3ae14cbb90b34
I20260608 09:48:39.166874 25102 raft_consensus.cc:2804] T 3dc57c3aa33e4f81989ecec33635e29c P 847eabe06f454ce595d9ee4d188b34f8 [term 1 FOLLOWER]: Leader election won for term 1
I20260608 09:48:39.167765 25102 raft_consensus.cc:697] T 3dc57c3aa33e4f81989ecec33635e29c P 847eabe06f454ce595d9ee4d188b34f8 [term 1 LEADER]: Becoming Leader. State: Replica: 847eabe06f454ce595d9ee4d188b34f8, State: Running, Role: LEADER
I20260608 09:48:39.168900 25102 consensus_queue.cc:237] T 3dc57c3aa33e4f81989ecec33635e29c P 847eabe06f454ce595d9ee4d188b34f8 [LEADER]: Queue going to LEADER mode. State: All replicated index: 0, Majority replicated index: 0, Committed index: 0, Last appended: 0.0, Last appended by leader: 0, Current term: 1, Majority size: 2, State: 0, Mode: LEADER, active raft config: opid_index: -1 OBSOLETE_local: false peers { permanent_uuid: "13fe3dbbacdd494ebc1a05f8961b3770" member_type: VOTER last_known_addr { host: "127.21.58.4" port: 33733 } } peers { permanent_uuid: "847eabe06f454ce595d9ee4d188b34f8" member_type: VOTER last_known_addr { host: "127.21.58.2" port: 46295 } } peers { permanent_uuid: "170ee7f74da94f52b5b3ae14cbb90b34" member_type: VOTER last_known_addr { host: "127.21.58.3" port: 35779 } }
I20260608 09:48:39.169329 25065 raft_consensus.cc:359] T 3dc57c3aa33e4f81989ecec33635e29c P 170ee7f74da94f52b5b3ae14cbb90b34 [term 0 FOLLOWER]: Replica starting. Triggering 0 pending ops. Active config: opid_index: -1 OBSOLETE_local: false peers { permanent_uuid: "13fe3dbbacdd494ebc1a05f8961b3770" member_type: VOTER last_known_addr { host: "127.21.58.4" port: 33733 } } peers { permanent_uuid: "847eabe06f454ce595d9ee4d188b34f8" member_type: VOTER last_known_addr { host: "127.21.58.2" port: 46295 } } peers { permanent_uuid: "170ee7f74da94f52b5b3ae14cbb90b34" member_type: VOTER last_known_addr { host: "127.21.58.3" port: 35779 } }
I20260608 09:48:39.170200 25065 raft_consensus.cc:385] T 3dc57c3aa33e4f81989ecec33635e29c P 170ee7f74da94f52b5b3ae14cbb90b34 [term 0 FOLLOWER]: Consensus starting up: Expiring failure detector timer to make a prompt election more likely
I20260608 09:48:39.170608 25065 raft_consensus.cc:740] T 3dc57c3aa33e4f81989ecec33635e29c P 170ee7f74da94f52b5b3ae14cbb90b34 [term 0 FOLLOWER]: Becoming Follower/Learner. State: Replica: 170ee7f74da94f52b5b3ae14cbb90b34, State: Initialized, Role: FOLLOWER
I20260608 09:48:39.172354 24967 raft_consensus.cc:515] T fc13644313b343a698a86af4211db053 P e8ba645c0443473c8edd2dac42f561d3 [term 0 FOLLOWER]: Starting pre-election with config: opid_index: -1 OBSOLETE_local: false peers { permanent_uuid: "13fe3dbbacdd494ebc1a05f8961b3770" member_type: VOTER last_known_addr { host: "127.21.58.4" port: 33733 } } peers { permanent_uuid: "170ee7f74da94f52b5b3ae14cbb90b34" member_type: VOTER last_known_addr { host: "127.21.58.3" port: 35779 } } peers { permanent_uuid: "e8ba645c0443473c8edd2dac42f561d3" member_type: VOTER last_known_addr { host: "127.21.58.1" port: 35509 } }
I20260608 09:48:39.175644 24967 leader_election.cc:290] T fc13644313b343a698a86af4211db053 P e8ba645c0443473c8edd2dac42f561d3 [CANDIDATE]: Term 1 pre-election: Requested pre-vote from peers 13fe3dbbacdd494ebc1a05f8961b3770 (127.21.58.4:33733), 170ee7f74da94f52b5b3ae14cbb90b34 (127.21.58.3:35779)
W20260608 09:48:39.172379 24605 catalog_manager.cc:4809] Async tablet task AlterTable RPC for tablet 3dc57c3aa33e4f81989ecec33635e29c (table range_aware_rebalance_new_range [id=e139e8747ec042848d08a6680c5e83f8], current schema version=0) failed: Not found: failed to reset TS proxy: No leader found: Tablet 3dc57c3aa33e4f81989ecec33635e29c consensus state has no leader
I20260608 09:48:39.177160 25101 consensus_queue.cc:1048] T 8e6bd70fd9034f6a9c20d269e62f7ef8 P 170ee7f74da94f52b5b3ae14cbb90b34 [LEADER]: Connected to new peer: Peer: permanent_uuid: "e8ba645c0443473c8edd2dac42f561d3" member_type: VOTER last_known_addr { host: "127.21.58.1" port: 35509 }, Status: LMP_MISMATCH, Last received: 0.0, Next index: 1, Last known committed idx: 0, Time since last communication: 0.000s
I20260608 09:48:39.177547 24870 tablet_service.cc:1917] Received RequestConsensusVote() RPC: tablet_id: "fc13644313b343a698a86af4211db053" candidate_uuid: "e8ba645c0443473c8edd2dac42f561d3" candidate_term: 1 candidate_status { last_received { term: 0 index: 0 } } ignore_live_leader: false dest_uuid: "170ee7f74da94f52b5b3ae14cbb90b34" is_pre_election: true
I20260608 09:48:39.178251 24870 raft_consensus.cc:2468] T fc13644313b343a698a86af4211db053 P 170ee7f74da94f52b5b3ae14cbb90b34 [term 0 FOLLOWER]: Leader pre-election vote request: Granting yes vote for candidate e8ba645c0443473c8edd2dac42f561d3 in term 0.
I20260608 09:48:39.180343 24687 leader_election.cc:304] T fc13644313b343a698a86af4211db053 P e8ba645c0443473c8edd2dac42f561d3 [CANDIDATE]: Term 1 pre-election: Election decided. Result: candidate won. Election summary: received 2 responses out of 3 voters: 2 yes votes; 0 no votes. yes voters: 170ee7f74da94f52b5b3ae14cbb90b34, e8ba645c0443473c8edd2dac42f561d3; no voters: 
I20260608 09:48:39.198671 25027 tablet_service.cc:1917] Received RequestConsensusVote() RPC: tablet_id: "4f31b4f2f92e4cde8c61720aba451e08" candidate_uuid: "e8ba645c0443473c8edd2dac42f561d3" candidate_term: 1 candidate_status { last_received { term: 0 index: 0 } } ignore_live_leader: false dest_uuid: "13fe3dbbacdd494ebc1a05f8961b3770"
I20260608 09:48:39.190995 25065 consensus_queue.cc:260] T 3dc57c3aa33e4f81989ecec33635e29c P 170ee7f74da94f52b5b3ae14cbb90b34 [NON_LEADER]: Queue going to NON_LEADER mode. State: All replicated index: 0, Majority replicated index: 0, Committed index: 0, Last appended: 0.0, Last appended by leader: 0, Current term: 0, Majority size: -1, State: 0, Mode: NON_LEADER, active raft config: opid_index: -1 OBSOLETE_local: false peers { permanent_uuid: "13fe3dbbacdd494ebc1a05f8961b3770" member_type: VOTER last_known_addr { host: "127.21.58.4" port: 33733 } } peers { permanent_uuid: "847eabe06f454ce595d9ee4d188b34f8" member_type: VOTER last_known_addr { host: "127.21.58.2" port: 46295 } } peers { permanent_uuid: "170ee7f74da94f52b5b3ae14cbb90b34" member_type: VOTER last_known_addr { host: "127.21.58.3" port: 35779 } }
I20260608 09:48:39.229439 25029 tablet_service.cc:1917] Received RequestConsensusVote() RPC: tablet_id: "fc13644313b343a698a86af4211db053" candidate_uuid: "e8ba645c0443473c8edd2dac42f561d3" candidate_term: 1 candidate_status { last_received { term: 0 index: 0 } } ignore_live_leader: false dest_uuid: "13fe3dbbacdd494ebc1a05f8961b3770" is_pre_election: true
I20260608 09:48:39.229871 25114 raft_consensus.cc:2804] T fc13644313b343a698a86af4211db053 P e8ba645c0443473c8edd2dac42f561d3 [term 0 FOLLOWER]: Leader pre-election won for term 1
I20260608 09:48:39.231025 25114 raft_consensus.cc:493] T fc13644313b343a698a86af4211db053 P e8ba645c0443473c8edd2dac42f561d3 [term 0 FOLLOWER]: Starting leader election (no leader contacted us within the election timeout)
I20260608 09:48:39.232666 25114 raft_consensus.cc:3060] T fc13644313b343a698a86af4211db053 P e8ba645c0443473c8edd2dac42f561d3 [term 0 FOLLOWER]: Advancing to term 1
I20260608 09:48:39.235013 24923 consensus_queue.cc:1048] T d0ec3219e5954ede8bec3bb726c39e82 P 170ee7f74da94f52b5b3ae14cbb90b34 [LEADER]: Connected to new peer: Peer: permanent_uuid: "847eabe06f454ce595d9ee4d188b34f8" member_type: VOTER last_known_addr { host: "127.21.58.2" port: 46295 }, Status: LMP_MISMATCH, Last received: 0.0, Next index: 1, Last known committed idx: 0, Time since last communication: 0.001s
W20260608 09:48:39.253098 24685 leader_election.cc:343] T 4f31b4f2f92e4cde8c61720aba451e08 P e8ba645c0443473c8edd2dac42f561d3 [CANDIDATE]: Term 1 election: Tablet error from VoteRequest() call to peer 13fe3dbbacdd494ebc1a05f8961b3770 (127.21.58.4:33733): Illegal state: must be running to vote when last-logged opid is not known
W20260608 09:48:39.254092 24685 leader_election.cc:343] T fc13644313b343a698a86af4211db053 P e8ba645c0443473c8edd2dac42f561d3 [CANDIDATE]: Term 1 pre-election: Tablet error from VoteRequest() call to peer 13fe3dbbacdd494ebc1a05f8961b3770 (127.21.58.4:33733): Illegal state: must be running to vote when last-logged opid is not known
I20260608 09:48:39.258512 25072 tablet_bootstrap.cc:492] T 01e8e01dd7084867a32799c3bee9edfc P 13fe3dbbacdd494ebc1a05f8961b3770: No bootstrap required, opened a new log
I20260608 09:48:39.263705 25065 ts_tablet_manager.cc:1434] T 3dc57c3aa33e4f81989ecec33635e29c P 170ee7f74da94f52b5b3ae14cbb90b34: Time spent starting tablet: real 0.110s	user 0.004s	sys 0.007s
I20260608 09:48:39.267927 25072 ts_tablet_manager.cc:1403] T 01e8e01dd7084867a32799c3bee9edfc P 13fe3dbbacdd494ebc1a05f8961b3770: Time spent bootstrapping tablet: real 0.302s	user 0.030s	sys 0.055s
I20260608 09:48:39.271499 25072 raft_consensus.cc:359] T 01e8e01dd7084867a32799c3bee9edfc P 13fe3dbbacdd494ebc1a05f8961b3770 [term 0 FOLLOWER]: Replica starting. Triggering 0 pending ops. Active config: opid_index: -1 OBSOLETE_local: false peers { permanent_uuid: "847eabe06f454ce595d9ee4d188b34f8" member_type: VOTER last_known_addr { host: "127.21.58.2" port: 46295 } } peers { permanent_uuid: "13fe3dbbacdd494ebc1a05f8961b3770" member_type: VOTER last_known_addr { host: "127.21.58.4" port: 33733 } } peers { permanent_uuid: "e8ba645c0443473c8edd2dac42f561d3" member_type: VOTER last_known_addr { host: "127.21.58.1" port: 35509 } }
I20260608 09:48:39.271018 24616 catalog_manager.cc:5696] T 4f31b4f2f92e4cde8c61720aba451e08 P e8ba645c0443473c8edd2dac42f561d3 reported cstate change: term changed from 0 to 1, leader changed from <none> to e8ba645c0443473c8edd2dac42f561d3 (127.21.58.1). New cstate: current_term: 1 leader_uuid: "e8ba645c0443473c8edd2dac42f561d3" committed_config { opid_index: -1 OBSOLETE_local: false peers { permanent_uuid: "847eabe06f454ce595d9ee4d188b34f8" member_type: VOTER last_known_addr { host: "127.21.58.2" port: 46295 } health_report { overall_health: UNKNOWN } } peers { permanent_uuid: "e8ba645c0443473c8edd2dac42f561d3" member_type: VOTER last_known_addr { host: "127.21.58.1" port: 35509 } health_report { overall_health: HEALTHY } } peers { permanent_uuid: "13fe3dbbacdd494ebc1a05f8961b3770" member_type: VOTER last_known_addr { host: "127.21.58.4" port: 33733 } health_report { overall_health: UNKNOWN } } }
I20260608 09:48:39.272037 25072 raft_consensus.cc:385] T 01e8e01dd7084867a32799c3bee9edfc P 13fe3dbbacdd494ebc1a05f8961b3770 [term 0 FOLLOWER]: Consensus starting up: Expiring failure detector timer to make a prompt election more likely
I20260608 09:48:39.276032 25072 raft_consensus.cc:740] T 01e8e01dd7084867a32799c3bee9edfc P 13fe3dbbacdd494ebc1a05f8961b3770 [term 0 FOLLOWER]: Becoming Follower/Learner. State: Replica: 13fe3dbbacdd494ebc1a05f8961b3770, State: Initialized, Role: FOLLOWER
I20260608 09:48:39.276677 25072 consensus_queue.cc:260] T 01e8e01dd7084867a32799c3bee9edfc P 13fe3dbbacdd494ebc1a05f8961b3770 [NON_LEADER]: Queue going to NON_LEADER mode. State: All replicated index: 0, Majority replicated index: 0, Committed index: 0, Last appended: 0.0, Last appended by leader: 0, Current term: 0, Majority size: -1, State: 0, Mode: NON_LEADER, active raft config: opid_index: -1 OBSOLETE_local: false peers { permanent_uuid: "847eabe06f454ce595d9ee4d188b34f8" member_type: VOTER last_known_addr { host: "127.21.58.2" port: 46295 } } peers { permanent_uuid: "13fe3dbbacdd494ebc1a05f8961b3770" member_type: VOTER last_known_addr { host: "127.21.58.4" port: 33733 } } peers { permanent_uuid: "e8ba645c0443473c8edd2dac42f561d3" member_type: VOTER last_known_addr { host: "127.21.58.1" port: 35509 } }
I20260608 09:48:39.282554 25072 ts_tablet_manager.cc:1434] T 01e8e01dd7084867a32799c3bee9edfc P 13fe3dbbacdd494ebc1a05f8961b3770: Time spent starting tablet: real 0.014s	user 0.006s	sys 0.000s
I20260608 09:48:39.284013 25072 tablet_bootstrap.cc:492] T 22494a11ebad475db2973f997fd5287b P 13fe3dbbacdd494ebc1a05f8961b3770: Bootstrap starting.
I20260608 09:48:39.287978 25101 consensus_queue.cc:1048] T d0ec3219e5954ede8bec3bb726c39e82 P 170ee7f74da94f52b5b3ae14cbb90b34 [LEADER]: Connected to new peer: Peer: permanent_uuid: "13fe3dbbacdd494ebc1a05f8961b3770" member_type: VOTER last_known_addr { host: "127.21.58.4" port: 33733 }, Status: LMP_MISMATCH, Last received: 0.0, Next index: 1, Last known committed idx: 0, Time since last communication: 0.000s
I20260608 09:48:39.300000 25114 raft_consensus.cc:515] T fc13644313b343a698a86af4211db053 P e8ba645c0443473c8edd2dac42f561d3 [term 1 FOLLOWER]: Starting leader election with config: opid_index: -1 OBSOLETE_local: false peers { permanent_uuid: "13fe3dbbacdd494ebc1a05f8961b3770" member_type: VOTER last_known_addr { host: "127.21.58.4" port: 33733 } } peers { permanent_uuid: "170ee7f74da94f52b5b3ae14cbb90b34" member_type: VOTER last_known_addr { host: "127.21.58.3" port: 35779 } } peers { permanent_uuid: "e8ba645c0443473c8edd2dac42f561d3" member_type: VOTER last_known_addr { host: "127.21.58.1" port: 35509 } }
I20260608 09:48:39.303032 25027 tablet_service.cc:1917] Received RequestConsensusVote() RPC: tablet_id: "fc13644313b343a698a86af4211db053" candidate_uuid: "e8ba645c0443473c8edd2dac42f561d3" candidate_term: 1 candidate_status { last_received { term: 0 index: 0 } } ignore_live_leader: false dest_uuid: "13fe3dbbacdd494ebc1a05f8961b3770"
I20260608 09:48:39.303169 25114 leader_election.cc:290] T fc13644313b343a698a86af4211db053 P e8ba645c0443473c8edd2dac42f561d3 [CANDIDATE]: Term 1 election: Requested vote from peers 13fe3dbbacdd494ebc1a05f8961b3770 (127.21.58.4:33733), 170ee7f74da94f52b5b3ae14cbb90b34 (127.21.58.3:35779)
I20260608 09:48:39.303406 24870 tablet_service.cc:1917] Received RequestConsensusVote() RPC: tablet_id: "fc13644313b343a698a86af4211db053" candidate_uuid: "e8ba645c0443473c8edd2dac42f561d3" candidate_term: 1 candidate_status { last_received { term: 0 index: 0 } } ignore_live_leader: false dest_uuid: "170ee7f74da94f52b5b3ae14cbb90b34"
I20260608 09:48:39.304025 24870 raft_consensus.cc:3060] T fc13644313b343a698a86af4211db053 P 170ee7f74da94f52b5b3ae14cbb90b34 [term 0 FOLLOWER]: Advancing to term 1
I20260608 09:48:39.306479 25072 tablet_bootstrap.cc:654] T 22494a11ebad475db2973f997fd5287b P 13fe3dbbacdd494ebc1a05f8961b3770: Neither blocks nor log segments found. Creating new log.
I20260608 09:48:39.296365 24615 catalog_manager.cc:5696] T 3dc57c3aa33e4f81989ecec33635e29c P 847eabe06f454ce595d9ee4d188b34f8 reported cstate change: term changed from 0 to 1, leader changed from <none> to 847eabe06f454ce595d9ee4d188b34f8 (127.21.58.2). New cstate: current_term: 1 leader_uuid: "847eabe06f454ce595d9ee4d188b34f8" committed_config { opid_index: -1 OBSOLETE_local: false peers { permanent_uuid: "13fe3dbbacdd494ebc1a05f8961b3770" member_type: VOTER last_known_addr { host: "127.21.58.4" port: 33733 } health_report { overall_health: UNKNOWN } } peers { permanent_uuid: "847eabe06f454ce595d9ee4d188b34f8" member_type: VOTER last_known_addr { host: "127.21.58.2" port: 46295 } health_report { overall_health: HEALTHY } } peers { permanent_uuid: "170ee7f74da94f52b5b3ae14cbb90b34" member_type: VOTER last_known_addr { host: "127.21.58.3" port: 35779 } health_report { overall_health: UNKNOWN } } }
W20260608 09:48:39.307411 24685 leader_election.cc:343] T fc13644313b343a698a86af4211db053 P e8ba645c0443473c8edd2dac42f561d3 [CANDIDATE]: Term 1 election: Tablet error from VoteRequest() call to peer 13fe3dbbacdd494ebc1a05f8961b3770 (127.21.58.4:33733): Illegal state: must be running to vote when last-logged opid is not known
I20260608 09:48:39.317229 24870 raft_consensus.cc:2468] T fc13644313b343a698a86af4211db053 P 170ee7f74da94f52b5b3ae14cbb90b34 [term 1 FOLLOWER]: Leader election vote request: Granting yes vote for candidate e8ba645c0443473c8edd2dac42f561d3 in term 1.
I20260608 09:48:39.323499 24687 leader_election.cc:304] T fc13644313b343a698a86af4211db053 P e8ba645c0443473c8edd2dac42f561d3 [CANDIDATE]: Term 1 election: Election decided. Result: candidate won. Election summary: received 3 responses out of 3 voters: 2 yes votes; 1 no votes. yes voters: 170ee7f74da94f52b5b3ae14cbb90b34, e8ba645c0443473c8edd2dac42f561d3; no voters: 13fe3dbbacdd494ebc1a05f8961b3770
I20260608 09:48:39.324357 25114 raft_consensus.cc:2804] T fc13644313b343a698a86af4211db053 P e8ba645c0443473c8edd2dac42f561d3 [term 1 FOLLOWER]: Leader election won for term 1
I20260608 09:48:39.324829 25114 raft_consensus.cc:697] T fc13644313b343a698a86af4211db053 P e8ba645c0443473c8edd2dac42f561d3 [term 1 LEADER]: Becoming Leader. State: Replica: e8ba645c0443473c8edd2dac42f561d3, State: Running, Role: LEADER
I20260608 09:48:39.325692 25114 consensus_queue.cc:237] T fc13644313b343a698a86af4211db053 P e8ba645c0443473c8edd2dac42f561d3 [LEADER]: Queue going to LEADER mode. State: All replicated index: 0, Majority replicated index: 0, Committed index: 0, Last appended: 0.0, Last appended by leader: 0, Current term: 1, Majority size: 2, State: 0, Mode: LEADER, active raft config: opid_index: -1 OBSOLETE_local: false peers { permanent_uuid: "13fe3dbbacdd494ebc1a05f8961b3770" member_type: VOTER last_known_addr { host: "127.21.58.4" port: 33733 } } peers { permanent_uuid: "170ee7f74da94f52b5b3ae14cbb90b34" member_type: VOTER last_known_addr { host: "127.21.58.3" port: 35779 } } peers { permanent_uuid: "e8ba645c0443473c8edd2dac42f561d3" member_type: VOTER last_known_addr { host: "127.21.58.1" port: 35509 } }
I20260608 09:48:39.331249 25072 tablet_bootstrap.cc:492] T 22494a11ebad475db2973f997fd5287b P 13fe3dbbacdd494ebc1a05f8961b3770: No bootstrap required, opened a new log
I20260608 09:48:39.331703 25072 ts_tablet_manager.cc:1403] T 22494a11ebad475db2973f997fd5287b P 13fe3dbbacdd494ebc1a05f8961b3770: Time spent bootstrapping tablet: real 0.048s	user 0.010s	sys 0.014s
I20260608 09:48:39.333943 24615 catalog_manager.cc:5696] T fc13644313b343a698a86af4211db053 P e8ba645c0443473c8edd2dac42f561d3 reported cstate change: term changed from 0 to 1, leader changed from <none> to e8ba645c0443473c8edd2dac42f561d3 (127.21.58.1). New cstate: current_term: 1 leader_uuid: "e8ba645c0443473c8edd2dac42f561d3" committed_config { opid_index: -1 OBSOLETE_local: false peers { permanent_uuid: "13fe3dbbacdd494ebc1a05f8961b3770" member_type: VOTER last_known_addr { host: "127.21.58.4" port: 33733 } health_report { overall_health: UNKNOWN } } peers { permanent_uuid: "170ee7f74da94f52b5b3ae14cbb90b34" member_type: VOTER last_known_addr { host: "127.21.58.3" port: 35779 } health_report { overall_health: UNKNOWN } } peers { permanent_uuid: "e8ba645c0443473c8edd2dac42f561d3" member_type: VOTER last_known_addr { host: "127.21.58.1" port: 35509 } health_report { overall_health: HEALTHY } } }
I20260608 09:48:39.334704 25072 raft_consensus.cc:359] T 22494a11ebad475db2973f997fd5287b P 13fe3dbbacdd494ebc1a05f8961b3770 [term 0 FOLLOWER]: Replica starting. Triggering 0 pending ops. Active config: opid_index: -1 OBSOLETE_local: false peers { permanent_uuid: "13fe3dbbacdd494ebc1a05f8961b3770" member_type: VOTER last_known_addr { host: "127.21.58.4" port: 33733 } } peers { permanent_uuid: "e8ba645c0443473c8edd2dac42f561d3" member_type: VOTER last_known_addr { host: "127.21.58.1" port: 35509 } } peers { permanent_uuid: "170ee7f74da94f52b5b3ae14cbb90b34" member_type: VOTER last_known_addr { host: "127.21.58.3" port: 35779 } }
I20260608 09:48:39.335402 25072 raft_consensus.cc:385] T 22494a11ebad475db2973f997fd5287b P 13fe3dbbacdd494ebc1a05f8961b3770 [term 0 FOLLOWER]: Consensus starting up: Expiring failure detector timer to make a prompt election more likely
I20260608 09:48:39.335683 25072 raft_consensus.cc:740] T 22494a11ebad475db2973f997fd5287b P 13fe3dbbacdd494ebc1a05f8961b3770 [term 0 FOLLOWER]: Becoming Follower/Learner. State: Replica: 13fe3dbbacdd494ebc1a05f8961b3770, State: Initialized, Role: FOLLOWER
I20260608 09:48:39.336439 25072 consensus_queue.cc:260] T 22494a11ebad475db2973f997fd5287b P 13fe3dbbacdd494ebc1a05f8961b3770 [NON_LEADER]: Queue going to NON_LEADER mode. State: All replicated index: 0, Majority replicated index: 0, Committed index: 0, Last appended: 0.0, Last appended by leader: 0, Current term: 0, Majority size: -1, State: 0, Mode: NON_LEADER, active raft config: opid_index: -1 OBSOLETE_local: false peers { permanent_uuid: "13fe3dbbacdd494ebc1a05f8961b3770" member_type: VOTER last_known_addr { host: "127.21.58.4" port: 33733 } } peers { permanent_uuid: "e8ba645c0443473c8edd2dac42f561d3" member_type: VOTER last_known_addr { host: "127.21.58.1" port: 35509 } } peers { permanent_uuid: "170ee7f74da94f52b5b3ae14cbb90b34" member_type: VOTER last_known_addr { host: "127.21.58.3" port: 35779 } }
I20260608 09:48:39.338671 25072 ts_tablet_manager.cc:1434] T 22494a11ebad475db2973f997fd5287b P 13fe3dbbacdd494ebc1a05f8961b3770: Time spent starting tablet: real 0.007s	user 0.007s	sys 0.000s
I20260608 09:48:39.339686 25072 tablet_bootstrap.cc:492] T 4f31b4f2f92e4cde8c61720aba451e08 P 13fe3dbbacdd494ebc1a05f8961b3770: Bootstrap starting.
