I20260608 10:06:05.951781 30170 raft_consensus.cc:697] T cd203b005d1041b7b7899a14d5781861 P 4ff92f649caa4165bb9fdf238363b6bf [term 1 LEADER]: Becoming Leader. State: Replica: 4ff92f649caa4165bb9fdf238363b6bf, State: Running, Role: LEADER
I20260608 10:06:05.952173 29910 raft_consensus.cc:2393] T 9af12dcf89e14606aeff75bb736a6623 P 8c19098d72324168b1639c60b0b66e3e [term 1 FOLLOWER]: Leader pre-election vote request: Denying vote to candidate 4ff92f649caa4165bb9fdf238363b6bf in current term 1: Already voted for candidate 2900af531479487c97adbd7316e4d6c6 in this term.
I20260608 10:06:05.952739 29833 raft_consensus.cc:2468] T cd203b005d1041b7b7899a14d5781861 P 2900af531479487c97adbd7316e4d6c6 [term 1 FOLLOWER]: Leader election vote request: Granting yes vote for candidate 4ff92f649caa4165bb9fdf238363b6bf in term 1.
I20260608 10:06:05.952700 30170 consensus_queue.cc:237] T cd203b005d1041b7b7899a14d5781861 P 4ff92f649caa4165bb9fdf238363b6bf [LEADER]: Queue going to LEADER mode. State: All replicated index: 0, Majority replicated index: 0, Committed index: 0, Last appended: 0.0, Last appended by leader: 0, Current term: 1, Majority size: 2, State: 0, Mode: LEADER, active raft config: opid_index: -1 OBSOLETE_local: false peers { permanent_uuid: "2900af531479487c97adbd7316e4d6c6" member_type: VOTER last_known_addr { host: "127.26.33.2" port: 39323 } } peers { permanent_uuid: "4ff92f649caa4165bb9fdf238363b6bf" member_type: VOTER last_known_addr { host: "127.26.33.4" port: 33533 } } peers { permanent_uuid: "5f937800719a42ceaa00b4fb617243ec" member_type: VOTER last_known_addr { host: "127.26.33.1" port: 39621 } }
I20260608 10:06:05.954964 30124 ts_tablet_manager.cc:1434] T 9d59f4f9b403472cb51a7f1a4696d3ea P 4ff92f649caa4165bb9fdf238363b6bf: Time spent starting tablet: real 0.037s	user 0.021s	sys 0.010s
I20260608 10:06:05.955149 30133 leader_election.cc:290] T 9af12dcf89e14606aeff75bb736a6623 P 4ff92f649caa4165bb9fdf238363b6bf [CANDIDATE]: Term 1 pre-election: Requested pre-vote from peers 8c19098d72324168b1639c60b0b66e3e (127.26.33.3:36207), 2900af531479487c97adbd7316e4d6c6 (127.26.33.2:39323)
I20260608 10:06:05.956082 30124 tablet_bootstrap.cc:492] T 18b4e27b938948b6a277e6ed39242198 P 4ff92f649caa4165bb9fdf238363b6bf: Bootstrap starting.
I20260608 10:06:05.958122 29833 tablet_service.cc:1917] Received RequestConsensusVote() RPC: tablet_id: "9af12dcf89e14606aeff75bb736a6623" candidate_uuid: "4ff92f649caa4165bb9fdf238363b6bf" candidate_term: 1 candidate_status { last_received { term: 0 index: 0 } } ignore_live_leader: false dest_uuid: "2900af531479487c97adbd7316e4d6c6" is_pre_election: true
I20260608 10:06:05.959707 30029 leader_election.cc:304] T 9af12dcf89e14606aeff75bb736a6623 P 4ff92f649caa4165bb9fdf238363b6bf [CANDIDATE]: Term 1 pre-election: Election decided. Result: candidate lost. Election summary: received 3 responses out of 3 voters: 1 yes votes; 2 no votes. yes voters: 4ff92f649caa4165bb9fdf238363b6bf; no voters: 2900af531479487c97adbd7316e4d6c6, 8c19098d72324168b1639c60b0b66e3e
I20260608 10:06:05.959304 29656 catalog_manager.cc:5696] T 9af12dcf89e14606aeff75bb736a6623 P 2900af531479487c97adbd7316e4d6c6 reported cstate change: term changed from 0 to 1, leader changed from <none> to 2900af531479487c97adbd7316e4d6c6 (127.26.33.2). New cstate: current_term: 1 leader_uuid: "2900af531479487c97adbd7316e4d6c6" committed_config { opid_index: -1 OBSOLETE_local: false peers { permanent_uuid: "4ff92f649caa4165bb9fdf238363b6bf" member_type: VOTER last_known_addr { host: "127.26.33.4" port: 33533 } health_report { overall_health: UNKNOWN } } peers { permanent_uuid: "8c19098d72324168b1639c60b0b66e3e" member_type: VOTER last_known_addr { host: "127.26.33.3" port: 36207 } health_report { overall_health: UNKNOWN } } peers { permanent_uuid: "2900af531479487c97adbd7316e4d6c6" member_type: VOTER last_known_addr { host: "127.26.33.2" port: 39323 } health_report { overall_health: HEALTHY } } }
I20260608 10:06:05.960989 30133 raft_consensus.cc:3060] T 9af12dcf89e14606aeff75bb736a6623 P 4ff92f649caa4165bb9fdf238363b6bf [term 0 FOLLOWER]: Advancing to term 1
I20260608 10:06:05.963657 30124 tablet_bootstrap.cc:654] T 18b4e27b938948b6a277e6ed39242198 P 4ff92f649caa4165bb9fdf238363b6bf: Neither blocks nor log segments found. Creating new log.
I20260608 10:06:05.969027 30133 raft_consensus.cc:2749] T 9af12dcf89e14606aeff75bb736a6623 P 4ff92f649caa4165bb9fdf238363b6bf [term 1 FOLLOWER]: Leader pre-election lost for term 1. Reason: could not achieve majority
I20260608 10:06:05.979992 30124 tablet_bootstrap.cc:492] T 18b4e27b938948b6a277e6ed39242198 P 4ff92f649caa4165bb9fdf238363b6bf: No bootstrap required, opened a new log
I20260608 10:06:05.980544 30124 ts_tablet_manager.cc:1403] T 18b4e27b938948b6a277e6ed39242198 P 4ff92f649caa4165bb9fdf238363b6bf: Time spent bootstrapping tablet: real 0.025s	user 0.013s	sys 0.008s
I20260608 10:06:05.981702 29656 catalog_manager.cc:5696] T cd203b005d1041b7b7899a14d5781861 P 4ff92f649caa4165bb9fdf238363b6bf reported cstate change: term changed from 0 to 1, leader changed from <none> to 4ff92f649caa4165bb9fdf238363b6bf (127.26.33.4). New cstate: current_term: 1 leader_uuid: "4ff92f649caa4165bb9fdf238363b6bf" committed_config { opid_index: -1 OBSOLETE_local: false peers { permanent_uuid: "2900af531479487c97adbd7316e4d6c6" member_type: VOTER last_known_addr { host: "127.26.33.2" port: 39323 } health_report { overall_health: UNKNOWN } } peers { permanent_uuid: "4ff92f649caa4165bb9fdf238363b6bf" member_type: VOTER last_known_addr { host: "127.26.33.4" port: 33533 } health_report { overall_health: HEALTHY } } peers { permanent_uuid: "5f937800719a42ceaa00b4fb617243ec" member_type: VOTER last_known_addr { host: "127.26.33.1" port: 39621 } health_report { overall_health: UNKNOWN } } }
I20260608 10:06:05.982488 29660 catalog_manager.cc:5696] T 318f38905746413cb73d7e49b0d0e75a P 2900af531479487c97adbd7316e4d6c6 reported cstate change: term changed from 0 to 1, leader changed from <none> to 2900af531479487c97adbd7316e4d6c6 (127.26.33.2). New cstate: current_term: 1 leader_uuid: "2900af531479487c97adbd7316e4d6c6" committed_config { opid_index: -1 OBSOLETE_local: false peers { permanent_uuid: "4ff92f649caa4165bb9fdf238363b6bf" member_type: VOTER last_known_addr { host: "127.26.33.4" port: 33533 } health_report { overall_health: UNKNOWN } } peers { permanent_uuid: "5f937800719a42ceaa00b4fb617243ec" member_type: VOTER last_known_addr { host: "127.26.33.1" port: 39621 } health_report { overall_health: UNKNOWN } } peers { permanent_uuid: "2900af531479487c97adbd7316e4d6c6" member_type: VOTER last_known_addr { host: "127.26.33.2" port: 39323 } health_report { overall_health: HEALTHY } } }
I20260608 10:06:05.983790 30124 raft_consensus.cc:359] T 18b4e27b938948b6a277e6ed39242198 P 4ff92f649caa4165bb9fdf238363b6bf [term 0 FOLLOWER]: Replica starting. Triggering 0 pending ops. Active config: opid_index: -1 OBSOLETE_local: false peers { permanent_uuid: "5f937800719a42ceaa00b4fb617243ec" member_type: VOTER last_known_addr { host: "127.26.33.1" port: 39621 } } peers { permanent_uuid: "4ff92f649caa4165bb9fdf238363b6bf" member_type: VOTER last_known_addr { host: "127.26.33.4" port: 33533 } } peers { permanent_uuid: "8c19098d72324168b1639c60b0b66e3e" member_type: VOTER last_known_addr { host: "127.26.33.3" port: 36207 } }
I20260608 10:06:05.984562 30124 raft_consensus.cc:385] T 18b4e27b938948b6a277e6ed39242198 P 4ff92f649caa4165bb9fdf238363b6bf [term 0 FOLLOWER]: Consensus starting up: Expiring failure detector timer to make a prompt election more likely
I20260608 10:06:05.984901 30124 raft_consensus.cc:740] T 18b4e27b938948b6a277e6ed39242198 P 4ff92f649caa4165bb9fdf238363b6bf [term 0 FOLLOWER]: Becoming Follower/Learner. State: Replica: 4ff92f649caa4165bb9fdf238363b6bf, State: Initialized, Role: FOLLOWER
I20260608 10:06:05.985689 30124 consensus_queue.cc:260] T 18b4e27b938948b6a277e6ed39242198 P 4ff92f649caa4165bb9fdf238363b6bf [NON_LEADER]: Queue going to NON_LEADER mode. State: All replicated index: 0, Majority replicated index: 0, Committed index: 0, Last appended: 0.0, Last appended by leader: 0, Current term: 0, Majority size: -1, State: 0, Mode: NON_LEADER, active raft config: opid_index: -1 OBSOLETE_local: false peers { permanent_uuid: "5f937800719a42ceaa00b4fb617243ec" member_type: VOTER last_known_addr { host: "127.26.33.1" port: 39621 } } peers { permanent_uuid: "4ff92f649caa4165bb9fdf238363b6bf" member_type: VOTER last_known_addr { host: "127.26.33.4" port: 33533 } } peers { permanent_uuid: "8c19098d72324168b1639c60b0b66e3e" member_type: VOTER last_known_addr { host: "127.26.33.3" port: 36207 } }
I20260608 10:06:05.987879 30124 ts_tablet_manager.cc:1434] T 18b4e27b938948b6a277e6ed39242198 P 4ff92f649caa4165bb9fdf238363b6bf: Time spent starting tablet: real 0.007s	user 0.004s	sys 0.000s
I20260608 10:06:05.989043 30124 tablet_bootstrap.cc:492] T f5ca0f4a90c64c1cafd364f4f0ba63e5 P 4ff92f649caa4165bb9fdf238363b6bf: Bootstrap starting.
I20260608 10:06:05.994737 30124 tablet_bootstrap.cc:654] T f5ca0f4a90c64c1cafd364f4f0ba63e5 P 4ff92f649caa4165bb9fdf238363b6bf: Neither blocks nor log segments found. Creating new log.
I20260608 10:06:06.000298 30124 tablet_bootstrap.cc:492] T f5ca0f4a90c64c1cafd364f4f0ba63e5 P 4ff92f649caa4165bb9fdf238363b6bf: No bootstrap required, opened a new log
I20260608 10:06:06.000748 30124 ts_tablet_manager.cc:1403] T f5ca0f4a90c64c1cafd364f4f0ba63e5 P 4ff92f649caa4165bb9fdf238363b6bf: Time spent bootstrapping tablet: real 0.012s	user 0.003s	sys 0.007s
I20260608 10:06:06.003068 30124 raft_consensus.cc:359] T f5ca0f4a90c64c1cafd364f4f0ba63e5 P 4ff92f649caa4165bb9fdf238363b6bf [term 0 FOLLOWER]: Replica starting. Triggering 0 pending ops. Active config: opid_index: -1 OBSOLETE_local: false peers { permanent_uuid: "4ff92f649caa4165bb9fdf238363b6bf" member_type: VOTER last_known_addr { host: "127.26.33.4" port: 33533 } } peers { permanent_uuid: "5f937800719a42ceaa00b4fb617243ec" member_type: VOTER last_known_addr { host: "127.26.33.1" port: 39621 } } peers { permanent_uuid: "2900af531479487c97adbd7316e4d6c6" member_type: VOTER last_known_addr { host: "127.26.33.2" port: 39323 } }
I20260608 10:06:06.003546 30124 raft_consensus.cc:385] T f5ca0f4a90c64c1cafd364f4f0ba63e5 P 4ff92f649caa4165bb9fdf238363b6bf [term 0 FOLLOWER]: Consensus starting up: Expiring failure detector timer to make a prompt election more likely
I20260608 10:06:06.003719 30124 raft_consensus.cc:740] T f5ca0f4a90c64c1cafd364f4f0ba63e5 P 4ff92f649caa4165bb9fdf238363b6bf [term 0 FOLLOWER]: Becoming Follower/Learner. State: Replica: 4ff92f649caa4165bb9fdf238363b6bf, State: Initialized, Role: FOLLOWER
I20260608 10:06:06.004331 30124 consensus_queue.cc:260] T f5ca0f4a90c64c1cafd364f4f0ba63e5 P 4ff92f649caa4165bb9fdf238363b6bf [NON_LEADER]: Queue going to NON_LEADER mode. State: All replicated index: 0, Majority replicated index: 0, Committed index: 0, Last appended: 0.0, Last appended by leader: 0, Current term: 0, Majority size: -1, State: 0, Mode: NON_LEADER, active raft config: opid_index: -1 OBSOLETE_local: false peers { permanent_uuid: "4ff92f649caa4165bb9fdf238363b6bf" member_type: VOTER last_known_addr { host: "127.26.33.4" port: 33533 } } peers { permanent_uuid: "5f937800719a42ceaa00b4fb617243ec" member_type: VOTER last_known_addr { host: "127.26.33.1" port: 39621 } } peers { permanent_uuid: "2900af531479487c97adbd7316e4d6c6" member_type: VOTER last_known_addr { host: "127.26.33.2" port: 39323 } }
I20260608 10:06:06.005796 30124 ts_tablet_manager.cc:1434] T f5ca0f4a90c64c1cafd364f4f0ba63e5 P 4ff92f649caa4165bb9fdf238363b6bf: Time spent starting tablet: real 0.005s	user 0.004s	sys 0.000s
I20260608 10:06:06.040591 30170 raft_consensus.cc:493] T 9d59f4f9b403472cb51a7f1a4696d3ea P 4ff92f649caa4165bb9fdf238363b6bf [term 0 FOLLOWER]: Starting pre-election (no leader contacted us within the election timeout)
I20260608 10:06:06.041145 30170 raft_consensus.cc:515] T 9d59f4f9b403472cb51a7f1a4696d3ea P 4ff92f649caa4165bb9fdf238363b6bf [term 0 FOLLOWER]: Starting pre-election with config: opid_index: -1 OBSOLETE_local: false peers { permanent_uuid: "2900af531479487c97adbd7316e4d6c6" member_type: VOTER last_known_addr { host: "127.26.33.2" port: 39323 } } peers { permanent_uuid: "4ff92f649caa4165bb9fdf238363b6bf" member_type: VOTER last_known_addr { host: "127.26.33.4" port: 33533 } } peers { permanent_uuid: "8c19098d72324168b1639c60b0b66e3e" member_type: VOTER last_known_addr { host: "127.26.33.3" port: 36207 } }
I20260608 10:06:06.042074 30162 consensus_queue.cc:1048] T 9d59f4f9b403472cb51a7f1a4696d3ea P 2900af531479487c97adbd7316e4d6c6 [LEADER]: Connected to new peer: Peer: permanent_uuid: "8c19098d72324168b1639c60b0b66e3e" member_type: VOTER last_known_addr { host: "127.26.33.3" port: 36207 }, Status: LMP_MISMATCH, Last received: 0.0, Next index: 1, Last known committed idx: 0, Time since last communication: 0.000s
I20260608 10:06:06.043334 30170 leader_election.cc:290] T 9d59f4f9b403472cb51a7f1a4696d3ea P 4ff92f649caa4165bb9fdf238363b6bf [CANDIDATE]: Term 1 pre-election: Requested pre-vote from peers 2900af531479487c97adbd7316e4d6c6 (127.26.33.2:39323), 8c19098d72324168b1639c60b0b66e3e (127.26.33.3:36207)
I20260608 10:06:06.044116 29833 tablet_service.cc:1917] Received RequestConsensusVote() RPC: tablet_id: "9d59f4f9b403472cb51a7f1a4696d3ea" candidate_uuid: "4ff92f649caa4165bb9fdf238363b6bf" candidate_term: 1 candidate_status { last_received { term: 0 index: 0 } } ignore_live_leader: false dest_uuid: "2900af531479487c97adbd7316e4d6c6" is_pre_election: true
I20260608 10:06:06.044888 29911 tablet_service.cc:1917] Received RequestConsensusVote() RPC: tablet_id: "9d59f4f9b403472cb51a7f1a4696d3ea" candidate_uuid: "4ff92f649caa4165bb9fdf238363b6bf" candidate_term: 1 candidate_status { last_received { term: 0 index: 0 } } ignore_live_leader: false dest_uuid: "8c19098d72324168b1639c60b0b66e3e" is_pre_election: true
I20260608 10:06:06.046525 30028 leader_election.cc:304] T 9d59f4f9b403472cb51a7f1a4696d3ea P 4ff92f649caa4165bb9fdf238363b6bf [CANDIDATE]: Term 1 pre-election: Election decided. Result: candidate lost. Election summary: received 3 responses out of 3 voters: 1 yes votes; 2 no votes. yes voters: 4ff92f649caa4165bb9fdf238363b6bf; no voters: 2900af531479487c97adbd7316e4d6c6, 8c19098d72324168b1639c60b0b66e3e
I20260608 10:06:06.047333 30170 raft_consensus.cc:2749] T 9d59f4f9b403472cb51a7f1a4696d3ea P 4ff92f649caa4165bb9fdf238363b6bf [term 0 FOLLOWER]: Leader pre-election lost for term 1. Reason: could not achieve majority
I20260608 10:06:06.102265 30170 raft_consensus.cc:493] T 06300e1ee780477aafa97b71eddba1ee P 4ff92f649caa4165bb9fdf238363b6bf [term 0 FOLLOWER]: Starting pre-election (no leader contacted us within the election timeout)
I20260608 10:06:06.102852 30170 raft_consensus.cc:515] T 06300e1ee780477aafa97b71eddba1ee P 4ff92f649caa4165bb9fdf238363b6bf [term 0 FOLLOWER]: Starting pre-election with config: opid_index: -1 OBSOLETE_local: false peers { permanent_uuid: "8c19098d72324168b1639c60b0b66e3e" member_type: VOTER last_known_addr { host: "127.26.33.3" port: 36207 } } peers { permanent_uuid: "5f937800719a42ceaa00b4fb617243ec" member_type: VOTER last_known_addr { host: "127.26.33.1" port: 39621 } } peers { permanent_uuid: "4ff92f649caa4165bb9fdf238363b6bf" member_type: VOTER last_known_addr { host: "127.26.33.4" port: 33533 } }
I20260608 10:06:06.104722 30170 leader_election.cc:290] T 06300e1ee780477aafa97b71eddba1ee P 4ff92f649caa4165bb9fdf238363b6bf [CANDIDATE]: Term 1 pre-election: Requested pre-vote from peers 8c19098d72324168b1639c60b0b66e3e (127.26.33.3:36207), 5f937800719a42ceaa00b4fb617243ec (127.26.33.1:39621)
I20260608 10:06:06.105615 29910 tablet_service.cc:1917] Received RequestConsensusVote() RPC: tablet_id: "06300e1ee780477aafa97b71eddba1ee" candidate_uuid: "4ff92f649caa4165bb9fdf238363b6bf" candidate_term: 1 candidate_status { last_received { term: 0 index: 0 } } ignore_live_leader: false dest_uuid: "8c19098d72324168b1639c60b0b66e3e" is_pre_election: true
I20260608 10:06:06.105809 29761 tablet_service.cc:1917] Received RequestConsensusVote() RPC: tablet_id: "06300e1ee780477aafa97b71eddba1ee" candidate_uuid: "4ff92f649caa4165bb9fdf238363b6bf" candidate_term: 1 candidate_status { last_received { term: 0 index: 0 } } ignore_live_leader: false dest_uuid: "5f937800719a42ceaa00b4fb617243ec" is_pre_election: true
I20260608 10:06:06.106451 29761 raft_consensus.cc:2468] T 06300e1ee780477aafa97b71eddba1ee P 5f937800719a42ceaa00b4fb617243ec [term 0 FOLLOWER]: Leader pre-election vote request: Granting yes vote for candidate 4ff92f649caa4165bb9fdf238363b6bf in term 0.
I20260608 10:06:06.107475 29910 raft_consensus.cc:2468] T 06300e1ee780477aafa97b71eddba1ee P 8c19098d72324168b1639c60b0b66e3e [term 0 FOLLOWER]: Leader pre-election vote request: Granting yes vote for candidate 4ff92f649caa4165bb9fdf238363b6bf in term 0.
I20260608 10:06:06.108564 30026 leader_election.cc:304] T 06300e1ee780477aafa97b71eddba1ee P 4ff92f649caa4165bb9fdf238363b6bf [CANDIDATE]: Term 1 pre-election: Election decided. Result: candidate won. Election summary: received 2 responses out of 3 voters: 2 yes votes; 0 no votes. yes voters: 4ff92f649caa4165bb9fdf238363b6bf, 5f937800719a42ceaa00b4fb617243ec; no voters: 
I20260608 10:06:06.109508 30170 raft_consensus.cc:2804] T 06300e1ee780477aafa97b71eddba1ee P 4ff92f649caa4165bb9fdf238363b6bf [term 0 FOLLOWER]: Leader pre-election won for term 1
I20260608 10:06:06.110541 30170 raft_consensus.cc:493] T 06300e1ee780477aafa97b71eddba1ee P 4ff92f649caa4165bb9fdf238363b6bf [term 0 FOLLOWER]: Starting leader election (no leader contacted us within the election timeout)
I20260608 10:06:06.110973 30170 raft_consensus.cc:3060] T 06300e1ee780477aafa97b71eddba1ee P 4ff92f649caa4165bb9fdf238363b6bf [term 0 FOLLOWER]: Advancing to term 1
I20260608 10:06:06.117784 30170 raft_consensus.cc:515] T 06300e1ee780477aafa97b71eddba1ee P 4ff92f649caa4165bb9fdf238363b6bf [term 1 FOLLOWER]: Starting leader election with config: opid_index: -1 OBSOLETE_local: false peers { permanent_uuid: "8c19098d72324168b1639c60b0b66e3e" member_type: VOTER last_known_addr { host: "127.26.33.3" port: 36207 } } peers { permanent_uuid: "5f937800719a42ceaa00b4fb617243ec" member_type: VOTER last_known_addr { host: "127.26.33.1" port: 39621 } } peers { permanent_uuid: "4ff92f649caa4165bb9fdf238363b6bf" member_type: VOTER last_known_addr { host: "127.26.33.4" port: 33533 } }
I20260608 10:06:06.119626 30170 leader_election.cc:290] T 06300e1ee780477aafa97b71eddba1ee P 4ff92f649caa4165bb9fdf238363b6bf [CANDIDATE]: Term 1 election: Requested vote from peers 8c19098d72324168b1639c60b0b66e3e (127.26.33.3:36207), 5f937800719a42ceaa00b4fb617243ec (127.26.33.1:39621)
I20260608 10:06:06.120635 29911 tablet_service.cc:1917] Received RequestConsensusVote() RPC: tablet_id: "06300e1ee780477aafa97b71eddba1ee" candidate_uuid: "4ff92f649caa4165bb9fdf238363b6bf" candidate_term: 1 candidate_status { last_received { term: 0 index: 0 } } ignore_live_leader: false dest_uuid: "8c19098d72324168b1639c60b0b66e3e"
I20260608 10:06:06.120922 29761 tablet_service.cc:1917] Received RequestConsensusVote() RPC: tablet_id: "06300e1ee780477aafa97b71eddba1ee" candidate_uuid: "4ff92f649caa4165bb9fdf238363b6bf" candidate_term: 1 candidate_status { last_received { term: 0 index: 0 } } ignore_live_leader: false dest_uuid: "5f937800719a42ceaa00b4fb617243ec"
I20260608 10:06:06.121268 29911 raft_consensus.cc:3060] T 06300e1ee780477aafa97b71eddba1ee P 8c19098d72324168b1639c60b0b66e3e [term 0 FOLLOWER]: Advancing to term 1
I20260608 10:06:06.121480 29761 raft_consensus.cc:3060] T 06300e1ee780477aafa97b71eddba1ee P 5f937800719a42ceaa00b4fb617243ec [term 0 FOLLOWER]: Advancing to term 1
I20260608 10:06:06.126652 29761 raft_consensus.cc:2468] T 06300e1ee780477aafa97b71eddba1ee P 5f937800719a42ceaa00b4fb617243ec [term 1 FOLLOWER]: Leader election vote request: Granting yes vote for candidate 4ff92f649caa4165bb9fdf238363b6bf in term 1.
I20260608 10:06:06.127276 29911 raft_consensus.cc:2468] T 06300e1ee780477aafa97b71eddba1ee P 8c19098d72324168b1639c60b0b66e3e [term 1 FOLLOWER]: Leader election vote request: Granting yes vote for candidate 4ff92f649caa4165bb9fdf238363b6bf in term 1.
I20260608 10:06:06.127904 30026 leader_election.cc:304] T 06300e1ee780477aafa97b71eddba1ee P 4ff92f649caa4165bb9fdf238363b6bf [CANDIDATE]: Term 1 election: Election decided. Result: candidate won. Election summary: received 2 responses out of 3 voters: 2 yes votes; 0 no votes. yes voters: 4ff92f649caa4165bb9fdf238363b6bf, 5f937800719a42ceaa00b4fb617243ec; no voters: 
I20260608 10:06:06.128793 30170 raft_consensus.cc:2804] T 06300e1ee780477aafa97b71eddba1ee P 4ff92f649caa4165bb9fdf238363b6bf [term 1 FOLLOWER]: Leader election won for term 1
I20260608 10:06:06.129410 30170 raft_consensus.cc:697] T 06300e1ee780477aafa97b71eddba1ee P 4ff92f649caa4165bb9fdf238363b6bf [term 1 LEADER]: Becoming Leader. State: Replica: 4ff92f649caa4165bb9fdf238363b6bf, State: Running, Role: LEADER
I20260608 10:06:06.130060 30170 consensus_queue.cc:237] T 06300e1ee780477aafa97b71eddba1ee P 4ff92f649caa4165bb9fdf238363b6bf [LEADER]: Queue going to LEADER mode. State: All replicated index: 0, Majority replicated index: 0, Committed index: 0, Last appended: 0.0, Last appended by leader: 0, Current term: 1, Majority size: 2, State: 0, Mode: LEADER, active raft config: opid_index: -1 OBSOLETE_local: false peers { permanent_uuid: "8c19098d72324168b1639c60b0b66e3e" member_type: VOTER last_known_addr { host: "127.26.33.3" port: 36207 } } peers { permanent_uuid: "5f937800719a42ceaa00b4fb617243ec" member_type: VOTER last_known_addr { host: "127.26.33.1" port: 39621 } } peers { permanent_uuid: "4ff92f649caa4165bb9fdf238363b6bf" member_type: VOTER last_known_addr { host: "127.26.33.4" port: 33533 } }
I20260608 10:06:06.137858 29656 catalog_manager.cc:5696] T 06300e1ee780477aafa97b71eddba1ee P 4ff92f649caa4165bb9fdf238363b6bf reported cstate change: term changed from 0 to 1, leader changed from <none> to 4ff92f649caa4165bb9fdf238363b6bf (127.26.33.4). New cstate: current_term: 1 leader_uuid: "4ff92f649caa4165bb9fdf238363b6bf" committed_config { opid_index: -1 OBSOLETE_local: false peers { permanent_uuid: "8c19098d72324168b1639c60b0b66e3e" member_type: VOTER last_known_addr { host: "127.26.33.3" port: 36207 } health_report { overall_health: UNKNOWN } } peers { permanent_uuid: "5f937800719a42ceaa00b4fb617243ec" member_type: VOTER last_known_addr { host: "127.26.33.1" port: 39621 } health_report { overall_health: UNKNOWN } } peers { permanent_uuid: "4ff92f649caa4165bb9fdf238363b6bf" member_type: VOTER last_known_addr { host: "127.26.33.4" port: 33533 } health_report { overall_health: HEALTHY } } }
I20260608 10:06:06.152638 29990 consensus_queue.cc:1048] T 99e85a7d7b634afca82b9827b795bee1 P 5f937800719a42ceaa00b4fb617243ec [LEADER]: Connected to new peer: Peer: permanent_uuid: "4ff92f649caa4165bb9fdf238363b6bf" member_type: VOTER last_known_addr { host: "127.26.33.4" port: 33533 }, Status: LMP_MISMATCH, Last received: 0.0, Next index: 1, Last known committed idx: 0, Time since last communication: 0.000s
I20260608 10:06:06.166535 30181 consensus_queue.cc:1048] T 99e85a7d7b634afca82b9827b795bee1 P 5f937800719a42ceaa00b4fb617243ec [LEADER]: Connected to new peer: Peer: permanent_uuid: "8c19098d72324168b1639c60b0b66e3e" member_type: VOTER last_known_addr { host: "127.26.33.3" port: 36207 }, Status: LMP_MISMATCH, Last received: 0.0, Next index: 1, Last known committed idx: 0, Time since last communication: 0.001s
I20260608 10:06:06.211736 30063 raft_consensus.cc:3060] T 18b4e27b938948b6a277e6ed39242198 P 4ff92f649caa4165bb9fdf238363b6bf [term 0 FOLLOWER]: Advancing to term 1
I20260608 10:06:06.218391 29960 consensus_queue.cc:1048] T 18b4e27b938948b6a277e6ed39242198 P 8c19098d72324168b1639c60b0b66e3e [LEADER]: Connected to new peer: Peer: permanent_uuid: "4ff92f649caa4165bb9fdf238363b6bf" member_type: VOTER last_known_addr { host: "127.26.33.4" port: 33533 }, Status: LMP_MISMATCH, Last received: 0.0, Next index: 1, Last known committed idx: 0, Time since last communication: 0.000s
I20260608 10:06:06.232105 30101 consensus_queue.cc:1048] T 18b4e27b938948b6a277e6ed39242198 P 8c19098d72324168b1639c60b0b66e3e [LEADER]: Connected to new peer: Peer: permanent_uuid: "5f937800719a42ceaa00b4fb617243ec" member_type: VOTER last_known_addr { host: "127.26.33.1" port: 39621 }, Status: LMP_MISMATCH, Last received: 0.0, Next index: 1, Last known committed idx: 0, Time since last communication: 0.000s
I20260608 10:06:06.243659 30063 raft_consensus.cc:3060] T f5ca0f4a90c64c1cafd364f4f0ba63e5 P 4ff92f649caa4165bb9fdf238363b6bf [term 0 FOLLOWER]: Advancing to term 1
I20260608 10:06:06.252156 29964 consensus_queue.cc:1048] T f5ca0f4a90c64c1cafd364f4f0ba63e5 P 2900af531479487c97adbd7316e4d6c6 [LEADER]: Connected to new peer: Peer: permanent_uuid: "4ff92f649caa4165bb9fdf238363b6bf" member_type: VOTER last_known_addr { host: "127.26.33.4" port: 33533 }, Status: LMP_MISMATCH, Last received: 0.0, Next index: 1, Last known committed idx: 0, Time since last communication: 0.000s
I20260608 10:06:06.266433 30063 raft_consensus.cc:3060] T 9d59f4f9b403472cb51a7f1a4696d3ea P 4ff92f649caa4165bb9fdf238363b6bf [term 0 FOLLOWER]: Advancing to term 1
I20260608 10:06:06.270565 29964 consensus_queue.cc:1048] T f5ca0f4a90c64c1cafd364f4f0ba63e5 P 2900af531479487c97adbd7316e4d6c6 [LEADER]: Connected to new peer: Peer: permanent_uuid: "5f937800719a42ceaa00b4fb617243ec" member_type: VOTER last_known_addr { host: "127.26.33.1" port: 39621 }, Status: LMP_MISMATCH, Last received: 0.0, Next index: 1, Last known committed idx: 0, Time since last communication: 0.000s
I20260608 10:06:06.323683 29964 consensus_queue.cc:1048] T 318f38905746413cb73d7e49b0d0e75a P 2900af531479487c97adbd7316e4d6c6 [LEADER]: Connected to new peer: Peer: permanent_uuid: "5f937800719a42ceaa00b4fb617243ec" member_type: VOTER last_known_addr { host: "127.26.33.1" port: 39621 }, Status: LMP_MISMATCH, Last received: 0.0, Next index: 1, Last known committed idx: 0, Time since last communication: 0.000s
I20260608 10:06:06.342815 29964 consensus_queue.cc:1048] T 318f38905746413cb73d7e49b0d0e75a P 2900af531479487c97adbd7316e4d6c6 [LEADER]: Connected to new peer: Peer: permanent_uuid: "4ff92f649caa4165bb9fdf238363b6bf" member_type: VOTER last_known_addr { host: "127.26.33.4" port: 33533 }, Status: LMP_MISMATCH, Last received: 0.0, Next index: 1, Last known committed idx: 0, Time since last communication: 0.000s
I20260608 10:06:06.353410 30170 consensus_queue.cc:1048] T cd203b005d1041b7b7899a14d5781861 P 4ff92f649caa4165bb9fdf238363b6bf [LEADER]: Connected to new peer: Peer: permanent_uuid: "5f937800719a42ceaa00b4fb617243ec" member_type: VOTER last_known_addr { host: "127.26.33.1" port: 39621 }, Status: LMP_MISMATCH, Last received: 0.0, Next index: 1, Last known committed idx: 0, Time since last communication: 0.000s
I20260608 10:06:06.367825 30169 consensus_queue.cc:1048] T cd203b005d1041b7b7899a14d5781861 P 4ff92f649caa4165bb9fdf238363b6bf [LEADER]: Connected to new peer: Peer: permanent_uuid: "2900af531479487c97adbd7316e4d6c6" member_type: VOTER last_known_addr { host: "127.26.33.2" port: 39323 }, Status: LMP_MISMATCH, Last received: 0.0, Next index: 1, Last known committed idx: 0, Time since last communication: 0.000s
I20260608 10:06:06.463537 29964 consensus_queue.cc:1048] T 9af12dcf89e14606aeff75bb736a6623 P 2900af531479487c97adbd7316e4d6c6 [LEADER]: Connected to new peer: Peer: permanent_uuid: "4ff92f649caa4165bb9fdf238363b6bf" member_type: VOTER last_known_addr { host: "127.26.33.4" port: 33533 }, Status: LMP_MISMATCH, Last received: 0.0, Next index: 1, Last known committed idx: 0, Time since last communication: 0.000s
I20260608 10:06:06.465101 29964 consensus_queue.cc:1048] T 9af12dcf89e14606aeff75bb736a6623 P 2900af531479487c97adbd7316e4d6c6 [LEADER]: Connected to new peer: Peer: permanent_uuid: "8c19098d72324168b1639c60b0b66e3e" member_type: VOTER last_known_addr { host: "127.26.33.3" port: 36207 }, Status: LMP_MISMATCH, Last received: 0.0, Next index: 1, Last known committed idx: 0, Time since last communication: 0.000s
I20260608 10:06:06.601349 30133 consensus_queue.cc:1048] T 06300e1ee780477aafa97b71eddba1ee P 4ff92f649caa4165bb9fdf238363b6bf [LEADER]: Connected to new peer: Peer: permanent_uuid: "5f937800719a42ceaa00b4fb617243ec" member_type: VOTER last_known_addr { host: "127.26.33.1" port: 39621 }, Status: LMP_MISMATCH, Last received: 0.0, Next index: 1, Last known committed idx: 0, Time since last communication: 0.000s
I20260608 10:06:06.618443 30196 consensus_queue.cc:1048] T 06300e1ee780477aafa97b71eddba1ee P 4ff92f649caa4165bb9fdf238363b6bf [LEADER]: Connected to new peer: Peer: permanent_uuid: "8c19098d72324168b1639c60b0b66e3e" member_type: VOTER last_known_addr { host: "127.26.33.3" port: 36207 }, Status: LMP_MISMATCH, Last received: 0.0, Next index: 1, Last known committed idx: 0, Time since last communication: 0.001s
I20260608 10:06:06.806447 29911 consensus_queue.cc:237] T 053278f3ff634d11bb3cd4861da1d14c P 8c19098d72324168b1639c60b0b66e3e [LEADER]: Queue going to LEADER mode. State: All replicated index: 0, Majority replicated index: 1, Committed index: 1, Last appended: 1.1, Last appended by leader: 0, Current term: 1, Majority size: 2, State: 0, Mode: LEADER, active raft config: opid_index: 2 OBSOLETE_local: false peers { permanent_uuid: "5f937800719a42ceaa00b4fb617243ec" member_type: VOTER last_known_addr { host: "127.26.33.1" port: 39621 } attrs { replace: true } } peers { permanent_uuid: "2900af531479487c97adbd7316e4d6c6" member_type: VOTER last_known_addr { host: "127.26.33.2" port: 39323 } } peers { permanent_uuid: "8c19098d72324168b1639c60b0b66e3e" member_type: VOTER last_known_addr { host: "127.26.33.3" port: 36207 } } peers { permanent_uuid: "4ff92f649caa4165bb9fdf238363b6bf" member_type: NON_VOTER last_known_addr { host: "127.26.33.4" port: 33533 } attrs { promote: true } }
I20260608 10:06:06.813223 29833 raft_consensus.cc:1275] T 053278f3ff634d11bb3cd4861da1d14c P 2900af531479487c97adbd7316e4d6c6 [term 1 FOLLOWER]: Refusing update from remote peer 8c19098d72324168b1639c60b0b66e3e: Log matching property violated. Preceding OpId in replica: term: 1 index: 1. Preceding OpId from leader: term: 1 index: 2. (index mismatch)
I20260608 10:06:06.813476 29761 raft_consensus.cc:1275] T 053278f3ff634d11bb3cd4861da1d14c P 5f937800719a42ceaa00b4fb617243ec [term 1 FOLLOWER]: Refusing update from remote peer 8c19098d72324168b1639c60b0b66e3e: Log matching property violated. Preceding OpId in replica: term: 1 index: 1. Preceding OpId from leader: term: 1 index: 2. (index mismatch)
W20260608 10:06:06.813858 29877 consensus_peers.cc:597] T 053278f3ff634d11bb3cd4861da1d14c P 8c19098d72324168b1639c60b0b66e3e -> Peer 4ff92f649caa4165bb9fdf238363b6bf (127.26.33.4:33533): Couldn't send request to peer 4ff92f649caa4165bb9fdf238363b6bf. Error code: TABLET_NOT_FOUND (6). Status: Not found: Tablet not found: 053278f3ff634d11bb3cd4861da1d14c. This is attempt 1: this message will repeat every 5th retry.
I20260608 10:06:06.815007 29986 consensus_queue.cc:1048] T 053278f3ff634d11bb3cd4861da1d14c P 8c19098d72324168b1639c60b0b66e3e [LEADER]: Connected to new peer: Peer: permanent_uuid: "2900af531479487c97adbd7316e4d6c6" member_type: VOTER last_known_addr { host: "127.26.33.2" port: 39323 }, Status: LMP_MISMATCH, Last received: 0.0, Next index: 2, Last known committed idx: 1, Time since last communication: 0.000s
I20260608 10:06:06.815868 30199 consensus_queue.cc:1048] T 053278f3ff634d11bb3cd4861da1d14c P 8c19098d72324168b1639c60b0b66e3e [LEADER]: Connected to new peer: Peer: permanent_uuid: "5f937800719a42ceaa00b4fb617243ec" member_type: VOTER last_known_addr { host: "127.26.33.1" port: 39621 } attrs { replace: true }, Status: LMP_MISMATCH, Last received: 0.0, Next index: 2, Last known committed idx: 1, Time since last communication: 0.000s
I20260608 10:06:06.824431 30101 raft_consensus.cc:2955] T 053278f3ff634d11bb3cd4861da1d14c P 8c19098d72324168b1639c60b0b66e3e [term 1 LEADER]: Committing config change with OpId 1.2: config changed from index -1 to 2, NON_VOTER 4ff92f649caa4165bb9fdf238363b6bf (127.26.33.4) added. New config: { opid_index: 2 OBSOLETE_local: false peers { permanent_uuid: "5f937800719a42ceaa00b4fb617243ec" member_type: VOTER last_known_addr { host: "127.26.33.1" port: 39621 } attrs { replace: true } } peers { permanent_uuid: "2900af531479487c97adbd7316e4d6c6" member_type: VOTER last_known_addr { host: "127.26.33.2" port: 39323 } } peers { permanent_uuid: "8c19098d72324168b1639c60b0b66e3e" member_type: VOTER last_known_addr { host: "127.26.33.3" port: 36207 } } peers { permanent_uuid: "4ff92f649caa4165bb9fdf238363b6bf" member_type: NON_VOTER last_known_addr { host: "127.26.33.4" port: 33533 } attrs { promote: true } } }
I20260608 10:06:06.826376 29761 raft_consensus.cc:2955] T 053278f3ff634d11bb3cd4861da1d14c P 5f937800719a42ceaa00b4fb617243ec [term 1 FOLLOWER]: Committing config change with OpId 1.2: config changed from index -1 to 2, NON_VOTER 4ff92f649caa4165bb9fdf238363b6bf (127.26.33.4) added. New config: { opid_index: 2 OBSOLETE_local: false peers { permanent_uuid: "5f937800719a42ceaa00b4fb617243ec" member_type: VOTER last_known_addr { host: "127.26.33.1" port: 39621 } attrs { replace: true } } peers { permanent_uuid: "2900af531479487c97adbd7316e4d6c6" member_type: VOTER last_known_addr { host: "127.26.33.2" port: 39323 } } peers { permanent_uuid: "8c19098d72324168b1639c60b0b66e3e" member_type: VOTER last_known_addr { host: "127.26.33.3" port: 36207 } } peers { permanent_uuid: "4ff92f649caa4165bb9fdf238363b6bf" member_type: NON_VOTER last_known_addr { host: "127.26.33.4" port: 33533 } attrs { promote: true } } }
I20260608 10:06:06.829571 29833 raft_consensus.cc:2955] T 053278f3ff634d11bb3cd4861da1d14c P 2900af531479487c97adbd7316e4d6c6 [term 1 FOLLOWER]: Committing config change with OpId 1.2: config changed from index -1 to 2, NON_VOTER 4ff92f649caa4165bb9fdf238363b6bf (127.26.33.4) added. New config: { opid_index: 2 OBSOLETE_local: false peers { permanent_uuid: "5f937800719a42ceaa00b4fb617243ec" member_type: VOTER last_known_addr { host: "127.26.33.1" port: 39621 } attrs { replace: true } } peers { permanent_uuid: "2900af531479487c97adbd7316e4d6c6" member_type: VOTER last_known_addr { host: "127.26.33.2" port: 39323 } } peers { permanent_uuid: "8c19098d72324168b1639c60b0b66e3e" member_type: VOTER last_known_addr { host: "127.26.33.3" port: 36207 } } peers { permanent_uuid: "4ff92f649caa4165bb9fdf238363b6bf" member_type: NON_VOTER last_known_addr { host: "127.26.33.4" port: 33533 } attrs { promote: true } } }
I20260608 10:06:06.842525 29656 catalog_manager.cc:5696] T 053278f3ff634d11bb3cd4861da1d14c P 5f937800719a42ceaa00b4fb617243ec reported cstate change: config changed from index -1 to 2, NON_VOTER 4ff92f649caa4165bb9fdf238363b6bf (127.26.33.4) added. New cstate: current_term: 1 leader_uuid: "8c19098d72324168b1639c60b0b66e3e" committed_config { opid_index: 2 OBSOLETE_local: false peers { permanent_uuid: "5f937800719a42ceaa00b4fb617243ec" member_type: VOTER last_known_addr { host: "127.26.33.1" port: 39621 } attrs { replace: true } } peers { permanent_uuid: "2900af531479487c97adbd7316e4d6c6" member_type: VOTER last_known_addr { host: "127.26.33.2" port: 39323 } } peers { permanent_uuid: "8c19098d72324168b1639c60b0b66e3e" member_type: VOTER last_known_addr { host: "127.26.33.3" port: 36207 } } peers { permanent_uuid: "4ff92f649caa4165bb9fdf238363b6bf" member_type: NON_VOTER last_known_addr { host: "127.26.33.4" port: 33533 } attrs { promote: true } } }
I20260608 10:06:06.858044 29761 consensus_queue.cc:237] T 530e1daab9ff4943906a9bbd52dbd2d4 P 5f937800719a42ceaa00b4fb617243ec [LEADER]: Queue going to LEADER mode. State: All replicated index: 0, Majority replicated index: 1, Committed index: 1, Last appended: 1.1, Last appended by leader: 0, Current term: 1, Majority size: 2, State: 0, Mode: LEADER, active raft config: opid_index: 2 OBSOLETE_local: false peers { permanent_uuid: "5f937800719a42ceaa00b4fb617243ec" member_type: VOTER last_known_addr { host: "127.26.33.1" port: 39621 } } peers { permanent_uuid: "2900af531479487c97adbd7316e4d6c6" member_type: VOTER last_known_addr { host: "127.26.33.2" port: 39323 } } peers { permanent_uuid: "8c19098d72324168b1639c60b0b66e3e" member_type: VOTER last_known_addr { host: "127.26.33.3" port: 36207 } attrs { replace: true } } peers { permanent_uuid: "4ff92f649caa4165bb9fdf238363b6bf" member_type: NON_VOTER last_known_addr { host: "127.26.33.4" port: 33533 } attrs { promote: true } }
I20260608 10:06:06.866694 29833 raft_consensus.cc:1275] T 530e1daab9ff4943906a9bbd52dbd2d4 P 2900af531479487c97adbd7316e4d6c6 [term 1 FOLLOWER]: Refusing update from remote peer 5f937800719a42ceaa00b4fb617243ec: Log matching property violated. Preceding OpId in replica: term: 1 index: 1. Preceding OpId from leader: term: 1 index: 2. (index mismatch)
W20260608 10:06:06.866824 29728 consensus_peers.cc:597] T 530e1daab9ff4943906a9bbd52dbd2d4 P 5f937800719a42ceaa00b4fb617243ec -> Peer 4ff92f649caa4165bb9fdf238363b6bf (127.26.33.4:33533): Couldn't send request to peer 4ff92f649caa4165bb9fdf238363b6bf. Error code: TABLET_NOT_FOUND (6). Status: Not found: Tablet not found: 530e1daab9ff4943906a9bbd52dbd2d4. This is attempt 1: this message will repeat every 5th retry.
I20260608 10:06:06.871055 29911 raft_consensus.cc:1275] T 530e1daab9ff4943906a9bbd52dbd2d4 P 8c19098d72324168b1639c60b0b66e3e [term 1 FOLLOWER]: Refusing update from remote peer 5f937800719a42ceaa00b4fb617243ec: Log matching property violated. Preceding OpId in replica: term: 1 index: 1. Preceding OpId from leader: term: 1 index: 2. (index mismatch)
I20260608 10:06:06.872532 30198 consensus_queue.cc:1048] T 530e1daab9ff4943906a9bbd52dbd2d4 P 5f937800719a42ceaa00b4fb617243ec [LEADER]: Connected to new peer: Peer: permanent_uuid: "2900af531479487c97adbd7316e4d6c6" member_type: VOTER last_known_addr { host: "127.26.33.2" port: 39323 }, Status: LMP_MISMATCH, Last received: 0.0, Next index: 2, Last known committed idx: 1, Time since last communication: 0.000s
I20260608 10:06:06.873422 29994 consensus_queue.cc:1048] T 530e1daab9ff4943906a9bbd52dbd2d4 P 5f937800719a42ceaa00b4fb617243ec [LEADER]: Connected to new peer: Peer: permanent_uuid: "8c19098d72324168b1639c60b0b66e3e" member_type: VOTER last_known_addr { host: "127.26.33.3" port: 36207 } attrs { replace: true }, Status: LMP_MISMATCH, Last received: 0.0, Next index: 2, Last known committed idx: 1, Time since last communication: 0.000s
I20260608 10:06:06.894263 29994 raft_consensus.cc:2955] T 530e1daab9ff4943906a9bbd52dbd2d4 P 5f937800719a42ceaa00b4fb617243ec [term 1 LEADER]: Committing config change with OpId 1.2: config changed from index -1 to 2, NON_VOTER 4ff92f649caa4165bb9fdf238363b6bf (127.26.33.4) added. New config: { opid_index: 2 OBSOLETE_local: false peers { permanent_uuid: "5f937800719a42ceaa00b4fb617243ec" member_type: VOTER last_known_addr { host: "127.26.33.1" port: 39621 } } peers { permanent_uuid: "2900af531479487c97adbd7316e4d6c6" member_type: VOTER last_known_addr { host: "127.26.33.2" port: 39323 } } peers { permanent_uuid: "8c19098d72324168b1639c60b0b66e3e" member_type: VOTER last_known_addr { host: "127.26.33.3" port: 36207 } attrs { replace: true } } peers { permanent_uuid: "4ff92f649caa4165bb9fdf238363b6bf" member_type: NON_VOTER last_known_addr { host: "127.26.33.4" port: 33533 } attrs { promote: true } } }
I20260608 10:06:06.911981 29910 consensus_queue.cc:237] T c11029e6b7f647cb8f74fa585201c64d P 8c19098d72324168b1639c60b0b66e3e [LEADER]: Queue going to LEADER mode. State: All replicated index: 0, Majority replicated index: 1, Committed index: 1, Last appended: 1.1, Last appended by leader: 0, Current term: 1, Majority size: 2, State: 0, Mode: LEADER, active raft config: opid_index: 2 OBSOLETE_local: false peers { permanent_uuid: "2900af531479487c97adbd7316e4d6c6" member_type: VOTER last_known_addr { host: "127.26.33.2" port: 39323 } attrs { replace: true } } peers { permanent_uuid: "5f937800719a42ceaa00b4fb617243ec" member_type: VOTER last_known_addr { host: "127.26.33.1" port: 39621 } } peers { permanent_uuid: "8c19098d72324168b1639c60b0b66e3e" member_type: VOTER last_known_addr { host: "127.26.33.3" port: 36207 } } peers { permanent_uuid: "4ff92f649caa4165bb9fdf238363b6bf" member_type: NON_VOTER last_known_addr { host: "127.26.33.4" port: 33533 } attrs { promote: true } }
I20260608 10:06:06.913906 29833 raft_consensus.cc:2955] T 530e1daab9ff4943906a9bbd52dbd2d4 P 2900af531479487c97adbd7316e4d6c6 [term 1 FOLLOWER]: Committing config change with OpId 1.2: config changed from index -1 to 2, NON_VOTER 4ff92f649caa4165bb9fdf238363b6bf (127.26.33.4) added. New config: { opid_index: 2 OBSOLETE_local: false peers { permanent_uuid: "5f937800719a42ceaa00b4fb617243ec" member_type: VOTER last_known_addr { host: "127.26.33.1" port: 39621 } } peers { permanent_uuid: "2900af531479487c97adbd7316e4d6c6" member_type: VOTER last_known_addr { host: "127.26.33.2" port: 39323 } } peers { permanent_uuid: "8c19098d72324168b1639c60b0b66e3e" member_type: VOTER last_known_addr { host: "127.26.33.3" port: 36207 } attrs { replace: true } } peers { permanent_uuid: "4ff92f649caa4165bb9fdf238363b6bf" member_type: NON_VOTER last_known_addr { host: "127.26.33.4" port: 33533 } attrs { promote: true } } }
I20260608 10:06:06.921931 29911 raft_consensus.cc:2955] T 530e1daab9ff4943906a9bbd52dbd2d4 P 8c19098d72324168b1639c60b0b66e3e [term 1 FOLLOWER]: Committing config change with OpId 1.2: config changed from index -1 to 2, NON_VOTER 4ff92f649caa4165bb9fdf238363b6bf (127.26.33.4) added. New config: { opid_index: 2 OBSOLETE_local: false peers { permanent_uuid: "5f937800719a42ceaa00b4fb617243ec" member_type: VOTER last_known_addr { host: "127.26.33.1" port: 39621 } } peers { permanent_uuid: "2900af531479487c97adbd7316e4d6c6" member_type: VOTER last_known_addr { host: "127.26.33.2" port: 39323 } } peers { permanent_uuid: "8c19098d72324168b1639c60b0b66e3e" member_type: VOTER last_known_addr { host: "127.26.33.3" port: 36207 } attrs { replace: true } } peers { permanent_uuid: "4ff92f649caa4165bb9fdf238363b6bf" member_type: NON_VOTER last_known_addr { host: "127.26.33.4" port: 33533 } attrs { promote: true } } }
I20260608 10:06:06.922026 29656 catalog_manager.cc:5696] T 530e1daab9ff4943906a9bbd52dbd2d4 P 5f937800719a42ceaa00b4fb617243ec reported cstate change: config changed from index -1 to 2, NON_VOTER 4ff92f649caa4165bb9fdf238363b6bf (127.26.33.4) added. New cstate: current_term: 1 leader_uuid: "5f937800719a42ceaa00b4fb617243ec" committed_config { opid_index: 2 OBSOLETE_local: false peers { permanent_uuid: "5f937800719a42ceaa00b4fb617243ec" member_type: VOTER last_known_addr { host: "127.26.33.1" port: 39621 } health_report { overall_health: HEALTHY } } peers { permanent_uuid: "2900af531479487c97adbd7316e4d6c6" member_type: VOTER last_known_addr { host: "127.26.33.2" port: 39323 } health_report { overall_health: HEALTHY } } peers { permanent_uuid: "8c19098d72324168b1639c60b0b66e3e" member_type: VOTER last_known_addr { host: "127.26.33.3" port: 36207 } attrs { replace: true } health_report { overall_health: UNKNOWN } } peers { permanent_uuid: "4ff92f649caa4165bb9fdf238363b6bf" member_type: NON_VOTER last_known_addr { host: "127.26.33.4" port: 33533 } attrs { promote: true } health_report { overall_health: UNKNOWN } } }
I20260608 10:06:06.928864 29761 raft_consensus.cc:1275] T c11029e6b7f647cb8f74fa585201c64d P 5f937800719a42ceaa00b4fb617243ec [term 1 FOLLOWER]: Refusing update from remote peer 8c19098d72324168b1639c60b0b66e3e: Log matching property violated. Preceding OpId in replica: term: 1 index: 1. Preceding OpId from leader: term: 1 index: 2. (index mismatch)
I20260608 10:06:06.930541 30199 consensus_queue.cc:1048] T c11029e6b7f647cb8f74fa585201c64d P 8c19098d72324168b1639c60b0b66e3e [LEADER]: Connected to new peer: Peer: permanent_uuid: "5f937800719a42ceaa00b4fb617243ec" member_type: VOTER last_known_addr { host: "127.26.33.1" port: 39621 }, Status: LMP_MISMATCH, Last received: 0.0, Next index: 2, Last known committed idx: 1, Time since last communication: 0.000s
I20260608 10:06:06.931614 29833 raft_consensus.cc:1275] T c11029e6b7f647cb8f74fa585201c64d P 2900af531479487c97adbd7316e4d6c6 [term 1 FOLLOWER]: Refusing update from remote peer 8c19098d72324168b1639c60b0b66e3e: Log matching property violated. Preceding OpId in replica: term: 1 index: 1. Preceding OpId from leader: term: 1 index: 2. (index mismatch)
W20260608 10:06:06.934597 29877 consensus_peers.cc:597] T c11029e6b7f647cb8f74fa585201c64d P 8c19098d72324168b1639c60b0b66e3e -> Peer 4ff92f649caa4165bb9fdf238363b6bf (127.26.33.4:33533): Couldn't send request to peer 4ff92f649caa4165bb9fdf238363b6bf. Error code: TABLET_NOT_FOUND (6). Status: Not found: Tablet not found: c11029e6b7f647cb8f74fa585201c64d. This is attempt 1: this message will repeat every 5th retry.
I20260608 10:06:06.936101 30199 consensus_queue.cc:1048] T c11029e6b7f647cb8f74fa585201c64d P 8c19098d72324168b1639c60b0b66e3e [LEADER]: Connected to new peer: Peer: permanent_uuid: "2900af531479487c97adbd7316e4d6c6" member_type: VOTER last_known_addr { host: "127.26.33.2" port: 39323 } attrs { replace: true }, Status: LMP_MISMATCH, Last received: 0.0, Next index: 2, Last known committed idx: 1, Time since last communication: 0.001s
I20260608 10:06:06.965572 30199 raft_consensus.cc:2955] T c11029e6b7f647cb8f74fa585201c64d P 8c19098d72324168b1639c60b0b66e3e [term 1 LEADER]: Committing config change with OpId 1.2: config changed from index -1 to 2, NON_VOTER 4ff92f649caa4165bb9fdf238363b6bf (127.26.33.4) added. New config: { opid_index: 2 OBSOLETE_local: false peers { permanent_uuid: "2900af531479487c97adbd7316e4d6c6" member_type: VOTER last_known_addr { host: "127.26.33.2" port: 39323 } attrs { replace: true } } peers { permanent_uuid: "5f937800719a42ceaa00b4fb617243ec" member_type: VOTER last_known_addr { host: "127.26.33.1" port: 39621 } } peers { permanent_uuid: "8c19098d72324168b1639c60b0b66e3e" member_type: VOTER last_known_addr { host: "127.26.33.3" port: 36207 } } peers { permanent_uuid: "4ff92f649caa4165bb9fdf238363b6bf" member_type: NON_VOTER last_known_addr { host: "127.26.33.4" port: 33533 } attrs { promote: true } } }
I20260608 10:06:06.969117 29761 raft_consensus.cc:2955] T c11029e6b7f647cb8f74fa585201c64d P 5f937800719a42ceaa00b4fb617243ec [term 1 FOLLOWER]: Committing config change with OpId 1.2: config changed from index -1 to 2, NON_VOTER 4ff92f649caa4165bb9fdf238363b6bf (127.26.33.4) added. New config: { opid_index: 2 OBSOLETE_local: false peers { permanent_uuid: "2900af531479487c97adbd7316e4d6c6" member_type: VOTER last_known_addr { host: "127.26.33.2" port: 39323 } attrs { replace: true } } peers { permanent_uuid: "5f937800719a42ceaa00b4fb617243ec" member_type: VOTER last_known_addr { host: "127.26.33.1" port: 39621 } } peers { permanent_uuid: "8c19098d72324168b1639c60b0b66e3e" member_type: VOTER last_known_addr { host: "127.26.33.3" port: 36207 } } peers { permanent_uuid: "4ff92f649caa4165bb9fdf238363b6bf" member_type: NON_VOTER last_known_addr { host: "127.26.33.4" port: 33533 } attrs { promote: true } } }
I20260608 10:06:06.971858 29833 raft_consensus.cc:2955] T c11029e6b7f647cb8f74fa585201c64d P 2900af531479487c97adbd7316e4d6c6 [term 1 FOLLOWER]: Committing config change with OpId 1.2: config changed from index -1 to 2, NON_VOTER 4ff92f649caa4165bb9fdf238363b6bf (127.26.33.4) added. New config: { opid_index: 2 OBSOLETE_local: false peers { permanent_uuid: "2900af531479487c97adbd7316e4d6c6" member_type: VOTER last_known_addr { host: "127.26.33.2" port: 39323 } attrs { replace: true } } peers { permanent_uuid: "5f937800719a42ceaa00b4fb617243ec" member_type: VOTER last_known_addr { host: "127.26.33.1" port: 39621 } } peers { permanent_uuid: "8c19098d72324168b1639c60b0b66e3e" member_type: VOTER last_known_addr { host: "127.26.33.3" port: 36207 } } peers { permanent_uuid: "4ff92f649caa4165bb9fdf238363b6bf" member_type: NON_VOTER last_known_addr { host: "127.26.33.4" port: 33533 } attrs { promote: true } } }
I20260608 10:06:06.984019 29911 consensus_queue.cc:237] T c121fdebb22d437f919bfd052a8f834a P 8c19098d72324168b1639c60b0b66e3e [LEADER]: Queue going to LEADER mode. State: All replicated index: 0, Majority replicated index: 1, Committed index: 1, Last appended: 1.1, Last appended by leader: 0, Current term: 1, Majority size: 2, State: 0, Mode: LEADER, active raft config: opid_index: 2 OBSOLETE_local: false peers { permanent_uuid: "5f937800719a42ceaa00b4fb617243ec" member_type: VOTER last_known_addr { host: "127.26.33.1" port: 39621 } attrs { replace: true } } peers { permanent_uuid: "2900af531479487c97adbd7316e4d6c6" member_type: VOTER last_known_addr { host: "127.26.33.2" port: 39323 } } peers { permanent_uuid: "8c19098d72324168b1639c60b0b66e3e" member_type: VOTER last_known_addr { host: "127.26.33.3" port: 36207 } } peers { permanent_uuid: "4ff92f649caa4165bb9fdf238363b6bf" member_type: NON_VOTER last_known_addr { host: "127.26.33.4" port: 33533 } attrs { promote: true } }
