I20260608 10:05:46.222476 26756 fs_manager.cc:647] Opened local filesystem: /tmp/dist-test-taskzBSE1s/test-tmp/auto_rebalancer-test.0.AutoRebalancerTest.NoReplicaMovesIfNoTablets.1780913083324568-26756-0/minicluster-data/ts-0-root
uuid: "a008252651654021a8c1127fd2dda412"
format_stamp: "Formatted at 2026-06-08 10:05:46 on dist-test-slave-hmn8"
I20260608 10:05:46.222774 26756 fs_report.cc:389] FS layout report
--------------------
wal directory: /tmp/dist-test-taskzBSE1s/test-tmp/auto_rebalancer-test.0.AutoRebalancerTest.NoReplicaMovesIfNoTablets.1780913083324568-26756-0/minicluster-data/ts-0-root
metadata directory: /tmp/dist-test-taskzBSE1s/test-tmp/auto_rebalancer-test.0.AutoRebalancerTest.NoReplicaMovesIfNoTablets.1780913083324568-26756-0/minicluster-data/ts-0-root
1 data directories: /tmp/dist-test-taskzBSE1s/test-tmp/auto_rebalancer-test.0.AutoRebalancerTest.NoReplicaMovesIfNoTablets.1780913083324568-26756-0/minicluster-data/ts-0-root/data
Total live blocks: 0
Total live bytes: 0
Total live bytes (after alignment): 0
Total number of LBM containers: 0 (0 full)
Did not check for missing blocks
Did not check for orphaned blocks
Total full LBM containers with extra space: 0 (0 repaired)
Total full LBM container extra space in bytes: 0 (0 repaired)
Total incomplete LBM containers: 0 (0 repaired)
Total LBM partial records: 0 (0 repaired)
Total corrupted LBM metadata records in RocksDB: 0 (0 repaired)
I20260608 10:05:46.240739 26756 rpc_server.cc:225] running with OpenSSL 1.1.1  11 Sep 2018
I20260608 10:05:46.242501 26756 kserver.cc:163] Server-wide thread pool size limit: 3276
I20260608 10:05:46.244295 26756 txn_system_client.cc:432] TxnSystemClient initialization is disabled...
I20260608 10:05:46.247174 26756 ts_tablet_manager.cc:585] Loaded tablet metadata (0 total tablets, 0 live tablets)
I20260608 10:05:46.247469 26756 ts_tablet_manager.cc:531] Time spent load tablet metadata: real 0.000s	user 0.000s	sys 0.000s
I20260608 10:05:46.247763 26756 ts_tablet_manager.cc:616] Registered 0 tablets
I20260608 10:05:46.247975 26756 ts_tablet_manager.cc:595] Time spent register tablets: real 0.000s	user 0.000s	sys 0.000s
I20260608 10:05:46.294176 26756 rpc_server.cc:307] RPC server started. Bound to: 127.26.33.1:38603
I20260608 10:05:46.294313 29123 acceptor_pool.cc:272] collecting diagnostics on the listening RPC socket 127.26.33.1:38603 every 8 connection(s)
I20260608 10:05:46.300312 26756 file_cache.cc:492] Constructed file cache file cache with capacity 419430
W20260608 10:05:46.308249 29128 instance_detector.cc:116] could not retrieve AWS instance metadata: Network error: curl error: HTTP response code said error: The requested URL returned error: 404
W20260608 10:05:46.309592 29129 instance_detector.cc:116] could not retrieve Azure instance metadata: Network error: curl error: HTTP response code said error: The requested URL returned error: 404
W20260608 10:05:46.311558 29131 instance_detector.cc:116] could not retrieve OpenStack instance metadata: Network error: curl error: HTTP response code said error: The requested URL returned error: 404
I20260608 10:05:46.314591 26756 server_base.cc:1061] running on GCE node
I20260608 10:05:46.315194 29124 heartbeater.cc:344] Connected to a master server at 127.26.33.62:46579
I20260608 10:05:46.315603 26756 hybrid_clock.cc:584] initializing the hybrid clock with 'system_unsync' time source
I20260608 10:05:46.315637 29124 heartbeater.cc:461] Registering TS with master...
W20260608 10:05:46.315932 26756 system_unsync_time.cc:38] NTP support is disabled. Clock error bounds will not be accurate. This configuration is not suitable for distributed clusters.
I20260608 10:05:46.316210 26756 hybrid_clock.cc:648] HybridClock initialized: now 1780913146316188 us; error 0 us; skew 500 ppm
I20260608 10:05:46.316771 29124 heartbeater.cc:507] Master 127.26.33.62:46579 requested a full tablet report, sending...
I20260608 10:05:46.316967 26756 server_base.cc:861] Flag tcmalloc_max_total_thread_cache_bytes is not working since tcmalloc is not enabled.
I20260608 10:05:46.319732 28997 ts_manager.cc:194] Registered new tserver with Master: a008252651654021a8c1127fd2dda412 (127.26.33.1:38603)
I20260608 10:05:46.319998 26756 webserver.cc:533] Webserver started at http://127.26.33.2:39981/ using document root <none> and password file <none>
I20260608 10:05:46.320658 26756 fs_manager.cc:362] Metadata directory not provided
I20260608 10:05:46.320926 26756 fs_manager.cc:368] Using write-ahead log directory (fs_wal_dir) as metadata directory
I20260608 10:05:46.321254 26756 server_base.cc:909] This appears to be a new deployment of Kudu; creating new FS layout
I20260608 10:05:46.322131 28997 master_service.cc:502] Signed X509 certificate for tserver {username='slave'} at 127.0.0.1:46540
I20260608 10:05:46.322718 26756 fs_manager.cc:1068] Generated new instance metadata in path /tmp/dist-test-taskzBSE1s/test-tmp/auto_rebalancer-test.0.AutoRebalancerTest.NoReplicaMovesIfNoTablets.1780913083324568-26756-0/minicluster-data/ts-1-root/instance:
uuid: "97dc1835552c43fc81c63e4936144830"
format_stamp: "Formatted at 2026-06-08 10:05:46 on dist-test-slave-hmn8"
I20260608 10:05:46.328123 26756 fs_manager.cc:696] Time spent creating directory manager: real 0.005s	user 0.005s	sys 0.001s
I20260608 10:05:46.332216 29136 log_block_manager.cc:4031] Time spent loading block containers with low live blocks: real 0.000s	user 0.000s	sys 0.000s
I20260608 10:05:46.333271 26756 fs_manager.cc:730] Time spent opening block manager: real 0.003s	user 0.003s	sys 0.000s
I20260608 10:05:46.333556 26756 fs_manager.cc:647] Opened local filesystem: /tmp/dist-test-taskzBSE1s/test-tmp/auto_rebalancer-test.0.AutoRebalancerTest.NoReplicaMovesIfNoTablets.1780913083324568-26756-0/minicluster-data/ts-1-root
uuid: "97dc1835552c43fc81c63e4936144830"
format_stamp: "Formatted at 2026-06-08 10:05:46 on dist-test-slave-hmn8"
I20260608 10:05:46.333806 26756 fs_report.cc:389] FS layout report
--------------------
wal directory: /tmp/dist-test-taskzBSE1s/test-tmp/auto_rebalancer-test.0.AutoRebalancerTest.NoReplicaMovesIfNoTablets.1780913083324568-26756-0/minicluster-data/ts-1-root
metadata directory: /tmp/dist-test-taskzBSE1s/test-tmp/auto_rebalancer-test.0.AutoRebalancerTest.NoReplicaMovesIfNoTablets.1780913083324568-26756-0/minicluster-data/ts-1-root
1 data directories: /tmp/dist-test-taskzBSE1s/test-tmp/auto_rebalancer-test.0.AutoRebalancerTest.NoReplicaMovesIfNoTablets.1780913083324568-26756-0/minicluster-data/ts-1-root/data
Total live blocks: 0
Total live bytes: 0
Total live bytes (after alignment): 0
Total number of LBM containers: 0 (0 full)
Did not check for missing blocks
Did not check for orphaned blocks
Total full LBM containers with extra space: 0 (0 repaired)
Total full LBM container extra space in bytes: 0 (0 repaired)
Total incomplete LBM containers: 0 (0 repaired)
Total LBM partial records: 0 (0 repaired)
Total corrupted LBM metadata records in RocksDB: 0 (0 repaired)
I20260608 10:05:46.347112 26756 rpc_server.cc:225] running with OpenSSL 1.1.1  11 Sep 2018
I20260608 10:05:46.348397 26756 kserver.cc:163] Server-wide thread pool size limit: 3276
I20260608 10:05:46.349951 26756 txn_system_client.cc:432] TxnSystemClient initialization is disabled...
I20260608 10:05:46.352340 26756 ts_tablet_manager.cc:585] Loaded tablet metadata (0 total tablets, 0 live tablets)
I20260608 10:05:46.352532 26756 ts_tablet_manager.cc:531] Time spent load tablet metadata: real 0.000s	user 0.000s	sys 0.000s
I20260608 10:05:46.352847 26756 ts_tablet_manager.cc:616] Registered 0 tablets
I20260608 10:05:46.353022 26756 ts_tablet_manager.cc:595] Time spent register tablets: real 0.000s	user 0.001s	sys 0.000s
I20260608 10:05:46.396975 26756 rpc_server.cc:307] RPC server started. Bound to: 127.26.33.2:46551
I20260608 10:05:46.397094 29198 acceptor_pool.cc:272] collecting diagnostics on the listening RPC socket 127.26.33.2:46551 every 8 connection(s)
I20260608 10:05:46.402164 26756 file_cache.cc:492] Constructed file cache file cache with capacity 419430
W20260608 10:05:46.412277 29202 instance_detector.cc:116] could not retrieve AWS instance metadata: Network error: curl error: HTTP response code said error: The requested URL returned error: 404
W20260608 10:05:46.412858 29203 instance_detector.cc:116] could not retrieve Azure instance metadata: Network error: curl error: HTTP response code said error: The requested URL returned error: 404
W20260608 10:05:46.416340 29205 instance_detector.cc:116] could not retrieve OpenStack instance metadata: Network error: curl error: HTTP response code said error: The requested URL returned error: 404
I20260608 10:05:46.416746 29199 heartbeater.cc:344] Connected to a master server at 127.26.33.62:46579
I20260608 10:05:46.417217 29199 heartbeater.cc:461] Registering TS with master...
I20260608 10:05:46.417326 26756 server_base.cc:1061] running on GCE node
I20260608 10:05:46.418373 29199 heartbeater.cc:507] Master 127.26.33.62:46579 requested a full tablet report, sending...
I20260608 10:05:46.418427 26756 hybrid_clock.cc:584] initializing the hybrid clock with 'system_unsync' time source
W20260608 10:05:46.419041 26756 system_unsync_time.cc:38] NTP support is disabled. Clock error bounds will not be accurate. This configuration is not suitable for distributed clusters.
I20260608 10:05:46.419296 26756 hybrid_clock.cc:648] HybridClock initialized: now 1780913146419274 us; error 0 us; skew 500 ppm
I20260608 10:05:46.420121 26756 server_base.cc:861] Flag tcmalloc_max_total_thread_cache_bytes is not working since tcmalloc is not enabled.
I20260608 10:05:46.421376 28997 ts_manager.cc:194] Registered new tserver with Master: 97dc1835552c43fc81c63e4936144830 (127.26.33.2:46551)
I20260608 10:05:46.423161 26756 webserver.cc:533] Webserver started at http://127.26.33.3:37371/ using document root <none> and password file <none>
I20260608 10:05:46.423220 28997 master_service.cc:502] Signed X509 certificate for tserver {username='slave'} at 127.0.0.1:46544
I20260608 10:05:46.423744 26756 fs_manager.cc:362] Metadata directory not provided
I20260608 10:05:46.423939 26756 fs_manager.cc:368] Using write-ahead log directory (fs_wal_dir) as metadata directory
I20260608 10:05:46.424248 26756 server_base.cc:909] This appears to be a new deployment of Kudu; creating new FS layout
I20260608 10:05:46.425997 26756 fs_manager.cc:1068] Generated new instance metadata in path /tmp/dist-test-taskzBSE1s/test-tmp/auto_rebalancer-test.0.AutoRebalancerTest.NoReplicaMovesIfNoTablets.1780913083324568-26756-0/minicluster-data/ts-2-root/instance:
uuid: "42b80dd6b0214db7b73f8d13a8fa3cee"
format_stamp: "Formatted at 2026-06-08 10:05:46 on dist-test-slave-hmn8"
I20260608 10:05:46.431048 26756 fs_manager.cc:696] Time spent creating directory manager: real 0.004s	user 0.005s	sys 0.000s
I20260608 10:05:46.435299 29210 log_block_manager.cc:4031] Time spent loading block containers with low live blocks: real 0.000s	user 0.000s	sys 0.000s
I20260608 10:05:46.436436 26756 fs_manager.cc:730] Time spent opening block manager: real 0.003s	user 0.002s	sys 0.000s
I20260608 10:05:46.436774 26756 fs_manager.cc:647] Opened local filesystem: /tmp/dist-test-taskzBSE1s/test-tmp/auto_rebalancer-test.0.AutoRebalancerTest.NoReplicaMovesIfNoTablets.1780913083324568-26756-0/minicluster-data/ts-2-root
uuid: "42b80dd6b0214db7b73f8d13a8fa3cee"
format_stamp: "Formatted at 2026-06-08 10:05:46 on dist-test-slave-hmn8"
I20260608 10:05:46.437151 26756 fs_report.cc:389] FS layout report
--------------------
wal directory: /tmp/dist-test-taskzBSE1s/test-tmp/auto_rebalancer-test.0.AutoRebalancerTest.NoReplicaMovesIfNoTablets.1780913083324568-26756-0/minicluster-data/ts-2-root
metadata directory: /tmp/dist-test-taskzBSE1s/test-tmp/auto_rebalancer-test.0.AutoRebalancerTest.NoReplicaMovesIfNoTablets.1780913083324568-26756-0/minicluster-data/ts-2-root
1 data directories: /tmp/dist-test-taskzBSE1s/test-tmp/auto_rebalancer-test.0.AutoRebalancerTest.NoReplicaMovesIfNoTablets.1780913083324568-26756-0/minicluster-data/ts-2-root/data
Total live blocks: 0
Total live bytes: 0
Total live bytes (after alignment): 0
Total number of LBM containers: 0 (0 full)
Did not check for missing blocks
Did not check for orphaned blocks
Total full LBM containers with extra space: 0 (0 repaired)
Total full LBM container extra space in bytes: 0 (0 repaired)
Total incomplete LBM containers: 0 (0 repaired)
Total LBM partial records: 0 (0 repaired)
Total corrupted LBM metadata records in RocksDB: 0 (0 repaired)
I20260608 10:05:46.453013 26756 rpc_server.cc:225] running with OpenSSL 1.1.1  11 Sep 2018
I20260608 10:05:46.454349 26756 kserver.cc:163] Server-wide thread pool size limit: 3276
I20260608 10:05:46.455914 26756 txn_system_client.cc:432] TxnSystemClient initialization is disabled...
I20260608 10:05:46.458423 26756 ts_tablet_manager.cc:585] Loaded tablet metadata (0 total tablets, 0 live tablets)
I20260608 10:05:46.458609 26756 ts_tablet_manager.cc:531] Time spent load tablet metadata: real 0.000s	user 0.000s	sys 0.000s
I20260608 10:05:46.458915 26756 ts_tablet_manager.cc:616] Registered 0 tablets
I20260608 10:05:46.459091 26756 ts_tablet_manager.cc:595] Time spent register tablets: real 0.000s	user 0.000s	sys 0.000s
I20260608 10:05:46.502945 26756 rpc_server.cc:307] RPC server started. Bound to: 127.26.33.3:40595
I20260608 10:05:46.503074 29272 acceptor_pool.cc:272] collecting diagnostics on the listening RPC socket 127.26.33.3:40595 every 8 connection(s)
I20260608 10:05:46.519990 29273 heartbeater.cc:344] Connected to a master server at 127.26.33.62:46579
I20260608 10:05:46.520416 29273 heartbeater.cc:461] Registering TS with master...
I20260608 10:05:46.521256 29273 heartbeater.cc:507] Master 127.26.33.62:46579 requested a full tablet report, sending...
I20260608 10:05:46.523435 28997 ts_manager.cc:194] Registered new tserver with Master: 42b80dd6b0214db7b73f8d13a8fa3cee (127.26.33.3:40595)
I20260608 10:05:46.524137 26756 internal_mini_cluster.cc:371] 3 TS(s) registered with all masters after 0.017585121s
I20260608 10:05:46.525388 28997 master_service.cc:502] Signed X509 certificate for tserver {username='slave'} at 127.0.0.1:46548
I20260608 10:05:47.325408 29124 heartbeater.cc:499] Master 127.26.33.62:46579 was elected leader, sending a full tablet report...
I20260608 10:05:47.426434 29199 heartbeater.cc:499] Master 127.26.33.62:46579 was elected leader, sending a full tablet report...
I20260608 10:05:47.528666 29273 heartbeater.cc:499] Master 127.26.33.62:46579 was elected leader, sending a full tablet report...
I20260608 10:05:48.127789 29050 auto_leader_rebalancer.cc:451] All tables' leader rebalancing finished this round
I20260608 10:05:50.128876 29050 auto_leader_rebalancer.cc:451] All tables' leader rebalancing finished this round
I20260608 10:05:52.130012 29050 auto_leader_rebalancer.cc:451] All tables' leader rebalancing finished this round
I20260608 10:05:54.131652 29050 auto_leader_rebalancer.cc:451] All tables' leader rebalancing finished this round
I20260608 10:05:56.133160 29050 auto_leader_rebalancer.cc:451] All tables' leader rebalancing finished this round
I20260608 10:05:58.134335 29050 auto_leader_rebalancer.cc:451] All tables' leader rebalancing finished this round
I20260608 10:05:58.622498 26756 tablet_server.cc:179] TabletServer@127.26.33.1:0 shutting down...
I20260608 10:05:58.651403 26756 ts_tablet_manager.cc:1507] Shutting down tablet manager...
I20260608 10:05:58.669193 26756 tablet_server.cc:196] TabletServer@127.26.33.1:0 shutdown complete.
I20260608 10:05:58.680315 26756 tablet_server.cc:179] TabletServer@127.26.33.2:0 shutting down...
I20260608 10:05:58.707398 26756 ts_tablet_manager.cc:1507] Shutting down tablet manager...
I20260608 10:05:58.724128 26756 tablet_server.cc:196] TabletServer@127.26.33.2:0 shutdown complete.
I20260608 10:05:58.735450 26756 tablet_server.cc:179] TabletServer@127.26.33.3:0 shutting down...
I20260608 10:05:58.756114 26756 ts_tablet_manager.cc:1507] Shutting down tablet manager...
I20260608 10:05:58.773124 26756 tablet_server.cc:196] TabletServer@127.26.33.3:0 shutdown complete.
I20260608 10:05:58.785277 26756 master.cc:562] Master@127.26.33.62:46579 shutting down...
I20260608 10:05:58.814610 26756 raft_consensus.cc:2243] T 00000000000000000000000000000000 P 28626ffa9f60402e93e23517f2c6b907 [term 1 LEADER]: Raft consensus shutting down.
I20260608 10:05:58.815505 26756 raft_consensus.cc:2272] T 00000000000000000000000000000000 P 28626ffa9f60402e93e23517f2c6b907 [term 1 FOLLOWER]: Raft consensus is shut down!
I20260608 10:05:58.815965 26756 tablet_replica.cc:333] T 00000000000000000000000000000000 P 28626ffa9f60402e93e23517f2c6b907: stopping tablet replica
I20260608 10:05:58.836941 26756 master.cc:584] Master@127.26.33.62:46579 shutdown complete.
[       OK ] AutoRebalancerTest.NoReplicaMovesIfNoTablets (12886 ms)
[ RUN      ] AutoRebalancerTest.RangeAwareBuildClusterInfoGroupsByRange
I20260608 10:05:58.872124 26756 internal_mini_cluster.cc:156] Creating distributed mini masters. Addrs: 127.26.33.62:46665
I20260608 10:05:58.873471 26756 file_cache.cc:492] Constructed file cache file cache with capacity 419430
W20260608 10:05:58.880077 29278 instance_detector.cc:116] could not retrieve AWS instance metadata: Network error: curl error: HTTP response code said error: The requested URL returned error: 404
W20260608 10:05:58.880415 29279 instance_detector.cc:116] could not retrieve Azure instance metadata: Network error: curl error: HTTP response code said error: The requested URL returned error: 404
W20260608 10:05:58.881201 29281 instance_detector.cc:116] could not retrieve OpenStack instance metadata: Network error: curl error: HTTP response code said error: The requested URL returned error: 404
I20260608 10:05:58.882041 26756 server_base.cc:1061] running on GCE node
I20260608 10:05:58.882952 26756 hybrid_clock.cc:584] initializing the hybrid clock with 'system_unsync' time source
W20260608 10:05:58.883188 26756 system_unsync_time.cc:38] NTP support is disabled. Clock error bounds will not be accurate. This configuration is not suitable for distributed clusters.
I20260608 10:05:58.883358 26756 hybrid_clock.cc:648] HybridClock initialized: now 1780913158883343 us; error 0 us; skew 500 ppm
I20260608 10:05:58.883971 26756 server_base.cc:861] Flag tcmalloc_max_total_thread_cache_bytes is not working since tcmalloc is not enabled.
I20260608 10:05:58.886835 26756 webserver.cc:533] Webserver started at http://127.26.33.62:37581/ using document root <none> and password file <none>
I20260608 10:05:58.887429 26756 fs_manager.cc:362] Metadata directory not provided
I20260608 10:05:58.887653 26756 fs_manager.cc:368] Using write-ahead log directory (fs_wal_dir) as metadata directory
I20260608 10:05:58.887951 26756 server_base.cc:909] This appears to be a new deployment of Kudu; creating new FS layout
I20260608 10:05:58.889330 26756 fs_manager.cc:1068] Generated new instance metadata in path /tmp/dist-test-taskzBSE1s/test-tmp/auto_rebalancer-test.0.AutoRebalancerTest.RangeAwareBuildClusterInfoGroupsByRange.1780913083324568-26756-0/minicluster-data/master-0-root/instance:
uuid: "25d8b590dc924a07aa069bd84332220f"
format_stamp: "Formatted at 2026-06-08 10:05:58 on dist-test-slave-hmn8"
I20260608 10:05:58.894299 26756 fs_manager.cc:696] Time spent creating directory manager: real 0.004s	user 0.005s	sys 0.000s
I20260608 10:05:58.898250 29286 log_block_manager.cc:4031] Time spent loading block containers with low live blocks: real 0.000s	user 0.000s	sys 0.000s
I20260608 10:05:58.899163 26756 fs_manager.cc:730] Time spent opening block manager: real 0.003s	user 0.004s	sys 0.000s
I20260608 10:05:58.899490 26756 fs_manager.cc:647] Opened local filesystem: /tmp/dist-test-taskzBSE1s/test-tmp/auto_rebalancer-test.0.AutoRebalancerTest.RangeAwareBuildClusterInfoGroupsByRange.1780913083324568-26756-0/minicluster-data/master-0-root
uuid: "25d8b590dc924a07aa069bd84332220f"
format_stamp: "Formatted at 2026-06-08 10:05:58 on dist-test-slave-hmn8"
I20260608 10:05:58.899796 26756 fs_report.cc:389] FS layout report
--------------------
wal directory: /tmp/dist-test-taskzBSE1s/test-tmp/auto_rebalancer-test.0.AutoRebalancerTest.RangeAwareBuildClusterInfoGroupsByRange.1780913083324568-26756-0/minicluster-data/master-0-root
metadata directory: /tmp/dist-test-taskzBSE1s/test-tmp/auto_rebalancer-test.0.AutoRebalancerTest.RangeAwareBuildClusterInfoGroupsByRange.1780913083324568-26756-0/minicluster-data/master-0-root
1 data directories: /tmp/dist-test-taskzBSE1s/test-tmp/auto_rebalancer-test.0.AutoRebalancerTest.RangeAwareBuildClusterInfoGroupsByRange.1780913083324568-26756-0/minicluster-data/master-0-root/data
Total live blocks: 0
Total live bytes: 0
Total live bytes (after alignment): 0
Total number of LBM containers: 0 (0 full)
Did not check for missing blocks
Did not check for orphaned blocks
Total full LBM containers with extra space: 0 (0 repaired)
Total full LBM container extra space in bytes: 0 (0 repaired)
Total incomplete LBM containers: 0 (0 repaired)
Total LBM partial records: 0 (0 repaired)
Total corrupted LBM metadata records in RocksDB: 0 (0 repaired)
I20260608 10:05:58.925401 26756 rpc_server.cc:225] running with OpenSSL 1.1.1  11 Sep 2018
I20260608 10:05:58.926743 26756 kserver.cc:163] Server-wide thread pool size limit: 3276
I20260608 10:05:58.967913 26756 rpc_server.cc:307] RPC server started. Bound to: 127.26.33.62:46665
I20260608 10:05:58.968082 29337 acceptor_pool.cc:272] collecting diagnostics on the listening RPC socket 127.26.33.62:46665 every 8 connection(s)
I20260608 10:05:58.972540 29338 data_dirs.cc:400] Could only allocate 1 dirs of requested 3 for tablet 00000000000000000000000000000000. 1 dirs total, 0 dirs full, 0 dirs failed
I20260608 10:05:58.985009 29338 tablet_bootstrap.cc:492] T 00000000000000000000000000000000 P 25d8b590dc924a07aa069bd84332220f: Bootstrap starting.
I20260608 10:05:58.990993 29338 tablet_bootstrap.cc:654] T 00000000000000000000000000000000 P 25d8b590dc924a07aa069bd84332220f: Neither blocks nor log segments found. Creating new log.
I20260608 10:05:58.995981 29338 tablet_bootstrap.cc:492] T 00000000000000000000000000000000 P 25d8b590dc924a07aa069bd84332220f: No bootstrap required, opened a new log
I20260608 10:05:58.998754 29338 raft_consensus.cc:359] T 00000000000000000000000000000000 P 25d8b590dc924a07aa069bd84332220f [term 0 FOLLOWER]: Replica starting. Triggering 0 pending ops. Active config: opid_index: -1 OBSOLETE_local: true peers { permanent_uuid: "25d8b590dc924a07aa069bd84332220f" member_type: VOTER }
I20260608 10:05:58.999246 29338 raft_consensus.cc:385] T 00000000000000000000000000000000 P 25d8b590dc924a07aa069bd84332220f [term 0 FOLLOWER]: Consensus starting up: Expiring failure detector timer to make a prompt election more likely
I20260608 10:05:58.999588 29338 raft_consensus.cc:740] T 00000000000000000000000000000000 P 25d8b590dc924a07aa069bd84332220f [term 0 FOLLOWER]: Becoming Follower/Learner. State: Replica: 25d8b590dc924a07aa069bd84332220f, State: Initialized, Role: FOLLOWER
I20260608 10:05:59.000348 29338 consensus_queue.cc:260] T 00000000000000000000000000000000 P 25d8b590dc924a07aa069bd84332220f [NON_LEADER]: Queue going to NON_LEADER mode. State: All replicated index: 0, Majority replicated index: 0, Committed index: 0, Last appended: 0.0, Last appended by leader: 0, Current term: 0, Majority size: -1, State: 0, Mode: NON_LEADER, active raft config: opid_index: -1 OBSOLETE_local: true peers { permanent_uuid: "25d8b590dc924a07aa069bd84332220f" member_type: VOTER }
I20260608 10:05:59.000921 29338 raft_consensus.cc:399] T 00000000000000000000000000000000 P 25d8b590dc924a07aa069bd84332220f [term 0 FOLLOWER]: Only one voter in the Raft config. Triggering election immediately
I20260608 10:05:59.001262 29338 raft_consensus.cc:493] T 00000000000000000000000000000000 P 25d8b590dc924a07aa069bd84332220f [term 0 FOLLOWER]: Starting leader election (initial election of a single-replica configuration)
I20260608 10:05:59.001703 29338 raft_consensus.cc:3060] T 00000000000000000000000000000000 P 25d8b590dc924a07aa069bd84332220f [term 0 FOLLOWER]: Advancing to term 1
I20260608 10:05:59.007043 29338 raft_consensus.cc:515] T 00000000000000000000000000000000 P 25d8b590dc924a07aa069bd84332220f [term 1 FOLLOWER]: Starting leader election with config: opid_index: -1 OBSOLETE_local: true peers { permanent_uuid: "25d8b590dc924a07aa069bd84332220f" member_type: VOTER }
I20260608 10:05:59.007732 29338 leader_election.cc:304] T 00000000000000000000000000000000 P 25d8b590dc924a07aa069bd84332220f [CANDIDATE]: Term 1 election: Election decided. Result: candidate won. Election summary: received 1 responses out of 1 voters: 1 yes votes; 0 no votes. yes voters: 25d8b590dc924a07aa069bd84332220f; no voters: 
I20260608 10:05:59.009137 29338 leader_election.cc:290] T 00000000000000000000000000000000 P 25d8b590dc924a07aa069bd84332220f [CANDIDATE]: Term 1 election: Requested vote from peers 
I20260608 10:05:59.009552 29341 raft_consensus.cc:2804] T 00000000000000000000000000000000 P 25d8b590dc924a07aa069bd84332220f [term 1 FOLLOWER]: Leader election won for term 1
I20260608 10:05:59.011060 29341 raft_consensus.cc:697] T 00000000000000000000000000000000 P 25d8b590dc924a07aa069bd84332220f [term 1 LEADER]: Becoming Leader. State: Replica: 25d8b590dc924a07aa069bd84332220f, State: Running, Role: LEADER
I20260608 10:05:59.011847 29341 consensus_queue.cc:237] T 00000000000000000000000000000000 P 25d8b590dc924a07aa069bd84332220f [LEADER]: Queue going to LEADER mode. State: All replicated index: 0, Majority replicated index: 0, Committed index: 0, Last appended: 0.0, Last appended by leader: 0, Current term: 1, Majority size: 1, State: 0, Mode: LEADER, active raft config: opid_index: -1 OBSOLETE_local: true peers { permanent_uuid: "25d8b590dc924a07aa069bd84332220f" member_type: VOTER }
I20260608 10:05:59.012840 29338 sys_catalog.cc:565] T 00000000000000000000000000000000 P 25d8b590dc924a07aa069bd84332220f [sys.catalog]: configured and running, proceeding with master startup.
I20260608 10:05:59.015455 29343 sys_catalog.cc:455] T 00000000000000000000000000000000 P 25d8b590dc924a07aa069bd84332220f [sys.catalog]: SysCatalogTable state changed. Reason: New leader 25d8b590dc924a07aa069bd84332220f. Latest consensus state: current_term: 1 leader_uuid: "25d8b590dc924a07aa069bd84332220f" committed_config { opid_index: -1 OBSOLETE_local: true peers { permanent_uuid: "25d8b590dc924a07aa069bd84332220f" member_type: VOTER } }
I20260608 10:05:59.015420 29342 sys_catalog.cc:455] T 00000000000000000000000000000000 P 25d8b590dc924a07aa069bd84332220f [sys.catalog]: SysCatalogTable state changed. Reason: RaftConsensus started. Latest consensus state: current_term: 1 leader_uuid: "25d8b590dc924a07aa069bd84332220f" committed_config { opid_index: -1 OBSOLETE_local: true peers { permanent_uuid: "25d8b590dc924a07aa069bd84332220f" member_type: VOTER } }
I20260608 10:05:59.016230 29343 sys_catalog.cc:458] T 00000000000000000000000000000000 P 25d8b590dc924a07aa069bd84332220f [sys.catalog]: This master's current role is: LEADER
I20260608 10:05:59.016332 29342 sys_catalog.cc:458] T 00000000000000000000000000000000 P 25d8b590dc924a07aa069bd84332220f [sys.catalog]: This master's current role is: LEADER
I20260608 10:05:59.025364 29346 catalog_manager.cc:1510] Loading table and tablet metadata into memory...
I20260608 10:05:59.034646 29346 catalog_manager.cc:1519] Initializing Kudu cluster ID...
I20260608 10:05:59.035851 26756 internal_mini_cluster.cc:184] Waiting to initialize catalog manager on master 0
I20260608 10:05:59.045614 29346 catalog_manager.cc:1382] Generated new cluster ID: e65992e714e446489f85516d7e6d05d6
I20260608 10:05:59.045979 29346 catalog_manager.cc:1530] Initializing Kudu internal certificate authority...
I20260608 10:05:59.069867 29346 catalog_manager.cc:1405] Generated new certificate authority record
I20260608 10:05:59.071405 29346 catalog_manager.cc:1539] Loading token signing keys...
I20260608 10:05:59.090837 29346 catalog_manager.cc:6069] T 00000000000000000000000000000000 P 25d8b590dc924a07aa069bd84332220f: Generated new TSK 0
I20260608 10:05:59.091503 29346 catalog_manager.cc:1549] Initializing in-progress tserver states...
I20260608 10:05:59.102769 26756 file_cache.cc:492] Constructed file cache file cache with capacity 419430
W20260608 10:05:59.109347 29359 instance_detector.cc:116] could not retrieve AWS instance metadata: Network error: curl error: HTTP response code said error: The requested URL returned error: 404
W20260608 10:05:59.110520 29360 instance_detector.cc:116] could not retrieve Azure instance metadata: Network error: curl error: HTTP response code said error: The requested URL returned error: 404
W20260608 10:05:59.112380 29362 instance_detector.cc:116] could not retrieve OpenStack instance metadata: Network error: curl error: HTTP response code said error: The requested URL returned error: 404
I20260608 10:05:59.112583 26756 server_base.cc:1061] running on GCE node
I20260608 10:05:59.113611 26756 hybrid_clock.cc:584] initializing the hybrid clock with 'system_unsync' time source
W20260608 10:05:59.113797 26756 system_unsync_time.cc:38] NTP support is disabled. Clock error bounds will not be accurate. This configuration is not suitable for distributed clusters.
I20260608 10:05:59.114010 26756 hybrid_clock.cc:648] HybridClock initialized: now 1780913159113972 us; error 0 us; skew 500 ppm
I20260608 10:05:59.114693 26756 server_base.cc:861] Flag tcmalloc_max_total_thread_cache_bytes is not working since tcmalloc is not enabled.
I20260608 10:05:59.117220 26756 webserver.cc:533] Webserver started at http://127.26.33.1:38377/ using document root <none> and password file <none>
I20260608 10:05:59.117743 26756 fs_manager.cc:362] Metadata directory not provided
I20260608 10:05:59.117959 26756 fs_manager.cc:368] Using write-ahead log directory (fs_wal_dir) as metadata directory
I20260608 10:05:59.118252 26756 server_base.cc:909] This appears to be a new deployment of Kudu; creating new FS layout
I20260608 10:05:59.119431 26756 fs_manager.cc:1068] Generated new instance metadata in path /tmp/dist-test-taskzBSE1s/test-tmp/auto_rebalancer-test.0.AutoRebalancerTest.RangeAwareBuildClusterInfoGroupsByRange.1780913083324568-26756-0/minicluster-data/ts-0-root/instance:
uuid: "c76ae31117ff47e888d195e09eb4a019"
format_stamp: "Formatted at 2026-06-08 10:05:59 on dist-test-slave-hmn8"
I20260608 10:05:59.124881 26756 fs_manager.cc:696] Time spent creating directory manager: real 0.005s	user 0.007s	sys 0.000s
I20260608 10:05:59.129252 29367 log_block_manager.cc:4031] Time spent loading block containers with low live blocks: real 0.000s	user 0.000s	sys 0.000s
I20260608 10:05:59.130249 26756 fs_manager.cc:730] Time spent opening block manager: real 0.003s	user 0.004s	sys 0.000s
I20260608 10:05:59.130541 26756 fs_manager.cc:647] Opened local filesystem: /tmp/dist-test-taskzBSE1s/test-tmp/auto_rebalancer-test.0.AutoRebalancerTest.RangeAwareBuildClusterInfoGroupsByRange.1780913083324568-26756-0/minicluster-data/ts-0-root
uuid: "c76ae31117ff47e888d195e09eb4a019"
format_stamp: "Formatted at 2026-06-08 10:05:59 on dist-test-slave-hmn8"
I20260608 10:05:59.130792 26756 fs_report.cc:389] FS layout report
--------------------
wal directory: /tmp/dist-test-taskzBSE1s/test-tmp/auto_rebalancer-test.0.AutoRebalancerTest.RangeAwareBuildClusterInfoGroupsByRange.1780913083324568-26756-0/minicluster-data/ts-0-root
metadata directory: /tmp/dist-test-taskzBSE1s/test-tmp/auto_rebalancer-test.0.AutoRebalancerTest.RangeAwareBuildClusterInfoGroupsByRange.1780913083324568-26756-0/minicluster-data/ts-0-root
1 data directories: /tmp/dist-test-taskzBSE1s/test-tmp/auto_rebalancer-test.0.AutoRebalancerTest.RangeAwareBuildClusterInfoGroupsByRange.1780913083324568-26756-0/minicluster-data/ts-0-root/data
Total live blocks: 0
Total live bytes: 0
Total live bytes (after alignment): 0
Total number of LBM containers: 0 (0 full)
Did not check for missing blocks
Did not check for orphaned blocks
Total full LBM containers with extra space: 0 (0 repaired)
Total full LBM container extra space in bytes: 0 (0 repaired)
Total incomplete LBM containers: 0 (0 repaired)
Total LBM partial records: 0 (0 repaired)
Total corrupted LBM metadata records in RocksDB: 0 (0 repaired)
I20260608 10:05:59.141794 26756 rpc_server.cc:225] running with OpenSSL 1.1.1  11 Sep 2018
I20260608 10:05:59.143041 26756 kserver.cc:163] Server-wide thread pool size limit: 3276
I20260608 10:05:59.144474 26756 txn_system_client.cc:432] TxnSystemClient initialization is disabled...
I20260608 10:05:59.146940 26756 ts_tablet_manager.cc:585] Loaded tablet metadata (0 total tablets, 0 live tablets)
I20260608 10:05:59.147166 26756 ts_tablet_manager.cc:531] Time spent load tablet metadata: real 0.000s	user 0.000s	sys 0.000s
I20260608 10:05:59.147437 26756 ts_tablet_manager.cc:616] Registered 0 tablets
I20260608 10:05:59.147598 26756 ts_tablet_manager.cc:595] Time spent register tablets: real 0.000s	user 0.000s	sys 0.000s
I20260608 10:05:59.190369 26756 rpc_server.cc:307] RPC server started. Bound to: 127.26.33.1:36855
I20260608 10:05:59.190490 29429 acceptor_pool.cc:272] collecting diagnostics on the listening RPC socket 127.26.33.1:36855 every 8 connection(s)
I20260608 10:05:59.195931 26756 file_cache.cc:492] Constructed file cache file cache with capacity 419430
W20260608 10:05:59.204432 29434 instance_detector.cc:116] could not retrieve AWS instance metadata: Network error: curl error: HTTP response code said error: The requested URL returned error: 404
W20260608 10:05:59.206648 29435 instance_detector.cc:116] could not retrieve Azure instance metadata: Network error: curl error: HTTP response code said error: The requested URL returned error: 404
W20260608 10:05:59.208191 29437 instance_detector.cc:116] could not retrieve OpenStack instance metadata: Network error: curl error: HTTP response code said error: The requested URL returned error: 404
I20260608 10:05:59.208738 26756 server_base.cc:1061] running on GCE node
I20260608 10:05:59.209632 26756 hybrid_clock.cc:584] initializing the hybrid clock with 'system_unsync' time source
W20260608 10:05:59.209827 26756 system_unsync_time.cc:38] NTP support is disabled. Clock error bounds will not be accurate. This configuration is not suitable for distributed clusters.
I20260608 10:05:59.210054 26756 hybrid_clock.cc:648] HybridClock initialized: now 1780913159210019 us; error 0 us; skew 500 ppm
I20260608 10:05:59.210739 26756 server_base.cc:861] Flag tcmalloc_max_total_thread_cache_bytes is not working since tcmalloc is not enabled.
I20260608 10:05:59.213747 26756 webserver.cc:533] Webserver started at http://127.26.33.2:36623/ using document root <none> and password file <none>
I20260608 10:05:59.214425 26756 fs_manager.cc:362] Metadata directory not provided
I20260608 10:05:59.214704 26756 fs_manager.cc:368] Using write-ahead log directory (fs_wal_dir) as metadata directory
I20260608 10:05:59.215082 26756 server_base.cc:909] This appears to be a new deployment of Kudu; creating new FS layout
I20260608 10:05:59.216609 29430 heartbeater.cc:344] Connected to a master server at 127.26.33.62:46665
I20260608 10:05:59.216611 26756 fs_manager.cc:1068] Generated new instance metadata in path /tmp/dist-test-taskzBSE1s/test-tmp/auto_rebalancer-test.0.AutoRebalancerTest.RangeAwareBuildClusterInfoGroupsByRange.1780913083324568-26756-0/minicluster-data/ts-1-root/instance:
uuid: "31a1a6b7d58b416585530179f0288cca"
format_stamp: "Formatted at 2026-06-08 10:05:59 on dist-test-slave-hmn8"
I20260608 10:05:59.217203 29430 heartbeater.cc:461] Registering TS with master...
I20260608 10:05:59.217983 29430 heartbeater.cc:507] Master 127.26.33.62:46665 requested a full tablet report, sending...
I20260608 10:05:59.220366 29303 ts_manager.cc:194] Registered new tserver with Master: c76ae31117ff47e888d195e09eb4a019 (127.26.33.1:36855)
I20260608 10:05:59.222739 26756 fs_manager.cc:696] Time spent creating directory manager: real 0.005s	user 0.005s	sys 0.000s
I20260608 10:05:59.222870 29303 master_service.cc:502] Signed X509 certificate for tserver {username='slave'} at 127.0.0.1:45842
I20260608 10:05:59.227237 29442 log_block_manager.cc:4031] Time spent loading block containers with low live blocks: real 0.000s	user 0.000s	sys 0.000s
I20260608 10:05:59.228134 26756 fs_manager.cc:730] Time spent opening block manager: real 0.003s	user 0.002s	sys 0.000s
I20260608 10:05:59.228466 26756 fs_manager.cc:647] Opened local filesystem: /tmp/dist-test-taskzBSE1s/test-tmp/auto_rebalancer-test.0.AutoRebalancerTest.RangeAwareBuildClusterInfoGroupsByRange.1780913083324568-26756-0/minicluster-data/ts-1-root
uuid: "31a1a6b7d58b416585530179f0288cca"
format_stamp: "Formatted at 2026-06-08 10:05:59 on dist-test-slave-hmn8"
I20260608 10:05:59.228770 26756 fs_report.cc:389] FS layout report
--------------------
wal directory: /tmp/dist-test-taskzBSE1s/test-tmp/auto_rebalancer-test.0.AutoRebalancerTest.RangeAwareBuildClusterInfoGroupsByRange.1780913083324568-26756-0/minicluster-data/ts-1-root
metadata directory: /tmp/dist-test-taskzBSE1s/test-tmp/auto_rebalancer-test.0.AutoRebalancerTest.RangeAwareBuildClusterInfoGroupsByRange.1780913083324568-26756-0/minicluster-data/ts-1-root
1 data directories: /tmp/dist-test-taskzBSE1s/test-tmp/auto_rebalancer-test.0.AutoRebalancerTest.RangeAwareBuildClusterInfoGroupsByRange.1780913083324568-26756-0/minicluster-data/ts-1-root/data
Total live blocks: 0
Total live bytes: 0
Total live bytes (after alignment): 0
Total number of LBM containers: 0 (0 full)
Did not check for missing blocks
Did not check for orphaned blocks
Total full LBM containers with extra space: 0 (0 repaired)
Total full LBM container extra space in bytes: 0 (0 repaired)
Total incomplete LBM containers: 0 (0 repaired)
Total LBM partial records: 0 (0 repaired)
Total corrupted LBM metadata records in RocksDB: 0 (0 repaired)
I20260608 10:05:59.241580 26756 rpc_server.cc:225] running with OpenSSL 1.1.1  11 Sep 2018
I20260608 10:05:59.242843 26756 kserver.cc:163] Server-wide thread pool size limit: 3276
I20260608 10:05:59.244359 26756 txn_system_client.cc:432] TxnSystemClient initialization is disabled...
I20260608 10:05:59.246910 26756 ts_tablet_manager.cc:585] Loaded tablet metadata (0 total tablets, 0 live tablets)
I20260608 10:05:59.247174 26756 ts_tablet_manager.cc:531] Time spent load tablet metadata: real 0.000s	user 0.000s	sys 0.000s
I20260608 10:05:59.247453 26756 ts_tablet_manager.cc:616] Registered 0 tablets
I20260608 10:05:59.247639 26756 ts_tablet_manager.cc:595] Time spent register tablets: real 0.000s	user 0.000s	sys 0.000s
I20260608 10:05:59.289719 26756 rpc_server.cc:307] RPC server started. Bound to: 127.26.33.2:34879
I20260608 10:05:59.289853 29504 acceptor_pool.cc:272] collecting diagnostics on the listening RPC socket 127.26.33.2:34879 every 8 connection(s)
I20260608 10:05:59.295228 26756 file_cache.cc:492] Constructed file cache file cache with capacity 419430
W20260608 10:05:59.303524 29508 instance_detector.cc:116] could not retrieve AWS instance metadata: Network error: curl error: HTTP response code said error: The requested URL returned error: 404
W20260608 10:05:59.303826 29509 instance_detector.cc:116] could not retrieve Azure instance metadata: Network error: curl error: HTTP response code said error: The requested URL returned error: 404
I20260608 10:05:59.308259 26756 server_base.cc:1061] running on GCE node
W20260608 10:05:59.308615 29511 instance_detector.cc:116] could not retrieve OpenStack instance metadata: Network error: curl error: HTTP response code said error: The requested URL returned error: 404
I20260608 10:05:59.309806 29505 heartbeater.cc:344] Connected to a master server at 127.26.33.62:46665
I20260608 10:05:59.309979 26756 hybrid_clock.cc:584] initializing the hybrid clock with 'system_unsync' time source
W20260608 10:05:59.310307 26756 system_unsync_time.cc:38] NTP support is disabled. Clock error bounds will not be accurate. This configuration is not suitable for distributed clusters.
I20260608 10:05:59.310374 29505 heartbeater.cc:461] Registering TS with master...
I20260608 10:05:59.310541 26756 hybrid_clock.cc:648] HybridClock initialized: now 1780913159310526 us; error 0 us; skew 500 ppm
I20260608 10:05:59.311329 26756 server_base.cc:861] Flag tcmalloc_max_total_thread_cache_bytes is not working since tcmalloc is not enabled.
I20260608 10:05:59.311400 29505 heartbeater.cc:507] Master 127.26.33.62:46665 requested a full tablet report, sending...
I20260608 10:05:59.314302 29303 ts_manager.cc:194] Registered new tserver with Master: 31a1a6b7d58b416585530179f0288cca (127.26.33.2:34879)
I20260608 10:05:59.314327 26756 webserver.cc:533] Webserver started at http://127.26.33.3:46269/ using document root <none> and password file <none>
I20260608 10:05:59.315229 26756 fs_manager.cc:362] Metadata directory not provided
I20260608 10:05:59.315477 26756 fs_manager.cc:368] Using write-ahead log directory (fs_wal_dir) as metadata directory
I20260608 10:05:59.315765 26756 server_base.cc:909] This appears to be a new deployment of Kudu; creating new FS layout
I20260608 10:05:59.316198 29303 master_service.cc:502] Signed X509 certificate for tserver {username='slave'} at 127.0.0.1:45846
I20260608 10:05:59.317390 26756 fs_manager.cc:1068] Generated new instance metadata in path /tmp/dist-test-taskzBSE1s/test-tmp/auto_rebalancer-test.0.AutoRebalancerTest.RangeAwareBuildClusterInfoGroupsByRange.1780913083324568-26756-0/minicluster-data/ts-2-root/instance:
uuid: "168dbde378914526a3aee201df30780e"
format_stamp: "Formatted at 2026-06-08 10:05:59 on dist-test-slave-hmn8"
I20260608 10:05:59.322602 26756 fs_manager.cc:696] Time spent creating directory manager: real 0.004s	user 0.005s	sys 0.000s
I20260608 10:05:59.326272 29516 log_block_manager.cc:4031] Time spent loading block containers with low live blocks: real 0.000s	user 0.000s	sys 0.000s
I20260608 10:05:59.327229 26756 fs_manager.cc:730] Time spent opening block manager: real 0.003s	user 0.003s	sys 0.001s
I20260608 10:05:59.327515 26756 fs_manager.cc:647] Opened local filesystem: /tmp/dist-test-taskzBSE1s/test-tmp/auto_rebalancer-test.0.AutoRebalancerTest.RangeAwareBuildClusterInfoGroupsByRange.1780913083324568-26756-0/minicluster-data/ts-2-root
uuid: "168dbde378914526a3aee201df30780e"
format_stamp: "Formatted at 2026-06-08 10:05:59 on dist-test-slave-hmn8"
I20260608 10:05:59.327785 26756 fs_report.cc:389] FS layout report
--------------------
wal directory: /tmp/dist-test-taskzBSE1s/test-tmp/auto_rebalancer-test.0.AutoRebalancerTest.RangeAwareBuildClusterInfoGroupsByRange.1780913083324568-26756-0/minicluster-data/ts-2-root
metadata directory: /tmp/dist-test-taskzBSE1s/test-tmp/auto_rebalancer-test.0.AutoRebalancerTest.RangeAwareBuildClusterInfoGroupsByRange.1780913083324568-26756-0/minicluster-data/ts-2-root
1 data directories: /tmp/dist-test-taskzBSE1s/test-tmp/auto_rebalancer-test.0.AutoRebalancerTest.RangeAwareBuildClusterInfoGroupsByRange.1780913083324568-26756-0/minicluster-data/ts-2-root/data
Total live blocks: 0
Total live bytes: 0
Total live bytes (after alignment): 0
Total number of LBM containers: 0 (0 full)
Did not check for missing blocks
Did not check for orphaned blocks
Total full LBM containers with extra space: 0 (0 repaired)
Total full LBM container extra space in bytes: 0 (0 repaired)
Total incomplete LBM containers: 0 (0 repaired)
Total LBM partial records: 0 (0 repaired)
Total corrupted LBM metadata records in RocksDB: 0 (0 repaired)
I20260608 10:05:59.345656 26756 rpc_server.cc:225] running with OpenSSL 1.1.1  11 Sep 2018
I20260608 10:05:59.346851 26756 kserver.cc:163] Server-wide thread pool size limit: 3276
I20260608 10:05:59.348345 26756 txn_system_client.cc:432] TxnSystemClient initialization is disabled...
I20260608 10:05:59.350843 26756 ts_tablet_manager.cc:585] Loaded tablet metadata (0 total tablets, 0 live tablets)
I20260608 10:05:59.351028 26756 ts_tablet_manager.cc:531] Time spent load tablet metadata: real 0.000s	user 0.000s	sys 0.000s
I20260608 10:05:59.351332 26756 ts_tablet_manager.cc:616] Registered 0 tablets
I20260608 10:05:59.351503 26756 ts_tablet_manager.cc:595] Time spent register tablets: real 0.000s	user 0.000s	sys 0.000s
I20260608 10:05:59.394354 26756 rpc_server.cc:307] RPC server started. Bound to: 127.26.33.3:41381
I20260608 10:05:59.394476 29578 acceptor_pool.cc:272] collecting diagnostics on the listening RPC socket 127.26.33.3:41381 every 8 connection(s)
I20260608 10:05:59.409370 29579 heartbeater.cc:344] Connected to a master server at 127.26.33.62:46665
I20260608 10:05:59.409829 29579 heartbeater.cc:461] Registering TS with master...
I20260608 10:05:59.410689 29579 heartbeater.cc:507] Master 127.26.33.62:46665 requested a full tablet report, sending...
I20260608 10:05:59.413033 29303 ts_manager.cc:194] Registered new tserver with Master: 168dbde378914526a3aee201df30780e (127.26.33.3:41381)
I20260608 10:05:59.413228 26756 internal_mini_cluster.cc:371] 3 TS(s) registered with all masters after 0.015407538s
I20260608 10:05:59.415051 29303 master_service.cc:502] Signed X509 certificate for tserver {username='slave'} at 127.0.0.1:45856
I20260608 10:06:00.226006 29430 heartbeater.cc:499] Master 127.26.33.62:46665 was elected leader, sending a full tablet report...
I20260608 10:06:00.319247 29505 heartbeater.cc:499] Master 127.26.33.62:46665 was elected leader, sending a full tablet report...
I20260608 10:06:00.418047 29579 heartbeater.cc:499] Master 127.26.33.62:46665 was elected leader, sending a full tablet report...
I20260608 10:06:00.470659 29303 catalog_manager.cc:2282] Servicing CreateTable request from {username='slave'} at 127.0.0.1:45858:
name: "range_aware_auto_rebalancer_test"
schema {
  columns {
    name: "key"
    type: INT32
    is_key: true
    is_nullable: false
    encoding: AUTO_ENCODING
    compression: DEFAULT_COMPRESSION
    cfile_block_size: 0
    immutable: false
  }
}
num_replicas: 3
split_rows_range_bounds {
  rows: "\006\001\000\000\000\000\007\001\n\000\000\000\006\001\n\000\000\000\007\001\024\000\000\000""\006\001\000\000\000\000\007\001\n\000\000\000\006\001\n\000\000\000\007\001\024\000\000\000"
  indirect_data: """"
}
partition_schema {
  hash_schema {
    columns {
      name: "key"
    }
    num_buckets: 2
    seed: 0
  }
  range_schema {
    columns {
      name: "key"
    }
  }
}
W20260608 10:06:00.473650 29303 catalog_manager.cc:7076] The number of live tablet servers is not enough to re-replicate a tablet replica of the newly created table range_aware_auto_rebalancer_test in case of a server failure: 4 tablet servers would be needed, 3 are available. Consider bringing up more tablet servers.
I20260608 10:06:00.535877 29394 tablet_service.cc:1511] Processing CreateTablet for tablet 2d4d0809bfdb4d4e977bce203c029bdc (DEFAULT_TABLE table=range_aware_auto_rebalancer_test [id=b90d8562ab1d4152bb5ed759e630b616]), partition=HASH (key) PARTITION 0, RANGE (key) PARTITION 10 <= VALUES < 20
I20260608 10:06:00.535753 29395 tablet_service.cc:1511] Processing CreateTablet for tablet f3081fe99fbb480080dc0642390829c1 (DEFAULT_TABLE table=range_aware_auto_rebalancer_test [id=b90d8562ab1d4152bb5ed759e630b616]), partition=HASH (key) PARTITION 0, RANGE (key) PARTITION 0 <= VALUES < 10
I20260608 10:06:00.537703 29394 data_dirs.cc:400] Could only allocate 1 dirs of requested 3 for tablet 2d4d0809bfdb4d4e977bce203c029bdc. 1 dirs total, 0 dirs full, 0 dirs failed
I20260608 10:06:00.538486 29393 tablet_service.cc:1511] Processing CreateTablet for tablet 24e85d78555b41ddbcf2aab5912f9a38 (DEFAULT_TABLE table=range_aware_auto_rebalancer_test [id=b90d8562ab1d4152bb5ed759e630b616]), partition=HASH (key) PARTITION 1, RANGE (key) PARTITION 0 <= VALUES < 10
I20260608 10:06:00.539790 29395 data_dirs.cc:400] Could only allocate 1 dirs of requested 3 for tablet f3081fe99fbb480080dc0642390829c1. 1 dirs total, 0 dirs full, 0 dirs failed
I20260608 10:06:00.540470 29393 data_dirs.cc:400] Could only allocate 1 dirs of requested 3 for tablet 24e85d78555b41ddbcf2aab5912f9a38. 1 dirs total, 0 dirs full, 0 dirs failed
I20260608 10:06:00.538760 29392 tablet_service.cc:1511] Processing CreateTablet for tablet 3bdfda68674f4157baa2128fca8050dc (DEFAULT_TABLE table=range_aware_auto_rebalancer_test [id=b90d8562ab1d4152bb5ed759e630b616]), partition=HASH (key) PARTITION 1, RANGE (key) PARTITION 10 <= VALUES < 20
I20260608 10:06:00.543270 29392 data_dirs.cc:400] Could only allocate 1 dirs of requested 3 for tablet 3bdfda68674f4157baa2128fca8050dc. 1 dirs total, 0 dirs full, 0 dirs failed
I20260608 10:06:00.557457 29470 tablet_service.cc:1511] Processing CreateTablet for tablet f3081fe99fbb480080dc0642390829c1 (DEFAULT_TABLE table=range_aware_auto_rebalancer_test [id=b90d8562ab1d4152bb5ed759e630b616]), partition=HASH (key) PARTITION 0, RANGE (key) PARTITION 0 <= VALUES < 10
I20260608 10:06:00.559199 29470 data_dirs.cc:400] Could only allocate 1 dirs of requested 3 for tablet f3081fe99fbb480080dc0642390829c1. 1 dirs total, 0 dirs full, 0 dirs failed
I20260608 10:06:00.562135 29469 tablet_service.cc:1511] Processing CreateTablet for tablet 2d4d0809bfdb4d4e977bce203c029bdc (DEFAULT_TABLE table=range_aware_auto_rebalancer_test [id=b90d8562ab1d4152bb5ed759e630b616]), partition=HASH (key) PARTITION 0, RANGE (key) PARTITION 10 <= VALUES < 20
I20260608 10:06:00.564110 29469 data_dirs.cc:400] Could only allocate 1 dirs of requested 3 for tablet 2d4d0809bfdb4d4e977bce203c029bdc. 1 dirs total, 0 dirs full, 0 dirs failed
I20260608 10:06:00.566612 29468 tablet_service.cc:1511] Processing CreateTablet for tablet 24e85d78555b41ddbcf2aab5912f9a38 (DEFAULT_TABLE table=range_aware_auto_rebalancer_test [id=b90d8562ab1d4152bb5ed759e630b616]), partition=HASH (key) PARTITION 1, RANGE (key) PARTITION 0 <= VALUES < 10
