I20260608 10:04:57.678551 31711 consensus_queue.cc:237] T a6a73858d0dd40e4b6d1f9839c6dcdbb P de578151438344ceb84603874008cef6 [LEADER]: Queue going to LEADER mode. State: All replicated index: 0, Majority replicated index: 1, Committed index: 1, Last appended: 1.1, Last appended by leader: 0, Current term: 1, Majority size: 2, State: 0, Mode: LEADER, active raft config: opid_index: 2 OBSOLETE_local: false peers { permanent_uuid: "bee61ce6057e4d0ea17e68082e45a3e6" member_type: VOTER last_known_addr { host: "127.30.61.1" port: 43891 } } peers { permanent_uuid: "de578151438344ceb84603874008cef6" member_type: VOTER last_known_addr { host: "127.30.61.2" port: 43839 } } peers { permanent_uuid: "9bf7c70beb8f4748a8c4d625f2366baa" member_type: VOTER last_known_addr { host: "127.30.61.3" port: 45001 } attrs { replace: true } } peers { permanent_uuid: "f4dea0ceb93a4ff499d0bc28a1e0d722" member_type: NON_VOTER last_known_addr { host: "127.30.61.4" port: 35825 } attrs { promote: true } }
W20260608 10:04:57.688534 31675 consensus_peers.cc:597] T a6a73858d0dd40e4b6d1f9839c6dcdbb P de578151438344ceb84603874008cef6 -> Peer f4dea0ceb93a4ff499d0bc28a1e0d722 (127.30.61.4:35825): Couldn't send request to peer f4dea0ceb93a4ff499d0bc28a1e0d722. Error code: TABLET_NOT_FOUND (6). Status: Not found: Tablet not found: a6a73858d0dd40e4b6d1f9839c6dcdbb. This is attempt 1: this message will repeat every 5th retry.
I20260608 10:04:57.689277 31634 raft_consensus.cc:1275] T a6a73858d0dd40e4b6d1f9839c6dcdbb P bee61ce6057e4d0ea17e68082e45a3e6 [term 1 FOLLOWER]: Refusing update from remote peer de578151438344ceb84603874008cef6: Log matching property violated. Preceding OpId in replica: term: 1 index: 1. Preceding OpId from leader: term: 1 index: 2. (index mismatch)
I20260608 10:04:57.691277 31785 raft_consensus.cc:1275] T a6a73858d0dd40e4b6d1f9839c6dcdbb P 9bf7c70beb8f4748a8c4d625f2366baa [term 1 FOLLOWER]: Refusing update from remote peer de578151438344ceb84603874008cef6: Log matching property violated. Preceding OpId in replica: term: 1 index: 1. Preceding OpId from leader: term: 1 index: 2. (index mismatch)
I20260608 10:04:57.691223 31996 consensus_queue.cc:1048] T a6a73858d0dd40e4b6d1f9839c6dcdbb P de578151438344ceb84603874008cef6 [LEADER]: Connected to new peer: Peer: permanent_uuid: "bee61ce6057e4d0ea17e68082e45a3e6" member_type: VOTER last_known_addr { host: "127.30.61.1" port: 43891 }, Status: LMP_MISMATCH, Last received: 0.0, Next index: 2, Last known committed idx: 1, Time since last communication: 0.001s
I20260608 10:04:57.694967 31996 consensus_queue.cc:1048] T a6a73858d0dd40e4b6d1f9839c6dcdbb P de578151438344ceb84603874008cef6 [LEADER]: Connected to new peer: Peer: permanent_uuid: "9bf7c70beb8f4748a8c4d625f2366baa" member_type: VOTER last_known_addr { host: "127.30.61.3" port: 45001 } attrs { replace: true }, Status: LMP_MISMATCH, Last received: 0.0, Next index: 2, Last known committed idx: 1, Time since last communication: 0.000s
I20260608 10:04:57.701798 31993 raft_consensus.cc:2955] T a6a73858d0dd40e4b6d1f9839c6dcdbb P de578151438344ceb84603874008cef6 [term 1 LEADER]: Committing config change with OpId 1.2: config changed from index -1 to 2, NON_VOTER f4dea0ceb93a4ff499d0bc28a1e0d722 (127.30.61.4) added. New config: { opid_index: 2 OBSOLETE_local: false peers { permanent_uuid: "bee61ce6057e4d0ea17e68082e45a3e6" member_type: VOTER last_known_addr { host: "127.30.61.1" port: 43891 } } peers { permanent_uuid: "de578151438344ceb84603874008cef6" member_type: VOTER last_known_addr { host: "127.30.61.2" port: 43839 } } peers { permanent_uuid: "9bf7c70beb8f4748a8c4d625f2366baa" member_type: VOTER last_known_addr { host: "127.30.61.3" port: 45001 } attrs { replace: true } } peers { permanent_uuid: "f4dea0ceb93a4ff499d0bc28a1e0d722" member_type: NON_VOTER last_known_addr { host: "127.30.61.4" port: 35825 } attrs { promote: true } } }
I20260608 10:04:57.704051 31634 raft_consensus.cc:2955] T a6a73858d0dd40e4b6d1f9839c6dcdbb P bee61ce6057e4d0ea17e68082e45a3e6 [term 1 FOLLOWER]: Committing config change with OpId 1.2: config changed from index -1 to 2, NON_VOTER f4dea0ceb93a4ff499d0bc28a1e0d722 (127.30.61.4) added. New config: { opid_index: 2 OBSOLETE_local: false peers { permanent_uuid: "bee61ce6057e4d0ea17e68082e45a3e6" member_type: VOTER last_known_addr { host: "127.30.61.1" port: 43891 } } peers { permanent_uuid: "de578151438344ceb84603874008cef6" member_type: VOTER last_known_addr { host: "127.30.61.2" port: 43839 } } peers { permanent_uuid: "9bf7c70beb8f4748a8c4d625f2366baa" member_type: VOTER last_known_addr { host: "127.30.61.3" port: 45001 } attrs { replace: true } } peers { permanent_uuid: "f4dea0ceb93a4ff499d0bc28a1e0d722" member_type: NON_VOTER last_known_addr { host: "127.30.61.4" port: 35825 } attrs { promote: true } } }
I20260608 10:04:57.708138 31785 raft_consensus.cc:2955] T a6a73858d0dd40e4b6d1f9839c6dcdbb P 9bf7c70beb8f4748a8c4d625f2366baa [term 1 FOLLOWER]: Committing config change with OpId 1.2: config changed from index -1 to 2, NON_VOTER f4dea0ceb93a4ff499d0bc28a1e0d722 (127.30.61.4) added. New config: { opid_index: 2 OBSOLETE_local: false peers { permanent_uuid: "bee61ce6057e4d0ea17e68082e45a3e6" member_type: VOTER last_known_addr { host: "127.30.61.1" port: 43891 } } peers { permanent_uuid: "de578151438344ceb84603874008cef6" member_type: VOTER last_known_addr { host: "127.30.61.2" port: 43839 } } peers { permanent_uuid: "9bf7c70beb8f4748a8c4d625f2366baa" member_type: VOTER last_known_addr { host: "127.30.61.3" port: 45001 } attrs { replace: true } } peers { permanent_uuid: "f4dea0ceb93a4ff499d0bc28a1e0d722" member_type: NON_VOTER last_known_addr { host: "127.30.61.4" port: 35825 } attrs { promote: true } } }
I20260608 10:04:57.719082 31530 catalog_manager.cc:5696] T a6a73858d0dd40e4b6d1f9839c6dcdbb P bee61ce6057e4d0ea17e68082e45a3e6 reported cstate change: config changed from index -1 to 2, NON_VOTER f4dea0ceb93a4ff499d0bc28a1e0d722 (127.30.61.4) added. New cstate: current_term: 1 leader_uuid: "de578151438344ceb84603874008cef6" committed_config { opid_index: 2 OBSOLETE_local: false peers { permanent_uuid: "bee61ce6057e4d0ea17e68082e45a3e6" member_type: VOTER last_known_addr { host: "127.30.61.1" port: 43891 } } peers { permanent_uuid: "de578151438344ceb84603874008cef6" member_type: VOTER last_known_addr { host: "127.30.61.2" port: 43839 } } peers { permanent_uuid: "9bf7c70beb8f4748a8c4d625f2366baa" member_type: VOTER last_known_addr { host: "127.30.61.3" port: 45001 } attrs { replace: true } } peers { permanent_uuid: "f4dea0ceb93a4ff499d0bc28a1e0d722" member_type: NON_VOTER last_known_addr { host: "127.30.61.4" port: 35825 } attrs { promote: true } } }
I20260608 10:04:57.947297 32026 ts_tablet_manager.cc:933] T 75f4d7e597344845851391a6a9b376db P f4dea0ceb93a4ff499d0bc28a1e0d722: Initiating tablet copy from peer bee61ce6057e4d0ea17e68082e45a3e6 (127.30.61.1:43891)
I20260608 10:04:57.949700 32026 tablet_copy_client.cc:323] T 75f4d7e597344845851391a6a9b376db P f4dea0ceb93a4ff499d0bc28a1e0d722: tablet copy: Beginning tablet copy session from remote peer at address 127.30.61.1:43891
I20260608 10:04:57.962057 31646 tablet_copy_service.cc:140] P bee61ce6057e4d0ea17e68082e45a3e6: Received BeginTabletCopySession request for tablet 75f4d7e597344845851391a6a9b376db from peer f4dea0ceb93a4ff499d0bc28a1e0d722 ({username='slave'} at 127.0.0.1:54216)
I20260608 10:04:57.962776 31646 tablet_copy_service.cc:161] P bee61ce6057e4d0ea17e68082e45a3e6: Beginning new tablet copy session on tablet 75f4d7e597344845851391a6a9b376db from peer f4dea0ceb93a4ff499d0bc28a1e0d722 at {username='slave'} at 127.0.0.1:54216: session id = f4dea0ceb93a4ff499d0bc28a1e0d722-75f4d7e597344845851391a6a9b376db
I20260608 10:04:57.968503 31646 tablet_copy_source_session.cc:215] T 75f4d7e597344845851391a6a9b376db P bee61ce6057e4d0ea17e68082e45a3e6: Tablet Copy: opened 0 blocks and 1 log segments
I20260608 10:04:57.972532 32026 data_dirs.cc:400] Could only allocate 1 dirs of requested 3 for tablet 75f4d7e597344845851391a6a9b376db. 1 dirs total, 0 dirs full, 0 dirs failed
I20260608 10:04:57.987071 32026 tablet_copy_client.cc:806] T 75f4d7e597344845851391a6a9b376db P f4dea0ceb93a4ff499d0bc28a1e0d722: tablet copy: Starting download of 0 data blocks...
I20260608 10:04:57.987932 32026 tablet_copy_client.cc:670] T 75f4d7e597344845851391a6a9b376db P f4dea0ceb93a4ff499d0bc28a1e0d722: tablet copy: Starting download of 1 WAL segments...
I20260608 10:04:57.992623 32026 tablet_copy_client.cc:538] T 75f4d7e597344845851391a6a9b376db P f4dea0ceb93a4ff499d0bc28a1e0d722: tablet copy: Tablet Copy complete. Replacing tablet superblock.
I20260608 10:04:57.999477 32026 tablet_bootstrap.cc:492] T 75f4d7e597344845851391a6a9b376db P f4dea0ceb93a4ff499d0bc28a1e0d722: Bootstrap starting.
I20260608 10:04:58.021545 32026 tablet_bootstrap.cc:492] T 75f4d7e597344845851391a6a9b376db P f4dea0ceb93a4ff499d0bc28a1e0d722: Bootstrap replayed 1/1 log segments. Stats: ops{read=2 overwritten=0 applied=2 ignored=0} inserts{seen=0 ignored=0} mutations{seen=0 ignored=0} orphaned_commits=0. Pending: 0 replicates
I20260608 10:04:58.022437 32026 tablet_bootstrap.cc:492] T 75f4d7e597344845851391a6a9b376db P f4dea0ceb93a4ff499d0bc28a1e0d722: Bootstrap complete.
I20260608 10:04:58.023065 32026 ts_tablet_manager.cc:1403] T 75f4d7e597344845851391a6a9b376db P f4dea0ceb93a4ff499d0bc28a1e0d722: Time spent bootstrapping tablet: real 0.024s	user 0.018s	sys 0.005s
I20260608 10:04:58.026221 32026 raft_consensus.cc:359] T 75f4d7e597344845851391a6a9b376db P f4dea0ceb93a4ff499d0bc28a1e0d722 [term 1 LEARNER]: Replica starting. Triggering 0 pending ops. Active config: opid_index: 2 OBSOLETE_local: false peers { permanent_uuid: "bee61ce6057e4d0ea17e68082e45a3e6" member_type: VOTER last_known_addr { host: "127.30.61.1" port: 43891 } } peers { permanent_uuid: "de578151438344ceb84603874008cef6" member_type: VOTER last_known_addr { host: "127.30.61.2" port: 43839 } attrs { replace: true } } peers { permanent_uuid: "9bf7c70beb8f4748a8c4d625f2366baa" member_type: VOTER last_known_addr { host: "127.30.61.3" port: 45001 } } peers { permanent_uuid: "f4dea0ceb93a4ff499d0bc28a1e0d722" member_type: NON_VOTER last_known_addr { host: "127.30.61.4" port: 35825 } attrs { promote: true } }
I20260608 10:04:58.026894 32026 raft_consensus.cc:740] T 75f4d7e597344845851391a6a9b376db P f4dea0ceb93a4ff499d0bc28a1e0d722 [term 1 LEARNER]: Becoming Follower/Learner. State: Replica: f4dea0ceb93a4ff499d0bc28a1e0d722, State: Initialized, Role: LEARNER
I20260608 10:04:58.027472 32026 consensus_queue.cc:260] T 75f4d7e597344845851391a6a9b376db P f4dea0ceb93a4ff499d0bc28a1e0d722 [NON_LEADER]: Queue going to NON_LEADER mode. State: All replicated index: 0, Majority replicated index: 0, Committed index: 2, Last appended: 1.2, Last appended by leader: 2, Current term: 0, Majority size: -1, State: 0, Mode: NON_LEADER, active raft config: opid_index: 2 OBSOLETE_local: false peers { permanent_uuid: "bee61ce6057e4d0ea17e68082e45a3e6" member_type: VOTER last_known_addr { host: "127.30.61.1" port: 43891 } } peers { permanent_uuid: "de578151438344ceb84603874008cef6" member_type: VOTER last_known_addr { host: "127.30.61.2" port: 43839 } attrs { replace: true } } peers { permanent_uuid: "9bf7c70beb8f4748a8c4d625f2366baa" member_type: VOTER last_known_addr { host: "127.30.61.3" port: 45001 } } peers { permanent_uuid: "f4dea0ceb93a4ff499d0bc28a1e0d722" member_type: NON_VOTER last_known_addr { host: "127.30.61.4" port: 35825 } attrs { promote: true } }
I20260608 10:04:58.030575 32026 ts_tablet_manager.cc:1434] T 75f4d7e597344845851391a6a9b376db P f4dea0ceb93a4ff499d0bc28a1e0d722: Time spent starting tablet: real 0.007s	user 0.006s	sys 0.002s
I20260608 10:04:58.033170 31646 tablet_copy_service.cc:342] P bee61ce6057e4d0ea17e68082e45a3e6: Request end of tablet copy session f4dea0ceb93a4ff499d0bc28a1e0d722-75f4d7e597344845851391a6a9b376db received from {username='slave'} at 127.0.0.1:54216
I20260608 10:04:58.033833 31646 tablet_copy_service.cc:434] P bee61ce6057e4d0ea17e68082e45a3e6: ending tablet copy session f4dea0ceb93a4ff499d0bc28a1e0d722-75f4d7e597344845851391a6a9b376db on tablet 75f4d7e597344845851391a6a9b376db with peer f4dea0ceb93a4ff499d0bc28a1e0d722
I20260608 10:04:58.085582 32026 ts_tablet_manager.cc:933] T 212970561c1f417f8ae59e785ccf467f P f4dea0ceb93a4ff499d0bc28a1e0d722: Initiating tablet copy from peer 9bf7c70beb8f4748a8c4d625f2366baa (127.30.61.3:45001)
I20260608 10:04:58.087370 32026 tablet_copy_client.cc:323] T 212970561c1f417f8ae59e785ccf467f P f4dea0ceb93a4ff499d0bc28a1e0d722: tablet copy: Beginning tablet copy session from remote peer at address 127.30.61.3:45001
I20260608 10:04:58.098965 31795 tablet_copy_service.cc:140] P 9bf7c70beb8f4748a8c4d625f2366baa: Received BeginTabletCopySession request for tablet 212970561c1f417f8ae59e785ccf467f from peer f4dea0ceb93a4ff499d0bc28a1e0d722 ({username='slave'} at 127.0.0.1:33892)
I20260608 10:04:58.099545 31795 tablet_copy_service.cc:161] P 9bf7c70beb8f4748a8c4d625f2366baa: Beginning new tablet copy session on tablet 212970561c1f417f8ae59e785ccf467f from peer f4dea0ceb93a4ff499d0bc28a1e0d722 at {username='slave'} at 127.0.0.1:33892: session id = f4dea0ceb93a4ff499d0bc28a1e0d722-212970561c1f417f8ae59e785ccf467f
I20260608 10:04:58.107247 31795 tablet_copy_source_session.cc:215] T 212970561c1f417f8ae59e785ccf467f P 9bf7c70beb8f4748a8c4d625f2366baa: Tablet Copy: opened 0 blocks and 1 log segments
I20260608 10:04:58.107296 32032 ts_tablet_manager.cc:933] T 3ecc36987f994bf19ef8b9cd82ac6576 P f4dea0ceb93a4ff499d0bc28a1e0d722: Initiating tablet copy from peer de578151438344ceb84603874008cef6 (127.30.61.2:43839)
I20260608 10:04:58.110112 32032 tablet_copy_client.cc:323] T 3ecc36987f994bf19ef8b9cd82ac6576 P f4dea0ceb93a4ff499d0bc28a1e0d722: tablet copy: Beginning tablet copy session from remote peer at address 127.30.61.2:43839
I20260608 10:04:58.110846 32026 data_dirs.cc:400] Could only allocate 1 dirs of requested 3 for tablet 212970561c1f417f8ae59e785ccf467f. 1 dirs total, 0 dirs full, 0 dirs failed
I20260608 10:04:58.126344 32026 tablet_copy_client.cc:806] T 212970561c1f417f8ae59e785ccf467f P f4dea0ceb93a4ff499d0bc28a1e0d722: tablet copy: Starting download of 0 data blocks...
I20260608 10:04:58.127050 32026 tablet_copy_client.cc:670] T 212970561c1f417f8ae59e785ccf467f P f4dea0ceb93a4ff499d0bc28a1e0d722: tablet copy: Starting download of 1 WAL segments...
I20260608 10:04:58.126945 31721 tablet_copy_service.cc:140] P de578151438344ceb84603874008cef6: Received BeginTabletCopySession request for tablet 3ecc36987f994bf19ef8b9cd82ac6576 from peer f4dea0ceb93a4ff499d0bc28a1e0d722 ({username='slave'} at 127.0.0.1:57472)
I20260608 10:04:58.127750 31721 tablet_copy_service.cc:161] P de578151438344ceb84603874008cef6: Beginning new tablet copy session on tablet 3ecc36987f994bf19ef8b9cd82ac6576 from peer f4dea0ceb93a4ff499d0bc28a1e0d722 at {username='slave'} at 127.0.0.1:57472: session id = f4dea0ceb93a4ff499d0bc28a1e0d722-3ecc36987f994bf19ef8b9cd82ac6576
I20260608 10:04:58.131348 32026 tablet_copy_client.cc:538] T 212970561c1f417f8ae59e785ccf467f P f4dea0ceb93a4ff499d0bc28a1e0d722: tablet copy: Tablet Copy complete. Replacing tablet superblock.
I20260608 10:04:58.136575 31721 tablet_copy_source_session.cc:215] T 3ecc36987f994bf19ef8b9cd82ac6576 P de578151438344ceb84603874008cef6: Tablet Copy: opened 0 blocks and 1 log segments
I20260608 10:04:58.138203 32026 tablet_bootstrap.cc:492] T 212970561c1f417f8ae59e785ccf467f P f4dea0ceb93a4ff499d0bc28a1e0d722: Bootstrap starting.
I20260608 10:04:58.140739 32032 data_dirs.cc:400] Could only allocate 1 dirs of requested 3 for tablet 3ecc36987f994bf19ef8b9cd82ac6576. 1 dirs total, 0 dirs full, 0 dirs failed
I20260608 10:04:58.157702 32032 tablet_copy_client.cc:806] T 3ecc36987f994bf19ef8b9cd82ac6576 P f4dea0ceb93a4ff499d0bc28a1e0d722: tablet copy: Starting download of 0 data blocks...
I20260608 10:04:58.158370 32032 tablet_copy_client.cc:670] T 3ecc36987f994bf19ef8b9cd82ac6576 P f4dea0ceb93a4ff499d0bc28a1e0d722: tablet copy: Starting download of 1 WAL segments...
I20260608 10:04:58.162477 32026 tablet_bootstrap.cc:492] T 212970561c1f417f8ae59e785ccf467f P f4dea0ceb93a4ff499d0bc28a1e0d722: Bootstrap replayed 1/1 log segments. Stats: ops{read=2 overwritten=0 applied=2 ignored=0} inserts{seen=0 ignored=0} mutations{seen=0 ignored=0} orphaned_commits=0. Pending: 0 replicates
I20260608 10:04:58.163231 32032 tablet_copy_client.cc:538] T 3ecc36987f994bf19ef8b9cd82ac6576 P f4dea0ceb93a4ff499d0bc28a1e0d722: tablet copy: Tablet Copy complete. Replacing tablet superblock.
I20260608 10:04:58.163460 32026 tablet_bootstrap.cc:492] T 212970561c1f417f8ae59e785ccf467f P f4dea0ceb93a4ff499d0bc28a1e0d722: Bootstrap complete.
I20260608 10:04:58.164445 32026 ts_tablet_manager.cc:1403] T 212970561c1f417f8ae59e785ccf467f P f4dea0ceb93a4ff499d0bc28a1e0d722: Time spent bootstrapping tablet: real 0.027s	user 0.017s	sys 0.012s
I20260608 10:04:58.166834 32026 raft_consensus.cc:359] T 212970561c1f417f8ae59e785ccf467f P f4dea0ceb93a4ff499d0bc28a1e0d722 [term 1 LEARNER]: Replica starting. Triggering 0 pending ops. Active config: opid_index: 2 OBSOLETE_local: false peers { permanent_uuid: "bee61ce6057e4d0ea17e68082e45a3e6" member_type: VOTER last_known_addr { host: "127.30.61.1" port: 43891 } attrs { replace: true } } peers { permanent_uuid: "de578151438344ceb84603874008cef6" member_type: VOTER last_known_addr { host: "127.30.61.2" port: 43839 } } peers { permanent_uuid: "9bf7c70beb8f4748a8c4d625f2366baa" member_type: VOTER last_known_addr { host: "127.30.61.3" port: 45001 } } peers { permanent_uuid: "f4dea0ceb93a4ff499d0bc28a1e0d722" member_type: NON_VOTER last_known_addr { host: "127.30.61.4" port: 35825 } attrs { promote: true } }
I20260608 10:04:58.167475 32026 raft_consensus.cc:740] T 212970561c1f417f8ae59e785ccf467f P f4dea0ceb93a4ff499d0bc28a1e0d722 [term 1 LEARNER]: Becoming Follower/Learner. State: Replica: f4dea0ceb93a4ff499d0bc28a1e0d722, State: Initialized, Role: LEARNER
I20260608 10:04:58.168042 32026 consensus_queue.cc:260] T 212970561c1f417f8ae59e785ccf467f P f4dea0ceb93a4ff499d0bc28a1e0d722 [NON_LEADER]: Queue going to NON_LEADER mode. State: All replicated index: 0, Majority replicated index: 0, Committed index: 2, Last appended: 1.2, Last appended by leader: 2, Current term: 0, Majority size: -1, State: 0, Mode: NON_LEADER, active raft config: opid_index: 2 OBSOLETE_local: false peers { permanent_uuid: "bee61ce6057e4d0ea17e68082e45a3e6" member_type: VOTER last_known_addr { host: "127.30.61.1" port: 43891 } attrs { replace: true } } peers { permanent_uuid: "de578151438344ceb84603874008cef6" member_type: VOTER last_known_addr { host: "127.30.61.2" port: 43839 } } peers { permanent_uuid: "9bf7c70beb8f4748a8c4d625f2366baa" member_type: VOTER last_known_addr { host: "127.30.61.3" port: 45001 } } peers { permanent_uuid: "f4dea0ceb93a4ff499d0bc28a1e0d722" member_type: NON_VOTER last_known_addr { host: "127.30.61.4" port: 35825 } attrs { promote: true } }
I20260608 10:04:58.170984 32026 ts_tablet_manager.cc:1434] T 212970561c1f417f8ae59e785ccf467f P f4dea0ceb93a4ff499d0bc28a1e0d722: Time spent starting tablet: real 0.006s	user 0.002s	sys 0.004s
I20260608 10:04:58.173959 32032 tablet_bootstrap.cc:492] T 3ecc36987f994bf19ef8b9cd82ac6576 P f4dea0ceb93a4ff499d0bc28a1e0d722: Bootstrap starting.
I20260608 10:04:58.176788 31795 tablet_copy_service.cc:342] P 9bf7c70beb8f4748a8c4d625f2366baa: Request end of tablet copy session f4dea0ceb93a4ff499d0bc28a1e0d722-212970561c1f417f8ae59e785ccf467f received from {username='slave'} at 127.0.0.1:33892
I20260608 10:04:58.177359 31795 tablet_copy_service.cc:434] P 9bf7c70beb8f4748a8c4d625f2366baa: ending tablet copy session f4dea0ceb93a4ff499d0bc28a1e0d722-212970561c1f417f8ae59e785ccf467f on tablet 212970561c1f417f8ae59e785ccf467f with peer f4dea0ceb93a4ff499d0bc28a1e0d722
I20260608 10:04:58.199535 32032 tablet_bootstrap.cc:492] T 3ecc36987f994bf19ef8b9cd82ac6576 P f4dea0ceb93a4ff499d0bc28a1e0d722: Bootstrap replayed 1/1 log segments. Stats: ops{read=2 overwritten=0 applied=2 ignored=0} inserts{seen=0 ignored=0} mutations{seen=0 ignored=0} orphaned_commits=0. Pending: 0 replicates
I20260608 10:04:58.200647 32032 tablet_bootstrap.cc:492] T 3ecc36987f994bf19ef8b9cd82ac6576 P f4dea0ceb93a4ff499d0bc28a1e0d722: Bootstrap complete.
I20260608 10:04:58.201478 32032 ts_tablet_manager.cc:1403] T 3ecc36987f994bf19ef8b9cd82ac6576 P f4dea0ceb93a4ff499d0bc28a1e0d722: Time spent bootstrapping tablet: real 0.028s	user 0.023s	sys 0.004s
I20260608 10:04:58.205092 32032 raft_consensus.cc:359] T 3ecc36987f994bf19ef8b9cd82ac6576 P f4dea0ceb93a4ff499d0bc28a1e0d722 [term 2 LEARNER]: Replica starting. Triggering 0 pending ops. Active config: opid_index: 2 OBSOLETE_local: false peers { permanent_uuid: "bee61ce6057e4d0ea17e68082e45a3e6" member_type: VOTER last_known_addr { host: "127.30.61.1" port: 43891 } } peers { permanent_uuid: "de578151438344ceb84603874008cef6" member_type: VOTER last_known_addr { host: "127.30.61.2" port: 43839 } } peers { permanent_uuid: "9bf7c70beb8f4748a8c4d625f2366baa" member_type: VOTER last_known_addr { host: "127.30.61.3" port: 45001 } attrs { replace: true } } peers { permanent_uuid: "f4dea0ceb93a4ff499d0bc28a1e0d722" member_type: NON_VOTER last_known_addr { host: "127.30.61.4" port: 35825 } attrs { promote: true } }
I20260608 10:04:58.206041 32032 raft_consensus.cc:740] T 3ecc36987f994bf19ef8b9cd82ac6576 P f4dea0ceb93a4ff499d0bc28a1e0d722 [term 2 LEARNER]: Becoming Follower/Learner. State: Replica: f4dea0ceb93a4ff499d0bc28a1e0d722, State: Initialized, Role: LEARNER
I20260608 10:04:58.206770 32032 consensus_queue.cc:260] T 3ecc36987f994bf19ef8b9cd82ac6576 P f4dea0ceb93a4ff499d0bc28a1e0d722 [NON_LEADER]: Queue going to NON_LEADER mode. State: All replicated index: 0, Majority replicated index: 0, Committed index: 2, Last appended: 2.2, Last appended by leader: 2, Current term: 0, Majority size: -1, State: 0, Mode: NON_LEADER, active raft config: opid_index: 2 OBSOLETE_local: false peers { permanent_uuid: "bee61ce6057e4d0ea17e68082e45a3e6" member_type: VOTER last_known_addr { host: "127.30.61.1" port: 43891 } } peers { permanent_uuid: "de578151438344ceb84603874008cef6" member_type: VOTER last_known_addr { host: "127.30.61.2" port: 43839 } } peers { permanent_uuid: "9bf7c70beb8f4748a8c4d625f2366baa" member_type: VOTER last_known_addr { host: "127.30.61.3" port: 45001 } attrs { replace: true } } peers { permanent_uuid: "f4dea0ceb93a4ff499d0bc28a1e0d722" member_type: NON_VOTER last_known_addr { host: "127.30.61.4" port: 35825 } attrs { promote: true } }
I20260608 10:04:58.209306 32032 ts_tablet_manager.cc:1434] T 3ecc36987f994bf19ef8b9cd82ac6576 P f4dea0ceb93a4ff499d0bc28a1e0d722: Time spent starting tablet: real 0.007s	user 0.005s	sys 0.003s
I20260608 10:04:58.210893 32026 ts_tablet_manager.cc:933] T a6a73858d0dd40e4b6d1f9839c6dcdbb P f4dea0ceb93a4ff499d0bc28a1e0d722: Initiating tablet copy from peer de578151438344ceb84603874008cef6 (127.30.61.2:43839)
I20260608 10:04:58.211621 31721 tablet_copy_service.cc:342] P de578151438344ceb84603874008cef6: Request end of tablet copy session f4dea0ceb93a4ff499d0bc28a1e0d722-3ecc36987f994bf19ef8b9cd82ac6576 received from {username='slave'} at 127.0.0.1:57472
I20260608 10:04:58.212136 31721 tablet_copy_service.cc:434] P de578151438344ceb84603874008cef6: ending tablet copy session f4dea0ceb93a4ff499d0bc28a1e0d722-3ecc36987f994bf19ef8b9cd82ac6576 on tablet 3ecc36987f994bf19ef8b9cd82ac6576 with peer f4dea0ceb93a4ff499d0bc28a1e0d722
I20260608 10:04:58.214811 32026 tablet_copy_client.cc:323] T a6a73858d0dd40e4b6d1f9839c6dcdbb P f4dea0ceb93a4ff499d0bc28a1e0d722: tablet copy: Beginning tablet copy session from remote peer at address 127.30.61.2:43839
I20260608 10:04:58.216985 31721 tablet_copy_service.cc:140] P de578151438344ceb84603874008cef6: Received BeginTabletCopySession request for tablet a6a73858d0dd40e4b6d1f9839c6dcdbb from peer f4dea0ceb93a4ff499d0bc28a1e0d722 ({username='slave'} at 127.0.0.1:57472)
I20260608 10:04:58.217569 31721 tablet_copy_service.cc:161] P de578151438344ceb84603874008cef6: Beginning new tablet copy session on tablet a6a73858d0dd40e4b6d1f9839c6dcdbb from peer f4dea0ceb93a4ff499d0bc28a1e0d722 at {username='slave'} at 127.0.0.1:57472: session id = f4dea0ceb93a4ff499d0bc28a1e0d722-a6a73858d0dd40e4b6d1f9839c6dcdbb
I20260608 10:04:58.224948 31721 tablet_copy_source_session.cc:215] T a6a73858d0dd40e4b6d1f9839c6dcdbb P de578151438344ceb84603874008cef6: Tablet Copy: opened 0 blocks and 1 log segments
I20260608 10:04:58.228792 32026 data_dirs.cc:400] Could only allocate 1 dirs of requested 3 for tablet a6a73858d0dd40e4b6d1f9839c6dcdbb. 1 dirs total, 0 dirs full, 0 dirs failed
I20260608 10:04:58.246676 32026 tablet_copy_client.cc:806] T a6a73858d0dd40e4b6d1f9839c6dcdbb P f4dea0ceb93a4ff499d0bc28a1e0d722: tablet copy: Starting download of 0 data blocks...
I20260608 10:04:58.247399 32026 tablet_copy_client.cc:670] T a6a73858d0dd40e4b6d1f9839c6dcdbb P f4dea0ceb93a4ff499d0bc28a1e0d722: tablet copy: Starting download of 1 WAL segments...
I20260608 10:04:58.251955 32026 tablet_copy_client.cc:538] T a6a73858d0dd40e4b6d1f9839c6dcdbb P f4dea0ceb93a4ff499d0bc28a1e0d722: tablet copy: Tablet Copy complete. Replacing tablet superblock.
I20260608 10:04:58.261011 32026 tablet_bootstrap.cc:492] T a6a73858d0dd40e4b6d1f9839c6dcdbb P f4dea0ceb93a4ff499d0bc28a1e0d722: Bootstrap starting.
I20260608 10:04:58.282724 32026 tablet_bootstrap.cc:492] T a6a73858d0dd40e4b6d1f9839c6dcdbb P f4dea0ceb93a4ff499d0bc28a1e0d722: Bootstrap replayed 1/1 log segments. Stats: ops{read=2 overwritten=0 applied=2 ignored=0} inserts{seen=0 ignored=0} mutations{seen=0 ignored=0} orphaned_commits=0. Pending: 0 replicates
I20260608 10:04:58.283818 32026 tablet_bootstrap.cc:492] T a6a73858d0dd40e4b6d1f9839c6dcdbb P f4dea0ceb93a4ff499d0bc28a1e0d722: Bootstrap complete.
I20260608 10:04:58.284561 32026 ts_tablet_manager.cc:1403] T a6a73858d0dd40e4b6d1f9839c6dcdbb P f4dea0ceb93a4ff499d0bc28a1e0d722: Time spent bootstrapping tablet: real 0.024s	user 0.023s	sys 0.000s
I20260608 10:04:58.287729 32026 raft_consensus.cc:359] T a6a73858d0dd40e4b6d1f9839c6dcdbb P f4dea0ceb93a4ff499d0bc28a1e0d722 [term 1 LEARNER]: Replica starting. Triggering 0 pending ops. Active config: opid_index: 2 OBSOLETE_local: false peers { permanent_uuid: "bee61ce6057e4d0ea17e68082e45a3e6" member_type: VOTER last_known_addr { host: "127.30.61.1" port: 43891 } } peers { permanent_uuid: "de578151438344ceb84603874008cef6" member_type: VOTER last_known_addr { host: "127.30.61.2" port: 43839 } } peers { permanent_uuid: "9bf7c70beb8f4748a8c4d625f2366baa" member_type: VOTER last_known_addr { host: "127.30.61.3" port: 45001 } attrs { replace: true } } peers { permanent_uuid: "f4dea0ceb93a4ff499d0bc28a1e0d722" member_type: NON_VOTER last_known_addr { host: "127.30.61.4" port: 35825 } attrs { promote: true } }
I20260608 10:04:58.288568 32026 raft_consensus.cc:740] T a6a73858d0dd40e4b6d1f9839c6dcdbb P f4dea0ceb93a4ff499d0bc28a1e0d722 [term 1 LEARNER]: Becoming Follower/Learner. State: Replica: f4dea0ceb93a4ff499d0bc28a1e0d722, State: Initialized, Role: LEARNER
I20260608 10:04:58.289826 32026 consensus_queue.cc:260] T a6a73858d0dd40e4b6d1f9839c6dcdbb P f4dea0ceb93a4ff499d0bc28a1e0d722 [NON_LEADER]: Queue going to NON_LEADER mode. State: All replicated index: 0, Majority replicated index: 0, Committed index: 2, Last appended: 1.2, Last appended by leader: 2, Current term: 0, Majority size: -1, State: 0, Mode: NON_LEADER, active raft config: opid_index: 2 OBSOLETE_local: false peers { permanent_uuid: "bee61ce6057e4d0ea17e68082e45a3e6" member_type: VOTER last_known_addr { host: "127.30.61.1" port: 43891 } } peers { permanent_uuid: "de578151438344ceb84603874008cef6" member_type: VOTER last_known_addr { host: "127.30.61.2" port: 43839 } } peers { permanent_uuid: "9bf7c70beb8f4748a8c4d625f2366baa" member_type: VOTER last_known_addr { host: "127.30.61.3" port: 45001 } attrs { replace: true } } peers { permanent_uuid: "f4dea0ceb93a4ff499d0bc28a1e0d722" member_type: NON_VOTER last_known_addr { host: "127.30.61.4" port: 35825 } attrs { promote: true } }
I20260608 10:04:58.292121 32026 ts_tablet_manager.cc:1434] T a6a73858d0dd40e4b6d1f9839c6dcdbb P f4dea0ceb93a4ff499d0bc28a1e0d722: Time spent starting tablet: real 0.007s	user 0.008s	sys 0.000s
I20260608 10:04:58.294143 31721 tablet_copy_service.cc:342] P de578151438344ceb84603874008cef6: Request end of tablet copy session f4dea0ceb93a4ff499d0bc28a1e0d722-a6a73858d0dd40e4b6d1f9839c6dcdbb received from {username='slave'} at 127.0.0.1:57472
I20260608 10:04:58.294674 31721 tablet_copy_service.cc:434] P de578151438344ceb84603874008cef6: ending tablet copy session f4dea0ceb93a4ff499d0bc28a1e0d722-a6a73858d0dd40e4b6d1f9839c6dcdbb on tablet a6a73858d0dd40e4b6d1f9839c6dcdbb with peer f4dea0ceb93a4ff499d0bc28a1e0d722
I20260608 10:04:58.463280 31587 auto_leader_rebalancer.cc:140] leader rebalance for table test-workload
I20260608 10:04:58.473150 31587 auto_leader_rebalancer.cc:388] table: test-workload, leader rebalance finish, leader transfer count: 0
I20260608 10:04:58.473865 31587 auto_leader_rebalancer.cc:451] All tables' leader rebalancing finished this round
I20260608 10:04:58.483690 31964 raft_consensus.cc:1217] T 75f4d7e597344845851391a6a9b376db P f4dea0ceb93a4ff499d0bc28a1e0d722 [term 1 LEARNER]: Deduplicated request from leader. Original: 1.1->[1.2-1.2]   Dedup: 1.2->[]
I20260608 10:04:58.539108 30964 tablet_server.cc:179] TabletServer@127.30.61.1:0 shutting down...
W20260608 10:04:58.546200 31748 proxy.cc:239] Call had error, refreshing address and retrying: Remote error: Service unavailable: service kudu.consensus.ConsensusService not registered on TabletServer [suppressed 6 similar messages]
W20260608 10:04:58.555900 31748 consensus_peers.cc:597] T e57b65ee81be4d9da848486523ca6c1c P 9bf7c70beb8f4748a8c4d625f2366baa -> Peer bee61ce6057e4d0ea17e68082e45a3e6 (127.30.61.1:43891): Couldn't send request to peer bee61ce6057e4d0ea17e68082e45a3e6. Status: Remote error: Service unavailable: service kudu.consensus.ConsensusService not registered on TabletServer. This is attempt 1: this message will repeat every 5th retry.
W20260608 10:04:58.579545 31674 consensus_peers.cc:597] T 5d83c37695114c3f9ff528a3a763606d P de578151438344ceb84603874008cef6 -> Peer bee61ce6057e4d0ea17e68082e45a3e6 (127.30.61.1:43891): Couldn't send request to peer bee61ce6057e4d0ea17e68082e45a3e6. Status: Remote error: Service unavailable: service kudu.consensus.ConsensusService not registered on TabletServer. This is attempt 1: this message will repeat every 5th retry.
I20260608 10:04:58.587420 30964 ts_tablet_manager.cc:1507] Shutting down tablet manager...
I20260608 10:04:58.588569 30964 tablet_replica.cc:333] T 75f4d7e597344845851391a6a9b376db P bee61ce6057e4d0ea17e68082e45a3e6: stopping tablet replica
I20260608 10:04:58.591641 30964 raft_consensus.cc:2243] T 75f4d7e597344845851391a6a9b376db P bee61ce6057e4d0ea17e68082e45a3e6 [term 1 LEADER]: Raft consensus shutting down.
W20260608 10:04:58.592444 32040 consensus_queue.cc:1175] T 75f4d7e597344845851391a6a9b376db P bee61ce6057e4d0ea17e68082e45a3e6 [LEADER]: Queue is closed or peer was untracked, disregarding peer response. Response: responder_uuid: "9bf7c70beb8f4748a8c4d625f2366baa" responder_term: 1 status { last_received { term: 1 index: 2 } last_committed_idx: 2 last_received_current_leader { term: 1 index: 2 } }
I20260608 10:04:58.593518 30964 raft_consensus.cc:2272] T 75f4d7e597344845851391a6a9b376db P bee61ce6057e4d0ea17e68082e45a3e6 [term 1 FOLLOWER]: Raft consensus is shut down!
I20260608 10:04:58.596462 30964 tablet_replica.cc:333] T 5d83c37695114c3f9ff528a3a763606d P bee61ce6057e4d0ea17e68082e45a3e6: stopping tablet replica
I20260608 10:04:58.597132 30964 raft_consensus.cc:2243] T 5d83c37695114c3f9ff528a3a763606d P bee61ce6057e4d0ea17e68082e45a3e6 [term 1 FOLLOWER]: Raft consensus shutting down.
I20260608 10:04:58.597644 30964 raft_consensus.cc:2272] T 5d83c37695114c3f9ff528a3a763606d P bee61ce6057e4d0ea17e68082e45a3e6 [term 1 FOLLOWER]: Raft consensus is shut down!
I20260608 10:04:58.600505 30964 tablet_replica.cc:333] T 212970561c1f417f8ae59e785ccf467f P bee61ce6057e4d0ea17e68082e45a3e6: stopping tablet replica
I20260608 10:04:58.601300 30964 raft_consensus.cc:2243] T 212970561c1f417f8ae59e785ccf467f P bee61ce6057e4d0ea17e68082e45a3e6 [term 1 FOLLOWER]: Raft consensus shutting down.
I20260608 10:04:58.601962 30964 raft_consensus.cc:2272] T 212970561c1f417f8ae59e785ccf467f P bee61ce6057e4d0ea17e68082e45a3e6 [term 1 FOLLOWER]: Raft consensus is shut down!
I20260608 10:04:58.605585 30964 tablet_replica.cc:333] T a6a73858d0dd40e4b6d1f9839c6dcdbb P bee61ce6057e4d0ea17e68082e45a3e6: stopping tablet replica
I20260608 10:04:58.606526 30964 raft_consensus.cc:2243] T a6a73858d0dd40e4b6d1f9839c6dcdbb P bee61ce6057e4d0ea17e68082e45a3e6 [term 1 FOLLOWER]: Raft consensus shutting down.
I20260608 10:04:58.607117 30964 raft_consensus.cc:2272] T a6a73858d0dd40e4b6d1f9839c6dcdbb P bee61ce6057e4d0ea17e68082e45a3e6 [term 1 FOLLOWER]: Raft consensus is shut down!
I20260608 10:04:58.610520 30964 tablet_replica.cc:333] T e57b65ee81be4d9da848486523ca6c1c P bee61ce6057e4d0ea17e68082e45a3e6: stopping tablet replica
W20260608 10:04:58.611209 31674 consensus_peers.cc:597] T a6a73858d0dd40e4b6d1f9839c6dcdbb P de578151438344ceb84603874008cef6 -> Peer bee61ce6057e4d0ea17e68082e45a3e6 (127.30.61.1:43891): Couldn't send request to peer bee61ce6057e4d0ea17e68082e45a3e6. Status: Remote error: Service unavailable: service kudu.consensus.ConsensusService not registered on TabletServer. This is attempt 1: this message will repeat every 5th retry.
I20260608 10:04:58.611445 30964 raft_consensus.cc:2243] T e57b65ee81be4d9da848486523ca6c1c P bee61ce6057e4d0ea17e68082e45a3e6 [term 1 FOLLOWER]: Raft consensus shutting down.
I20260608 10:04:58.612061 30964 raft_consensus.cc:2272] T e57b65ee81be4d9da848486523ca6c1c P bee61ce6057e4d0ea17e68082e45a3e6 [term 1 FOLLOWER]: Raft consensus is shut down!
W20260608 10:04:58.614630 31674 consensus_peers.cc:597] T 3ecc36987f994bf19ef8b9cd82ac6576 P de578151438344ceb84603874008cef6 -> Peer bee61ce6057e4d0ea17e68082e45a3e6 (127.30.61.1:43891): Couldn't send request to peer bee61ce6057e4d0ea17e68082e45a3e6. Status: Remote error: Service unavailable: service kudu.consensus.ConsensusService not registered on TabletServer. This is attempt 1: this message will repeat every 5th retry.
I20260608 10:04:58.615399 30964 tablet_replica.cc:333] T 281a3ab626b14eb68af56726557a3065 P bee61ce6057e4d0ea17e68082e45a3e6: stopping tablet replica
I20260608 10:04:58.616005 30964 raft_consensus.cc:2243] T 281a3ab626b14eb68af56726557a3065 P bee61ce6057e4d0ea17e68082e45a3e6 [term 1 LEADER]: Raft consensus shutting down.
I20260608 10:04:58.616920 30964 raft_consensus.cc:2272] T 281a3ab626b14eb68af56726557a3065 P bee61ce6057e4d0ea17e68082e45a3e6 [term 1 FOLLOWER]: Raft consensus is shut down!
I20260608 10:04:58.619243 30964 tablet_replica.cc:333] T 1669a4a8bba24a59a48e56a0be31d74b P bee61ce6057e4d0ea17e68082e45a3e6: stopping tablet replica
I20260608 10:04:58.619860 30964 raft_consensus.cc:2243] T 1669a4a8bba24a59a48e56a0be31d74b P bee61ce6057e4d0ea17e68082e45a3e6 [term 1 LEADER]: Raft consensus shutting down.
I20260608 10:04:58.620708 30964 raft_consensus.cc:2272] T 1669a4a8bba24a59a48e56a0be31d74b P bee61ce6057e4d0ea17e68082e45a3e6 [term 1 FOLLOWER]: Raft consensus is shut down!
I20260608 10:04:58.623198 30964 tablet_replica.cc:333] T 3ecc36987f994bf19ef8b9cd82ac6576 P bee61ce6057e4d0ea17e68082e45a3e6: stopping tablet replica
I20260608 10:04:58.623821 30964 raft_consensus.cc:2243] T 3ecc36987f994bf19ef8b9cd82ac6576 P bee61ce6057e4d0ea17e68082e45a3e6 [term 2 FOLLOWER]: Raft consensus shutting down.
I20260608 10:04:58.624424 30964 raft_consensus.cc:2272] T 3ecc36987f994bf19ef8b9cd82ac6576 P bee61ce6057e4d0ea17e68082e45a3e6 [term 2 FOLLOWER]: Raft consensus is shut down!
I20260608 10:04:58.665270 31964 raft_consensus.cc:1217] T a6a73858d0dd40e4b6d1f9839c6dcdbb P f4dea0ceb93a4ff499d0bc28a1e0d722 [term 1 LEARNER]: Deduplicated request from leader. Original: 1.1->[1.2-1.2]   Dedup: 1.2->[]
I20260608 10:04:58.668707 30964 tablet_server.cc:196] TabletServer@127.30.61.1:0 shutdown complete.
I20260608 10:04:58.696079 30964 tablet_server.cc:179] TabletServer@127.30.61.2:0 shutting down...
W20260608 10:04:58.710814 31750 consensus_peers.cc:597] T e57b65ee81be4d9da848486523ca6c1c P 9bf7c70beb8f4748a8c4d625f2366baa -> Peer de578151438344ceb84603874008cef6 (127.30.61.2:43839): Couldn't send request to peer de578151438344ceb84603874008cef6. Status: Remote error: Service unavailable: service kudu.consensus.ConsensusService not registered on TabletServer. This is attempt 1: this message will repeat every 5th retry.
I20260608 10:04:58.715857 31964 raft_consensus.cc:1217] T 212970561c1f417f8ae59e785ccf467f P f4dea0ceb93a4ff499d0bc28a1e0d722 [term 1 LEARNER]: Deduplicated request from leader. Original: 1.1->[1.2-1.2]   Dedup: 1.2->[]
I20260608 10:04:58.727428 31964 raft_consensus.cc:1217] T 3ecc36987f994bf19ef8b9cd82ac6576 P f4dea0ceb93a4ff499d0bc28a1e0d722 [term 2 LEARNER]: Deduplicated request from leader. Original: 2.1->[2.2-2.2]   Dedup: 2.2->[]
I20260608 10:04:58.764963 30964 ts_tablet_manager.cc:1507] Shutting down tablet manager...
I20260608 10:04:58.765893 30964 tablet_replica.cc:333] T 75f4d7e597344845851391a6a9b376db P de578151438344ceb84603874008cef6: stopping tablet replica
I20260608 10:04:58.766980 30964 raft_consensus.cc:2243] T 75f4d7e597344845851391a6a9b376db P de578151438344ceb84603874008cef6 [term 1 FOLLOWER]: Raft consensus shutting down.
I20260608 10:04:58.767522 30964 raft_consensus.cc:2272] T 75f4d7e597344845851391a6a9b376db P de578151438344ceb84603874008cef6 [term 1 FOLLOWER]: Raft consensus is shut down!
I20260608 10:04:58.769627 30964 tablet_replica.cc:333] T e57b65ee81be4d9da848486523ca6c1c P de578151438344ceb84603874008cef6: stopping tablet replica
I20260608 10:04:58.770458 30964 raft_consensus.cc:2243] T e57b65ee81be4d9da848486523ca6c1c P de578151438344ceb84603874008cef6 [term 1 FOLLOWER]: Raft consensus shutting down.
I20260608 10:04:58.771060 30964 raft_consensus.cc:2272] T e57b65ee81be4d9da848486523ca6c1c P de578151438344ceb84603874008cef6 [term 1 FOLLOWER]: Raft consensus is shut down!
I20260608 10:04:58.773207 30964 tablet_replica.cc:333] T 3ecc36987f994bf19ef8b9cd82ac6576 P de578151438344ceb84603874008cef6: stopping tablet replica
I20260608 10:04:58.773767 30964 raft_consensus.cc:2243] T 3ecc36987f994bf19ef8b9cd82ac6576 P de578151438344ceb84603874008cef6 [term 2 LEADER]: Raft consensus shutting down.
I20260608 10:04:58.774807 30964 raft_consensus.cc:2272] T 3ecc36987f994bf19ef8b9cd82ac6576 P de578151438344ceb84603874008cef6 [term 2 FOLLOWER]: Raft consensus is shut down!
I20260608 10:04:58.776933 30964 tablet_replica.cc:333] T 1669a4a8bba24a59a48e56a0be31d74b P de578151438344ceb84603874008cef6: stopping tablet replica
I20260608 10:04:58.777510 30964 raft_consensus.cc:2243] T 1669a4a8bba24a59a48e56a0be31d74b P de578151438344ceb84603874008cef6 [term 1 FOLLOWER]: Raft consensus shutting down.
I20260608 10:04:58.777958 30964 raft_consensus.cc:2272] T 1669a4a8bba24a59a48e56a0be31d74b P de578151438344ceb84603874008cef6 [term 1 FOLLOWER]: Raft consensus is shut down!
I20260608 10:04:58.780128 30964 tablet_replica.cc:333] T 5d83c37695114c3f9ff528a3a763606d P de578151438344ceb84603874008cef6: stopping tablet replica
I20260608 10:04:58.780678 30964 raft_consensus.cc:2243] T 5d83c37695114c3f9ff528a3a763606d P de578151438344ceb84603874008cef6 [term 1 LEADER]: Raft consensus shutting down.
I20260608 10:04:58.781473 30964 raft_consensus.cc:2272] T 5d83c37695114c3f9ff528a3a763606d P de578151438344ceb84603874008cef6 [term 1 FOLLOWER]: Raft consensus is shut down!
I20260608 10:04:58.783586 30964 tablet_replica.cc:333] T 281a3ab626b14eb68af56726557a3065 P de578151438344ceb84603874008cef6: stopping tablet replica
I20260608 10:04:58.784144 30964 raft_consensus.cc:2243] T 281a3ab626b14eb68af56726557a3065 P de578151438344ceb84603874008cef6 [term 1 FOLLOWER]: Raft consensus shutting down.
I20260608 10:04:58.784590 30964 raft_consensus.cc:2272] T 281a3ab626b14eb68af56726557a3065 P de578151438344ceb84603874008cef6 [term 1 FOLLOWER]: Raft consensus is shut down!
I20260608 10:04:58.786614 30964 tablet_replica.cc:333] T a6a73858d0dd40e4b6d1f9839c6dcdbb P de578151438344ceb84603874008cef6: stopping tablet replica
I20260608 10:04:58.787168 30964 raft_consensus.cc:2243] T a6a73858d0dd40e4b6d1f9839c6dcdbb P de578151438344ceb84603874008cef6 [term 1 LEADER]: Raft consensus shutting down.
I20260608 10:04:58.788136 30964 raft_consensus.cc:2272] T a6a73858d0dd40e4b6d1f9839c6dcdbb P de578151438344ceb84603874008cef6 [term 1 FOLLOWER]: Raft consensus is shut down!
I20260608 10:04:58.790258 30964 tablet_replica.cc:333] T 212970561c1f417f8ae59e785ccf467f P de578151438344ceb84603874008cef6: stopping tablet replica
I20260608 10:04:58.790779 30964 raft_consensus.cc:2243] T 212970561c1f417f8ae59e785ccf467f P de578151438344ceb84603874008cef6 [term 1 FOLLOWER]: Raft consensus shutting down.
I20260608 10:04:58.791242 30964 raft_consensus.cc:2272] T 212970561c1f417f8ae59e785ccf467f P de578151438344ceb84603874008cef6 [term 1 FOLLOWER]: Raft consensus is shut down!
I20260608 10:04:58.812649 30964 tablet_server.cc:196] TabletServer@127.30.61.2:0 shutdown complete.
I20260608 10:04:58.835819 30964 tablet_server.cc:179] TabletServer@127.30.61.3:0 shutting down...
I20260608 10:04:58.878393 30964 ts_tablet_manager.cc:1507] Shutting down tablet manager...
I20260608 10:04:58.879323 30964 tablet_replica.cc:333] T 5d83c37695114c3f9ff528a3a763606d P 9bf7c70beb8f4748a8c4d625f2366baa: stopping tablet replica
I20260608 10:04:58.880373 30964 raft_consensus.cc:2243] T 5d83c37695114c3f9ff528a3a763606d P 9bf7c70beb8f4748a8c4d625f2366baa [term 1 FOLLOWER]: Raft consensus shutting down.
I20260608 10:04:58.880895 30964 raft_consensus.cc:2272] T 5d83c37695114c3f9ff528a3a763606d P 9bf7c70beb8f4748a8c4d625f2366baa [term 1 FOLLOWER]: Raft consensus is shut down!
I20260608 10:04:58.883188 30964 tablet_replica.cc:333] T 75f4d7e597344845851391a6a9b376db P 9bf7c70beb8f4748a8c4d625f2366baa: stopping tablet replica
I20260608 10:04:58.883862 30964 raft_consensus.cc:2243] T 75f4d7e597344845851391a6a9b376db P 9bf7c70beb8f4748a8c4d625f2366baa [term 1 FOLLOWER]: Raft consensus shutting down.
I20260608 10:04:58.884541 30964 raft_consensus.cc:2272] T 75f4d7e597344845851391a6a9b376db P 9bf7c70beb8f4748a8c4d625f2366baa [term 1 FOLLOWER]: Raft consensus is shut down!
I20260608 10:04:58.887015 30964 tablet_replica.cc:333] T 281a3ab626b14eb68af56726557a3065 P 9bf7c70beb8f4748a8c4d625f2366baa: stopping tablet replica
I20260608 10:04:58.887826 30964 raft_consensus.cc:2243] T 281a3ab626b14eb68af56726557a3065 P 9bf7c70beb8f4748a8c4d625f2366baa [term 1 FOLLOWER]: Raft consensus shutting down.
I20260608 10:04:58.888654 30964 raft_consensus.cc:2272] T 281a3ab626b14eb68af56726557a3065 P 9bf7c70beb8f4748a8c4d625f2366baa [term 1 FOLLOWER]: Raft consensus is shut down!
I20260608 10:04:58.891323 30964 tablet_replica.cc:333] T 3ecc36987f994bf19ef8b9cd82ac6576 P 9bf7c70beb8f4748a8c4d625f2366baa: stopping tablet replica
W20260608 10:04:58.891371 31750 consensus_peers.cc:597] T 212970561c1f417f8ae59e785ccf467f P 9bf7c70beb8f4748a8c4d625f2366baa -> Peer de578151438344ceb84603874008cef6 (127.30.61.2:43839): Couldn't send request to peer de578151438344ceb84603874008cef6. Status: Network error: Client connection negotiation failed: client connection to 127.30.61.2:43839: connect: Connection refused (error 111). This is attempt 1: this message will repeat every 5th retry.
I20260608 10:04:58.891999 30964 raft_consensus.cc:2243] T 3ecc36987f994bf19ef8b9cd82ac6576 P 9bf7c70beb8f4748a8c4d625f2366baa [term 2 FOLLOWER]: Raft consensus shutting down.
I20260608 10:04:58.892736 30964 raft_consensus.cc:2272] T 3ecc36987f994bf19ef8b9cd82ac6576 P 9bf7c70beb8f4748a8c4d625f2366baa [term 2 FOLLOWER]: Raft consensus is shut down!
I20260608 10:04:58.894824 30964 tablet_replica.cc:333] T 1669a4a8bba24a59a48e56a0be31d74b P 9bf7c70beb8f4748a8c4d625f2366baa: stopping tablet replica
I20260608 10:04:58.895473 30964 raft_consensus.cc:2243] T 1669a4a8bba24a59a48e56a0be31d74b P 9bf7c70beb8f4748a8c4d625f2366baa [term 1 FOLLOWER]: Raft consensus shutting down.
I20260608 10:04:58.895972 30964 raft_consensus.cc:2272] T 1669a4a8bba24a59a48e56a0be31d74b P 9bf7c70beb8f4748a8c4d625f2366baa [term 1 FOLLOWER]: Raft consensus is shut down!
I20260608 10:04:58.898074 30964 tablet_replica.cc:333] T e57b65ee81be4d9da848486523ca6c1c P 9bf7c70beb8f4748a8c4d625f2366baa: stopping tablet replica
I20260608 10:04:58.898653 30964 raft_consensus.cc:2243] T e57b65ee81be4d9da848486523ca6c1c P 9bf7c70beb8f4748a8c4d625f2366baa [term 1 LEADER]: Raft consensus shutting down.
I20260608 10:04:58.899503 30964 raft_consensus.cc:2272] T e57b65ee81be4d9da848486523ca6c1c P 9bf7c70beb8f4748a8c4d625f2366baa [term 1 FOLLOWER]: Raft consensus is shut down!
I20260608 10:04:58.901531 30964 tablet_replica.cc:333] T a6a73858d0dd40e4b6d1f9839c6dcdbb P 9bf7c70beb8f4748a8c4d625f2366baa: stopping tablet replica
I20260608 10:04:58.902128 30964 raft_consensus.cc:2243] T a6a73858d0dd40e4b6d1f9839c6dcdbb P 9bf7c70beb8f4748a8c4d625f2366baa [term 1 FOLLOWER]: Raft consensus shutting down.
I20260608 10:04:58.902638 30964 raft_consensus.cc:2272] T a6a73858d0dd40e4b6d1f9839c6dcdbb P 9bf7c70beb8f4748a8c4d625f2366baa [term 1 FOLLOWER]: Raft consensus is shut down!
I20260608 10:04:58.904484 30964 tablet_replica.cc:333] T 212970561c1f417f8ae59e785ccf467f P 9bf7c70beb8f4748a8c4d625f2366baa: stopping tablet replica
I20260608 10:04:58.905010 30964 raft_consensus.cc:2243] T 212970561c1f417f8ae59e785ccf467f P 9bf7c70beb8f4748a8c4d625f2366baa [term 1 LEADER]: Raft consensus shutting down.
I20260608 10:04:58.906106 30964 raft_consensus.cc:2272] T 212970561c1f417f8ae59e785ccf467f P 9bf7c70beb8f4748a8c4d625f2366baa [term 1 FOLLOWER]: Raft consensus is shut down!
I20260608 10:04:58.939083 30964 tablet_server.cc:196] TabletServer@127.30.61.3:0 shutdown complete.
I20260608 10:04:58.962430 30964 tablet_server.cc:179] TabletServer@127.30.61.4:0 shutting down...
I20260608 10:04:58.991009 30964 ts_tablet_manager.cc:1507] Shutting down tablet manager...
I20260608 10:04:58.991698 30964 tablet_replica.cc:333] T 3ecc36987f994bf19ef8b9cd82ac6576 P f4dea0ceb93a4ff499d0bc28a1e0d722: stopping tablet replica
I20260608 10:04:58.992323 30964 raft_consensus.cc:2243] T 3ecc36987f994bf19ef8b9cd82ac6576 P f4dea0ceb93a4ff499d0bc28a1e0d722 [term 2 LEARNER]: Raft consensus shutting down.
I20260608 10:04:58.992890 30964 raft_consensus.cc:2272] T 3ecc36987f994bf19ef8b9cd82ac6576 P f4dea0ceb93a4ff499d0bc28a1e0d722 [term 2 LEARNER]: Raft consensus is shut down!
I20260608 10:04:58.994832 30964 tablet_replica.cc:333] T a6a73858d0dd40e4b6d1f9839c6dcdbb P f4dea0ceb93a4ff499d0bc28a1e0d722: stopping tablet replica
I20260608 10:04:58.995373 30964 raft_consensus.cc:2243] T a6a73858d0dd40e4b6d1f9839c6dcdbb P f4dea0ceb93a4ff499d0bc28a1e0d722 [term 1 LEARNER]: Raft consensus shutting down.
I20260608 10:04:58.995767 30964 raft_consensus.cc:2272] T a6a73858d0dd40e4b6d1f9839c6dcdbb P f4dea0ceb93a4ff499d0bc28a1e0d722 [term 1 LEARNER]: Raft consensus is shut down!
I20260608 10:04:58.997527 30964 tablet_replica.cc:333] T 212970561c1f417f8ae59e785ccf467f P f4dea0ceb93a4ff499d0bc28a1e0d722: stopping tablet replica
I20260608 10:04:58.998128 30964 raft_consensus.cc:2243] T 212970561c1f417f8ae59e785ccf467f P f4dea0ceb93a4ff499d0bc28a1e0d722 [term 1 LEARNER]: Raft consensus shutting down.
I20260608 10:04:58.998518 30964 raft_consensus.cc:2272] T 212970561c1f417f8ae59e785ccf467f P f4dea0ceb93a4ff499d0bc28a1e0d722 [term 1 LEARNER]: Raft consensus is shut down!
I20260608 10:04:59.000197 30964 tablet_replica.cc:333] T 75f4d7e597344845851391a6a9b376db P f4dea0ceb93a4ff499d0bc28a1e0d722: stopping tablet replica
I20260608 10:04:59.000686 30964 raft_consensus.cc:2243] T 75f4d7e597344845851391a6a9b376db P f4dea0ceb93a4ff499d0bc28a1e0d722 [term 1 LEARNER]: Raft consensus shutting down.
I20260608 10:04:59.001075 30964 raft_consensus.cc:2272] T 75f4d7e597344845851391a6a9b376db P f4dea0ceb93a4ff499d0bc28a1e0d722 [term 1 LEARNER]: Raft consensus is shut down!
I20260608 10:04:59.026315 30964 tablet_server.cc:196] TabletServer@127.30.61.4:0 shutdown complete.
I20260608 10:04:59.051800 30964 master.cc:562] Master@127.30.61.62:38271 shutting down...
W20260608 10:04:59.088135 31582 auto_rebalancer.cc:835] Removing replace marker failed: Catalog manager is not initialized. State: Closing
W20260608 10:04:59.088502 31582 auto_rebalancer.cc:863] Could not move replica: Service unavailable: Catalog manager is not initialized. State: Closing
W20260608 10:04:59.088762 31582 auto_rebalancer.cc:301] scheduled replica move failed to complete: Service unavailable: Catalog manager is not initialized. State: Closing
I20260608 10:04:59.090341 30964 raft_consensus.cc:2243] T 00000000000000000000000000000000 P 3b682dc4fc5e495193f05ff6a893cd44 [term 1 LEADER]: Raft consensus shutting down.
I20260608 10:04:59.090952 30964 raft_consensus.cc:2272] T 00000000000000000000000000000000 P 3b682dc4fc5e495193f05ff6a893cd44 [term 1 FOLLOWER]: Raft consensus is shut down!
I20260608 10:04:59.091333 30964 tablet_replica.cc:333] T 00000000000000000000000000000000 P 3b682dc4fc5e495193f05ff6a893cd44: stopping tablet replica
I20260608 10:04:59.112949 30964 master.cc:584] Master@127.30.61.62:38271 shutdown complete.
[       OK ] AutoRebalancerTest.AutoRebalancingTurnOffAndOn (12881 ms)
[ RUN      ] AutoRebalancerTest.NextLeaderResumesAutoRebalancing
I20260608 10:04:59.161644 30964 internal_mini_cluster.cc:156] Creating distributed mini masters. Addrs: 127.30.61.62:43801,127.30.61.61:32845,127.30.61.60:43769
I20260608 10:04:59.163439 30964 file_cache.cc:492] Constructed file cache file cache with capacity 419430
