W20260608 10:04:45.407197 21452 instance_detector.cc:116] could not retrieve Azure instance metadata: Network error: curl error: HTTP response code said error: The requested URL returned error: 404
W20260608 10:04:45.408634 21454 instance_detector.cc:116] could not retrieve OpenStack instance metadata: Network error: curl error: HTTP response code said error: The requested URL returned error: 404
I20260608 10:04:45.409811 20907 server_base.cc:1061] running on GCE node
I20260608 10:04:45.410843 20907 hybrid_clock.cc:584] initializing the hybrid clock with 'system_unsync' time source
W20260608 10:04:45.411015 20907 system_unsync_time.cc:38] NTP support is disabled. Clock error bounds will not be accurate. This configuration is not suitable for distributed clusters.
I20260608 10:04:45.411183 20907 hybrid_clock.cc:648] HybridClock initialized: now 1780913085411170 us; error 0 us; skew 500 ppm
I20260608 10:04:45.411793 20907 server_base.cc:861] Flag tcmalloc_max_total_thread_cache_bytes is not working since tcmalloc is not enabled.
I20260608 10:04:45.414005 20907 webserver.cc:533] Webserver started at http://127.20.106.254:46303/ using document root <none> and password file <none>
I20260608 10:04:45.414436 20907 fs_manager.cc:362] Metadata directory not provided
I20260608 10:04:45.414641 20907 fs_manager.cc:368] Using write-ahead log directory (fs_wal_dir) as metadata directory
I20260608 10:04:45.414891 20907 server_base.cc:909] This appears to be a new deployment of Kudu; creating new FS layout
I20260608 10:04:45.415901 20907 fs_manager.cc:1068] Generated new instance metadata in path /tmp/dist-test-task8LP_be/test-tmp/auto_rebalancer-test.0.AutoRebalancerTest.AutoRebalancingTurnOffAndOn.1780913080339187-20907-0/minicluster-data/master-0-root/instance:
uuid: "68d2c6c9847641ce986f64087f35b886"
format_stamp: "Formatted at 2026-06-08 10:04:45 on dist-test-slave-8lvv"
I20260608 10:04:45.420240 20907 fs_manager.cc:696] Time spent creating directory manager: real 0.004s	user 0.005s	sys 0.000s
I20260608 10:04:45.423481 21459 log_block_manager.cc:4031] Time spent loading block containers with low live blocks: real 0.000s	user 0.000s	sys 0.000s
I20260608 10:04:45.424228 20907 fs_manager.cc:730] Time spent opening block manager: real 0.002s	user 0.003s	sys 0.000s
I20260608 10:04:45.424474 20907 fs_manager.cc:647] Opened local filesystem: /tmp/dist-test-task8LP_be/test-tmp/auto_rebalancer-test.0.AutoRebalancerTest.AutoRebalancingTurnOffAndOn.1780913080339187-20907-0/minicluster-data/master-0-root
uuid: "68d2c6c9847641ce986f64087f35b886"
format_stamp: "Formatted at 2026-06-08 10:04:45 on dist-test-slave-8lvv"
I20260608 10:04:45.424715 20907 fs_report.cc:389] FS layout report
--------------------
wal directory: /tmp/dist-test-task8LP_be/test-tmp/auto_rebalancer-test.0.AutoRebalancerTest.AutoRebalancingTurnOffAndOn.1780913080339187-20907-0/minicluster-data/master-0-root
metadata directory: /tmp/dist-test-task8LP_be/test-tmp/auto_rebalancer-test.0.AutoRebalancerTest.AutoRebalancingTurnOffAndOn.1780913080339187-20907-0/minicluster-data/master-0-root
1 data directories: /tmp/dist-test-task8LP_be/test-tmp/auto_rebalancer-test.0.AutoRebalancerTest.AutoRebalancingTurnOffAndOn.1780913080339187-20907-0/minicluster-data/master-0-root/data
Total live blocks: 0
Total live bytes: 0
Total live bytes (after alignment): 0
Total number of LBM containers: 0 (0 full)
Did not check for missing blocks
Did not check for orphaned blocks
Total full LBM containers with extra space: 0 (0 repaired)
Total full LBM container extra space in bytes: 0 (0 repaired)
Total incomplete LBM containers: 0 (0 repaired)
Total LBM partial records: 0 (0 repaired)
Total corrupted LBM metadata records in RocksDB: 0 (0 repaired)
I20260608 10:04:45.438146 20907 rpc_server.cc:225] running with OpenSSL 1.1.1  11 Sep 2018
I20260608 10:04:45.439195 20907 kserver.cc:163] Server-wide thread pool size limit: 3276
I20260608 10:04:45.475772 20907 rpc_server.cc:307] RPC server started. Bound to: 127.20.106.254:39005
I20260608 10:04:45.475904 21510 acceptor_pool.cc:272] collecting diagnostics on the listening RPC socket 127.20.106.254:39005 every 8 connection(s)
I20260608 10:04:45.480937 21511 data_dirs.cc:400] Could only allocate 1 dirs of requested 3 for tablet 00000000000000000000000000000000. 1 dirs total, 0 dirs full, 0 dirs failed
I20260608 10:04:45.490352 21511 tablet_bootstrap.cc:492] T 00000000000000000000000000000000 P 68d2c6c9847641ce986f64087f35b886: Bootstrap starting.
I20260608 10:04:45.494899 21511 tablet_bootstrap.cc:654] T 00000000000000000000000000000000 P 68d2c6c9847641ce986f64087f35b886: Neither blocks nor log segments found. Creating new log.
I20260608 10:04:45.498876 21511 tablet_bootstrap.cc:492] T 00000000000000000000000000000000 P 68d2c6c9847641ce986f64087f35b886: No bootstrap required, opened a new log
I20260608 10:04:45.500932 21511 raft_consensus.cc:359] T 00000000000000000000000000000000 P 68d2c6c9847641ce986f64087f35b886 [term 0 FOLLOWER]: Replica starting. Triggering 0 pending ops. Active config: opid_index: -1 OBSOLETE_local: true peers { permanent_uuid: "68d2c6c9847641ce986f64087f35b886" member_type: VOTER }
I20260608 10:04:45.501314 21511 raft_consensus.cc:385] T 00000000000000000000000000000000 P 68d2c6c9847641ce986f64087f35b886 [term 0 FOLLOWER]: Consensus starting up: Expiring failure detector timer to make a prompt election more likely
I20260608 10:04:45.501593 21511 raft_consensus.cc:740] T 00000000000000000000000000000000 P 68d2c6c9847641ce986f64087f35b886 [term 0 FOLLOWER]: Becoming Follower/Learner. State: Replica: 68d2c6c9847641ce986f64087f35b886, State: Initialized, Role: FOLLOWER
I20260608 10:04:45.502296 21511 consensus_queue.cc:260] T 00000000000000000000000000000000 P 68d2c6c9847641ce986f64087f35b886 [NON_LEADER]: Queue going to NON_LEADER mode. State: All replicated index: 0, Majority replicated index: 0, Committed index: 0, Last appended: 0.0, Last appended by leader: 0, Current term: 0, Majority size: -1, State: 0, Mode: NON_LEADER, active raft config: opid_index: -1 OBSOLETE_local: true peers { permanent_uuid: "68d2c6c9847641ce986f64087f35b886" member_type: VOTER }
I20260608 10:04:45.502784 21511 raft_consensus.cc:399] T 00000000000000000000000000000000 P 68d2c6c9847641ce986f64087f35b886 [term 0 FOLLOWER]: Only one voter in the Raft config. Triggering election immediately
I20260608 10:04:45.503018 21511 raft_consensus.cc:493] T 00000000000000000000000000000000 P 68d2c6c9847641ce986f64087f35b886 [term 0 FOLLOWER]: Starting leader election (initial election of a single-replica configuration)
I20260608 10:04:45.503325 21511 raft_consensus.cc:3060] T 00000000000000000000000000000000 P 68d2c6c9847641ce986f64087f35b886 [term 0 FOLLOWER]: Advancing to term 1
I20260608 10:04:45.507416 21511 raft_consensus.cc:515] T 00000000000000000000000000000000 P 68d2c6c9847641ce986f64087f35b886 [term 1 FOLLOWER]: Starting leader election with config: opid_index: -1 OBSOLETE_local: true peers { permanent_uuid: "68d2c6c9847641ce986f64087f35b886" member_type: VOTER }
I20260608 10:04:45.507972 21511 leader_election.cc:304] T 00000000000000000000000000000000 P 68d2c6c9847641ce986f64087f35b886 [CANDIDATE]: Term 1 election: Election decided. Result: candidate won. Election summary: received 1 responses out of 1 voters: 1 yes votes; 0 no votes. yes voters: 68d2c6c9847641ce986f64087f35b886; no voters: 
I20260608 10:04:45.509128 21511 leader_election.cc:290] T 00000000000000000000000000000000 P 68d2c6c9847641ce986f64087f35b886 [CANDIDATE]: Term 1 election: Requested vote from peers 
I20260608 10:04:45.509522 21514 raft_consensus.cc:2804] T 00000000000000000000000000000000 P 68d2c6c9847641ce986f64087f35b886 [term 1 FOLLOWER]: Leader election won for term 1
I20260608 10:04:45.510952 21514 raft_consensus.cc:697] T 00000000000000000000000000000000 P 68d2c6c9847641ce986f64087f35b886 [term 1 LEADER]: Becoming Leader. State: Replica: 68d2c6c9847641ce986f64087f35b886, State: Running, Role: LEADER
I20260608 10:04:45.511756 21514 consensus_queue.cc:237] T 00000000000000000000000000000000 P 68d2c6c9847641ce986f64087f35b886 [LEADER]: Queue going to LEADER mode. State: All replicated index: 0, Majority replicated index: 0, Committed index: 0, Last appended: 0.0, Last appended by leader: 0, Current term: 1, Majority size: 1, State: 0, Mode: LEADER, active raft config: opid_index: -1 OBSOLETE_local: true peers { permanent_uuid: "68d2c6c9847641ce986f64087f35b886" member_type: VOTER }
I20260608 10:04:45.512463 21511 sys_catalog.cc:565] T 00000000000000000000000000000000 P 68d2c6c9847641ce986f64087f35b886 [sys.catalog]: configured and running, proceeding with master startup.
I20260608 10:04:45.514671 21515 sys_catalog.cc:455] T 00000000000000000000000000000000 P 68d2c6c9847641ce986f64087f35b886 [sys.catalog]: SysCatalogTable state changed. Reason: RaftConsensus started. Latest consensus state: current_term: 1 leader_uuid: "68d2c6c9847641ce986f64087f35b886" committed_config { opid_index: -1 OBSOLETE_local: true peers { permanent_uuid: "68d2c6c9847641ce986f64087f35b886" member_type: VOTER } }
I20260608 10:04:45.514737 21516 sys_catalog.cc:455] T 00000000000000000000000000000000 P 68d2c6c9847641ce986f64087f35b886 [sys.catalog]: SysCatalogTable state changed. Reason: New leader 68d2c6c9847641ce986f64087f35b886. Latest consensus state: current_term: 1 leader_uuid: "68d2c6c9847641ce986f64087f35b886" committed_config { opid_index: -1 OBSOLETE_local: true peers { permanent_uuid: "68d2c6c9847641ce986f64087f35b886" member_type: VOTER } }
I20260608 10:04:45.515502 21516 sys_catalog.cc:458] T 00000000000000000000000000000000 P 68d2c6c9847641ce986f64087f35b886 [sys.catalog]: This master's current role is: LEADER
I20260608 10:04:45.515522 21515 sys_catalog.cc:458] T 00000000000000000000000000000000 P 68d2c6c9847641ce986f64087f35b886 [sys.catalog]: This master's current role is: LEADER
I20260608 10:04:45.519707 21519 catalog_manager.cc:1510] Loading table and tablet metadata into memory...
I20260608 10:04:45.524622 21519 catalog_manager.cc:1519] Initializing Kudu cluster ID...
I20260608 10:04:45.528569 20907 internal_mini_cluster.cc:184] Waiting to initialize catalog manager on master 0
I20260608 10:04:45.533991 21519 catalog_manager.cc:1382] Generated new cluster ID: a1abd31b26a64835b221c4d879c002e7
I20260608 10:04:45.534274 21519 catalog_manager.cc:1530] Initializing Kudu internal certificate authority...
I20260608 10:04:45.550300 21519 catalog_manager.cc:1405] Generated new certificate authority record
I20260608 10:04:45.551611 21519 catalog_manager.cc:1539] Loading token signing keys...
I20260608 10:04:45.563124 21519 catalog_manager.cc:6069] T 00000000000000000000000000000000 P 68d2c6c9847641ce986f64087f35b886: Generated new TSK 0
I20260608 10:04:45.563694 21519 catalog_manager.cc:1549] Initializing in-progress tserver states...
I20260608 10:04:45.595645 20907 file_cache.cc:492] Constructed file cache file cache with capacity 419430
W20260608 10:04:45.601631 21532 instance_detector.cc:116] could not retrieve AWS instance metadata: Network error: curl error: HTTP response code said error: The requested URL returned error: 404
W20260608 10:04:45.603121 21533 instance_detector.cc:116] could not retrieve Azure instance metadata: Network error: curl error: HTTP response code said error: The requested URL returned error: 404
I20260608 10:04:45.606037 20907 server_base.cc:1061] running on GCE node
W20260608 10:04:45.606673 21535 instance_detector.cc:116] could not retrieve OpenStack instance metadata: Network error: curl error: HTTP response code said error: The requested URL returned error: 404
I20260608 10:04:45.607587 20907 hybrid_clock.cc:584] initializing the hybrid clock with 'system_unsync' time source
W20260608 10:04:45.607817 20907 system_unsync_time.cc:38] NTP support is disabled. Clock error bounds will not be accurate. This configuration is not suitable for distributed clusters.
I20260608 10:04:45.608014 20907 hybrid_clock.cc:648] HybridClock initialized: now 1780913085607995 us; error 0 us; skew 500 ppm
I20260608 10:04:45.608641 20907 server_base.cc:861] Flag tcmalloc_max_total_thread_cache_bytes is not working since tcmalloc is not enabled.
I20260608 10:04:45.611023 20907 webserver.cc:533] Webserver started at http://127.20.106.193:32863/ using document root <none> and password file <none>
I20260608 10:04:45.611598 20907 fs_manager.cc:362] Metadata directory not provided
I20260608 10:04:45.611837 20907 fs_manager.cc:368] Using write-ahead log directory (fs_wal_dir) as metadata directory
I20260608 10:04:45.612185 20907 server_base.cc:909] This appears to be a new deployment of Kudu; creating new FS layout
I20260608 10:04:45.613313 20907 fs_manager.cc:1068] Generated new instance metadata in path /tmp/dist-test-task8LP_be/test-tmp/auto_rebalancer-test.0.AutoRebalancerTest.AutoRebalancingTurnOffAndOn.1780913080339187-20907-0/minicluster-data/ts-0-root/instance:
uuid: "a1920933ab874498a9346960812a4e65"
format_stamp: "Formatted at 2026-06-08 10:04:45 on dist-test-slave-8lvv"
I20260608 10:04:45.618171 20907 fs_manager.cc:696] Time spent creating directory manager: real 0.004s	user 0.000s	sys 0.006s
I20260608 10:04:45.621656 21540 log_block_manager.cc:4031] Time spent loading block containers with low live blocks: real 0.000s	user 0.000s	sys 0.000s
I20260608 10:04:45.622674 20907 fs_manager.cc:730] Time spent opening block manager: real 0.002s	user 0.000s	sys 0.003s
I20260608 10:04:45.622937 20907 fs_manager.cc:647] Opened local filesystem: /tmp/dist-test-task8LP_be/test-tmp/auto_rebalancer-test.0.AutoRebalancerTest.AutoRebalancingTurnOffAndOn.1780913080339187-20907-0/minicluster-data/ts-0-root
uuid: "a1920933ab874498a9346960812a4e65"
format_stamp: "Formatted at 2026-06-08 10:04:45 on dist-test-slave-8lvv"
I20260608 10:04:45.623245 20907 fs_report.cc:389] FS layout report
--------------------
wal directory: /tmp/dist-test-task8LP_be/test-tmp/auto_rebalancer-test.0.AutoRebalancerTest.AutoRebalancingTurnOffAndOn.1780913080339187-20907-0/minicluster-data/ts-0-root
metadata directory: /tmp/dist-test-task8LP_be/test-tmp/auto_rebalancer-test.0.AutoRebalancerTest.AutoRebalancingTurnOffAndOn.1780913080339187-20907-0/minicluster-data/ts-0-root
1 data directories: /tmp/dist-test-task8LP_be/test-tmp/auto_rebalancer-test.0.AutoRebalancerTest.AutoRebalancingTurnOffAndOn.1780913080339187-20907-0/minicluster-data/ts-0-root/data
Total live blocks: 0
Total live bytes: 0
Total live bytes (after alignment): 0
Total number of LBM containers: 0 (0 full)
Did not check for missing blocks
Did not check for orphaned blocks
Total full LBM containers with extra space: 0 (0 repaired)
Total full LBM container extra space in bytes: 0 (0 repaired)
Total incomplete LBM containers: 0 (0 repaired)
Total LBM partial records: 0 (0 repaired)
Total corrupted LBM metadata records in RocksDB: 0 (0 repaired)
I20260608 10:04:45.641012 20907 rpc_server.cc:225] running with OpenSSL 1.1.1  11 Sep 2018
I20260608 10:04:45.642095 20907 kserver.cc:163] Server-wide thread pool size limit: 3276
I20260608 10:04:45.643610 20907 txn_system_client.cc:432] TxnSystemClient initialization is disabled...
I20260608 10:04:45.645962 20907 ts_tablet_manager.cc:585] Loaded tablet metadata (0 total tablets, 0 live tablets)
I20260608 10:04:45.646181 20907 ts_tablet_manager.cc:531] Time spent load tablet metadata: real 0.000s	user 0.000s	sys 0.000s
I20260608 10:04:45.646457 20907 ts_tablet_manager.cc:616] Registered 0 tablets
I20260608 10:04:45.646688 20907 ts_tablet_manager.cc:595] Time spent register tablets: real 0.000s	user 0.000s	sys 0.001s
I20260608 10:04:45.684478 20907 rpc_server.cc:307] RPC server started. Bound to: 127.20.106.193:39037
I20260608 10:04:45.684589 21602 acceptor_pool.cc:272] collecting diagnostics on the listening RPC socket 127.20.106.193:39037 every 8 connection(s)
I20260608 10:04:45.689566 20907 file_cache.cc:492] Constructed file cache file cache with capacity 419430
W20260608 10:04:45.696975 21607 instance_detector.cc:116] could not retrieve AWS instance metadata: Network error: curl error: HTTP response code said error: The requested URL returned error: 404
W20260608 10:04:45.697700 21608 instance_detector.cc:116] could not retrieve Azure instance metadata: Network error: curl error: HTTP response code said error: The requested URL returned error: 404
W20260608 10:04:45.700515 21610 instance_detector.cc:116] could not retrieve OpenStack instance metadata: Network error: curl error: HTTP response code said error: The requested URL returned error: 404
I20260608 10:04:45.701023 20907 server_base.cc:1061] running on GCE node
I20260608 10:04:45.702214 20907 hybrid_clock.cc:584] initializing the hybrid clock with 'system_unsync' time source
W20260608 10:04:45.702481 20907 system_unsync_time.cc:38] NTP support is disabled. Clock error bounds will not be accurate. This configuration is not suitable for distributed clusters.
I20260608 10:04:45.702734 20907 hybrid_clock.cc:648] HybridClock initialized: now 1780913085702713 us; error 0 us; skew 500 ppm
I20260608 10:04:45.703533 20907 server_base.cc:861] Flag tcmalloc_max_total_thread_cache_bytes is not working since tcmalloc is not enabled.
I20260608 10:04:45.703763 21603 heartbeater.cc:344] Connected to a master server at 127.20.106.254:39005
I20260608 10:04:45.704185 21603 heartbeater.cc:461] Registering TS with master...
I20260608 10:04:45.704981 21603 heartbeater.cc:507] Master 127.20.106.254:39005 requested a full tablet report, sending...
I20260608 10:04:45.706401 20907 webserver.cc:533] Webserver started at http://127.20.106.194:34847/ using document root <none> and password file <none>
I20260608 10:04:45.707095 20907 fs_manager.cc:362] Metadata directory not provided
I20260608 10:04:45.707294 20907 fs_manager.cc:368] Using write-ahead log directory (fs_wal_dir) as metadata directory
I20260608 10:04:45.707381 21476 ts_manager.cc:194] Registered new tserver with Master: a1920933ab874498a9346960812a4e65 (127.20.106.193:39037)
I20260608 10:04:45.707597 20907 server_base.cc:909] This appears to be a new deployment of Kudu; creating new FS layout
I20260608 10:04:45.708772 20907 fs_manager.cc:1068] Generated new instance metadata in path /tmp/dist-test-task8LP_be/test-tmp/auto_rebalancer-test.0.AutoRebalancerTest.AutoRebalancingTurnOffAndOn.1780913080339187-20907-0/minicluster-data/ts-1-root/instance:
uuid: "27dd018584e54848abdabda790db2859"
format_stamp: "Formatted at 2026-06-08 10:04:45 on dist-test-slave-8lvv"
I20260608 10:04:45.709321 21476 master_service.cc:502] Signed X509 certificate for tserver {username='slave'} at 127.0.0.1:37710
I20260608 10:04:45.713966 20907 fs_manager.cc:696] Time spent creating directory manager: real 0.005s	user 0.007s	sys 0.000s
I20260608 10:04:45.717487 21615 log_block_manager.cc:4031] Time spent loading block containers with low live blocks: real 0.000s	user 0.000s	sys 0.000s
I20260608 10:04:45.718266 20907 fs_manager.cc:730] Time spent opening block manager: real 0.002s	user 0.002s	sys 0.000s
I20260608 10:04:45.718577 20907 fs_manager.cc:647] Opened local filesystem: /tmp/dist-test-task8LP_be/test-tmp/auto_rebalancer-test.0.AutoRebalancerTest.AutoRebalancingTurnOffAndOn.1780913080339187-20907-0/minicluster-data/ts-1-root
uuid: "27dd018584e54848abdabda790db2859"
format_stamp: "Formatted at 2026-06-08 10:04:45 on dist-test-slave-8lvv"
I20260608 10:04:45.718945 20907 fs_report.cc:389] FS layout report
--------------------
wal directory: /tmp/dist-test-task8LP_be/test-tmp/auto_rebalancer-test.0.AutoRebalancerTest.AutoRebalancingTurnOffAndOn.1780913080339187-20907-0/minicluster-data/ts-1-root
metadata directory: /tmp/dist-test-task8LP_be/test-tmp/auto_rebalancer-test.0.AutoRebalancerTest.AutoRebalancingTurnOffAndOn.1780913080339187-20907-0/minicluster-data/ts-1-root
1 data directories: /tmp/dist-test-task8LP_be/test-tmp/auto_rebalancer-test.0.AutoRebalancerTest.AutoRebalancingTurnOffAndOn.1780913080339187-20907-0/minicluster-data/ts-1-root/data
Total live blocks: 0
Total live bytes: 0
Total live bytes (after alignment): 0
Total number of LBM containers: 0 (0 full)
Did not check for missing blocks
Did not check for orphaned blocks
Total full LBM containers with extra space: 0 (0 repaired)
Total full LBM container extra space in bytes: 0 (0 repaired)
Total incomplete LBM containers: 0 (0 repaired)
Total LBM partial records: 0 (0 repaired)
Total corrupted LBM metadata records in RocksDB: 0 (0 repaired)
I20260608 10:04:45.743837 20907 rpc_server.cc:225] running with OpenSSL 1.1.1  11 Sep 2018
I20260608 10:04:45.744972 20907 kserver.cc:163] Server-wide thread pool size limit: 3276
I20260608 10:04:45.746395 20907 txn_system_client.cc:432] TxnSystemClient initialization is disabled...
I20260608 10:04:45.748715 20907 ts_tablet_manager.cc:585] Loaded tablet metadata (0 total tablets, 0 live tablets)
I20260608 10:04:45.748946 20907 ts_tablet_manager.cc:531] Time spent load tablet metadata: real 0.000s	user 0.000s	sys 0.000s
I20260608 10:04:45.749259 20907 ts_tablet_manager.cc:616] Registered 0 tablets
I20260608 10:04:45.749531 20907 ts_tablet_manager.cc:595] Time spent register tablets: real 0.000s	user 0.000s	sys 0.000s
I20260608 10:04:45.787678 20907 rpc_server.cc:307] RPC server started. Bound to: 127.20.106.194:38535
I20260608 10:04:45.787794 21677 acceptor_pool.cc:272] collecting diagnostics on the listening RPC socket 127.20.106.194:38535 every 8 connection(s)
I20260608 10:04:45.792737 20907 file_cache.cc:492] Constructed file cache file cache with capacity 419430
W20260608 10:04:45.801340 21681 instance_detector.cc:116] could not retrieve AWS instance metadata: Network error: curl error: HTTP response code said error: The requested URL returned error: 404
I20260608 10:04:45.802561 20907 server_base.cc:1061] running on GCE node
W20260608 10:04:45.802666 21682 instance_detector.cc:116] could not retrieve Azure instance metadata: Network error: curl error: HTTP response code said error: The requested URL returned error: 404
W20260608 10:04:45.803164 21684 instance_detector.cc:116] could not retrieve OpenStack instance metadata: Network error: curl error: HTTP response code said error: The requested URL returned error: 404
I20260608 10:04:45.804302 20907 hybrid_clock.cc:584] initializing the hybrid clock with 'system_unsync' time source
W20260608 10:04:45.804514 20907 system_unsync_time.cc:38] NTP support is disabled. Clock error bounds will not be accurate. This configuration is not suitable for distributed clusters.
I20260608 10:04:45.804764 20907 hybrid_clock.cc:648] HybridClock initialized: now 1780913085804744 us; error 0 us; skew 500 ppm
I20260608 10:04:45.805552 20907 server_base.cc:861] Flag tcmalloc_max_total_thread_cache_bytes is not working since tcmalloc is not enabled.
I20260608 10:04:45.805720 21678 heartbeater.cc:344] Connected to a master server at 127.20.106.254:39005
I20260608 10:04:45.806183 21678 heartbeater.cc:461] Registering TS with master...
I20260608 10:04:45.807174 21678 heartbeater.cc:507] Master 127.20.106.254:39005 requested a full tablet report, sending...
I20260608 10:04:45.808420 20907 webserver.cc:533] Webserver started at http://127.20.106.195:40011/ using document root <none> and password file <none>
I20260608 10:04:45.809046 20907 fs_manager.cc:362] Metadata directory not provided
I20260608 10:04:45.809290 20907 fs_manager.cc:368] Using write-ahead log directory (fs_wal_dir) as metadata directory
I20260608 10:04:45.809609 20907 server_base.cc:909] This appears to be a new deployment of Kudu; creating new FS layout
I20260608 10:04:45.809674 21476 ts_manager.cc:194] Registered new tserver with Master: 27dd018584e54848abdabda790db2859 (127.20.106.194:38535)
I20260608 10:04:45.811147 20907 fs_manager.cc:1068] Generated new instance metadata in path /tmp/dist-test-task8LP_be/test-tmp/auto_rebalancer-test.0.AutoRebalancerTest.AutoRebalancingTurnOffAndOn.1780913080339187-20907-0/minicluster-data/ts-2-root/instance:
uuid: "7ce3a533c7904a8abc2d167d8086018a"
format_stamp: "Formatted at 2026-06-08 10:04:45 on dist-test-slave-8lvv"
I20260608 10:04:45.811563 21476 master_service.cc:502] Signed X509 certificate for tserver {username='slave'} at 127.0.0.1:37716
I20260608 10:04:45.816561 20907 fs_manager.cc:696] Time spent creating directory manager: real 0.005s	user 0.005s	sys 0.000s
I20260608 10:04:45.819909 21689 log_block_manager.cc:4031] Time spent loading block containers with low live blocks: real 0.000s	user 0.000s	sys 0.000s
I20260608 10:04:45.820791 20907 fs_manager.cc:730] Time spent opening block manager: real 0.002s	user 0.003s	sys 0.000s
I20260608 10:04:45.821133 20907 fs_manager.cc:647] Opened local filesystem: /tmp/dist-test-task8LP_be/test-tmp/auto_rebalancer-test.0.AutoRebalancerTest.AutoRebalancingTurnOffAndOn.1780913080339187-20907-0/minicluster-data/ts-2-root
uuid: "7ce3a533c7904a8abc2d167d8086018a"
format_stamp: "Formatted at 2026-06-08 10:04:45 on dist-test-slave-8lvv"
I20260608 10:04:45.821426 20907 fs_report.cc:389] FS layout report
--------------------
wal directory: /tmp/dist-test-task8LP_be/test-tmp/auto_rebalancer-test.0.AutoRebalancerTest.AutoRebalancingTurnOffAndOn.1780913080339187-20907-0/minicluster-data/ts-2-root
metadata directory: /tmp/dist-test-task8LP_be/test-tmp/auto_rebalancer-test.0.AutoRebalancerTest.AutoRebalancingTurnOffAndOn.1780913080339187-20907-0/minicluster-data/ts-2-root
1 data directories: /tmp/dist-test-task8LP_be/test-tmp/auto_rebalancer-test.0.AutoRebalancerTest.AutoRebalancingTurnOffAndOn.1780913080339187-20907-0/minicluster-data/ts-2-root/data
Total live blocks: 0
Total live bytes: 0
Total live bytes (after alignment): 0
Total number of LBM containers: 0 (0 full)
Did not check for missing blocks
Did not check for orphaned blocks
Total full LBM containers with extra space: 0 (0 repaired)
Total full LBM container extra space in bytes: 0 (0 repaired)
Total incomplete LBM containers: 0 (0 repaired)
Total LBM partial records: 0 (0 repaired)
Total corrupted LBM metadata records in RocksDB: 0 (0 repaired)
I20260608 10:04:45.841164 20907 rpc_server.cc:225] running with OpenSSL 1.1.1  11 Sep 2018
I20260608 10:04:45.842262 20907 kserver.cc:163] Server-wide thread pool size limit: 3276
I20260608 10:04:45.843817 20907 txn_system_client.cc:432] TxnSystemClient initialization is disabled...
I20260608 10:04:45.846153 20907 ts_tablet_manager.cc:585] Loaded tablet metadata (0 total tablets, 0 live tablets)
I20260608 10:04:45.846403 20907 ts_tablet_manager.cc:531] Time spent load tablet metadata: real 0.000s	user 0.000s	sys 0.000s
I20260608 10:04:45.846706 20907 ts_tablet_manager.cc:616] Registered 0 tablets
I20260608 10:04:45.846890 20907 ts_tablet_manager.cc:595] Time spent register tablets: real 0.000s	user 0.000s	sys 0.000s
I20260608 10:04:45.885285 20907 rpc_server.cc:307] RPC server started. Bound to: 127.20.106.195:44791
I20260608 10:04:45.885424 21751 acceptor_pool.cc:272] collecting diagnostics on the listening RPC socket 127.20.106.195:44791 every 8 connection(s)
I20260608 10:04:45.899554 21752 heartbeater.cc:344] Connected to a master server at 127.20.106.254:39005
I20260608 10:04:45.899981 21752 heartbeater.cc:461] Registering TS with master...
I20260608 10:04:45.900709 21752 heartbeater.cc:507] Master 127.20.106.254:39005 requested a full tablet report, sending...
I20260608 10:04:45.902788 21476 ts_manager.cc:194] Registered new tserver with Master: 7ce3a533c7904a8abc2d167d8086018a (127.20.106.195:44791)
I20260608 10:04:45.903439 20907 internal_mini_cluster.cc:371] 3 TS(s) registered with all masters after 0.01462279s
I20260608 10:04:45.904162 21476 master_service.cc:502] Signed X509 certificate for tserver {username='slave'} at 127.0.0.1:37728
I20260608 10:04:46.711975 21603 heartbeater.cc:499] Master 127.20.106.254:39005 was elected leader, sending a full tablet report...
I20260608 10:04:46.814657 21678 heartbeater.cc:499] Master 127.20.106.254:39005 was elected leader, sending a full tablet report...
I20260608 10:04:46.906930 21752 heartbeater.cc:499] Master 127.20.106.254:39005 was elected leader, sending a full tablet report...
I20260608 10:04:46.959452 21476 catalog_manager.cc:2282] Servicing CreateTable request from {username='slave'} at 127.0.0.1:37744:
name: "test-workload"
schema {
  columns {
    name: "key"
    type: INT32
    is_key: true
    is_nullable: false
    encoding: AUTO_ENCODING
    compression: DEFAULT_COMPRESSION
    cfile_block_size: 0
    immutable: false
  }
  columns {
    name: "int_val"
    type: INT32
    is_key: false
    is_nullable: false
    encoding: AUTO_ENCODING
    compression: DEFAULT_COMPRESSION
    cfile_block_size: 0
    immutable: false
  }
  columns {
    name: "string_val"
    type: STRING
    is_key: false
    is_nullable: true
    encoding: AUTO_ENCODING
    compression: DEFAULT_COMPRESSION
    cfile_block_size: 0
    immutable: false
  }
}
num_replicas: 3
split_rows_range_bounds {
  rows: "\004\001\000\377\377\377\017\004\001\000\376\377\377\037\004\001\000\375\377\377/\004\001\000\374\377\377?\004\001\000\373\377\377O\004\001\000\372\377\377_\004\001\000\371\377\377o""\004\001\000\377\377\377\017\004\001\000\376\377\377\037\004\001\000\375\377\377/\004\001\000\374\377\377?\004\001\000\373\377\377O\004\001\000\372\377\377_\004\001\000\371\377\377o"
  indirect_data: """"
}
partition_schema {
  range_schema {
    columns {
      name: "key"
    }
  }
}
W20260608 10:04:46.962014 21476 catalog_manager.cc:7076] The number of live tablet servers is not enough to re-replicate a tablet replica of the newly created table test-workload in case of a server failure: 4 tablet servers would be needed, 3 are available. Consider bringing up more tablet servers.
I20260608 10:04:47.031651 21717 tablet_service.cc:1511] Processing CreateTablet for tablet ebfc9783dadb4d939fde9a04bae1e310 (DEFAULT_TABLE table=test-workload [id=44b4c6dbfebd47978f406a0e92c57214]), partition=RANGE (key) PARTITION VALUES < 268435455
I20260608 10:04:47.033303 21717 data_dirs.cc:400] Could only allocate 1 dirs of requested 3 for tablet ebfc9783dadb4d939fde9a04bae1e310. 1 dirs total, 0 dirs full, 0 dirs failed
I20260608 10:04:47.033222 21715 tablet_service.cc:1511] Processing CreateTablet for tablet 057c8b33fd8d4793abcbe78a5298dedf (DEFAULT_TABLE table=test-workload [id=44b4c6dbfebd47978f406a0e92c57214]), partition=RANGE (key) PARTITION 536870910 <= VALUES < 805306365
I20260608 10:04:47.035027 21715 data_dirs.cc:400] Could only allocate 1 dirs of requested 3 for tablet 057c8b33fd8d4793abcbe78a5298dedf. 1 dirs total, 0 dirs full, 0 dirs failed
I20260608 10:04:47.036166 21716 tablet_service.cc:1511] Processing CreateTablet for tablet 270b23ba7d2f49d496c32392c639d3b1 (DEFAULT_TABLE table=test-workload [id=44b4c6dbfebd47978f406a0e92c57214]), partition=RANGE (key) PARTITION 268435455 <= VALUES < 536870910
I20260608 10:04:47.038340 21716 data_dirs.cc:400] Could only allocate 1 dirs of requested 3 for tablet 270b23ba7d2f49d496c32392c639d3b1. 1 dirs total, 0 dirs full, 0 dirs failed
I20260608 10:04:47.040827 21714 tablet_service.cc:1511] Processing CreateTablet for tablet 339faaf6570247b385a3c7940a19bf65 (DEFAULT_TABLE table=test-workload [id=44b4c6dbfebd47978f406a0e92c57214]), partition=RANGE (key) PARTITION 805306365 <= VALUES < 1073741820
I20260608 10:04:47.042452 21714 data_dirs.cc:400] Could only allocate 1 dirs of requested 3 for tablet 339faaf6570247b385a3c7940a19bf65. 1 dirs total, 0 dirs full, 0 dirs failed
I20260608 10:04:47.047705 21713 tablet_service.cc:1511] Processing CreateTablet for tablet a711752ff1e846799f59f0367683ad1d (DEFAULT_TABLE table=test-workload [id=44b4c6dbfebd47978f406a0e92c57214]), partition=RANGE (key) PARTITION 1073741820 <= VALUES < 1342177275
I20260608 10:04:47.049403 21713 data_dirs.cc:400] Could only allocate 1 dirs of requested 3 for tablet a711752ff1e846799f59f0367683ad1d. 1 dirs total, 0 dirs full, 0 dirs failed
I20260608 10:04:47.053251 21712 tablet_service.cc:1511] Processing CreateTablet for tablet f363bdc090eb473284106b1bcd044e66 (DEFAULT_TABLE table=test-workload [id=44b4c6dbfebd47978f406a0e92c57214]), partition=RANGE (key) PARTITION 1342177275 <= VALUES < 1610612730
I20260608 10:04:47.055563 21712 data_dirs.cc:400] Could only allocate 1 dirs of requested 3 for tablet f363bdc090eb473284106b1bcd044e66. 1 dirs total, 0 dirs full, 0 dirs failed
I20260608 10:04:47.060101 21711 tablet_service.cc:1511] Processing CreateTablet for tablet eb84c91099b24184a2ba337e9891edbc (DEFAULT_TABLE table=test-workload [id=44b4c6dbfebd47978f406a0e92c57214]), partition=RANGE (key) PARTITION 1610612730 <= VALUES < 1879048185
I20260608 10:04:47.061830 21711 data_dirs.cc:400] Could only allocate 1 dirs of requested 3 for tablet eb84c91099b24184a2ba337e9891edbc. 1 dirs total, 0 dirs full, 0 dirs failed
I20260608 10:04:47.062397 21643 tablet_service.cc:1511] Processing CreateTablet for tablet ebfc9783dadb4d939fde9a04bae1e310 (DEFAULT_TABLE table=test-workload [id=44b4c6dbfebd47978f406a0e92c57214]), partition=RANGE (key) PARTITION VALUES < 268435455
I20260608 10:04:47.063899 21643 data_dirs.cc:400] Could only allocate 1 dirs of requested 3 for tablet ebfc9783dadb4d939fde9a04bae1e310. 1 dirs total, 0 dirs full, 0 dirs failed
I20260608 10:04:47.068284 21710 tablet_service.cc:1511] Processing CreateTablet for tablet c84dc1b44e5e44328a78ab8f74313c51 (DEFAULT_TABLE table=test-workload [id=44b4c6dbfebd47978f406a0e92c57214]), partition=RANGE (key) PARTITION 1879048185 <= VALUES
I20260608 10:04:47.070050 21710 data_dirs.cc:400] Could only allocate 1 dirs of requested 3 for tablet c84dc1b44e5e44328a78ab8f74313c51. 1 dirs total, 0 dirs full, 0 dirs failed
I20260608 10:04:47.073567 21772 tablet_bootstrap.cc:492] T ebfc9783dadb4d939fde9a04bae1e310 P 7ce3a533c7904a8abc2d167d8086018a: Bootstrap starting.
I20260608 10:04:47.079555 21642 tablet_service.cc:1511] Processing CreateTablet for tablet 270b23ba7d2f49d496c32392c639d3b1 (DEFAULT_TABLE table=test-workload [id=44b4c6dbfebd47978f406a0e92c57214]), partition=RANGE (key) PARTITION 268435455 <= VALUES < 536870910
I20260608 10:04:47.081287 21642 data_dirs.cc:400] Could only allocate 1 dirs of requested 3 for tablet 270b23ba7d2f49d496c32392c639d3b1. 1 dirs total, 0 dirs full, 0 dirs failed
I20260608 10:04:47.083285 21772 tablet_bootstrap.cc:654] T ebfc9783dadb4d939fde9a04bae1e310 P 7ce3a533c7904a8abc2d167d8086018a: Neither blocks nor log segments found. Creating new log.
I20260608 10:04:47.089699 21641 tablet_service.cc:1511] Processing CreateTablet for tablet 057c8b33fd8d4793abcbe78a5298dedf (DEFAULT_TABLE table=test-workload [id=44b4c6dbfebd47978f406a0e92c57214]), partition=RANGE (key) PARTITION 536870910 <= VALUES < 805306365
I20260608 10:04:47.092110 21640 tablet_service.cc:1511] Processing CreateTablet for tablet 339faaf6570247b385a3c7940a19bf65 (DEFAULT_TABLE table=test-workload [id=44b4c6dbfebd47978f406a0e92c57214]), partition=RANGE (key) PARTITION 805306365 <= VALUES < 1073741820
I20260608 10:04:47.093891 21640 data_dirs.cc:400] Could only allocate 1 dirs of requested 3 for tablet 339faaf6570247b385a3c7940a19bf65. 1 dirs total, 0 dirs full, 0 dirs failed
I20260608 10:04:47.093760 21565 tablet_service.cc:1511] Processing CreateTablet for tablet 339faaf6570247b385a3c7940a19bf65 (DEFAULT_TABLE table=test-workload [id=44b4c6dbfebd47978f406a0e92c57214]), partition=RANGE (key) PARTITION 805306365 <= VALUES < 1073741820
I20260608 10:04:47.095423 21565 data_dirs.cc:400] Could only allocate 1 dirs of requested 3 for tablet 339faaf6570247b385a3c7940a19bf65. 1 dirs total, 0 dirs full, 0 dirs failed
I20260608 10:04:47.095067 21637 tablet_service.cc:1511] Processing CreateTablet for tablet eb84c91099b24184a2ba337e9891edbc (DEFAULT_TABLE table=test-workload [id=44b4c6dbfebd47978f406a0e92c57214]), partition=RANGE (key) PARTITION 1610612730 <= VALUES < 1879048185
I20260608 10:04:47.096525 21637 data_dirs.cc:400] Could only allocate 1 dirs of requested 3 for tablet eb84c91099b24184a2ba337e9891edbc. 1 dirs total, 0 dirs full, 0 dirs failed
I20260608 10:04:47.096101 21639 tablet_service.cc:1511] Processing CreateTablet for tablet a711752ff1e846799f59f0367683ad1d (DEFAULT_TABLE table=test-workload [id=44b4c6dbfebd47978f406a0e92c57214]), partition=RANGE (key) PARTITION 1073741820 <= VALUES < 1342177275
I20260608 10:04:47.097934 21639 data_dirs.cc:400] Could only allocate 1 dirs of requested 3 for tablet a711752ff1e846799f59f0367683ad1d. 1 dirs total, 0 dirs full, 0 dirs failed
I20260608 10:04:47.099978 21636 tablet_service.cc:1511] Processing CreateTablet for tablet c84dc1b44e5e44328a78ab8f74313c51 (DEFAULT_TABLE table=test-workload [id=44b4c6dbfebd47978f406a0e92c57214]), partition=RANGE (key) PARTITION 1879048185 <= VALUES
I20260608 10:04:47.101472 21636 data_dirs.cc:400] Could only allocate 1 dirs of requested 3 for tablet c84dc1b44e5e44328a78ab8f74313c51. 1 dirs total, 0 dirs full, 0 dirs failed
I20260608 10:04:47.100778 21638 tablet_service.cc:1511] Processing CreateTablet for tablet f363bdc090eb473284106b1bcd044e66 (DEFAULT_TABLE table=test-workload [id=44b4c6dbfebd47978f406a0e92c57214]), partition=RANGE (key) PARTITION 1342177275 <= VALUES < 1610612730
I20260608 10:04:47.101339 21562 tablet_service.cc:1511] Processing CreateTablet for tablet eb84c91099b24184a2ba337e9891edbc (DEFAULT_TABLE table=test-workload [id=44b4c6dbfebd47978f406a0e92c57214]), partition=RANGE (key) PARTITION 1610612730 <= VALUES < 1879048185
I20260608 10:04:47.102743 21562 data_dirs.cc:400] Could only allocate 1 dirs of requested 3 for tablet eb84c91099b24184a2ba337e9891edbc. 1 dirs total, 0 dirs full, 0 dirs failed
I20260608 10:04:47.103993 21638 data_dirs.cc:400] Could only allocate 1 dirs of requested 3 for tablet f363bdc090eb473284106b1bcd044e66. 1 dirs total, 0 dirs full, 0 dirs failed
I20260608 10:04:47.103894 21568 tablet_service.cc:1511] Processing CreateTablet for tablet ebfc9783dadb4d939fde9a04bae1e310 (DEFAULT_TABLE table=test-workload [id=44b4c6dbfebd47978f406a0e92c57214]), partition=RANGE (key) PARTITION VALUES < 268435455
I20260608 10:04:47.105950 21567 tablet_service.cc:1511] Processing CreateTablet for tablet 270b23ba7d2f49d496c32392c639d3b1 (DEFAULT_TABLE table=test-workload [id=44b4c6dbfebd47978f406a0e92c57214]), partition=RANGE (key) PARTITION 268435455 <= VALUES < 536870910
I20260608 10:04:47.110047 21567 data_dirs.cc:400] Could only allocate 1 dirs of requested 3 for tablet 270b23ba7d2f49d496c32392c639d3b1. 1 dirs total, 0 dirs full, 0 dirs failed
I20260608 10:04:47.114694 21641 data_dirs.cc:400] Could only allocate 1 dirs of requested 3 for tablet 057c8b33fd8d4793abcbe78a5298dedf. 1 dirs total, 0 dirs full, 0 dirs failed
I20260608 10:04:47.114745 21566 tablet_service.cc:1511] Processing CreateTablet for tablet 057c8b33fd8d4793abcbe78a5298dedf (DEFAULT_TABLE table=test-workload [id=44b4c6dbfebd47978f406a0e92c57214]), partition=RANGE (key) PARTITION 536870910 <= VALUES < 805306365
I20260608 10:04:47.116339 21564 tablet_service.cc:1511] Processing CreateTablet for tablet a711752ff1e846799f59f0367683ad1d (DEFAULT_TABLE table=test-workload [id=44b4c6dbfebd47978f406a0e92c57214]), partition=RANGE (key) PARTITION 1073741820 <= VALUES < 1342177275
I20260608 10:04:47.117066 21566 data_dirs.cc:400] Could only allocate 1 dirs of requested 3 for tablet 057c8b33fd8d4793abcbe78a5298dedf. 1 dirs total, 0 dirs full, 0 dirs failed
I20260608 10:04:47.119268 21564 data_dirs.cc:400] Could only allocate 1 dirs of requested 3 for tablet a711752ff1e846799f59f0367683ad1d. 1 dirs total, 0 dirs full, 0 dirs failed
I20260608 10:04:47.099978 21563 tablet_service.cc:1511] Processing CreateTablet for tablet f363bdc090eb473284106b1bcd044e66 (DEFAULT_TABLE table=test-workload [id=44b4c6dbfebd47978f406a0e92c57214]), partition=RANGE (key) PARTITION 1342177275 <= VALUES < 1610612730
I20260608 10:04:47.122888 21568 data_dirs.cc:400] Could only allocate 1 dirs of requested 3 for tablet ebfc9783dadb4d939fde9a04bae1e310. 1 dirs total, 0 dirs full, 0 dirs failed
I20260608 10:04:47.109941 21561 tablet_service.cc:1511] Processing CreateTablet for tablet c84dc1b44e5e44328a78ab8f74313c51 (DEFAULT_TABLE table=test-workload [id=44b4c6dbfebd47978f406a0e92c57214]), partition=RANGE (key) PARTITION 1879048185 <= VALUES
I20260608 10:04:47.131064 21563 data_dirs.cc:400] Could only allocate 1 dirs of requested 3 for tablet f363bdc090eb473284106b1bcd044e66. 1 dirs total, 0 dirs full, 0 dirs failed
I20260608 10:04:47.145656 21561 data_dirs.cc:400] Could only allocate 1 dirs of requested 3 for tablet c84dc1b44e5e44328a78ab8f74313c51. 1 dirs total, 0 dirs full, 0 dirs failed
I20260608 10:04:47.179278 21772 tablet_bootstrap.cc:492] T ebfc9783dadb4d939fde9a04bae1e310 P 7ce3a533c7904a8abc2d167d8086018a: No bootstrap required, opened a new log
I20260608 10:04:47.179827 21772 ts_tablet_manager.cc:1403] T ebfc9783dadb4d939fde9a04bae1e310 P 7ce3a533c7904a8abc2d167d8086018a: Time spent bootstrapping tablet: real 0.107s	user 0.034s	sys 0.016s
I20260608 10:04:47.183092 21772 raft_consensus.cc:359] T ebfc9783dadb4d939fde9a04bae1e310 P 7ce3a533c7904a8abc2d167d8086018a [term 0 FOLLOWER]: Replica starting. Triggering 0 pending ops. Active config: opid_index: -1 OBSOLETE_local: false peers { permanent_uuid: "7ce3a533c7904a8abc2d167d8086018a" member_type: VOTER last_known_addr { host: "127.20.106.195" port: 44791 } } peers { permanent_uuid: "27dd018584e54848abdabda790db2859" member_type: VOTER last_known_addr { host: "127.20.106.194" port: 38535 } } peers { permanent_uuid: "a1920933ab874498a9346960812a4e65" member_type: VOTER last_known_addr { host: "127.20.106.193" port: 39037 } }
I20260608 10:04:47.187206 21772 raft_consensus.cc:385] T ebfc9783dadb4d939fde9a04bae1e310 P 7ce3a533c7904a8abc2d167d8086018a [term 0 FOLLOWER]: Consensus starting up: Expiring failure detector timer to make a prompt election more likely
I20260608 10:04:47.187644 21772 raft_consensus.cc:740] T ebfc9783dadb4d939fde9a04bae1e310 P 7ce3a533c7904a8abc2d167d8086018a [term 0 FOLLOWER]: Becoming Follower/Learner. State: Replica: 7ce3a533c7904a8abc2d167d8086018a, State: Initialized, Role: FOLLOWER
I20260608 10:04:47.188550 21772 consensus_queue.cc:260] T ebfc9783dadb4d939fde9a04bae1e310 P 7ce3a533c7904a8abc2d167d8086018a [NON_LEADER]: Queue going to NON_LEADER mode. State: All replicated index: 0, Majority replicated index: 0, Committed index: 0, Last appended: 0.0, Last appended by leader: 0, Current term: 0, Majority size: -1, State: 0, Mode: NON_LEADER, active raft config: opid_index: -1 OBSOLETE_local: false peers { permanent_uuid: "7ce3a533c7904a8abc2d167d8086018a" member_type: VOTER last_known_addr { host: "127.20.106.195" port: 44791 } } peers { permanent_uuid: "27dd018584e54848abdabda790db2859" member_type: VOTER last_known_addr { host: "127.20.106.194" port: 38535 } } peers { permanent_uuid: "a1920933ab874498a9346960812a4e65" member_type: VOTER last_known_addr { host: "127.20.106.193" port: 39037 } }
I20260608 10:04:47.200897 21775 tablet_bootstrap.cc:492] T 339faaf6570247b385a3c7940a19bf65 P a1920933ab874498a9346960812a4e65: Bootstrap starting.
I20260608 10:04:47.208612 21775 tablet_bootstrap.cc:654] T 339faaf6570247b385a3c7940a19bf65 P a1920933ab874498a9346960812a4e65: Neither blocks nor log segments found. Creating new log.
I20260608 10:04:47.209465 21772 ts_tablet_manager.cc:1434] T ebfc9783dadb4d939fde9a04bae1e310 P 7ce3a533c7904a8abc2d167d8086018a: Time spent starting tablet: real 0.029s	user 0.009s	sys 0.001s
I20260608 10:04:47.210736 21772 tablet_bootstrap.cc:492] T 270b23ba7d2f49d496c32392c639d3b1 P 7ce3a533c7904a8abc2d167d8086018a: Bootstrap starting.
I20260608 10:04:47.216866 21774 tablet_bootstrap.cc:492] T ebfc9783dadb4d939fde9a04bae1e310 P 27dd018584e54848abdabda790db2859: Bootstrap starting.
I20260608 10:04:47.233309 21774 tablet_bootstrap.cc:654] T ebfc9783dadb4d939fde9a04bae1e310 P 27dd018584e54848abdabda790db2859: Neither blocks nor log segments found. Creating new log.
I20260608 10:04:47.238255 21772 tablet_bootstrap.cc:654] T 270b23ba7d2f49d496c32392c639d3b1 P 7ce3a533c7904a8abc2d167d8086018a: Neither blocks nor log segments found. Creating new log.
I20260608 10:04:47.240272 21775 tablet_bootstrap.cc:492] T 339faaf6570247b385a3c7940a19bf65 P a1920933ab874498a9346960812a4e65: No bootstrap required, opened a new log
I20260608 10:04:47.240860 21775 ts_tablet_manager.cc:1403] T 339faaf6570247b385a3c7940a19bf65 P a1920933ab874498a9346960812a4e65: Time spent bootstrapping tablet: real 0.040s	user 0.029s	sys 0.009s
I20260608 10:04:47.243014 21776 raft_consensus.cc:493] T ebfc9783dadb4d939fde9a04bae1e310 P 7ce3a533c7904a8abc2d167d8086018a [term 0 FOLLOWER]: Starting pre-election (no leader contacted us within the election timeout)
I20260608 10:04:47.244040 21774 tablet_bootstrap.cc:492] T ebfc9783dadb4d939fde9a04bae1e310 P 27dd018584e54848abdabda790db2859: No bootstrap required, opened a new log
I20260608 10:04:47.243603 21775 raft_consensus.cc:359] T 339faaf6570247b385a3c7940a19bf65 P a1920933ab874498a9346960812a4e65 [term 0 FOLLOWER]: Replica starting. Triggering 0 pending ops. Active config: opid_index: -1 OBSOLETE_local: false peers { permanent_uuid: "a1920933ab874498a9346960812a4e65" member_type: VOTER last_known_addr { host: "127.20.106.193" port: 39037 } } peers { permanent_uuid: "27dd018584e54848abdabda790db2859" member_type: VOTER last_known_addr { host: "127.20.106.194" port: 38535 } } peers { permanent_uuid: "7ce3a533c7904a8abc2d167d8086018a" member_type: VOTER last_known_addr { host: "127.20.106.195" port: 44791 } }
I20260608 10:04:47.243561 21776 raft_consensus.cc:515] T ebfc9783dadb4d939fde9a04bae1e310 P 7ce3a533c7904a8abc2d167d8086018a [term 0 FOLLOWER]: Starting pre-election with config: opid_index: -1 OBSOLETE_local: false peers { permanent_uuid: "7ce3a533c7904a8abc2d167d8086018a" member_type: VOTER last_known_addr { host: "127.20.106.195" port: 44791 } } peers { permanent_uuid: "27dd018584e54848abdabda790db2859" member_type: VOTER last_known_addr { host: "127.20.106.194" port: 38535 } } peers { permanent_uuid: "a1920933ab874498a9346960812a4e65" member_type: VOTER last_known_addr { host: "127.20.106.193" port: 39037 } }
I20260608 10:04:47.244571 21774 ts_tablet_manager.cc:1403] T ebfc9783dadb4d939fde9a04bae1e310 P 27dd018584e54848abdabda790db2859: Time spent bootstrapping tablet: real 0.028s	user 0.005s	sys 0.007s
I20260608 10:04:47.246666 21772 tablet_bootstrap.cc:492] T 270b23ba7d2f49d496c32392c639d3b1 P 7ce3a533c7904a8abc2d167d8086018a: No bootstrap required, opened a new log
I20260608 10:04:47.246729 21776 leader_election.cc:290] T ebfc9783dadb4d939fde9a04bae1e310 P 7ce3a533c7904a8abc2d167d8086018a [CANDIDATE]: Term 1 pre-election: Requested pre-vote from peers 27dd018584e54848abdabda790db2859 (127.20.106.194:38535), a1920933ab874498a9346960812a4e65 (127.20.106.193:39037)
I20260608 10:04:47.247295 21772 ts_tablet_manager.cc:1403] T 270b23ba7d2f49d496c32392c639d3b1 P 7ce3a533c7904a8abc2d167d8086018a: Time spent bootstrapping tablet: real 0.037s	user 0.010s	sys 0.003s
I20260608 10:04:47.247426 21775 raft_consensus.cc:385] T 339faaf6570247b385a3c7940a19bf65 P a1920933ab874498a9346960812a4e65 [term 0 FOLLOWER]: Consensus starting up: Expiring failure detector timer to make a prompt election more likely
I20260608 10:04:47.247812 21775 raft_consensus.cc:740] T 339faaf6570247b385a3c7940a19bf65 P a1920933ab874498a9346960812a4e65 [term 0 FOLLOWER]: Becoming Follower/Learner. State: Replica: a1920933ab874498a9346960812a4e65, State: Initialized, Role: FOLLOWER
I20260608 10:04:47.249051 21775 consensus_queue.cc:260] T 339faaf6570247b385a3c7940a19bf65 P a1920933ab874498a9346960812a4e65 [NON_LEADER]: Queue going to NON_LEADER mode. State: All replicated index: 0, Majority replicated index: 0, Committed index: 0, Last appended: 0.0, Last appended by leader: 0, Current term: 0, Majority size: -1, State: 0, Mode: NON_LEADER, active raft config: opid_index: -1 OBSOLETE_local: false peers { permanent_uuid: "a1920933ab874498a9346960812a4e65" member_type: VOTER last_known_addr { host: "127.20.106.193" port: 39037 } } peers { permanent_uuid: "27dd018584e54848abdabda790db2859" member_type: VOTER last_known_addr { host: "127.20.106.194" port: 38535 } } peers { permanent_uuid: "7ce3a533c7904a8abc2d167d8086018a" member_type: VOTER last_known_addr { host: "127.20.106.195" port: 44791 } }
I20260608 10:04:47.250378 21772 raft_consensus.cc:359] T 270b23ba7d2f49d496c32392c639d3b1 P 7ce3a533c7904a8abc2d167d8086018a [term 0 FOLLOWER]: Replica starting. Triggering 0 pending ops. Active config: opid_index: -1 OBSOLETE_local: false peers { permanent_uuid: "a1920933ab874498a9346960812a4e65" member_type: VOTER last_known_addr { host: "127.20.106.193" port: 39037 } } peers { permanent_uuid: "27dd018584e54848abdabda790db2859" member_type: VOTER last_known_addr { host: "127.20.106.194" port: 38535 } } peers { permanent_uuid: "7ce3a533c7904a8abc2d167d8086018a" member_type: VOTER last_known_addr { host: "127.20.106.195" port: 44791 } }
I20260608 10:04:47.250689 21774 raft_consensus.cc:359] T ebfc9783dadb4d939fde9a04bae1e310 P 27dd018584e54848abdabda790db2859 [term 0 FOLLOWER]: Replica starting. Triggering 0 pending ops. Active config: opid_index: -1 OBSOLETE_local: false peers { permanent_uuid: "7ce3a533c7904a8abc2d167d8086018a" member_type: VOTER last_known_addr { host: "127.20.106.195" port: 44791 } } peers { permanent_uuid: "27dd018584e54848abdabda790db2859" member_type: VOTER last_known_addr { host: "127.20.106.194" port: 38535 } } peers { permanent_uuid: "a1920933ab874498a9346960812a4e65" member_type: VOTER last_known_addr { host: "127.20.106.193" port: 39037 } }
I20260608 10:04:47.251170 21772 raft_consensus.cc:385] T 270b23ba7d2f49d496c32392c639d3b1 P 7ce3a533c7904a8abc2d167d8086018a [term 0 FOLLOWER]: Consensus starting up: Expiring failure detector timer to make a prompt election more likely
