I20260608 10:04:49.238080 18355 raft_consensus.cc:359] T 00000000000000000000000000000000 P fd34d5bf01514ca1b037d98534d25385 [term 0 FOLLOWER]: Replica starting. Triggering 0 pending ops. Active config: opid_index: -1 OBSOLETE_local: false peers { permanent_uuid: "fd34d5bf01514ca1b037d98534d25385" member_type: VOTER last_known_addr { host: "127.16.207.62" port: 38099 } } peers { permanent_uuid: "71576ec578eb46298ec1114ca35adb90" member_type: VOTER last_known_addr { host: "127.16.207.61" port: 36669 } } peers { permanent_uuid: "6ff0d8d9d23b4041ad83bbb73271dc79" member_type: VOTER last_known_addr { host: "127.16.207.60" port: 34995 } }
I20260608 10:04:49.238700 18355 raft_consensus.cc:385] T 00000000000000000000000000000000 P fd34d5bf01514ca1b037d98534d25385 [term 0 FOLLOWER]: Consensus starting up: Expiring failure detector timer to make a prompt election more likely
I20260608 10:04:49.238955 18355 raft_consensus.cc:740] T 00000000000000000000000000000000 P fd34d5bf01514ca1b037d98534d25385 [term 0 FOLLOWER]: Becoming Follower/Learner. State: Replica: fd34d5bf01514ca1b037d98534d25385, State: Initialized, Role: FOLLOWER
I20260608 10:04:49.239576 18355 consensus_queue.cc:260] T 00000000000000000000000000000000 P fd34d5bf01514ca1b037d98534d25385 [NON_LEADER]: Queue going to NON_LEADER mode. State: All replicated index: 0, Majority replicated index: 0, Committed index: 0, Last appended: 0.0, Last appended by leader: 0, Current term: 0, Majority size: -1, State: 0, Mode: NON_LEADER, active raft config: opid_index: -1 OBSOLETE_local: false peers { permanent_uuid: "fd34d5bf01514ca1b037d98534d25385" member_type: VOTER last_known_addr { host: "127.16.207.62" port: 38099 } } peers { permanent_uuid: "71576ec578eb46298ec1114ca35adb90" member_type: VOTER last_known_addr { host: "127.16.207.61" port: 36669 } } peers { permanent_uuid: "6ff0d8d9d23b4041ad83bbb73271dc79" member_type: VOTER last_known_addr { host: "127.16.207.60" port: 34995 } }
I20260608 10:04:49.241696 18507 sys_catalog.cc:455] T 00000000000000000000000000000000 P fd34d5bf01514ca1b037d98534d25385 [sys.catalog]: SysCatalogTable state changed. Reason: RaftConsensus started. Latest consensus state: current_term: 0 committed_config { opid_index: -1 OBSOLETE_local: false peers { permanent_uuid: "fd34d5bf01514ca1b037d98534d25385" member_type: VOTER last_known_addr { host: "127.16.207.62" port: 38099 } } peers { permanent_uuid: "71576ec578eb46298ec1114ca35adb90" member_type: VOTER last_known_addr { host: "127.16.207.61" port: 36669 } } peers { permanent_uuid: "6ff0d8d9d23b4041ad83bbb73271dc79" member_type: VOTER last_known_addr { host: "127.16.207.60" port: 34995 } } }
I20260608 10:04:49.242523 18507 sys_catalog.cc:458] T 00000000000000000000000000000000 P fd34d5bf01514ca1b037d98534d25385 [sys.catalog]: This master's current role is: FOLLOWER
I20260608 10:04:49.243256 18355 sys_catalog.cc:565] T 00000000000000000000000000000000 P fd34d5bf01514ca1b037d98534d25385 [sys.catalog]: configured and running, proceeding with master startup.
W20260608 10:04:49.255414 18523 catalog_manager.cc:1593] T 00000000000000000000000000000000 P 6ff0d8d9d23b4041ad83bbb73271dc79: loading cluster ID for follower catalog manager: Not found: cluster ID entry not found
W20260608 10:04:49.255760 18523 catalog_manager.cc:883] Not found: cluster ID entry not found: failed to prepare follower catalog manager, will retry
I20260608 10:04:49.257237 17212 internal_mini_cluster.cc:184] Waiting to initialize catalog manager on master 1
I20260608 10:04:49.257527 17212 internal_mini_cluster.cc:184] Waiting to initialize catalog manager on master 2
I20260608 10:04:49.259056 17212 file_cache.cc:492] Constructed file cache file cache with capacity 419430
W20260608 10:04:49.260584 18529 catalog_manager.cc:1593] T 00000000000000000000000000000000 P fd34d5bf01514ca1b037d98534d25385: loading cluster ID for follower catalog manager: Not found: cluster ID entry not found
W20260608 10:04:49.260901 18529 catalog_manager.cc:883] Not found: cluster ID entry not found: failed to prepare follower catalog manager, will retry
W20260608 10:04:49.265784 18530 instance_detector.cc:116] could not retrieve AWS instance metadata: Network error: curl error: HTTP response code said error: The requested URL returned error: 404
W20260608 10:04:49.266628 18531 instance_detector.cc:116] could not retrieve Azure instance metadata: Network error: curl error: HTTP response code said error: The requested URL returned error: 404
W20260608 10:04:49.268132 18533 instance_detector.cc:116] could not retrieve OpenStack instance metadata: Network error: curl error: HTTP response code said error: The requested URL returned error: 404
I20260608 10:04:49.268967 17212 server_base.cc:1061] running on GCE node
I20260608 10:04:49.269838 17212 hybrid_clock.cc:584] initializing the hybrid clock with 'system_unsync' time source
W20260608 10:04:49.270123 17212 system_unsync_time.cc:38] NTP support is disabled. Clock error bounds will not be accurate. This configuration is not suitable for distributed clusters.
I20260608 10:04:49.270306 17212 hybrid_clock.cc:648] HybridClock initialized: now 1780913089270285 us; error 0 us; skew 500 ppm
I20260608 10:04:49.270893 17212 server_base.cc:861] Flag tcmalloc_max_total_thread_cache_bytes is not working since tcmalloc is not enabled.
I20260608 10:04:49.273278 17212 webserver.cc:533] Webserver started at http://127.16.207.1:44671/ using document root <none> and password file <none>
I20260608 10:04:49.273802 17212 fs_manager.cc:362] Metadata directory not provided
I20260608 10:04:49.274056 17212 fs_manager.cc:368] Using write-ahead log directory (fs_wal_dir) as metadata directory
I20260608 10:04:49.274346 17212 server_base.cc:909] This appears to be a new deployment of Kudu; creating new FS layout
I20260608 10:04:49.275499 17212 fs_manager.cc:1068] Generated new instance metadata in path /tmp/dist-test-task1dBLzI/test-tmp/auto_rebalancer-test.0.AutoRebalancerTest.NextLeaderResumesAutoRebalancing.1780913074592635-17212-0/minicluster-data/ts-0-root/instance:
uuid: "b31df608ecc34b01b6fde890b84db7ce"
format_stamp: "Formatted at 2026-06-08 10:04:49 on dist-test-slave-g93p"
I20260608 10:04:49.280247 17212 fs_manager.cc:696] Time spent creating directory manager: real 0.004s	user 0.006s	sys 0.000s
I20260608 10:04:49.283687 18538 log_block_manager.cc:4031] Time spent loading block containers with low live blocks: real 0.000s	user 0.000s	sys 0.000s
I20260608 10:04:49.284415 17212 fs_manager.cc:730] Time spent opening block manager: real 0.002s	user 0.001s	sys 0.000s
I20260608 10:04:49.284719 17212 fs_manager.cc:647] Opened local filesystem: /tmp/dist-test-task1dBLzI/test-tmp/auto_rebalancer-test.0.AutoRebalancerTest.NextLeaderResumesAutoRebalancing.1780913074592635-17212-0/minicluster-data/ts-0-root
uuid: "b31df608ecc34b01b6fde890b84db7ce"
format_stamp: "Formatted at 2026-06-08 10:04:49 on dist-test-slave-g93p"
I20260608 10:04:49.284967 17212 fs_report.cc:389] FS layout report
--------------------
wal directory: /tmp/dist-test-task1dBLzI/test-tmp/auto_rebalancer-test.0.AutoRebalancerTest.NextLeaderResumesAutoRebalancing.1780913074592635-17212-0/minicluster-data/ts-0-root
metadata directory: /tmp/dist-test-task1dBLzI/test-tmp/auto_rebalancer-test.0.AutoRebalancerTest.NextLeaderResumesAutoRebalancing.1780913074592635-17212-0/minicluster-data/ts-0-root
1 data directories: /tmp/dist-test-task1dBLzI/test-tmp/auto_rebalancer-test.0.AutoRebalancerTest.NextLeaderResumesAutoRebalancing.1780913074592635-17212-0/minicluster-data/ts-0-root/data
Total live blocks: 0
Total live bytes: 0
Total live bytes (after alignment): 0
Total number of LBM containers: 0 (0 full)
Did not check for missing blocks
Did not check for orphaned blocks
Total full LBM containers with extra space: 0 (0 repaired)
Total full LBM container extra space in bytes: 0 (0 repaired)
Total incomplete LBM containers: 0 (0 repaired)
Total LBM partial records: 0 (0 repaired)
Total corrupted LBM metadata records in RocksDB: 0 (0 repaired)
I20260608 10:04:49.299780 17212 rpc_server.cc:225] running with OpenSSL 1.1.1  11 Sep 2018
I20260608 10:04:49.300958 17212 kserver.cc:163] Server-wide thread pool size limit: 3276
I20260608 10:04:49.302572 17212 txn_system_client.cc:432] TxnSystemClient initialization is disabled...
I20260608 10:04:49.305006 17212 ts_tablet_manager.cc:585] Loaded tablet metadata (0 total tablets, 0 live tablets)
I20260608 10:04:49.305197 17212 ts_tablet_manager.cc:531] Time spent load tablet metadata: real 0.000s	user 0.000s	sys 0.000s
I20260608 10:04:49.305502 17212 ts_tablet_manager.cc:616] Registered 0 tablets
I20260608 10:04:49.305666 17212 ts_tablet_manager.cc:595] Time spent register tablets: real 0.000s	user 0.000s	sys 0.000s
I20260608 10:04:49.346848 17212 rpc_server.cc:307] RPC server started. Bound to: 127.16.207.1:44705
I20260608 10:04:49.346985 18600 acceptor_pool.cc:272] collecting diagnostics on the listening RPC socket 127.16.207.1:44705 every 8 connection(s)
I20260608 10:04:49.362933 17212 file_cache.cc:492] Constructed file cache file cache with capacity 419430
I20260608 10:04:49.382014 18602 heartbeater.cc:344] Connected to a master server at 127.16.207.61:36669
I20260608 10:04:49.382248 18601 heartbeater.cc:344] Connected to a master server at 127.16.207.60:34995
I20260608 10:04:49.382555 18602 heartbeater.cc:461] Registering TS with master...
I20260608 10:04:49.382757 18601 heartbeater.cc:461] Registering TS with master...
W20260608 10:04:49.383456 18608 instance_detector.cc:116] could not retrieve AWS instance metadata: Network error: curl error: HTTP response code said error: The requested URL returned error: 404
I20260608 10:04:49.383930 18601 heartbeater.cc:507] Master 127.16.207.60:34995 requested a full tablet report, sending...
I20260608 10:04:49.384150 18602 heartbeater.cc:507] Master 127.16.207.61:36669 requested a full tablet report, sending...
I20260608 10:04:49.387629 18451 ts_manager.cc:194] Registered new tserver with Master: b31df608ecc34b01b6fde890b84db7ce (127.16.207.1:44705)
W20260608 10:04:49.391287 18609 instance_detector.cc:116] could not retrieve Azure instance metadata: Network error: curl error: HTTP response code said error: The requested URL returned error: 404
I20260608 10:04:49.391732 18603 heartbeater.cc:344] Connected to a master server at 127.16.207.62:38099
I20260608 10:04:49.392356 18603 heartbeater.cc:461] Registering TS with master...
I20260608 10:04:49.393332 18603 heartbeater.cc:507] Master 127.16.207.62:38099 requested a full tablet report, sending...
I20260608 10:04:49.395061 18385 ts_manager.cc:194] Registered new tserver with Master: b31df608ecc34b01b6fde890b84db7ce (127.16.207.1:44705)
W20260608 10:04:49.395331 18611 instance_detector.cc:116] could not retrieve OpenStack instance metadata: Network error: curl error: HTTP response code said error: The requested URL returned error: 404
I20260608 10:04:49.396003 17212 server_base.cc:1061] running on GCE node
I20260608 10:04:49.396502 18320 ts_manager.cc:194] Registered new tserver with Master: b31df608ecc34b01b6fde890b84db7ce (127.16.207.1:44705)
I20260608 10:04:49.397262 17212 hybrid_clock.cc:584] initializing the hybrid clock with 'system_unsync' time source
W20260608 10:04:49.397553 17212 system_unsync_time.cc:38] NTP support is disabled. Clock error bounds will not be accurate. This configuration is not suitable for distributed clusters.
I20260608 10:04:49.397809 17212 hybrid_clock.cc:648] HybridClock initialized: now 1780913089397788 us; error 0 us; skew 500 ppm
I20260608 10:04:49.398546 17212 server_base.cc:861] Flag tcmalloc_max_total_thread_cache_bytes is not working since tcmalloc is not enabled.
I20260608 10:04:49.400869 17212 webserver.cc:533] Webserver started at http://127.16.207.2:33749/ using document root <none> and password file <none>
I20260608 10:04:49.401402 17212 fs_manager.cc:362] Metadata directory not provided
I20260608 10:04:49.401604 17212 fs_manager.cc:368] Using write-ahead log directory (fs_wal_dir) as metadata directory
I20260608 10:04:49.401945 17212 server_base.cc:909] This appears to be a new deployment of Kudu; creating new FS layout
I20260608 10:04:49.403111 17212 fs_manager.cc:1068] Generated new instance metadata in path /tmp/dist-test-task1dBLzI/test-tmp/auto_rebalancer-test.0.AutoRebalancerTest.NextLeaderResumesAutoRebalancing.1780913074592635-17212-0/minicluster-data/ts-1-root/instance:
uuid: "ee99afb091cb4826b12e4cd57587761d"
format_stamp: "Formatted at 2026-06-08 10:04:49 on dist-test-slave-g93p"
I20260608 10:04:49.407790 17212 fs_manager.cc:696] Time spent creating directory manager: real 0.004s	user 0.005s	sys 0.000s
I20260608 10:04:49.411460 18616 log_block_manager.cc:4031] Time spent loading block containers with low live blocks: real 0.000s	user 0.000s	sys 0.000s
I20260608 10:04:49.412344 17212 fs_manager.cc:730] Time spent opening block manager: real 0.003s	user 0.003s	sys 0.001s
I20260608 10:04:49.412659 17212 fs_manager.cc:647] Opened local filesystem: /tmp/dist-test-task1dBLzI/test-tmp/auto_rebalancer-test.0.AutoRebalancerTest.NextLeaderResumesAutoRebalancing.1780913074592635-17212-0/minicluster-data/ts-1-root
uuid: "ee99afb091cb4826b12e4cd57587761d"
format_stamp: "Formatted at 2026-06-08 10:04:49 on dist-test-slave-g93p"
I20260608 10:04:49.412962 17212 fs_report.cc:389] FS layout report
--------------------
wal directory: /tmp/dist-test-task1dBLzI/test-tmp/auto_rebalancer-test.0.AutoRebalancerTest.NextLeaderResumesAutoRebalancing.1780913074592635-17212-0/minicluster-data/ts-1-root
metadata directory: /tmp/dist-test-task1dBLzI/test-tmp/auto_rebalancer-test.0.AutoRebalancerTest.NextLeaderResumesAutoRebalancing.1780913074592635-17212-0/minicluster-data/ts-1-root
1 data directories: /tmp/dist-test-task1dBLzI/test-tmp/auto_rebalancer-test.0.AutoRebalancerTest.NextLeaderResumesAutoRebalancing.1780913074592635-17212-0/minicluster-data/ts-1-root/data
Total live blocks: 0
Total live bytes: 0
Total live bytes (after alignment): 0
Total number of LBM containers: 0 (0 full)
Did not check for missing blocks
Did not check for orphaned blocks
Total full LBM containers with extra space: 0 (0 repaired)
Total full LBM container extra space in bytes: 0 (0 repaired)
Total incomplete LBM containers: 0 (0 repaired)
Total LBM partial records: 0 (0 repaired)
Total corrupted LBM metadata records in RocksDB: 0 (0 repaired)
I20260608 10:04:49.432211 17212 rpc_server.cc:225] running with OpenSSL 1.1.1  11 Sep 2018
I20260608 10:04:49.433563 17212 kserver.cc:163] Server-wide thread pool size limit: 3276
I20260608 10:04:49.435151 17212 txn_system_client.cc:432] TxnSystemClient initialization is disabled...
I20260608 10:04:49.437515 17212 ts_tablet_manager.cc:585] Loaded tablet metadata (0 total tablets, 0 live tablets)
I20260608 10:04:49.437762 17212 ts_tablet_manager.cc:531] Time spent load tablet metadata: real 0.000s	user 0.000s	sys 0.000s
I20260608 10:04:49.438035 17212 ts_tablet_manager.cc:616] Registered 0 tablets
I20260608 10:04:49.438232 17212 ts_tablet_manager.cc:595] Time spent register tablets: real 0.000s	user 0.000s	sys 0.000s
I20260608 10:04:49.477734 17212 rpc_server.cc:307] RPC server started. Bound to: 127.16.207.2:35917
I20260608 10:04:49.478029 18678 acceptor_pool.cc:272] collecting diagnostics on the listening RPC socket 127.16.207.2:35917 every 8 connection(s)
I20260608 10:04:49.492105 17212 file_cache.cc:492] Constructed file cache file cache with capacity 419430
I20260608 10:04:49.501922 18679 heartbeater.cc:344] Connected to a master server at 127.16.207.60:34995
I20260608 10:04:49.502321 18680 heartbeater.cc:344] Connected to a master server at 127.16.207.61:36669
I20260608 10:04:49.502960 18680 heartbeater.cc:461] Registering TS with master...
I20260608 10:04:49.504181 18680 heartbeater.cc:507] Master 127.16.207.61:36669 requested a full tablet report, sending...
W20260608 10:04:49.507086 18687 instance_detector.cc:116] could not retrieve Azure instance metadata: Network error: curl error: HTTP response code said error: The requested URL returned error: 404
W20260608 10:04:49.507228 18686 instance_detector.cc:116] could not retrieve AWS instance metadata: Network error: curl error: HTTP response code said error: The requested URL returned error: 404
I20260608 10:04:49.502470 18679 heartbeater.cc:461] Registering TS with master...
I20260608 10:04:49.509102 18679 heartbeater.cc:507] Master 127.16.207.60:34995 requested a full tablet report, sending...
I20260608 10:04:49.512283 18385 ts_manager.cc:194] Registered new tserver with Master: ee99afb091cb4826b12e4cd57587761d (127.16.207.2:35917)
I20260608 10:04:49.513757 18451 ts_manager.cc:194] Registered new tserver with Master: ee99afb091cb4826b12e4cd57587761d (127.16.207.2:35917)
I20260608 10:04:49.516871 18681 heartbeater.cc:344] Connected to a master server at 127.16.207.62:38099
W20260608 10:04:49.517006 18689 instance_detector.cc:116] could not retrieve OpenStack instance metadata: Network error: curl error: HTTP response code said error: The requested URL returned error: 404
I20260608 10:04:49.517338 17212 server_base.cc:1061] running on GCE node
I20260608 10:04:49.517474 18681 heartbeater.cc:461] Registering TS with master...
I20260608 10:04:49.518556 18681 heartbeater.cc:507] Master 127.16.207.62:38099 requested a full tablet report, sending...
I20260608 10:04:49.518652 17212 hybrid_clock.cc:584] initializing the hybrid clock with 'system_unsync' time source
W20260608 10:04:49.518975 17212 system_unsync_time.cc:38] NTP support is disabled. Clock error bounds will not be accurate. This configuration is not suitable for distributed clusters.
I20260608 10:04:49.519178 17212 hybrid_clock.cc:648] HybridClock initialized: now 1780913089519161 us; error 0 us; skew 500 ppm
I20260608 10:04:49.519816 17212 server_base.cc:861] Flag tcmalloc_max_total_thread_cache_bytes is not working since tcmalloc is not enabled.
I20260608 10:04:49.521560 18320 ts_manager.cc:194] Registered new tserver with Master: ee99afb091cb4826b12e4cd57587761d (127.16.207.2:35917)
I20260608 10:04:49.523072 17212 webserver.cc:533] Webserver started at http://127.16.207.3:44377/ using document root <none> and password file <none>
I20260608 10:04:49.523581 17212 fs_manager.cc:362] Metadata directory not provided
I20260608 10:04:49.523744 17212 fs_manager.cc:368] Using write-ahead log directory (fs_wal_dir) as metadata directory
I20260608 10:04:49.523955 17212 server_base.cc:909] This appears to be a new deployment of Kudu; creating new FS layout
I20260608 10:04:49.524978 17212 fs_manager.cc:1068] Generated new instance metadata in path /tmp/dist-test-task1dBLzI/test-tmp/auto_rebalancer-test.0.AutoRebalancerTest.NextLeaderResumesAutoRebalancing.1780913074592635-17212-0/minicluster-data/ts-2-root/instance:
uuid: "4714b80a5fd1480aa39cb4321d8662c2"
format_stamp: "Formatted at 2026-06-08 10:04:49 on dist-test-slave-g93p"
I20260608 10:04:49.530167 17212 fs_manager.cc:696] Time spent creating directory manager: real 0.005s	user 0.006s	sys 0.000s
I20260608 10:04:49.533483 18694 log_block_manager.cc:4031] Time spent loading block containers with low live blocks: real 0.000s	user 0.000s	sys 0.000s
I20260608 10:04:49.534354 17212 fs_manager.cc:730] Time spent opening block manager: real 0.002s	user 0.002s	sys 0.001s
I20260608 10:04:49.534685 17212 fs_manager.cc:647] Opened local filesystem: /tmp/dist-test-task1dBLzI/test-tmp/auto_rebalancer-test.0.AutoRebalancerTest.NextLeaderResumesAutoRebalancing.1780913074592635-17212-0/minicluster-data/ts-2-root
uuid: "4714b80a5fd1480aa39cb4321d8662c2"
format_stamp: "Formatted at 2026-06-08 10:04:49 on dist-test-slave-g93p"
I20260608 10:04:49.534974 17212 fs_report.cc:389] FS layout report
--------------------
wal directory: /tmp/dist-test-task1dBLzI/test-tmp/auto_rebalancer-test.0.AutoRebalancerTest.NextLeaderResumesAutoRebalancing.1780913074592635-17212-0/minicluster-data/ts-2-root
metadata directory: /tmp/dist-test-task1dBLzI/test-tmp/auto_rebalancer-test.0.AutoRebalancerTest.NextLeaderResumesAutoRebalancing.1780913074592635-17212-0/minicluster-data/ts-2-root
1 data directories: /tmp/dist-test-task1dBLzI/test-tmp/auto_rebalancer-test.0.AutoRebalancerTest.NextLeaderResumesAutoRebalancing.1780913074592635-17212-0/minicluster-data/ts-2-root/data
Total live blocks: 0
Total live bytes: 0
Total live bytes (after alignment): 0
Total number of LBM containers: 0 (0 full)
Did not check for missing blocks
Did not check for orphaned blocks
Total full LBM containers with extra space: 0 (0 repaired)
Total full LBM container extra space in bytes: 0 (0 repaired)
Total incomplete LBM containers: 0 (0 repaired)
Total LBM partial records: 0 (0 repaired)
Total corrupted LBM metadata records in RocksDB: 0 (0 repaired)
I20260608 10:04:49.575161 17212 rpc_server.cc:225] running with OpenSSL 1.1.1  11 Sep 2018
I20260608 10:04:49.576725 17212 kserver.cc:163] Server-wide thread pool size limit: 3276
I20260608 10:04:49.578289 17212 txn_system_client.cc:432] TxnSystemClient initialization is disabled...
I20260608 10:04:49.580646 17212 ts_tablet_manager.cc:585] Loaded tablet metadata (0 total tablets, 0 live tablets)
I20260608 10:04:49.580888 17212 ts_tablet_manager.cc:531] Time spent load tablet metadata: real 0.000s	user 0.000s	sys 0.000s
I20260608 10:04:49.581137 17212 ts_tablet_manager.cc:616] Registered 0 tablets
I20260608 10:04:49.581328 17212 ts_tablet_manager.cc:595] Time spent register tablets: real 0.000s	user 0.000s	sys 0.000s
I20260608 10:04:49.595834 18506 raft_consensus.cc:493] T 00000000000000000000000000000000 P 6ff0d8d9d23b4041ad83bbb73271dc79 [term 0 FOLLOWER]: Starting pre-election (no leader contacted us within the election timeout)
I20260608 10:04:49.596931 18506 raft_consensus.cc:515] T 00000000000000000000000000000000 P 6ff0d8d9d23b4041ad83bbb73271dc79 [term 0 FOLLOWER]: Starting pre-election with config: opid_index: -1 OBSOLETE_local: false peers { permanent_uuid: "fd34d5bf01514ca1b037d98534d25385" member_type: VOTER last_known_addr { host: "127.16.207.62" port: 38099 } } peers { permanent_uuid: "71576ec578eb46298ec1114ca35adb90" member_type: VOTER last_known_addr { host: "127.16.207.61" port: 36669 } } peers { permanent_uuid: "6ff0d8d9d23b4041ad83bbb73271dc79" member_type: VOTER last_known_addr { host: "127.16.207.60" port: 34995 } }
I20260608 10:04:49.600162 18506 leader_election.cc:290] T 00000000000000000000000000000000 P 6ff0d8d9d23b4041ad83bbb73271dc79 [CANDIDATE]: Term 1 pre-election: Requested pre-vote from peers fd34d5bf01514ca1b037d98534d25385 (127.16.207.62:38099), 71576ec578eb46298ec1114ca35adb90 (127.16.207.61:36669)
I20260608 10:04:49.601018 18330 tablet_service.cc:1917] Received RequestConsensusVote() RPC: tablet_id: "00000000000000000000000000000000" candidate_uuid: "6ff0d8d9d23b4041ad83bbb73271dc79" candidate_term: 1 candidate_status { last_received { term: 0 index: 0 } } ignore_live_leader: false dest_uuid: "fd34d5bf01514ca1b037d98534d25385" is_pre_election: true
I20260608 10:04:49.601524 18394 tablet_service.cc:1917] Received RequestConsensusVote() RPC: tablet_id: "00000000000000000000000000000000" candidate_uuid: "6ff0d8d9d23b4041ad83bbb73271dc79" candidate_term: 1 candidate_status { last_received { term: 0 index: 0 } } ignore_live_leader: false dest_uuid: "71576ec578eb46298ec1114ca35adb90" is_pre_election: true
I20260608 10:04:49.601701 18330 raft_consensus.cc:2468] T 00000000000000000000000000000000 P fd34d5bf01514ca1b037d98534d25385 [term 0 FOLLOWER]: Leader pre-election vote request: Granting yes vote for candidate 6ff0d8d9d23b4041ad83bbb73271dc79 in term 0.
I20260608 10:04:49.602211 18394 raft_consensus.cc:2468] T 00000000000000000000000000000000 P 71576ec578eb46298ec1114ca35adb90 [term 0 FOLLOWER]: Leader pre-election vote request: Granting yes vote for candidate 6ff0d8d9d23b4041ad83bbb73271dc79 in term 0.
I20260608 10:04:49.603346 18436 leader_election.cc:304] T 00000000000000000000000000000000 P 6ff0d8d9d23b4041ad83bbb73271dc79 [CANDIDATE]: Term 1 pre-election: Election decided. Result: candidate won. Election summary: received 2 responses out of 3 voters: 2 yes votes; 0 no votes. yes voters: 6ff0d8d9d23b4041ad83bbb73271dc79, fd34d5bf01514ca1b037d98534d25385; no voters: 
I20260608 10:04:49.604375 18506 raft_consensus.cc:2804] T 00000000000000000000000000000000 P 6ff0d8d9d23b4041ad83bbb73271dc79 [term 0 FOLLOWER]: Leader pre-election won for term 1
I20260608 10:04:49.604811 18506 raft_consensus.cc:493] T 00000000000000000000000000000000 P 6ff0d8d9d23b4041ad83bbb73271dc79 [term 0 FOLLOWER]: Starting leader election (no leader contacted us within the election timeout)
I20260608 10:04:49.605188 18506 raft_consensus.cc:3060] T 00000000000000000000000000000000 P 6ff0d8d9d23b4041ad83bbb73271dc79 [term 0 FOLLOWER]: Advancing to term 1
I20260608 10:04:49.610181 18506 raft_consensus.cc:515] T 00000000000000000000000000000000 P 6ff0d8d9d23b4041ad83bbb73271dc79 [term 1 FOLLOWER]: Starting leader election with config: opid_index: -1 OBSOLETE_local: false peers { permanent_uuid: "fd34d5bf01514ca1b037d98534d25385" member_type: VOTER last_known_addr { host: "127.16.207.62" port: 38099 } } peers { permanent_uuid: "71576ec578eb46298ec1114ca35adb90" member_type: VOTER last_known_addr { host: "127.16.207.61" port: 36669 } } peers { permanent_uuid: "6ff0d8d9d23b4041ad83bbb73271dc79" member_type: VOTER last_known_addr { host: "127.16.207.60" port: 34995 } }
I20260608 10:04:49.613000 18506 leader_election.cc:290] T 00000000000000000000000000000000 P 6ff0d8d9d23b4041ad83bbb73271dc79 [CANDIDATE]: Term 1 election: Requested vote from peers fd34d5bf01514ca1b037d98534d25385 (127.16.207.62:38099), 71576ec578eb46298ec1114ca35adb90 (127.16.207.61:36669)
I20260608 10:04:49.613189 18330 tablet_service.cc:1917] Received RequestConsensusVote() RPC: tablet_id: "00000000000000000000000000000000" candidate_uuid: "6ff0d8d9d23b4041ad83bbb73271dc79" candidate_term: 1 candidate_status { last_received { term: 0 index: 0 } } ignore_live_leader: false dest_uuid: "fd34d5bf01514ca1b037d98534d25385"
I20260608 10:04:49.613418 18394 tablet_service.cc:1917] Received RequestConsensusVote() RPC: tablet_id: "00000000000000000000000000000000" candidate_uuid: "6ff0d8d9d23b4041ad83bbb73271dc79" candidate_term: 1 candidate_status { last_received { term: 0 index: 0 } } ignore_live_leader: false dest_uuid: "71576ec578eb46298ec1114ca35adb90"
I20260608 10:04:49.614115 18330 raft_consensus.cc:3060] T 00000000000000000000000000000000 P fd34d5bf01514ca1b037d98534d25385 [term 0 FOLLOWER]: Advancing to term 1
I20260608 10:04:49.614224 18394 raft_consensus.cc:3060] T 00000000000000000000000000000000 P 71576ec578eb46298ec1114ca35adb90 [term 0 FOLLOWER]: Advancing to term 1
I20260608 10:04:49.621961 18394 raft_consensus.cc:2468] T 00000000000000000000000000000000 P 71576ec578eb46298ec1114ca35adb90 [term 1 FOLLOWER]: Leader election vote request: Granting yes vote for candidate 6ff0d8d9d23b4041ad83bbb73271dc79 in term 1.
I20260608 10:04:49.623246 18434 leader_election.cc:304] T 00000000000000000000000000000000 P 6ff0d8d9d23b4041ad83bbb73271dc79 [CANDIDATE]: Term 1 election: Election decided. Result: candidate won. Election summary: received 2 responses out of 3 voters: 2 yes votes; 0 no votes. yes voters: 6ff0d8d9d23b4041ad83bbb73271dc79, 71576ec578eb46298ec1114ca35adb90; no voters: 
I20260608 10:04:49.624023 18506 raft_consensus.cc:2804] T 00000000000000000000000000000000 P 6ff0d8d9d23b4041ad83bbb73271dc79 [term 1 FOLLOWER]: Leader election won for term 1
I20260608 10:04:49.624709 18330 raft_consensus.cc:2468] T 00000000000000000000000000000000 P fd34d5bf01514ca1b037d98534d25385 [term 1 FOLLOWER]: Leader election vote request: Granting yes vote for candidate 6ff0d8d9d23b4041ad83bbb73271dc79 in term 1.
I20260608 10:04:49.625262 18506 raft_consensus.cc:697] T 00000000000000000000000000000000 P 6ff0d8d9d23b4041ad83bbb73271dc79 [term 1 LEADER]: Becoming Leader. State: Replica: 6ff0d8d9d23b4041ad83bbb73271dc79, State: Running, Role: LEADER
I20260608 10:04:49.626322 18506 consensus_queue.cc:237] T 00000000000000000000000000000000 P 6ff0d8d9d23b4041ad83bbb73271dc79 [LEADER]: Queue going to LEADER mode. State: All replicated index: 0, Majority replicated index: 0, Committed index: 0, Last appended: 0.0, Last appended by leader: 0, Current term: 1, Majority size: 2, State: 0, Mode: LEADER, active raft config: opid_index: -1 OBSOLETE_local: false peers { permanent_uuid: "fd34d5bf01514ca1b037d98534d25385" member_type: VOTER last_known_addr { host: "127.16.207.62" port: 38099 } } peers { permanent_uuid: "71576ec578eb46298ec1114ca35adb90" member_type: VOTER last_known_addr { host: "127.16.207.61" port: 36669 } } peers { permanent_uuid: "6ff0d8d9d23b4041ad83bbb73271dc79" member_type: VOTER last_known_addr { host: "127.16.207.60" port: 34995 } }
I20260608 10:04:49.630954 18742 sys_catalog.cc:455] T 00000000000000000000000000000000 P 6ff0d8d9d23b4041ad83bbb73271dc79 [sys.catalog]: SysCatalogTable state changed. Reason: New leader 6ff0d8d9d23b4041ad83bbb73271dc79. Latest consensus state: current_term: 1 leader_uuid: "6ff0d8d9d23b4041ad83bbb73271dc79" committed_config { opid_index: -1 OBSOLETE_local: false peers { permanent_uuid: "fd34d5bf01514ca1b037d98534d25385" member_type: VOTER last_known_addr { host: "127.16.207.62" port: 38099 } } peers { permanent_uuid: "71576ec578eb46298ec1114ca35adb90" member_type: VOTER last_known_addr { host: "127.16.207.61" port: 36669 } } peers { permanent_uuid: "6ff0d8d9d23b4041ad83bbb73271dc79" member_type: VOTER last_known_addr { host: "127.16.207.60" port: 34995 } } }
I20260608 10:04:49.631892 18742 sys_catalog.cc:458] T 00000000000000000000000000000000 P 6ff0d8d9d23b4041ad83bbb73271dc79 [sys.catalog]: This master's current role is: LEADER
I20260608 10:04:49.633648 18748 catalog_manager.cc:1510] Loading table and tablet metadata into memory...
I20260608 10:04:49.639456 18748 catalog_manager.cc:1519] Initializing Kudu cluster ID...
I20260608 10:04:49.645375 17212 rpc_server.cc:307] RPC server started. Bound to: 127.16.207.3:42191
I20260608 10:04:49.645521 18760 acceptor_pool.cc:272] collecting diagnostics on the listening RPC socket 127.16.207.3:42191 every 8 connection(s)
I20260608 10:04:49.649369 18394 raft_consensus.cc:1275] T 00000000000000000000000000000000 P 71576ec578eb46298ec1114ca35adb90 [term 1 FOLLOWER]: Refusing update from remote peer 6ff0d8d9d23b4041ad83bbb73271dc79: Log matching property violated. Preceding OpId in replica: term: 0 index: 0. Preceding OpId from leader: term: 1 index: 2. (index mismatch)
I20260608 10:04:49.650029 18330 raft_consensus.cc:1275] T 00000000000000000000000000000000 P fd34d5bf01514ca1b037d98534d25385 [term 1 FOLLOWER]: Refusing update from remote peer 6ff0d8d9d23b4041ad83bbb73271dc79: Log matching property violated. Preceding OpId in replica: term: 0 index: 0. Preceding OpId from leader: term: 1 index: 2. (index mismatch)
I20260608 10:04:49.651489 18506 consensus_queue.cc:1048] T 00000000000000000000000000000000 P 6ff0d8d9d23b4041ad83bbb73271dc79 [LEADER]: Connected to new peer: Peer: permanent_uuid: "71576ec578eb46298ec1114ca35adb90" member_type: VOTER last_known_addr { host: "127.16.207.61" port: 36669 }, Status: LMP_MISMATCH, Last received: 0.0, Next index: 1, Last known committed idx: 0, Time since last communication: 0.000s
I20260608 10:04:49.652424 18742 consensus_queue.cc:1048] T 00000000000000000000000000000000 P 6ff0d8d9d23b4041ad83bbb73271dc79 [LEADER]: Connected to new peer: Peer: permanent_uuid: "fd34d5bf01514ca1b037d98534d25385" member_type: VOTER last_known_addr { host: "127.16.207.62" port: 38099 }, Status: LMP_MISMATCH, Last received: 0.0, Next index: 1, Last known committed idx: 0, Time since last communication: 0.000s
I20260608 10:04:49.696748 18491 sys_catalog.cc:455] T 00000000000000000000000000000000 P 71576ec578eb46298ec1114ca35adb90 [sys.catalog]: SysCatalogTable state changed. Reason: New leader 6ff0d8d9d23b4041ad83bbb73271dc79. Latest consensus state: current_term: 1 leader_uuid: "6ff0d8d9d23b4041ad83bbb73271dc79" committed_config { opid_index: -1 OBSOLETE_local: false peers { permanent_uuid: "fd34d5bf01514ca1b037d98534d25385" member_type: VOTER last_known_addr { host: "127.16.207.62" port: 38099 } } peers { permanent_uuid: "71576ec578eb46298ec1114ca35adb90" member_type: VOTER last_known_addr { host: "127.16.207.61" port: 36669 } } peers { permanent_uuid: "6ff0d8d9d23b4041ad83bbb73271dc79" member_type: VOTER last_known_addr { host: "127.16.207.60" port: 34995 } } }
I20260608 10:04:49.697535 18491 sys_catalog.cc:458] T 00000000000000000000000000000000 P 71576ec578eb46298ec1114ca35adb90 [sys.catalog]: This master's current role is: FOLLOWER
I20260608 10:04:49.698591 18763 heartbeater.cc:344] Connected to a master server at 127.16.207.62:38099
I20260608 10:04:49.699106 18763 heartbeater.cc:461] Registering TS with master...
I20260608 10:04:49.700096 18763 heartbeater.cc:507] Master 127.16.207.62:38099 requested a full tablet report, sending...
I20260608 10:04:49.708878 18320 ts_manager.cc:194] Registered new tserver with Master: 4714b80a5fd1480aa39cb4321d8662c2 (127.16.207.3:42191)
I20260608 10:04:49.711352 18507 sys_catalog.cc:455] T 00000000000000000000000000000000 P fd34d5bf01514ca1b037d98534d25385 [sys.catalog]: SysCatalogTable state changed. Reason: New leader 6ff0d8d9d23b4041ad83bbb73271dc79. Latest consensus state: current_term: 1 leader_uuid: "6ff0d8d9d23b4041ad83bbb73271dc79" committed_config { opid_index: -1 OBSOLETE_local: false peers { permanent_uuid: "fd34d5bf01514ca1b037d98534d25385" member_type: VOTER last_known_addr { host: "127.16.207.62" port: 38099 } } peers { permanent_uuid: "71576ec578eb46298ec1114ca35adb90" member_type: VOTER last_known_addr { host: "127.16.207.61" port: 36669 } } peers { permanent_uuid: "6ff0d8d9d23b4041ad83bbb73271dc79" member_type: VOTER last_known_addr { host: "127.16.207.60" port: 34995 } } }
I20260608 10:04:49.712288 18507 sys_catalog.cc:458] T 00000000000000000000000000000000 P fd34d5bf01514ca1b037d98534d25385 [sys.catalog]: This master's current role is: FOLLOWER
I20260608 10:04:49.721382 18742 sys_catalog.cc:455] T 00000000000000000000000000000000 P 6ff0d8d9d23b4041ad83bbb73271dc79 [sys.catalog]: SysCatalogTable state changed. Reason: Peer health change. Latest consensus state: current_term: 1 leader_uuid: "6ff0d8d9d23b4041ad83bbb73271dc79" committed_config { opid_index: -1 OBSOLETE_local: false peers { permanent_uuid: "fd34d5bf01514ca1b037d98534d25385" member_type: VOTER last_known_addr { host: "127.16.207.62" port: 38099 } } peers { permanent_uuid: "71576ec578eb46298ec1114ca35adb90" member_type: VOTER last_known_addr { host: "127.16.207.61" port: 36669 } } peers { permanent_uuid: "6ff0d8d9d23b4041ad83bbb73271dc79" member_type: VOTER last_known_addr { host: "127.16.207.60" port: 34995 } } }
I20260608 10:04:49.722549 18742 sys_catalog.cc:458] T 00000000000000000000000000000000 P 6ff0d8d9d23b4041ad83bbb73271dc79 [sys.catalog]: This master's current role is: LEADER
I20260608 10:04:49.728984 18748 catalog_manager.cc:1382] Generated new cluster ID: 15a55d1eb99842a9a5bde9977a438170
I20260608 10:04:49.726521 18491 sys_catalog.cc:455] T 00000000000000000000000000000000 P 71576ec578eb46298ec1114ca35adb90 [sys.catalog]: SysCatalogTable state changed. Reason: Replicated consensus-only round. Latest consensus state: current_term: 1 leader_uuid: "6ff0d8d9d23b4041ad83bbb73271dc79" committed_config { opid_index: -1 OBSOLETE_local: false peers { permanent_uuid: "fd34d5bf01514ca1b037d98534d25385" member_type: VOTER last_known_addr { host: "127.16.207.62" port: 38099 } } peers { permanent_uuid: "71576ec578eb46298ec1114ca35adb90" member_type: VOTER last_known_addr { host: "127.16.207.61" port: 36669 } } peers { permanent_uuid: "6ff0d8d9d23b4041ad83bbb73271dc79" member_type: VOTER last_known_addr { host: "127.16.207.60" port: 34995 } } }
I20260608 10:04:49.727097 18742 sys_catalog.cc:455] T 00000000000000000000000000000000 P 6ff0d8d9d23b4041ad83bbb73271dc79 [sys.catalog]: SysCatalogTable state changed. Reason: Peer health change. Latest consensus state: current_term: 1 leader_uuid: "6ff0d8d9d23b4041ad83bbb73271dc79" committed_config { opid_index: -1 OBSOLETE_local: false peers { permanent_uuid: "fd34d5bf01514ca1b037d98534d25385" member_type: VOTER last_known_addr { host: "127.16.207.62" port: 38099 } } peers { permanent_uuid: "71576ec578eb46298ec1114ca35adb90" member_type: VOTER last_known_addr { host: "127.16.207.61" port: 36669 } } peers { permanent_uuid: "6ff0d8d9d23b4041ad83bbb73271dc79" member_type: VOTER last_known_addr { host: "127.16.207.60" port: 34995 } } }
I20260608 10:04:49.731562 18748 catalog_manager.cc:1530] Initializing Kudu internal certificate authority...
I20260608 10:04:49.734737 18762 heartbeater.cc:344] Connected to a master server at 127.16.207.61:36669
I20260608 10:04:49.735184 18762 heartbeater.cc:461] Registering TS with master...
I20260608 10:04:49.735051 18507 sys_catalog.cc:455] T 00000000000000000000000000000000 P fd34d5bf01514ca1b037d98534d25385 [sys.catalog]: SysCatalogTable state changed. Reason: Replicated consensus-only round. Latest consensus state: current_term: 1 leader_uuid: "6ff0d8d9d23b4041ad83bbb73271dc79" committed_config { opid_index: -1 OBSOLETE_local: false peers { permanent_uuid: "fd34d5bf01514ca1b037d98534d25385" member_type: VOTER last_known_addr { host: "127.16.207.62" port: 38099 } } peers { permanent_uuid: "71576ec578eb46298ec1114ca35adb90" member_type: VOTER last_known_addr { host: "127.16.207.61" port: 36669 } } peers { permanent_uuid: "6ff0d8d9d23b4041ad83bbb73271dc79" member_type: VOTER last_known_addr { host: "127.16.207.60" port: 34995 } } }
I20260608 10:04:49.735819 18507 sys_catalog.cc:458] T 00000000000000000000000000000000 P fd34d5bf01514ca1b037d98534d25385 [sys.catalog]: This master's current role is: FOLLOWER
I20260608 10:04:49.736197 18762 heartbeater.cc:507] Master 127.16.207.61:36669 requested a full tablet report, sending...
I20260608 10:04:49.733451 18491 sys_catalog.cc:458] T 00000000000000000000000000000000 P 71576ec578eb46298ec1114ca35adb90 [sys.catalog]: This master's current role is: FOLLOWER
I20260608 10:04:49.736833 18761 heartbeater.cc:344] Connected to a master server at 127.16.207.60:34995
I20260608 10:04:49.737151 18742 sys_catalog.cc:458] T 00000000000000000000000000000000 P 6ff0d8d9d23b4041ad83bbb73271dc79 [sys.catalog]: This master's current role is: LEADER
I20260608 10:04:49.737273 18761 heartbeater.cc:461] Registering TS with master...
I20260608 10:04:49.738715 18761 heartbeater.cc:507] Master 127.16.207.60:34995 requested a full tablet report, sending...
I20260608 10:04:49.739480 18385 ts_manager.cc:194] Registered new tserver with Master: 4714b80a5fd1480aa39cb4321d8662c2 (127.16.207.3:42191)
I20260608 10:04:49.742022 18451 ts_manager.cc:194] Registered new tserver with Master: 4714b80a5fd1480aa39cb4321d8662c2 (127.16.207.3:42191)
I20260608 10:04:49.742614 17212 internal_mini_cluster.cc:371] 3 TS(s) registered with all masters after 0.090884841s
I20260608 10:04:49.771670 18748 catalog_manager.cc:1405] Generated new certificate authority record
I20260608 10:04:49.773515 18748 catalog_manager.cc:1539] Loading token signing keys...
I20260608 10:04:49.796180 18748 catalog_manager.cc:6069] T 00000000000000000000000000000000 P 6ff0d8d9d23b4041ad83bbb73271dc79: Generated new TSK 0
I20260608 10:04:49.797206 18748 catalog_manager.cc:1549] Initializing in-progress tserver states...
I20260608 10:04:50.232209 18503 catalog_manager.cc:1294] Loaded cluster ID: 15a55d1eb99842a9a5bde9977a438170
I20260608 10:04:50.232538 18503 catalog_manager.cc:1587] T 00000000000000000000000000000000 P 71576ec578eb46298ec1114ca35adb90: loading cluster ID for follower catalog manager: success
I20260608 10:04:50.238575 18503 catalog_manager.cc:1609] T 00000000000000000000000000000000 P 71576ec578eb46298ec1114ca35adb90: acquiring CA information for follower catalog manager: success
I20260608 10:04:50.242100 18503 catalog_manager.cc:1637] T 00000000000000000000000000000000 P 71576ec578eb46298ec1114ca35adb90: importing token verification keys for follower catalog manager: success; most recent TSK sequence number 0
I20260608 10:04:50.264858 18529 catalog_manager.cc:1294] Loaded cluster ID: 15a55d1eb99842a9a5bde9977a438170
I20260608 10:04:50.265141 18529 catalog_manager.cc:1587] T 00000000000000000000000000000000 P fd34d5bf01514ca1b037d98534d25385: loading cluster ID for follower catalog manager: success
I20260608 10:04:50.269570 18529 catalog_manager.cc:1609] T 00000000000000000000000000000000 P fd34d5bf01514ca1b037d98534d25385: acquiring CA information for follower catalog manager: success
I20260608 10:04:50.273034 18529 catalog_manager.cc:1637] T 00000000000000000000000000000000 P fd34d5bf01514ca1b037d98534d25385: importing token verification keys for follower catalog manager: success; most recent TSK sequence number 0
I20260608 10:04:50.394603 18451 master_service.cc:502] Signed X509 certificate for tserver {username='slave'} at 127.0.0.1:34874
I20260608 10:04:50.519240 18451 master_service.cc:502] Signed X509 certificate for tserver {username='slave'} at 127.0.0.1:34886
I20260608 10:04:50.747632 18451 master_service.cc:502] Signed X509 certificate for tserver {username='slave'} at 127.0.0.1:34898
I20260608 10:04:51.251886 18522 auto_leader_rebalancer.cc:451] All tables' leader rebalancing finished this round
I20260608 10:04:51.397387 18601 heartbeater.cc:499] Master 127.16.207.60:34995 was elected leader, sending a full tablet report...
I20260608 10:04:51.447180 18451 catalog_manager.cc:2282] Servicing CreateTable request from {username='slave'} at 127.0.0.1:34908:
name: "test-workload"
schema {
  columns {
    name: "key"
    type: INT32
    is_key: true
    is_nullable: false
    encoding: AUTO_ENCODING
    compression: DEFAULT_COMPRESSION
    cfile_block_size: 0
    immutable: false
  }
  columns {
    name: "int_val"
    type: INT32
    is_key: false
    is_nullable: false
    encoding: AUTO_ENCODING
    compression: DEFAULT_COMPRESSION
    cfile_block_size: 0
    immutable: false
  }
  columns {
    name: "string_val"
    type: STRING
    is_key: false
    is_nullable: true
    encoding: AUTO_ENCODING
    compression: DEFAULT_COMPRESSION
    cfile_block_size: 0
    immutable: false
  }
}
num_replicas: 1
split_rows_range_bounds {
  rows: "\004\001\000\252\252\252*\004\001\000TUUU""\004\001\000\252\252\252*\004\001\000TUUU"
  indirect_data: """"
}
partition_schema {
  range_schema {
    columns {
      name: "key"
    }
  }
}
I20260608 10:04:51.521946 18722 tablet_service.cc:1511] Processing CreateTablet for tablet 3648c338fbdf4564b01b3c91c80db283 (DEFAULT_TABLE table=test-workload [id=74d26fccc8f545819177745ebb929986]), partition=RANGE (key) PARTITION VALUES < 715827882
I20260608 10:04:51.522523 18679 heartbeater.cc:499] Master 127.16.207.60:34995 was elected leader, sending a full tablet report...
I20260608 10:04:51.523481 18722 data_dirs.cc:400] Could only allocate 1 dirs of requested 3 for tablet 3648c338fbdf4564b01b3c91c80db283. 1 dirs total, 0 dirs full, 0 dirs failed
I20260608 10:04:51.534094 18566 tablet_service.cc:1511] Processing CreateTablet for tablet 4dfe9547dfa24b2887148e0581c519ed (DEFAULT_TABLE table=test-workload [id=74d26fccc8f545819177745ebb929986]), partition=RANGE (key) PARTITION 715827882 <= VALUES < 1431655764
I20260608 10:04:51.535259 18566 data_dirs.cc:400] Could only allocate 1 dirs of requested 3 for tablet 4dfe9547dfa24b2887148e0581c519ed. 1 dirs total, 0 dirs full, 0 dirs failed
I20260608 10:04:51.544317 18644 tablet_service.cc:1511] Processing CreateTablet for tablet 3ab02ff68cd84ed59561ba3ea45becdf (DEFAULT_TABLE table=test-workload [id=74d26fccc8f545819177745ebb929986]), partition=RANGE (key) PARTITION 1431655764 <= VALUES
I20260608 10:04:51.545766 18805 tablet_bootstrap.cc:492] T 3648c338fbdf4564b01b3c91c80db283 P 4714b80a5fd1480aa39cb4321d8662c2: Bootstrap starting.
I20260608 10:04:51.545895 18644 data_dirs.cc:400] Could only allocate 1 dirs of requested 3 for tablet 3ab02ff68cd84ed59561ba3ea45becdf. 1 dirs total, 0 dirs full, 0 dirs failed
I20260608 10:04:51.551873 18805 tablet_bootstrap.cc:654] T 3648c338fbdf4564b01b3c91c80db283 P 4714b80a5fd1480aa39cb4321d8662c2: Neither blocks nor log segments found. Creating new log.
I20260608 10:04:51.555488 18806 tablet_bootstrap.cc:492] T 4dfe9547dfa24b2887148e0581c519ed P b31df608ecc34b01b6fde890b84db7ce: Bootstrap starting.
I20260608 10:04:51.560961 18805 tablet_bootstrap.cc:492] T 3648c338fbdf4564b01b3c91c80db283 P 4714b80a5fd1480aa39cb4321d8662c2: No bootstrap required, opened a new log
I20260608 10:04:51.561509 18805 ts_tablet_manager.cc:1403] T 3648c338fbdf4564b01b3c91c80db283 P 4714b80a5fd1480aa39cb4321d8662c2: Time spent bootstrapping tablet: real 0.016s	user 0.013s	sys 0.000s
I20260608 10:04:51.563254 18806 tablet_bootstrap.cc:654] T 4dfe9547dfa24b2887148e0581c519ed P b31df608ecc34b01b6fde890b84db7ce: Neither blocks nor log segments found. Creating new log.
I20260608 10:04:51.564895 18805 raft_consensus.cc:359] T 3648c338fbdf4564b01b3c91c80db283 P 4714b80a5fd1480aa39cb4321d8662c2 [term 0 FOLLOWER]: Replica starting. Triggering 0 pending ops. Active config: opid_index: -1 OBSOLETE_local: true peers { permanent_uuid: "4714b80a5fd1480aa39cb4321d8662c2" member_type: VOTER last_known_addr { host: "127.16.207.3" port: 42191 } }
I20260608 10:04:51.565621 18805 raft_consensus.cc:385] T 3648c338fbdf4564b01b3c91c80db283 P 4714b80a5fd1480aa39cb4321d8662c2 [term 0 FOLLOWER]: Consensus starting up: Expiring failure detector timer to make a prompt election more likely
I20260608 10:04:51.566025 18805 raft_consensus.cc:740] T 3648c338fbdf4564b01b3c91c80db283 P 4714b80a5fd1480aa39cb4321d8662c2 [term 0 FOLLOWER]: Becoming Follower/Learner. State: Replica: 4714b80a5fd1480aa39cb4321d8662c2, State: Initialized, Role: FOLLOWER
I20260608 10:04:51.566915 18808 tablet_bootstrap.cc:492] T 3ab02ff68cd84ed59561ba3ea45becdf P ee99afb091cb4826b12e4cd57587761d: Bootstrap starting.
I20260608 10:04:51.567893 18805 consensus_queue.cc:260] T 3648c338fbdf4564b01b3c91c80db283 P 4714b80a5fd1480aa39cb4321d8662c2 [NON_LEADER]: Queue going to NON_LEADER mode. State: All replicated index: 0, Majority replicated index: 0, Committed index: 0, Last appended: 0.0, Last appended by leader: 0, Current term: 0, Majority size: -1, State: 0, Mode: NON_LEADER, active raft config: opid_index: -1 OBSOLETE_local: true peers { permanent_uuid: "4714b80a5fd1480aa39cb4321d8662c2" member_type: VOTER last_known_addr { host: "127.16.207.3" port: 42191 } }
I20260608 10:04:51.568907 18805 raft_consensus.cc:399] T 3648c338fbdf4564b01b3c91c80db283 P 4714b80a5fd1480aa39cb4321d8662c2 [term 0 FOLLOWER]: Only one voter in the Raft config. Triggering election immediately
I20260608 10:04:51.569357 18805 raft_consensus.cc:493] T 3648c338fbdf4564b01b3c91c80db283 P 4714b80a5fd1480aa39cb4321d8662c2 [term 0 FOLLOWER]: Starting leader election (initial election of a single-replica configuration)
I20260608 10:04:51.569826 18805 raft_consensus.cc:3060] T 3648c338fbdf4564b01b3c91c80db283 P 4714b80a5fd1480aa39cb4321d8662c2 [term 0 FOLLOWER]: Advancing to term 1
I20260608 10:04:51.572393 18808 tablet_bootstrap.cc:654] T 3ab02ff68cd84ed59561ba3ea45becdf P ee99afb091cb4826b12e4cd57587761d: Neither blocks nor log segments found. Creating new log.
I20260608 10:04:51.575599 18806 tablet_bootstrap.cc:492] T 4dfe9547dfa24b2887148e0581c519ed P b31df608ecc34b01b6fde890b84db7ce: No bootstrap required, opened a new log
I20260608 10:04:51.576155 18806 ts_tablet_manager.cc:1403] T 4dfe9547dfa24b2887148e0581c519ed P b31df608ecc34b01b6fde890b84db7ce: Time spent bootstrapping tablet: real 0.021s	user 0.013s	sys 0.004s
I20260608 10:04:51.577652 18808 tablet_bootstrap.cc:492] T 3ab02ff68cd84ed59561ba3ea45becdf P ee99afb091cb4826b12e4cd57587761d: No bootstrap required, opened a new log
I20260608 10:04:51.577482 18805 raft_consensus.cc:515] T 3648c338fbdf4564b01b3c91c80db283 P 4714b80a5fd1480aa39cb4321d8662c2 [term 1 FOLLOWER]: Starting leader election with config: opid_index: -1 OBSOLETE_local: true peers { permanent_uuid: "4714b80a5fd1480aa39cb4321d8662c2" member_type: VOTER last_known_addr { host: "127.16.207.3" port: 42191 } }
I20260608 10:04:51.578248 18808 ts_tablet_manager.cc:1403] T 3ab02ff68cd84ed59561ba3ea45becdf P ee99afb091cb4826b12e4cd57587761d: Time spent bootstrapping tablet: real 0.012s	user 0.007s	sys 0.004s
I20260608 10:04:51.578464 18805 leader_election.cc:304] T 3648c338fbdf4564b01b3c91c80db283 P 4714b80a5fd1480aa39cb4321d8662c2 [CANDIDATE]: Term 1 election: Election decided. Result: candidate won. Election summary: received 1 responses out of 1 voters: 1 yes votes; 0 no votes. yes voters: 4714b80a5fd1480aa39cb4321d8662c2; no voters: 
I20260608 10:04:51.580745 18811 raft_consensus.cc:2804] T 3648c338fbdf4564b01b3c91c80db283 P 4714b80a5fd1480aa39cb4321d8662c2 [term 1 FOLLOWER]: Leader election won for term 1
I20260608 10:04:51.581580 18806 raft_consensus.cc:359] T 4dfe9547dfa24b2887148e0581c519ed P b31df608ecc34b01b6fde890b84db7ce [term 0 FOLLOWER]: Replica starting. Triggering 0 pending ops. Active config: opid_index: -1 OBSOLETE_local: true peers { permanent_uuid: "b31df608ecc34b01b6fde890b84db7ce" member_type: VOTER last_known_addr { host: "127.16.207.1" port: 44705 } }
I20260608 10:04:51.581836 18808 raft_consensus.cc:359] T 3ab02ff68cd84ed59561ba3ea45becdf P ee99afb091cb4826b12e4cd57587761d [term 0 FOLLOWER]: Replica starting. Triggering 0 pending ops. Active config: opid_index: -1 OBSOLETE_local: true peers { permanent_uuid: "ee99afb091cb4826b12e4cd57587761d" member_type: VOTER last_known_addr { host: "127.16.207.2" port: 35917 } }
I20260608 10:04:51.582286 18806 raft_consensus.cc:385] T 4dfe9547dfa24b2887148e0581c519ed P b31df608ecc34b01b6fde890b84db7ce [term 0 FOLLOWER]: Consensus starting up: Expiring failure detector timer to make a prompt election more likely
