I20260608 10:04:40.849879 23641 consensus_queue.cc:237] T dd18064d053140ff9a547be003330c22 P a30c1ccf366d47a6a8a34c97212d3f17 [LEADER]: Queue going to LEADER mode. State: All replicated index: 0, Majority replicated index: 0, Committed index: 0, Last appended: 0.0, Last appended by leader: 0, Current term: 1, Majority size: 2, State: 0, Mode: LEADER, active raft config: opid_index: -1 OBSOLETE_local: false peers { permanent_uuid: "a30c1ccf366d47a6a8a34c97212d3f17" member_type: VOTER last_known_addr { host: "127.22.59.129" port: 36723 } } peers { permanent_uuid: "898cae2628d54bf09bbc17de30ee3603" member_type: VOTER last_known_addr { host: "127.22.59.130" port: 41621 } } peers { permanent_uuid: "6975a86797cb4c509fff4d2332a7cb5f" member_type: VOTER last_known_addr { host: "127.22.59.131" port: 33405 } }
I20260608 10:04:40.860297 23335 catalog_manager.cc:5696] T dd18064d053140ff9a547be003330c22 P a30c1ccf366d47a6a8a34c97212d3f17 reported cstate change: term changed from 0 to 1, leader changed from <none> to a30c1ccf366d47a6a8a34c97212d3f17 (127.22.59.129). New cstate: current_term: 1 leader_uuid: "a30c1ccf366d47a6a8a34c97212d3f17" committed_config { opid_index: -1 OBSOLETE_local: false peers { permanent_uuid: "a30c1ccf366d47a6a8a34c97212d3f17" member_type: VOTER last_known_addr { host: "127.22.59.129" port: 36723 } health_report { overall_health: HEALTHY } } peers { permanent_uuid: "898cae2628d54bf09bbc17de30ee3603" member_type: VOTER last_known_addr { host: "127.22.59.130" port: 41621 } health_report { overall_health: UNKNOWN } } peers { permanent_uuid: "6975a86797cb4c509fff4d2332a7cb5f" member_type: VOTER last_known_addr { host: "127.22.59.131" port: 33405 } health_report { overall_health: UNKNOWN } } }
I20260608 10:04:40.919524 23644 raft_consensus.cc:493] T 7f8d2073ac6e4d4fafa03017571f5e39 P 898cae2628d54bf09bbc17de30ee3603 [term 0 FOLLOWER]: Starting pre-election (no leader contacted us within the election timeout)
I20260608 10:04:40.920306 23644 raft_consensus.cc:515] T 7f8d2073ac6e4d4fafa03017571f5e39 P 898cae2628d54bf09bbc17de30ee3603 [term 0 FOLLOWER]: Starting pre-election with config: opid_index: -1 OBSOLETE_local: false peers { permanent_uuid: "a30c1ccf366d47a6a8a34c97212d3f17" member_type: VOTER last_known_addr { host: "127.22.59.129" port: 36723 } } peers { permanent_uuid: "898cae2628d54bf09bbc17de30ee3603" member_type: VOTER last_known_addr { host: "127.22.59.130" port: 41621 } } peers { permanent_uuid: "6975a86797cb4c509fff4d2332a7cb5f" member_type: VOTER last_known_addr { host: "127.22.59.131" port: 33405 } }
I20260608 10:04:40.922302 23644 leader_election.cc:290] T 7f8d2073ac6e4d4fafa03017571f5e39 P 898cae2628d54bf09bbc17de30ee3603 [CANDIDATE]: Term 1 pre-election: Requested pre-vote from peers a30c1ccf366d47a6a8a34c97212d3f17 (127.22.59.129:36723), 6975a86797cb4c509fff4d2332a7cb5f (127.22.59.131:33405)
I20260608 10:04:40.923425 23589 tablet_service.cc:1917] Received RequestConsensusVote() RPC: tablet_id: "7f8d2073ac6e4d4fafa03017571f5e39" candidate_uuid: "898cae2628d54bf09bbc17de30ee3603" candidate_term: 1 candidate_status { last_received { term: 0 index: 0 } } ignore_live_leader: false dest_uuid: "6975a86797cb4c509fff4d2332a7cb5f" is_pre_election: true
I20260608 10:04:40.923359 23440 tablet_service.cc:1917] Received RequestConsensusVote() RPC: tablet_id: "7f8d2073ac6e4d4fafa03017571f5e39" candidate_uuid: "898cae2628d54bf09bbc17de30ee3603" candidate_term: 1 candidate_status { last_received { term: 0 index: 0 } } ignore_live_leader: false dest_uuid: "a30c1ccf366d47a6a8a34c97212d3f17" is_pre_election: true
I20260608 10:04:40.924703 23440 raft_consensus.cc:2393] T 7f8d2073ac6e4d4fafa03017571f5e39 P a30c1ccf366d47a6a8a34c97212d3f17 [term 1 FOLLOWER]: Leader pre-election vote request: Denying vote to candidate 898cae2628d54bf09bbc17de30ee3603 in current term 1: Already voted for candidate 6975a86797cb4c509fff4d2332a7cb5f in this term.
I20260608 10:04:40.925999 23479 leader_election.cc:304] T 7f8d2073ac6e4d4fafa03017571f5e39 P 898cae2628d54bf09bbc17de30ee3603 [CANDIDATE]: Term 1 pre-election: Election decided. Result: candidate lost. Election summary: received 3 responses out of 3 voters: 1 yes votes; 2 no votes. yes voters: 898cae2628d54bf09bbc17de30ee3603; no voters: 6975a86797cb4c509fff4d2332a7cb5f, a30c1ccf366d47a6a8a34c97212d3f17
I20260608 10:04:40.926862 23644 raft_consensus.cc:3060] T 7f8d2073ac6e4d4fafa03017571f5e39 P 898cae2628d54bf09bbc17de30ee3603 [term 0 FOLLOWER]: Advancing to term 1
I20260608 10:04:40.933849 23644 raft_consensus.cc:2749] T 7f8d2073ac6e4d4fafa03017571f5e39 P 898cae2628d54bf09bbc17de30ee3603 [term 1 FOLLOWER]: Leader pre-election lost for term 1. Reason: could not achieve majority
I20260608 10:04:40.934026 23641 consensus_queue.cc:1048] T c6d20e4def7b4b68964949625033b6dc P a30c1ccf366d47a6a8a34c97212d3f17 [LEADER]: Connected to new peer: Peer: permanent_uuid: "898cae2628d54bf09bbc17de30ee3603" member_type: VOTER last_known_addr { host: "127.22.59.130" port: 41621 }, Status: LMP_MISMATCH, Last received: 0.0, Next index: 1, Last known committed idx: 0, Time since last communication: 0.001s
I20260608 10:04:40.950452 23681 consensus_queue.cc:1048] T c6d20e4def7b4b68964949625033b6dc P a30c1ccf366d47a6a8a34c97212d3f17 [LEADER]: Connected to new peer: Peer: permanent_uuid: "6975a86797cb4c509fff4d2332a7cb5f" member_type: VOTER last_known_addr { host: "127.22.59.131" port: 33405 }, Status: LMP_MISMATCH, Last received: 0.0, Next index: 1, Last known committed idx: 0, Time since last communication: 0.001s
I20260608 10:04:40.952746 23663 consensus_queue.cc:1048] T 7f8d2073ac6e4d4fafa03017571f5e39 P 6975a86797cb4c509fff4d2332a7cb5f [LEADER]: Connected to new peer: Peer: permanent_uuid: "898cae2628d54bf09bbc17de30ee3603" member_type: VOTER last_known_addr { host: "127.22.59.130" port: 41621 }, Status: LMP_MISMATCH, Last received: 0.0, Next index: 1, Last known committed idx: 0, Time since last communication: 0.000s
I20260608 10:04:40.970125 23658 consensus_queue.cc:1048] T 7f8d2073ac6e4d4fafa03017571f5e39 P 6975a86797cb4c509fff4d2332a7cb5f [LEADER]: Connected to new peer: Peer: permanent_uuid: "a30c1ccf366d47a6a8a34c97212d3f17" member_type: VOTER last_known_addr { host: "127.22.59.129" port: 36723 }, Status: LMP_MISMATCH, Last received: 0.0, Next index: 1, Last known committed idx: 0, Time since last communication: 0.001s
I20260608 10:04:41.068321 23644 consensus_queue.cc:1048] T c09ba3fbdd024da8b77f451103177c0e P 898cae2628d54bf09bbc17de30ee3603 [LEADER]: Connected to new peer: Peer: permanent_uuid: "a30c1ccf366d47a6a8a34c97212d3f17" member_type: VOTER last_known_addr { host: "127.22.59.129" port: 36723 }, Status: LMP_MISMATCH, Last received: 0.0, Next index: 1, Last known committed idx: 0, Time since last communication: 0.000s
I20260608 10:04:41.086170 23677 consensus_queue.cc:1048] T c09ba3fbdd024da8b77f451103177c0e P 898cae2628d54bf09bbc17de30ee3603 [LEADER]: Connected to new peer: Peer: permanent_uuid: "6975a86797cb4c509fff4d2332a7cb5f" member_type: VOTER last_known_addr { host: "127.22.59.131" port: 33405 }, Status: LMP_MISMATCH, Last received: 0.0, Next index: 1, Last known committed idx: 0, Time since last communication: 0.000s
I20260608 10:04:41.099148 23681 consensus_queue.cc:1048] T 7780969a11704a24a9e1ad06c09fd5df P a30c1ccf366d47a6a8a34c97212d3f17 [LEADER]: Connected to new peer: Peer: permanent_uuid: "898cae2628d54bf09bbc17de30ee3603" member_type: VOTER last_known_addr { host: "127.22.59.130" port: 41621 }, Status: LMP_MISMATCH, Last received: 0.0, Next index: 1, Last known committed idx: 0, Time since last communication: 0.001s
I20260608 10:04:41.100528 22766 file_cache.cc:492] Constructed file cache file cache with capacity 419430
I20260608 10:04:41.114146 23681 consensus_queue.cc:1048] T 7780969a11704a24a9e1ad06c09fd5df P a30c1ccf366d47a6a8a34c97212d3f17 [LEADER]: Connected to new peer: Peer: permanent_uuid: "6975a86797cb4c509fff4d2332a7cb5f" member_type: VOTER last_known_addr { host: "127.22.59.131" port: 33405 }, Status: LMP_MISMATCH, Last received: 0.0, Next index: 1, Last known committed idx: 0, Time since last communication: 0.001s
W20260608 10:04:41.117506 23706 instance_detector.cc:116] could not retrieve AWS instance metadata: Network error: curl error: HTTP response code said error: The requested URL returned error: 404
W20260608 10:04:41.128459 23707 instance_detector.cc:116] could not retrieve Azure instance metadata: Network error: curl error: HTTP response code said error: The requested URL returned error: 404
W20260608 10:04:41.132828 23711 instance_detector.cc:116] could not retrieve OpenStack instance metadata: Network error: curl error: HTTP response code said error: The requested URL returned error: 404
I20260608 10:04:41.133056 22766 server_base.cc:1061] running on GCE node
I20260608 10:04:41.134238 22766 hybrid_clock.cc:584] initializing the hybrid clock with 'system_unsync' time source
W20260608 10:04:41.134512 22766 system_unsync_time.cc:38] NTP support is disabled. Clock error bounds will not be accurate. This configuration is not suitable for distributed clusters.
I20260608 10:04:41.134774 22766 hybrid_clock.cc:648] HybridClock initialized: now 1780913081134758 us; error 0 us; skew 500 ppm
I20260608 10:04:41.135461 22766 server_base.cc:861] Flag tcmalloc_max_total_thread_cache_bytes is not working since tcmalloc is not enabled.
I20260608 10:04:41.138914 22766 webserver.cc:533] Webserver started at http://127.22.59.132:46207/ using document root <none> and password file <none>
I20260608 10:04:41.139518 22766 fs_manager.cc:362] Metadata directory not provided
I20260608 10:04:41.139761 22766 fs_manager.cc:368] Using write-ahead log directory (fs_wal_dir) as metadata directory
I20260608 10:04:41.140132 22766 server_base.cc:909] This appears to be a new deployment of Kudu; creating new FS layout
I20260608 10:04:41.141244 22766 fs_manager.cc:1068] Generated new instance metadata in path /tmp/dist-test-taskdar7t8/test-tmp/auto_rebalancer-test.0.AutoRebalancerTest.AutoRebalancingTurnOffAndOn.1780913072440154-22766-0/minicluster-data/ts-3-root/instance:
uuid: "1296c7bf5feb4b13bcd6e693de526003"
format_stamp: "Formatted at 2026-06-08 10:04:41 on dist-test-slave-2g1m"
I20260608 10:04:41.147406 22766 fs_manager.cc:696] Time spent creating directory manager: real 0.005s	user 0.002s	sys 0.005s
I20260608 10:04:41.152285 23715 log_block_manager.cc:4031] Time spent loading block containers with low live blocks: real 0.000s	user 0.000s	sys 0.000s
I20260608 10:04:41.153731 22766 fs_manager.cc:730] Time spent opening block manager: real 0.003s	user 0.004s	sys 0.000s
I20260608 10:04:41.154424 22766 fs_manager.cc:647] Opened local filesystem: /tmp/dist-test-taskdar7t8/test-tmp/auto_rebalancer-test.0.AutoRebalancerTest.AutoRebalancingTurnOffAndOn.1780913072440154-22766-0/minicluster-data/ts-3-root
uuid: "1296c7bf5feb4b13bcd6e693de526003"
format_stamp: "Formatted at 2026-06-08 10:04:41 on dist-test-slave-2g1m"
I20260608 10:04:41.154889 22766 fs_report.cc:389] FS layout report
--------------------
wal directory: /tmp/dist-test-taskdar7t8/test-tmp/auto_rebalancer-test.0.AutoRebalancerTest.AutoRebalancingTurnOffAndOn.1780913072440154-22766-0/minicluster-data/ts-3-root
metadata directory: /tmp/dist-test-taskdar7t8/test-tmp/auto_rebalancer-test.0.AutoRebalancerTest.AutoRebalancingTurnOffAndOn.1780913072440154-22766-0/minicluster-data/ts-3-root
1 data directories: /tmp/dist-test-taskdar7t8/test-tmp/auto_rebalancer-test.0.AutoRebalancerTest.AutoRebalancingTurnOffAndOn.1780913072440154-22766-0/minicluster-data/ts-3-root/data
Total live blocks: 0
Total live bytes: 0
Total live bytes (after alignment): 0
Total number of LBM containers: 0 (0 full)
Did not check for missing blocks
Did not check for orphaned blocks
Total full LBM containers with extra space: 0 (0 repaired)
Total full LBM container extra space in bytes: 0 (0 repaired)
Total incomplete LBM containers: 0 (0 repaired)
Total LBM partial records: 0 (0 repaired)
Total corrupted LBM metadata records in RocksDB: 0 (0 repaired)
I20260608 10:04:41.179924 22766 rpc_server.cc:225] running with OpenSSL 1.1.1  11 Sep 2018
I20260608 10:04:41.181689 22766 kserver.cc:163] Server-wide thread pool size limit: 3276
I20260608 10:04:41.184058 22766 txn_system_client.cc:432] TxnSystemClient initialization is disabled...
I20260608 10:04:41.187013 22766 ts_tablet_manager.cc:585] Loaded tablet metadata (0 total tablets, 0 live tablets)
I20260608 10:04:41.187239 22766 ts_tablet_manager.cc:531] Time spent load tablet metadata: real 0.000s	user 0.000s	sys 0.000s
I20260608 10:04:41.187502 22766 ts_tablet_manager.cc:616] Registered 0 tablets
I20260608 10:04:41.187738 22766 ts_tablet_manager.cc:595] Time spent register tablets: real 0.000s	user 0.001s	sys 0.000s
I20260608 10:04:41.258847 22766 rpc_server.cc:307] RPC server started. Bound to: 127.22.59.132:41907
I20260608 10:04:41.258961 23777 acceptor_pool.cc:272] collecting diagnostics on the listening RPC socket 127.22.59.132:41907 every 8 connection(s)
I20260608 10:04:41.276547 23778 heartbeater.cc:344] Connected to a master server at 127.22.59.190:33287
I20260608 10:04:41.276980 23778 heartbeater.cc:461] Registering TS with master...
I20260608 10:04:41.277717 23778 heartbeater.cc:507] Master 127.22.59.190:33287 requested a full tablet report, sending...
I20260608 10:04:41.280622 23337 ts_manager.cc:194] Registered new tserver with Master: 1296c7bf5feb4b13bcd6e693de526003 (127.22.59.132:41907)
I20260608 10:04:41.282843 23337 master_service.cc:502] Signed X509 certificate for tserver {username='slave'} at 127.0.0.1:43830
I20260608 10:04:41.587095 23783 consensus_queue.cc:1048] T dd18064d053140ff9a547be003330c22 P a30c1ccf366d47a6a8a34c97212d3f17 [LEADER]: Connected to new peer: Peer: permanent_uuid: "6975a86797cb4c509fff4d2332a7cb5f" member_type: VOTER last_known_addr { host: "127.22.59.131" port: 33405 }, Status: LMP_MISMATCH, Last received: 0.0, Next index: 1, Last known committed idx: 0, Time since last communication: 0.001s
I20260608 10:04:41.642976 23641 consensus_queue.cc:1048] T dd18064d053140ff9a547be003330c22 P a30c1ccf366d47a6a8a34c97212d3f17 [LEADER]: Connected to new peer: Peer: permanent_uuid: "898cae2628d54bf09bbc17de30ee3603" member_type: VOTER last_known_addr { host: "127.22.59.130" port: 41621 }, Status: LMP_MISMATCH, Last received: 0.0, Next index: 1, Last known committed idx: 0, Time since last communication: 0.000s
I20260608 10:04:42.286252 23778 heartbeater.cc:499] Master 127.22.59.190:33287 was elected leader, sending a full tablet report...
I20260608 10:04:42.475117 23391 auto_leader_rebalancer.cc:140] leader rebalance for table test-workload
I20260608 10:04:42.500388 23440 tablet_service.cc:2072] Received LeaderStepDown RPC: tablet_id: "7780969a11704a24a9e1ad06c09fd5df"
dest_uuid: "a30c1ccf366d47a6a8a34c97212d3f17"
mode: GRACEFUL
new_leader_uuid: "898cae2628d54bf09bbc17de30ee3603"
 from {username='slave'} at 127.0.0.1:43900
I20260608 10:04:42.501116 23440 raft_consensus.cc:606] T 7780969a11704a24a9e1ad06c09fd5df P a30c1ccf366d47a6a8a34c97212d3f17 [term 1 LEADER]: Received request to transfer leadership to TS 898cae2628d54bf09bbc17de30ee3603
I20260608 10:04:42.502913 23391 auto_leader_rebalancer.cc:388] table: test-workload, leader rebalance finish, leader transfer count: 1
I20260608 10:04:42.503479 23391 auto_leader_rebalancer.cc:451] All tables' leader rebalancing finished this round
W20260608 10:04:42.547165 23610 debug-util.cc:398] Leaking SignalData structure 0x7b08001de5c0 after lost signal to thread 22769
W20260608 10:04:42.548609 23610 debug-util.cc:398] Leaking SignalData structure 0x7b08001deca0 after lost signal to thread 23372
W20260608 10:04:42.550506 23610 debug-util.cc:398] Leaking SignalData structure 0x7b080006b140 after lost signal to thread 23539
W20260608 10:04:42.551478 23610 debug-util.cc:398] Leaking SignalData structure 0x7b0800057900 after lost signal to thread 23613
W20260608 10:04:42.552624 23610 debug-util.cc:398] Leaking SignalData structure 0x7b08001bcb00 after lost signal to thread 23777
I20260608 10:04:42.731259 23791 raft_consensus.cc:993] T 7780969a11704a24a9e1ad06c09fd5df P a30c1ccf366d47a6a8a34c97212d3f17: : Instructing follower 898cae2628d54bf09bbc17de30ee3603 to start an election
I20260608 10:04:42.732856 23787 raft_consensus.cc:1081] T 7780969a11704a24a9e1ad06c09fd5df P a30c1ccf366d47a6a8a34c97212d3f17 [term 1 LEADER]: Signalling peer 898cae2628d54bf09bbc17de30ee3603 to start an election
I20260608 10:04:42.735658 23514 tablet_service.cc:2044] Received Run Leader Election RPC: tablet_id: "7780969a11704a24a9e1ad06c09fd5df"
dest_uuid: "898cae2628d54bf09bbc17de30ee3603"
 from {username='slave'} at 127.0.0.1:44738
I20260608 10:04:42.736976 23514 raft_consensus.cc:493] T 7780969a11704a24a9e1ad06c09fd5df P 898cae2628d54bf09bbc17de30ee3603 [term 1 FOLLOWER]: Starting forced leader election (received explicit request)
I20260608 10:04:42.737583 23514 raft_consensus.cc:3060] T 7780969a11704a24a9e1ad06c09fd5df P 898cae2628d54bf09bbc17de30ee3603 [term 1 FOLLOWER]: Advancing to term 2
I20260608 10:04:42.750294 23514 raft_consensus.cc:515] T 7780969a11704a24a9e1ad06c09fd5df P 898cae2628d54bf09bbc17de30ee3603 [term 2 FOLLOWER]: Starting forced leader election with config: opid_index: -1 OBSOLETE_local: false peers { permanent_uuid: "a30c1ccf366d47a6a8a34c97212d3f17" member_type: VOTER last_known_addr { host: "127.22.59.129" port: 36723 } } peers { permanent_uuid: "898cae2628d54bf09bbc17de30ee3603" member_type: VOTER last_known_addr { host: "127.22.59.130" port: 41621 } } peers { permanent_uuid: "6975a86797cb4c509fff4d2332a7cb5f" member_type: VOTER last_known_addr { host: "127.22.59.131" port: 33405 } }
I20260608 10:04:42.754387 23514 leader_election.cc:290] T 7780969a11704a24a9e1ad06c09fd5df P 898cae2628d54bf09bbc17de30ee3603 [CANDIDATE]: Term 2 election: Requested vote from peers a30c1ccf366d47a6a8a34c97212d3f17 (127.22.59.129:36723), 6975a86797cb4c509fff4d2332a7cb5f (127.22.59.131:33405)
I20260608 10:04:42.755802 23440 tablet_service.cc:1917] Received RequestConsensusVote() RPC: tablet_id: "7780969a11704a24a9e1ad06c09fd5df" candidate_uuid: "898cae2628d54bf09bbc17de30ee3603" candidate_term: 2 candidate_status { last_received { term: 1 index: 1 } } ignore_live_leader: true dest_uuid: "a30c1ccf366d47a6a8a34c97212d3f17"
I20260608 10:04:42.756640 23588 tablet_service.cc:1917] Received RequestConsensusVote() RPC: tablet_id: "7780969a11704a24a9e1ad06c09fd5df" candidate_uuid: "898cae2628d54bf09bbc17de30ee3603" candidate_term: 2 candidate_status { last_received { term: 1 index: 1 } } ignore_live_leader: true dest_uuid: "6975a86797cb4c509fff4d2332a7cb5f"
I20260608 10:04:42.756784 23440 raft_consensus.cc:3055] T 7780969a11704a24a9e1ad06c09fd5df P a30c1ccf366d47a6a8a34c97212d3f17 [term 1 LEADER]: Stepping down as leader of term 1
I20260608 10:04:42.757367 23588 raft_consensus.cc:3060] T 7780969a11704a24a9e1ad06c09fd5df P 6975a86797cb4c509fff4d2332a7cb5f [term 1 FOLLOWER]: Advancing to term 2
I20260608 10:04:42.757333 23440 raft_consensus.cc:740] T 7780969a11704a24a9e1ad06c09fd5df P a30c1ccf366d47a6a8a34c97212d3f17 [term 1 LEADER]: Becoming Follower/Learner. State: Replica: a30c1ccf366d47a6a8a34c97212d3f17, State: Running, Role: LEADER
I20260608 10:04:42.758837 23440 consensus_queue.cc:260] T 7780969a11704a24a9e1ad06c09fd5df P a30c1ccf366d47a6a8a34c97212d3f17 [NON_LEADER]: Queue going to NON_LEADER mode. State: All replicated index: 0, Majority replicated index: 1, Committed index: 1, Last appended: 1.1, Last appended by leader: 1, Current term: 1, Majority size: -1, State: 0, Mode: NON_LEADER, active raft config: opid_index: -1 OBSOLETE_local: false peers { permanent_uuid: "a30c1ccf366d47a6a8a34c97212d3f17" member_type: VOTER last_known_addr { host: "127.22.59.129" port: 36723 } } peers { permanent_uuid: "898cae2628d54bf09bbc17de30ee3603" member_type: VOTER last_known_addr { host: "127.22.59.130" port: 41621 } } peers { permanent_uuid: "6975a86797cb4c509fff4d2332a7cb5f" member_type: VOTER last_known_addr { host: "127.22.59.131" port: 33405 } }
I20260608 10:04:42.760547 23440 raft_consensus.cc:3060] T 7780969a11704a24a9e1ad06c09fd5df P a30c1ccf366d47a6a8a34c97212d3f17 [term 1 FOLLOWER]: Advancing to term 2
I20260608 10:04:42.767284 23440 raft_consensus.cc:2468] T 7780969a11704a24a9e1ad06c09fd5df P a30c1ccf366d47a6a8a34c97212d3f17 [term 2 FOLLOWER]: Leader election vote request: Granting yes vote for candidate 898cae2628d54bf09bbc17de30ee3603 in term 2.
I20260608 10:04:42.767757 23588 raft_consensus.cc:2468] T 7780969a11704a24a9e1ad06c09fd5df P 6975a86797cb4c509fff4d2332a7cb5f [term 2 FOLLOWER]: Leader election vote request: Granting yes vote for candidate 898cae2628d54bf09bbc17de30ee3603 in term 2.
I20260608 10:04:42.770236 23479 leader_election.cc:304] T 7780969a11704a24a9e1ad06c09fd5df P 898cae2628d54bf09bbc17de30ee3603 [CANDIDATE]: Term 2 election: Election decided. Result: candidate won. Election summary: received 2 responses out of 3 voters: 2 yes votes; 0 no votes. yes voters: 898cae2628d54bf09bbc17de30ee3603, a30c1ccf366d47a6a8a34c97212d3f17; no voters: 
I20260608 10:04:42.772614 23703 raft_consensus.cc:2804] T 7780969a11704a24a9e1ad06c09fd5df P 898cae2628d54bf09bbc17de30ee3603 [term 2 FOLLOWER]: Leader election won for term 2
I20260608 10:04:42.779587 23703 raft_consensus.cc:697] T 7780969a11704a24a9e1ad06c09fd5df P 898cae2628d54bf09bbc17de30ee3603 [term 2 LEADER]: Becoming Leader. State: Replica: 898cae2628d54bf09bbc17de30ee3603, State: Running, Role: LEADER
I20260608 10:04:42.780862 23703 consensus_queue.cc:237] T 7780969a11704a24a9e1ad06c09fd5df P 898cae2628d54bf09bbc17de30ee3603 [LEADER]: Queue going to LEADER mode. State: All replicated index: 0, Majority replicated index: 1, Committed index: 1, Last appended: 1.1, Last appended by leader: 1, Current term: 2, Majority size: 2, State: 0, Mode: LEADER, active raft config: opid_index: -1 OBSOLETE_local: false peers { permanent_uuid: "a30c1ccf366d47a6a8a34c97212d3f17" member_type: VOTER last_known_addr { host: "127.22.59.129" port: 36723 } } peers { permanent_uuid: "898cae2628d54bf09bbc17de30ee3603" member_type: VOTER last_known_addr { host: "127.22.59.130" port: 41621 } } peers { permanent_uuid: "6975a86797cb4c509fff4d2332a7cb5f" member_type: VOTER last_known_addr { host: "127.22.59.131" port: 33405 } }
I20260608 10:04:42.798194 23335 catalog_manager.cc:5696] T 7780969a11704a24a9e1ad06c09fd5df P 898cae2628d54bf09bbc17de30ee3603 reported cstate change: term changed from 1 to 2, leader changed from a30c1ccf366d47a6a8a34c97212d3f17 (127.22.59.129) to 898cae2628d54bf09bbc17de30ee3603 (127.22.59.130). New cstate: current_term: 2 leader_uuid: "898cae2628d54bf09bbc17de30ee3603" committed_config { opid_index: -1 OBSOLETE_local: false peers { permanent_uuid: "a30c1ccf366d47a6a8a34c97212d3f17" member_type: VOTER last_known_addr { host: "127.22.59.129" port: 36723 } health_report { overall_health: UNKNOWN } } peers { permanent_uuid: "898cae2628d54bf09bbc17de30ee3603" member_type: VOTER last_known_addr { host: "127.22.59.130" port: 41621 } health_report { overall_health: HEALTHY } } peers { permanent_uuid: "6975a86797cb4c509fff4d2332a7cb5f" member_type: VOTER last_known_addr { host: "127.22.59.131" port: 33405 } health_report { overall_health: UNKNOWN } } }
I20260608 10:04:43.243265 23588 raft_consensus.cc:1275] T 7780969a11704a24a9e1ad06c09fd5df P 6975a86797cb4c509fff4d2332a7cb5f [term 2 FOLLOWER]: Refusing update from remote peer 898cae2628d54bf09bbc17de30ee3603: Log matching property violated. Preceding OpId in replica: term: 1 index: 1. Preceding OpId from leader: term: 2 index: 2. (index mismatch)
I20260608 10:04:43.244935 23703 consensus_queue.cc:1048] T 7780969a11704a24a9e1ad06c09fd5df P 898cae2628d54bf09bbc17de30ee3603 [LEADER]: Connected to new peer: Peer: permanent_uuid: "6975a86797cb4c509fff4d2332a7cb5f" member_type: VOTER last_known_addr { host: "127.22.59.131" port: 33405 }, Status: LMP_MISMATCH, Last received: 0.0, Next index: 2, Last known committed idx: 1, Time since last communication: 0.001s
I20260608 10:04:43.260789 23440 raft_consensus.cc:1275] T 7780969a11704a24a9e1ad06c09fd5df P a30c1ccf366d47a6a8a34c97212d3f17 [term 2 FOLLOWER]: Refusing update from remote peer 898cae2628d54bf09bbc17de30ee3603: Log matching property violated. Preceding OpId in replica: term: 1 index: 1. Preceding OpId from leader: term: 2 index: 2. (index mismatch)
I20260608 10:04:43.263016 23800 consensus_queue.cc:1048] T 7780969a11704a24a9e1ad06c09fd5df P 898cae2628d54bf09bbc17de30ee3603 [LEADER]: Connected to new peer: Peer: permanent_uuid: "a30c1ccf366d47a6a8a34c97212d3f17" member_type: VOTER last_known_addr { host: "127.22.59.129" port: 36723 }, Status: LMP_MISMATCH, Last received: 0.0, Next index: 2, Last known committed idx: 1, Time since last communication: 0.001s
I20260608 10:04:44.505201 23391 auto_leader_rebalancer.cc:140] leader rebalance for table test-workload
I20260608 10:04:44.517616 23391 auto_leader_rebalancer.cc:388] table: test-workload, leader rebalance finish, leader transfer count: 0
I20260608 10:04:44.518323 23391 auto_leader_rebalancer.cc:451] All tables' leader rebalancing finished this round
I20260608 10:04:46.519659 23391 auto_leader_rebalancer.cc:140] leader rebalance for table test-workload
I20260608 10:04:46.525854 23439 consensus_queue.cc:237] T c2f01a2b9b0d4180bcb54f93d0c50f56 P a30c1ccf366d47a6a8a34c97212d3f17 [LEADER]: Queue going to LEADER mode. State: All replicated index: 0, Majority replicated index: 1, Committed index: 1, Last appended: 1.1, Last appended by leader: 0, Current term: 1, Majority size: 2, State: 0, Mode: LEADER, active raft config: opid_index: 2 OBSOLETE_local: false peers { permanent_uuid: "a30c1ccf366d47a6a8a34c97212d3f17" member_type: VOTER last_known_addr { host: "127.22.59.129" port: 36723 } } peers { permanent_uuid: "898cae2628d54bf09bbc17de30ee3603" member_type: VOTER last_known_addr { host: "127.22.59.130" port: 41621 } attrs { replace: true } } peers { permanent_uuid: "6975a86797cb4c509fff4d2332a7cb5f" member_type: VOTER last_known_addr { host: "127.22.59.131" port: 33405 } } peers { permanent_uuid: "1296c7bf5feb4b13bcd6e693de526003" member_type: NON_VOTER last_known_addr { host: "127.22.59.132" port: 41907 } attrs { promote: true } }
I20260608 10:04:46.529542 23391 auto_leader_rebalancer.cc:388] table: test-workload, leader rebalance finish, leader transfer count: 0
I20260608 10:04:46.530174 23391 auto_leader_rebalancer.cc:451] All tables' leader rebalancing finished this round
I20260608 10:04:46.536785 23588 raft_consensus.cc:1275] T c2f01a2b9b0d4180bcb54f93d0c50f56 P 6975a86797cb4c509fff4d2332a7cb5f [term 1 FOLLOWER]: Refusing update from remote peer a30c1ccf366d47a6a8a34c97212d3f17: Log matching property violated. Preceding OpId in replica: term: 1 index: 1. Preceding OpId from leader: term: 1 index: 2. (index mismatch)
I20260608 10:04:46.538554 23514 raft_consensus.cc:1275] T c2f01a2b9b0d4180bcb54f93d0c50f56 P 898cae2628d54bf09bbc17de30ee3603 [term 1 FOLLOWER]: Refusing update from remote peer a30c1ccf366d47a6a8a34c97212d3f17: Log matching property violated. Preceding OpId in replica: term: 1 index: 1. Preceding OpId from leader: term: 1 index: 2. (index mismatch)
I20260608 10:04:46.539268 23813 consensus_queue.cc:1048] T c2f01a2b9b0d4180bcb54f93d0c50f56 P a30c1ccf366d47a6a8a34c97212d3f17 [LEADER]: Connected to new peer: Peer: permanent_uuid: "6975a86797cb4c509fff4d2332a7cb5f" member_type: VOTER last_known_addr { host: "127.22.59.131" port: 33405 }, Status: LMP_MISMATCH, Last received: 0.0, Next index: 2, Last known committed idx: 1, Time since last communication: 0.001s
I20260608 10:04:46.541055 23808 consensus_queue.cc:1048] T c2f01a2b9b0d4180bcb54f93d0c50f56 P a30c1ccf366d47a6a8a34c97212d3f17 [LEADER]: Connected to new peer: Peer: permanent_uuid: "898cae2628d54bf09bbc17de30ee3603" member_type: VOTER last_known_addr { host: "127.22.59.130" port: 41621 } attrs { replace: true }, Status: LMP_MISMATCH, Last received: 0.0, Next index: 2, Last known committed idx: 1, Time since last communication: 0.001s
I20260608 10:04:46.554212 23808 raft_consensus.cc:2955] T c2f01a2b9b0d4180bcb54f93d0c50f56 P a30c1ccf366d47a6a8a34c97212d3f17 [term 1 LEADER]: Committing config change with OpId 1.2: config changed from index -1 to 2, NON_VOTER 1296c7bf5feb4b13bcd6e693de526003 (127.22.59.132) added. New config: { opid_index: 2 OBSOLETE_local: false peers { permanent_uuid: "a30c1ccf366d47a6a8a34c97212d3f17" member_type: VOTER last_known_addr { host: "127.22.59.129" port: 36723 } } peers { permanent_uuid: "898cae2628d54bf09bbc17de30ee3603" member_type: VOTER last_known_addr { host: "127.22.59.130" port: 41621 } attrs { replace: true } } peers { permanent_uuid: "6975a86797cb4c509fff4d2332a7cb5f" member_type: VOTER last_known_addr { host: "127.22.59.131" port: 33405 } } peers { permanent_uuid: "1296c7bf5feb4b13bcd6e693de526003" member_type: NON_VOTER last_known_addr { host: "127.22.59.132" port: 41907 } attrs { promote: true } } }
I20260608 10:04:46.556551 23514 raft_consensus.cc:2955] T c2f01a2b9b0d4180bcb54f93d0c50f56 P 898cae2628d54bf09bbc17de30ee3603 [term 1 FOLLOWER]: Committing config change with OpId 1.2: config changed from index -1 to 2, NON_VOTER 1296c7bf5feb4b13bcd6e693de526003 (127.22.59.132) added. New config: { opid_index: 2 OBSOLETE_local: false peers { permanent_uuid: "a30c1ccf366d47a6a8a34c97212d3f17" member_type: VOTER last_known_addr { host: "127.22.59.129" port: 36723 } } peers { permanent_uuid: "898cae2628d54bf09bbc17de30ee3603" member_type: VOTER last_known_addr { host: "127.22.59.130" port: 41621 } attrs { replace: true } } peers { permanent_uuid: "6975a86797cb4c509fff4d2332a7cb5f" member_type: VOTER last_known_addr { host: "127.22.59.131" port: 33405 } } peers { permanent_uuid: "1296c7bf5feb4b13bcd6e693de526003" member_type: NON_VOTER last_known_addr { host: "127.22.59.132" port: 41907 } attrs { promote: true } } }
W20260608 10:04:46.560528 23404 consensus_peers.cc:597] T c2f01a2b9b0d4180bcb54f93d0c50f56 P a30c1ccf366d47a6a8a34c97212d3f17 -> Peer 1296c7bf5feb4b13bcd6e693de526003 (127.22.59.132:41907): Couldn't send request to peer 1296c7bf5feb4b13bcd6e693de526003. Error code: TABLET_NOT_FOUND (6). Status: Not found: Tablet not found: c2f01a2b9b0d4180bcb54f93d0c50f56. This is attempt 1: this message will repeat every 5th retry.
I20260608 10:04:46.562719 23588 raft_consensus.cc:2955] T c2f01a2b9b0d4180bcb54f93d0c50f56 P 6975a86797cb4c509fff4d2332a7cb5f [term 1 FOLLOWER]: Committing config change with OpId 1.2: config changed from index -1 to 2, NON_VOTER 1296c7bf5feb4b13bcd6e693de526003 (127.22.59.132) added. New config: { opid_index: 2 OBSOLETE_local: false peers { permanent_uuid: "a30c1ccf366d47a6a8a34c97212d3f17" member_type: VOTER last_known_addr { host: "127.22.59.129" port: 36723 } } peers { permanent_uuid: "898cae2628d54bf09bbc17de30ee3603" member_type: VOTER last_known_addr { host: "127.22.59.130" port: 41621 } attrs { replace: true } } peers { permanent_uuid: "6975a86797cb4c509fff4d2332a7cb5f" member_type: VOTER last_known_addr { host: "127.22.59.131" port: 33405 } } peers { permanent_uuid: "1296c7bf5feb4b13bcd6e693de526003" member_type: NON_VOTER last_known_addr { host: "127.22.59.132" port: 41907 } attrs { promote: true } } }
I20260608 10:04:46.572248 23335 catalog_manager.cc:5696] T c2f01a2b9b0d4180bcb54f93d0c50f56 P 898cae2628d54bf09bbc17de30ee3603 reported cstate change: config changed from index -1 to 2, NON_VOTER 1296c7bf5feb4b13bcd6e693de526003 (127.22.59.132) added. New cstate: current_term: 1 leader_uuid: "a30c1ccf366d47a6a8a34c97212d3f17" committed_config { opid_index: 2 OBSOLETE_local: false peers { permanent_uuid: "a30c1ccf366d47a6a8a34c97212d3f17" member_type: VOTER last_known_addr { host: "127.22.59.129" port: 36723 } } peers { permanent_uuid: "898cae2628d54bf09bbc17de30ee3603" member_type: VOTER last_known_addr { host: "127.22.59.130" port: 41621 } attrs { replace: true } } peers { permanent_uuid: "6975a86797cb4c509fff4d2332a7cb5f" member_type: VOTER last_known_addr { host: "127.22.59.131" port: 33405 } } peers { permanent_uuid: "1296c7bf5feb4b13bcd6e693de526003" member_type: NON_VOTER last_known_addr { host: "127.22.59.132" port: 41907 } attrs { promote: true } } }
I20260608 10:04:46.592168 23514 consensus_queue.cc:237] T 7780969a11704a24a9e1ad06c09fd5df P 898cae2628d54bf09bbc17de30ee3603 [LEADER]: Queue going to LEADER mode. State: All replicated index: 0, Majority replicated index: 2, Committed index: 2, Last appended: 2.2, Last appended by leader: 1, Current term: 2, Majority size: 2, State: 0, Mode: LEADER, active raft config: opid_index: 3 OBSOLETE_local: false peers { permanent_uuid: "a30c1ccf366d47a6a8a34c97212d3f17" member_type: VOTER last_known_addr { host: "127.22.59.129" port: 36723 } attrs { replace: true } } peers { permanent_uuid: "898cae2628d54bf09bbc17de30ee3603" member_type: VOTER last_known_addr { host: "127.22.59.130" port: 41621 } } peers { permanent_uuid: "6975a86797cb4c509fff4d2332a7cb5f" member_type: VOTER last_known_addr { host: "127.22.59.131" port: 33405 } } peers { permanent_uuid: "1296c7bf5feb4b13bcd6e693de526003" member_type: NON_VOTER last_known_addr { host: "127.22.59.132" port: 41907 } attrs { promote: true } }
I20260608 10:04:46.604624 23588 raft_consensus.cc:1275] T 7780969a11704a24a9e1ad06c09fd5df P 6975a86797cb4c509fff4d2332a7cb5f [term 2 FOLLOWER]: Refusing update from remote peer 898cae2628d54bf09bbc17de30ee3603: Log matching property violated. Preceding OpId in replica: term: 2 index: 2. Preceding OpId from leader: term: 2 index: 3. (index mismatch)
I20260608 10:04:46.608690 23806 consensus_queue.cc:1048] T 7780969a11704a24a9e1ad06c09fd5df P 898cae2628d54bf09bbc17de30ee3603 [LEADER]: Connected to new peer: Peer: permanent_uuid: "6975a86797cb4c509fff4d2332a7cb5f" member_type: VOTER last_known_addr { host: "127.22.59.131" port: 33405 }, Status: LMP_MISMATCH, Last received: 0.0, Next index: 3, Last known committed idx: 2, Time since last communication: 0.001s
I20260608 10:04:46.615679 23439 raft_consensus.cc:1275] T 7780969a11704a24a9e1ad06c09fd5df P a30c1ccf366d47a6a8a34c97212d3f17 [term 2 FOLLOWER]: Refusing update from remote peer 898cae2628d54bf09bbc17de30ee3603: Log matching property violated. Preceding OpId in replica: term: 2 index: 2. Preceding OpId from leader: term: 2 index: 3. (index mismatch)
I20260608 10:04:46.617547 23824 consensus_queue.cc:1048] T 7780969a11704a24a9e1ad06c09fd5df P 898cae2628d54bf09bbc17de30ee3603 [LEADER]: Connected to new peer: Peer: permanent_uuid: "a30c1ccf366d47a6a8a34c97212d3f17" member_type: VOTER last_known_addr { host: "127.22.59.129" port: 36723 } attrs { replace: true }, Status: LMP_MISMATCH, Last received: 0.0, Next index: 3, Last known committed idx: 2, Time since last communication: 0.001s
W20260608 10:04:46.624759 23479 consensus_peers.cc:597] T 7780969a11704a24a9e1ad06c09fd5df P 898cae2628d54bf09bbc17de30ee3603 -> Peer 1296c7bf5feb4b13bcd6e693de526003 (127.22.59.132:41907): Couldn't send request to peer 1296c7bf5feb4b13bcd6e693de526003. Error code: TABLET_NOT_FOUND (6). Status: Not found: Tablet not found: 7780969a11704a24a9e1ad06c09fd5df. This is attempt 1: this message will repeat every 5th retry.
I20260608 10:04:46.626919 23806 raft_consensus.cc:2955] T 7780969a11704a24a9e1ad06c09fd5df P 898cae2628d54bf09bbc17de30ee3603 [term 2 LEADER]: Committing config change with OpId 2.3: config changed from index -1 to 3, NON_VOTER 1296c7bf5feb4b13bcd6e693de526003 (127.22.59.132) added. New config: { opid_index: 3 OBSOLETE_local: false peers { permanent_uuid: "a30c1ccf366d47a6a8a34c97212d3f17" member_type: VOTER last_known_addr { host: "127.22.59.129" port: 36723 } attrs { replace: true } } peers { permanent_uuid: "898cae2628d54bf09bbc17de30ee3603" member_type: VOTER last_known_addr { host: "127.22.59.130" port: 41621 } } peers { permanent_uuid: "6975a86797cb4c509fff4d2332a7cb5f" member_type: VOTER last_known_addr { host: "127.22.59.131" port: 33405 } } peers { permanent_uuid: "1296c7bf5feb4b13bcd6e693de526003" member_type: NON_VOTER last_known_addr { host: "127.22.59.132" port: 41907 } attrs { promote: true } } }
I20260608 10:04:46.628932 23588 raft_consensus.cc:2955] T 7780969a11704a24a9e1ad06c09fd5df P 6975a86797cb4c509fff4d2332a7cb5f [term 2 FOLLOWER]: Committing config change with OpId 2.3: config changed from index -1 to 3, NON_VOTER 1296c7bf5feb4b13bcd6e693de526003 (127.22.59.132) added. New config: { opid_index: 3 OBSOLETE_local: false peers { permanent_uuid: "a30c1ccf366d47a6a8a34c97212d3f17" member_type: VOTER last_known_addr { host: "127.22.59.129" port: 36723 } attrs { replace: true } } peers { permanent_uuid: "898cae2628d54bf09bbc17de30ee3603" member_type: VOTER last_known_addr { host: "127.22.59.130" port: 41621 } } peers { permanent_uuid: "6975a86797cb4c509fff4d2332a7cb5f" member_type: VOTER last_known_addr { host: "127.22.59.131" port: 33405 } } peers { permanent_uuid: "1296c7bf5feb4b13bcd6e693de526003" member_type: NON_VOTER last_known_addr { host: "127.22.59.132" port: 41907 } attrs { promote: true } } }
I20260608 10:04:46.636180 23439 raft_consensus.cc:2955] T 7780969a11704a24a9e1ad06c09fd5df P a30c1ccf366d47a6a8a34c97212d3f17 [term 2 FOLLOWER]: Committing config change with OpId 2.3: config changed from index -1 to 3, NON_VOTER 1296c7bf5feb4b13bcd6e693de526003 (127.22.59.132) added. New config: { opid_index: 3 OBSOLETE_local: false peers { permanent_uuid: "a30c1ccf366d47a6a8a34c97212d3f17" member_type: VOTER last_known_addr { host: "127.22.59.129" port: 36723 } attrs { replace: true } } peers { permanent_uuid: "898cae2628d54bf09bbc17de30ee3603" member_type: VOTER last_known_addr { host: "127.22.59.130" port: 41621 } } peers { permanent_uuid: "6975a86797cb4c509fff4d2332a7cb5f" member_type: VOTER last_known_addr { host: "127.22.59.131" port: 33405 } } peers { permanent_uuid: "1296c7bf5feb4b13bcd6e693de526003" member_type: NON_VOTER last_known_addr { host: "127.22.59.132" port: 41907 } attrs { promote: true } } }
I20260608 10:04:46.646274 23514 consensus_queue.cc:237] T c09ba3fbdd024da8b77f451103177c0e P 898cae2628d54bf09bbc17de30ee3603 [LEADER]: Queue going to LEADER mode. State: All replicated index: 0, Majority replicated index: 1, Committed index: 1, Last appended: 1.1, Last appended by leader: 0, Current term: 1, Majority size: 2, State: 0, Mode: LEADER, active raft config: opid_index: 2 OBSOLETE_local: false peers { permanent_uuid: "a30c1ccf366d47a6a8a34c97212d3f17" member_type: VOTER last_known_addr { host: "127.22.59.129" port: 36723 } } peers { permanent_uuid: "898cae2628d54bf09bbc17de30ee3603" member_type: VOTER last_known_addr { host: "127.22.59.130" port: 41621 } } peers { permanent_uuid: "6975a86797cb4c509fff4d2332a7cb5f" member_type: VOTER last_known_addr { host: "127.22.59.131" port: 33405 } attrs { replace: true } } peers { permanent_uuid: "1296c7bf5feb4b13bcd6e693de526003" member_type: NON_VOTER last_known_addr { host: "127.22.59.132" port: 41907 } attrs { promote: true } }
I20260608 10:04:46.645813 23338 catalog_manager.cc:5696] T 7780969a11704a24a9e1ad06c09fd5df P 6975a86797cb4c509fff4d2332a7cb5f reported cstate change: config changed from index -1 to 3, NON_VOTER 1296c7bf5feb4b13bcd6e693de526003 (127.22.59.132) added. New cstate: current_term: 2 leader_uuid: "898cae2628d54bf09bbc17de30ee3603" committed_config { opid_index: 3 OBSOLETE_local: false peers { permanent_uuid: "a30c1ccf366d47a6a8a34c97212d3f17" member_type: VOTER last_known_addr { host: "127.22.59.129" port: 36723 } attrs { replace: true } } peers { permanent_uuid: "898cae2628d54bf09bbc17de30ee3603" member_type: VOTER last_known_addr { host: "127.22.59.130" port: 41621 } } peers { permanent_uuid: "6975a86797cb4c509fff4d2332a7cb5f" member_type: VOTER last_known_addr { host: "127.22.59.131" port: 33405 } } peers { permanent_uuid: "1296c7bf5feb4b13bcd6e693de526003" member_type: NON_VOTER last_known_addr { host: "127.22.59.132" port: 41907 } attrs { promote: true } } }
W20260608 10:04:46.663065 23479 consensus_peers.cc:597] T c09ba3fbdd024da8b77f451103177c0e P 898cae2628d54bf09bbc17de30ee3603 -> Peer 1296c7bf5feb4b13bcd6e693de526003 (127.22.59.132:41907): Couldn't send request to peer 1296c7bf5feb4b13bcd6e693de526003. Error code: TABLET_NOT_FOUND (6). Status: Not found: Tablet not found: c09ba3fbdd024da8b77f451103177c0e. This is attempt 1: this message will repeat every 5th retry.
I20260608 10:04:46.664354 23588 raft_consensus.cc:1275] T c09ba3fbdd024da8b77f451103177c0e P 6975a86797cb4c509fff4d2332a7cb5f [term 1 FOLLOWER]: Refusing update from remote peer 898cae2628d54bf09bbc17de30ee3603: Log matching property violated. Preceding OpId in replica: term: 1 index: 1. Preceding OpId from leader: term: 1 index: 2. (index mismatch)
I20260608 10:04:46.666409 23439 raft_consensus.cc:1275] T c09ba3fbdd024da8b77f451103177c0e P a30c1ccf366d47a6a8a34c97212d3f17 [term 1 FOLLOWER]: Refusing update from remote peer 898cae2628d54bf09bbc17de30ee3603: Log matching property violated. Preceding OpId in replica: term: 1 index: 1. Preceding OpId from leader: term: 1 index: 2. (index mismatch)
I20260608 10:04:46.666414 23829 consensus_queue.cc:1048] T c09ba3fbdd024da8b77f451103177c0e P 898cae2628d54bf09bbc17de30ee3603 [LEADER]: Connected to new peer: Peer: permanent_uuid: "6975a86797cb4c509fff4d2332a7cb5f" member_type: VOTER last_known_addr { host: "127.22.59.131" port: 33405 } attrs { replace: true }, Status: LMP_MISMATCH, Last received: 0.0, Next index: 2, Last known committed idx: 1, Time since last communication: 0.001s
I20260608 10:04:46.671432 23829 consensus_queue.cc:1048] T c09ba3fbdd024da8b77f451103177c0e P 898cae2628d54bf09bbc17de30ee3603 [LEADER]: Connected to new peer: Peer: permanent_uuid: "a30c1ccf366d47a6a8a34c97212d3f17" member_type: VOTER last_known_addr { host: "127.22.59.129" port: 36723 }, Status: LMP_MISMATCH, Last received: 0.0, Next index: 2, Last known committed idx: 1, Time since last communication: 0.000s
I20260608 10:04:46.676728 23806 raft_consensus.cc:2955] T c09ba3fbdd024da8b77f451103177c0e P 898cae2628d54bf09bbc17de30ee3603 [term 1 LEADER]: Committing config change with OpId 1.2: config changed from index -1 to 2, NON_VOTER 1296c7bf5feb4b13bcd6e693de526003 (127.22.59.132) added. New config: { opid_index: 2 OBSOLETE_local: false peers { permanent_uuid: "a30c1ccf366d47a6a8a34c97212d3f17" member_type: VOTER last_known_addr { host: "127.22.59.129" port: 36723 } } peers { permanent_uuid: "898cae2628d54bf09bbc17de30ee3603" member_type: VOTER last_known_addr { host: "127.22.59.130" port: 41621 } } peers { permanent_uuid: "6975a86797cb4c509fff4d2332a7cb5f" member_type: VOTER last_known_addr { host: "127.22.59.131" port: 33405 } attrs { replace: true } } peers { permanent_uuid: "1296c7bf5feb4b13bcd6e693de526003" member_type: NON_VOTER last_known_addr { host: "127.22.59.132" port: 41907 } attrs { promote: true } } }
I20260608 10:04:46.681429 23588 raft_consensus.cc:2955] T c09ba3fbdd024da8b77f451103177c0e P 6975a86797cb4c509fff4d2332a7cb5f [term 1 FOLLOWER]: Committing config change with OpId 1.2: config changed from index -1 to 2, NON_VOTER 1296c7bf5feb4b13bcd6e693de526003 (127.22.59.132) added. New config: { opid_index: 2 OBSOLETE_local: false peers { permanent_uuid: "a30c1ccf366d47a6a8a34c97212d3f17" member_type: VOTER last_known_addr { host: "127.22.59.129" port: 36723 } } peers { permanent_uuid: "898cae2628d54bf09bbc17de30ee3603" member_type: VOTER last_known_addr { host: "127.22.59.130" port: 41621 } } peers { permanent_uuid: "6975a86797cb4c509fff4d2332a7cb5f" member_type: VOTER last_known_addr { host: "127.22.59.131" port: 33405 } attrs { replace: true } } peers { permanent_uuid: "1296c7bf5feb4b13bcd6e693de526003" member_type: NON_VOTER last_known_addr { host: "127.22.59.132" port: 41907 } attrs { promote: true } } }
I20260608 10:04:46.684813 23439 raft_consensus.cc:2955] T c09ba3fbdd024da8b77f451103177c0e P a30c1ccf366d47a6a8a34c97212d3f17 [term 1 FOLLOWER]: Committing config change with OpId 1.2: config changed from index -1 to 2, NON_VOTER 1296c7bf5feb4b13bcd6e693de526003 (127.22.59.132) added. New config: { opid_index: 2 OBSOLETE_local: false peers { permanent_uuid: "a30c1ccf366d47a6a8a34c97212d3f17" member_type: VOTER last_known_addr { host: "127.22.59.129" port: 36723 } } peers { permanent_uuid: "898cae2628d54bf09bbc17de30ee3603" member_type: VOTER last_known_addr { host: "127.22.59.130" port: 41621 } } peers { permanent_uuid: "6975a86797cb4c509fff4d2332a7cb5f" member_type: VOTER last_known_addr { host: "127.22.59.131" port: 33405 } attrs { replace: true } } peers { permanent_uuid: "1296c7bf5feb4b13bcd6e693de526003" member_type: NON_VOTER last_known_addr { host: "127.22.59.132" port: 41907 } attrs { promote: true } } }
I20260608 10:04:46.693866 23440 consensus_queue.cc:237] T dd18064d053140ff9a547be003330c22 P a30c1ccf366d47a6a8a34c97212d3f17 [LEADER]: Queue going to LEADER mode. State: All replicated index: 0, Majority replicated index: 1, Committed index: 1, Last appended: 1.1, Last appended by leader: 0, Current term: 1, Majority size: 2, State: 0, Mode: LEADER, active raft config: opid_index: 2 OBSOLETE_local: false peers { permanent_uuid: "a30c1ccf366d47a6a8a34c97212d3f17" member_type: VOTER last_known_addr { host: "127.22.59.129" port: 36723 } } peers { permanent_uuid: "898cae2628d54bf09bbc17de30ee3603" member_type: VOTER last_known_addr { host: "127.22.59.130" port: 41621 } attrs { replace: true } } peers { permanent_uuid: "6975a86797cb4c509fff4d2332a7cb5f" member_type: VOTER last_known_addr { host: "127.22.59.131" port: 33405 } } peers { permanent_uuid: "1296c7bf5feb4b13bcd6e693de526003" member_type: NON_VOTER last_known_addr { host: "127.22.59.132" port: 41907 } attrs { promote: true } }
I20260608 10:04:46.694365 23335 catalog_manager.cc:5696] T c09ba3fbdd024da8b77f451103177c0e P 898cae2628d54bf09bbc17de30ee3603 reported cstate change: config changed from index -1 to 2, NON_VOTER 1296c7bf5feb4b13bcd6e693de526003 (127.22.59.132) added. New cstate: current_term: 1 leader_uuid: "898cae2628d54bf09bbc17de30ee3603" committed_config { opid_index: 2 OBSOLETE_local: false peers { permanent_uuid: "a30c1ccf366d47a6a8a34c97212d3f17" member_type: VOTER last_known_addr { host: "127.22.59.129" port: 36723 } health_report { overall_health: HEALTHY } } peers { permanent_uuid: "898cae2628d54bf09bbc17de30ee3603" member_type: VOTER last_known_addr { host: "127.22.59.130" port: 41621 } health_report { overall_health: HEALTHY } } peers { permanent_uuid: "6975a86797cb4c509fff4d2332a7cb5f" member_type: VOTER last_known_addr { host: "127.22.59.131" port: 33405 } attrs { replace: true } health_report { overall_health: HEALTHY } } peers { permanent_uuid: "1296c7bf5feb4b13bcd6e693de526003" member_type: NON_VOTER last_known_addr { host: "127.22.59.132" port: 41907 } attrs { promote: true } health_report { overall_health: UNKNOWN } } }
W20260608 10:04:46.706317 23404 consensus_peers.cc:597] T dd18064d053140ff9a547be003330c22 P a30c1ccf366d47a6a8a34c97212d3f17 -> Peer 1296c7bf5feb4b13bcd6e693de526003 (127.22.59.132:41907): Couldn't send request to peer 1296c7bf5feb4b13bcd6e693de526003. Error code: TABLET_NOT_FOUND (6). Status: Not found: Tablet not found: dd18064d053140ff9a547be003330c22. This is attempt 1: this message will repeat every 5th retry.
I20260608 10:04:46.707010 23588 raft_consensus.cc:1275] T dd18064d053140ff9a547be003330c22 P 6975a86797cb4c509fff4d2332a7cb5f [term 1 FOLLOWER]: Refusing update from remote peer a30c1ccf366d47a6a8a34c97212d3f17: Log matching property violated. Preceding OpId in replica: term: 1 index: 1. Preceding OpId from leader: term: 1 index: 2. (index mismatch)
I20260608 10:04:46.707562 23514 raft_consensus.cc:1275] T dd18064d053140ff9a547be003330c22 P 898cae2628d54bf09bbc17de30ee3603 [term 1 FOLLOWER]: Refusing update from remote peer a30c1ccf366d47a6a8a34c97212d3f17: Log matching property violated. Preceding OpId in replica: term: 1 index: 1. Preceding OpId from leader: term: 1 index: 2. (index mismatch)
I20260608 10:04:46.709182 23813 consensus_queue.cc:1048] T dd18064d053140ff9a547be003330c22 P a30c1ccf366d47a6a8a34c97212d3f17 [LEADER]: Connected to new peer: Peer: permanent_uuid: "6975a86797cb4c509fff4d2332a7cb5f" member_type: VOTER last_known_addr { host: "127.22.59.131" port: 33405 }, Status: LMP_MISMATCH, Last received: 0.0, Next index: 2, Last known committed idx: 1, Time since last communication: 0.000s
I20260608 10:04:46.711143 23813 consensus_queue.cc:1048] T dd18064d053140ff9a547be003330c22 P a30c1ccf366d47a6a8a34c97212d3f17 [LEADER]: Connected to new peer: Peer: permanent_uuid: "898cae2628d54bf09bbc17de30ee3603" member_type: VOTER last_known_addr { host: "127.22.59.130" port: 41621 } attrs { replace: true }, Status: LMP_MISMATCH, Last received: 0.0, Next index: 2, Last known committed idx: 1, Time since last communication: 0.000s
I20260608 10:04:46.721112 23808 raft_consensus.cc:2955] T dd18064d053140ff9a547be003330c22 P a30c1ccf366d47a6a8a34c97212d3f17 [term 1 LEADER]: Committing config change with OpId 1.2: config changed from index -1 to 2, NON_VOTER 1296c7bf5feb4b13bcd6e693de526003 (127.22.59.132) added. New config: { opid_index: 2 OBSOLETE_local: false peers { permanent_uuid: "a30c1ccf366d47a6a8a34c97212d3f17" member_type: VOTER last_known_addr { host: "127.22.59.129" port: 36723 } } peers { permanent_uuid: "898cae2628d54bf09bbc17de30ee3603" member_type: VOTER last_known_addr { host: "127.22.59.130" port: 41621 } attrs { replace: true } } peers { permanent_uuid: "6975a86797cb4c509fff4d2332a7cb5f" member_type: VOTER last_known_addr { host: "127.22.59.131" port: 33405 } } peers { permanent_uuid: "1296c7bf5feb4b13bcd6e693de526003" member_type: NON_VOTER last_known_addr { host: "127.22.59.132" port: 41907 } attrs { promote: true } } }
