I20260608 10:04:39.005381  1647 consensus_queue.cc:260] T c775710a03164d47a0c483a6c9212557 P 9b5fba3b821e4b81858c4dcaf627f932 [NON_LEADER]: Queue going to NON_LEADER mode. State: All replicated index: 0, Majority replicated index: 0, Committed index: 0, Last appended: 0.0, Last appended by leader: 0, Current term: 0, Majority size: -1, State: 0, Mode: NON_LEADER, active raft config: opid_index: -1 OBSOLETE_local: false peers { permanent_uuid: "9b5fba3b821e4b81858c4dcaf627f932" member_type: VOTER last_known_addr { host: "127.0.196.129" port: 33089 } } peers { permanent_uuid: "073d8191ee564cb0a49f864f19acf8d9" member_type: VOTER last_known_addr { host: "127.0.196.130" port: 41967 } } peers { permanent_uuid: "b03662438da34273a72cf428e31b3484" member_type: VOTER last_known_addr { host: "127.0.196.131" port: 33607 } }
I20260608 10:04:39.005383  1649 consensus_queue.cc:260] T dff79c27fa134c7fa3854adb8cfef47f P 073d8191ee564cb0a49f864f19acf8d9 [NON_LEADER]: Queue going to NON_LEADER mode. State: All replicated index: 0, Majority replicated index: 0, Committed index: 0, Last appended: 0.0, Last appended by leader: 0, Current term: 0, Majority size: -1, State: 0, Mode: NON_LEADER, active raft config: opid_index: -1 OBSOLETE_local: false peers { permanent_uuid: "b03662438da34273a72cf428e31b3484" member_type: VOTER last_known_addr { host: "127.0.196.131" port: 33607 } } peers { permanent_uuid: "9b5fba3b821e4b81858c4dcaf627f932" member_type: VOTER last_known_addr { host: "127.0.196.129" port: 33089 } } peers { permanent_uuid: "073d8191ee564cb0a49f864f19acf8d9" member_type: VOTER last_known_addr { host: "127.0.196.130" port: 41967 } }
I20260608 10:04:39.005859  1672 consensus_queue.cc:237] T 42ef94b955274014a53a397cb1e07eb9 P 9b5fba3b821e4b81858c4dcaf627f932 [LEADER]: Queue going to LEADER mode. State: All replicated index: 0, Majority replicated index: 0, Committed index: 0, Last appended: 0.0, Last appended by leader: 0, Current term: 1, Majority size: 2, State: 0, Mode: LEADER, active raft config: opid_index: -1 OBSOLETE_local: false peers { permanent_uuid: "9b5fba3b821e4b81858c4dcaf627f932" member_type: VOTER last_known_addr { host: "127.0.196.129" port: 33089 } } peers { permanent_uuid: "073d8191ee564cb0a49f864f19acf8d9" member_type: VOTER last_known_addr { host: "127.0.196.130" port: 41967 } } peers { permanent_uuid: "b03662438da34273a72cf428e31b3484" member_type: VOTER last_known_addr { host: "127.0.196.131" port: 33607 } }
I20260608 10:04:39.003050  1648 raft_consensus.cc:359] T 3ee9eb8dd39447ffabfb024e106753e9 P b03662438da34273a72cf428e31b3484 [term 0 FOLLOWER]: Replica starting. Triggering 0 pending ops. Active config: opid_index: -1 OBSOLETE_local: false peers { permanent_uuid: "9b5fba3b821e4b81858c4dcaf627f932" member_type: VOTER last_known_addr { host: "127.0.196.129" port: 33089 } } peers { permanent_uuid: "073d8191ee564cb0a49f864f19acf8d9" member_type: VOTER last_known_addr { host: "127.0.196.130" port: 41967 } } peers { permanent_uuid: "b03662438da34273a72cf428e31b3484" member_type: VOTER last_known_addr { host: "127.0.196.131" port: 33607 } }
I20260608 10:04:39.007548  1648 raft_consensus.cc:385] T 3ee9eb8dd39447ffabfb024e106753e9 P b03662438da34273a72cf428e31b3484 [term 0 FOLLOWER]: Consensus starting up: Expiring failure detector timer to make a prompt election more likely
I20260608 10:04:39.007897  1648 raft_consensus.cc:740] T 3ee9eb8dd39447ffabfb024e106753e9 P b03662438da34273a72cf428e31b3484 [term 0 FOLLOWER]: Becoming Follower/Learner. State: Replica: b03662438da34273a72cf428e31b3484, State: Initialized, Role: FOLLOWER
I20260608 10:04:39.008070  1647 ts_tablet_manager.cc:1434] T c775710a03164d47a0c483a6c9212557 P 9b5fba3b821e4b81858c4dcaf627f932: Time spent starting tablet: real 0.008s	user 0.003s	sys 0.003s
I20260608 10:04:39.009284  1647 tablet_bootstrap.cc:492] T fada127276754dbe9fe1bc50fa793610 P 9b5fba3b821e4b81858c4dcaf627f932: Bootstrap starting.
I20260608 10:04:39.008826  1648 consensus_queue.cc:260] T 3ee9eb8dd39447ffabfb024e106753e9 P b03662438da34273a72cf428e31b3484 [NON_LEADER]: Queue going to NON_LEADER mode. State: All replicated index: 0, Majority replicated index: 0, Committed index: 0, Last appended: 0.0, Last appended by leader: 0, Current term: 0, Majority size: -1, State: 0, Mode: NON_LEADER, active raft config: opid_index: -1 OBSOLETE_local: false peers { permanent_uuid: "9b5fba3b821e4b81858c4dcaf627f932" member_type: VOTER last_known_addr { host: "127.0.196.129" port: 33089 } } peers { permanent_uuid: "073d8191ee564cb0a49f864f19acf8d9" member_type: VOTER last_known_addr { host: "127.0.196.130" port: 41967 } } peers { permanent_uuid: "b03662438da34273a72cf428e31b3484" member_type: VOTER last_known_addr { host: "127.0.196.131" port: 33607 } }
I20260608 10:04:39.011327  1648 ts_tablet_manager.cc:1434] T 3ee9eb8dd39447ffabfb024e106753e9 P b03662438da34273a72cf428e31b3484: Time spent starting tablet: real 0.012s	user 0.007s	sys 0.000s
I20260608 10:04:39.012444  1648 tablet_bootstrap.cc:492] T dff79c27fa134c7fa3854adb8cfef47f P b03662438da34273a72cf428e31b3484: Bootstrap starting.
I20260608 10:04:39.018761  1647 tablet_bootstrap.cc:654] T fada127276754dbe9fe1bc50fa793610 P 9b5fba3b821e4b81858c4dcaf627f932: Neither blocks nor log segments found. Creating new log.
I20260608 10:04:39.019407  1648 tablet_bootstrap.cc:654] T dff79c27fa134c7fa3854adb8cfef47f P b03662438da34273a72cf428e31b3484: Neither blocks nor log segments found. Creating new log.
I20260608 10:04:39.023969  1649 ts_tablet_manager.cc:1434] T dff79c27fa134c7fa3854adb8cfef47f P 073d8191ee564cb0a49f864f19acf8d9: Time spent starting tablet: real 0.030s	user 0.007s	sys 0.000s
W20260608 10:04:39.025202  1418 leader_election.cc:343] T 42ef94b955274014a53a397cb1e07eb9 P 9b5fba3b821e4b81858c4dcaf627f932 [CANDIDATE]: Term 1 election: Tablet error from VoteRequest() call to peer b03662438da34273a72cf428e31b3484 (127.0.196.131:33607): Illegal state: must be running to vote when last-logged opid is not known
I20260608 10:04:39.027904  1529 tablet_service.cc:1917] Received RequestConsensusVote() RPC: tablet_id: "3ee9eb8dd39447ffabfb024e106753e9" candidate_uuid: "9b5fba3b821e4b81858c4dcaf627f932" candidate_term: 1 candidate_status { last_received { term: 0 index: 0 } } ignore_live_leader: false dest_uuid: "073d8191ee564cb0a49f864f19acf8d9" is_pre_election: true
I20260608 10:04:39.028607  1529 raft_consensus.cc:2468] T 3ee9eb8dd39447ffabfb024e106753e9 P 073d8191ee564cb0a49f864f19acf8d9 [term 0 FOLLOWER]: Leader pre-election vote request: Granting yes vote for candidate 9b5fba3b821e4b81858c4dcaf627f932 in term 0.
I20260608 10:04:39.029057  1603 tablet_service.cc:1917] Received RequestConsensusVote() RPC: tablet_id: "3ee9eb8dd39447ffabfb024e106753e9" candidate_uuid: "9b5fba3b821e4b81858c4dcaf627f932" candidate_term: 1 candidate_status { last_received { term: 0 index: 0 } } ignore_live_leader: false dest_uuid: "b03662438da34273a72cf428e31b3484" is_pre_election: true
I20260608 10:04:39.029968  1603 raft_consensus.cc:2468] T 3ee9eb8dd39447ffabfb024e106753e9 P b03662438da34273a72cf428e31b3484 [term 0 FOLLOWER]: Leader pre-election vote request: Granting yes vote for candidate 9b5fba3b821e4b81858c4dcaf627f932 in term 0.
I20260608 10:04:39.032825  1529 tablet_service.cc:1917] Received RequestConsensusVote() RPC: tablet_id: "1a133fbbac7d4cd3ba095b8d48d6f652" candidate_uuid: "9b5fba3b821e4b81858c4dcaf627f932" candidate_term: 1 candidate_status { last_received { term: 0 index: 0 } } ignore_live_leader: false dest_uuid: "073d8191ee564cb0a49f864f19acf8d9"
I20260608 10:04:39.038681  1603 tablet_service.cc:1917] Received RequestConsensusVote() RPC: tablet_id: "1a133fbbac7d4cd3ba095b8d48d6f652" candidate_uuid: "9b5fba3b821e4b81858c4dcaf627f932" candidate_term: 1 candidate_status { last_received { term: 0 index: 0 } } ignore_live_leader: false dest_uuid: "b03662438da34273a72cf428e31b3484"
I20260608 10:04:39.039579  1603 raft_consensus.cc:3060] T 1a133fbbac7d4cd3ba095b8d48d6f652 P b03662438da34273a72cf428e31b3484 [term 0 FOLLOWER]: Advancing to term 1
I20260608 10:04:39.042368  1418 leader_election.cc:304] T 3ee9eb8dd39447ffabfb024e106753e9 P 9b5fba3b821e4b81858c4dcaf627f932 [CANDIDATE]: Term 1 pre-election: Election decided. Result: candidate won. Election summary: received 2 responses out of 3 voters: 2 yes votes; 0 no votes. yes voters: 9b5fba3b821e4b81858c4dcaf627f932, b03662438da34273a72cf428e31b3484; no voters: 
I20260608 10:04:39.043229  1647 tablet_bootstrap.cc:492] T fada127276754dbe9fe1bc50fa793610 P 9b5fba3b821e4b81858c4dcaf627f932: No bootstrap required, opened a new log
I20260608 10:04:39.044214  1647 ts_tablet_manager.cc:1403] T fada127276754dbe9fe1bc50fa793610 P 9b5fba3b821e4b81858c4dcaf627f932: Time spent bootstrapping tablet: real 0.035s	user 0.015s	sys 0.016s
I20260608 10:04:39.044351  1672 raft_consensus.cc:2804] T 3ee9eb8dd39447ffabfb024e106753e9 P 9b5fba3b821e4b81858c4dcaf627f932 [term 0 FOLLOWER]: Leader pre-election won for term 1
I20260608 10:04:39.044734  1672 raft_consensus.cc:493] T 3ee9eb8dd39447ffabfb024e106753e9 P 9b5fba3b821e4b81858c4dcaf627f932 [term 0 FOLLOWER]: Starting leader election (no leader contacted us within the election timeout)
I20260608 10:04:39.045128  1672 raft_consensus.cc:3060] T 3ee9eb8dd39447ffabfb024e106753e9 P 9b5fba3b821e4b81858c4dcaf627f932 [term 0 FOLLOWER]: Advancing to term 1
I20260608 10:04:39.043637  1649 tablet_bootstrap.cc:492] T 235ac420933a46a08dd935fdfd57f440 P 073d8191ee564cb0a49f864f19acf8d9: Bootstrap starting.
I20260608 10:04:39.051733  1674 raft_consensus.cc:493] T dff79c27fa134c7fa3854adb8cfef47f P 9b5fba3b821e4b81858c4dcaf627f932 [term 0 FOLLOWER]: Starting pre-election (no leader contacted us within the election timeout)
I20260608 10:04:39.052898  1674 raft_consensus.cc:515] T dff79c27fa134c7fa3854adb8cfef47f P 9b5fba3b821e4b81858c4dcaf627f932 [term 0 FOLLOWER]: Starting pre-election with config: opid_index: -1 OBSOLETE_local: false peers { permanent_uuid: "b03662438da34273a72cf428e31b3484" member_type: VOTER last_known_addr { host: "127.0.196.131" port: 33607 } } peers { permanent_uuid: "9b5fba3b821e4b81858c4dcaf627f932" member_type: VOTER last_known_addr { host: "127.0.196.129" port: 33089 } } peers { permanent_uuid: "073d8191ee564cb0a49f864f19acf8d9" member_type: VOTER last_known_addr { host: "127.0.196.130" port: 41967 } }
I20260608 10:04:39.056286  1672 raft_consensus.cc:515] T 3ee9eb8dd39447ffabfb024e106753e9 P 9b5fba3b821e4b81858c4dcaf627f932 [term 1 FOLLOWER]: Starting leader election with config: opid_index: -1 OBSOLETE_local: false peers { permanent_uuid: "9b5fba3b821e4b81858c4dcaf627f932" member_type: VOTER last_known_addr { host: "127.0.196.129" port: 33089 } } peers { permanent_uuid: "073d8191ee564cb0a49f864f19acf8d9" member_type: VOTER last_known_addr { host: "127.0.196.130" port: 41967 } } peers { permanent_uuid: "b03662438da34273a72cf428e31b3484" member_type: VOTER last_known_addr { host: "127.0.196.131" port: 33607 } }
I20260608 10:04:39.056758  1674 leader_election.cc:290] T dff79c27fa134c7fa3854adb8cfef47f P 9b5fba3b821e4b81858c4dcaf627f932 [CANDIDATE]: Term 1 pre-election: Requested pre-vote from peers b03662438da34273a72cf428e31b3484 (127.0.196.131:33607), 073d8191ee564cb0a49f864f19acf8d9 (127.0.196.130:41967)
I20260608 10:04:39.057740  1674 raft_consensus.cc:493] T 235ac420933a46a08dd935fdfd57f440 P 9b5fba3b821e4b81858c4dcaf627f932 [term 0 FOLLOWER]: Starting pre-election (no leader contacted us within the election timeout)
I20260608 10:04:39.058187  1674 raft_consensus.cc:515] T 235ac420933a46a08dd935fdfd57f440 P 9b5fba3b821e4b81858c4dcaf627f932 [term 0 FOLLOWER]: Starting pre-election with config: opid_index: -1 OBSOLETE_local: false peers { permanent_uuid: "9b5fba3b821e4b81858c4dcaf627f932" member_type: VOTER last_known_addr { host: "127.0.196.129" port: 33089 } } peers { permanent_uuid: "073d8191ee564cb0a49f864f19acf8d9" member_type: VOTER last_known_addr { host: "127.0.196.130" port: 41967 } } peers { permanent_uuid: "b03662438da34273a72cf428e31b3484" member_type: VOTER last_known_addr { host: "127.0.196.131" port: 33607 } }
I20260608 10:04:39.058662  1672 leader_election.cc:290] T 3ee9eb8dd39447ffabfb024e106753e9 P 9b5fba3b821e4b81858c4dcaf627f932 [CANDIDATE]: Term 1 election: Requested vote from peers 073d8191ee564cb0a49f864f19acf8d9 (127.0.196.130:41967), b03662438da34273a72cf428e31b3484 (127.0.196.131:33607)
I20260608 10:04:39.060000  1674 leader_election.cc:290] T 235ac420933a46a08dd935fdfd57f440 P 9b5fba3b821e4b81858c4dcaf627f932 [CANDIDATE]: Term 1 pre-election: Requested pre-vote from peers 073d8191ee564cb0a49f864f19acf8d9 (127.0.196.130:41967), b03662438da34273a72cf428e31b3484 (127.0.196.131:33607)
I20260608 10:04:39.045897  1351 catalog_manager.cc:5696] T 42ef94b955274014a53a397cb1e07eb9 P 9b5fba3b821e4b81858c4dcaf627f932 reported cstate change: term changed from 0 to 1, leader changed from <none> to 9b5fba3b821e4b81858c4dcaf627f932 (127.0.196.129). New cstate: current_term: 1 leader_uuid: "9b5fba3b821e4b81858c4dcaf627f932" committed_config { opid_index: -1 OBSOLETE_local: false peers { permanent_uuid: "9b5fba3b821e4b81858c4dcaf627f932" member_type: VOTER last_known_addr { host: "127.0.196.129" port: 33089 } health_report { overall_health: HEALTHY } } peers { permanent_uuid: "073d8191ee564cb0a49f864f19acf8d9" member_type: VOTER last_known_addr { host: "127.0.196.130" port: 41967 } health_report { overall_health: UNKNOWN } } peers { permanent_uuid: "b03662438da34273a72cf428e31b3484" member_type: VOTER last_known_addr { host: "127.0.196.131" port: 33607 } health_report { overall_health: UNKNOWN } } }
W20260608 10:04:39.062017  1418 leader_election.cc:343] T 1a133fbbac7d4cd3ba095b8d48d6f652 P 9b5fba3b821e4b81858c4dcaf627f932 [CANDIDATE]: Term 1 election: Tablet error from VoteRequest() call to peer 073d8191ee564cb0a49f864f19acf8d9 (127.0.196.130:41967): Illegal state: must be running to vote when last-logged opid is not known
I20260608 10:04:39.065871  1647 raft_consensus.cc:359] T fada127276754dbe9fe1bc50fa793610 P 9b5fba3b821e4b81858c4dcaf627f932 [term 0 FOLLOWER]: Replica starting. Triggering 0 pending ops. Active config: opid_index: -1 OBSOLETE_local: false peers { permanent_uuid: "9b5fba3b821e4b81858c4dcaf627f932" member_type: VOTER last_known_addr { host: "127.0.196.129" port: 33089 } } peers { permanent_uuid: "073d8191ee564cb0a49f864f19acf8d9" member_type: VOTER last_known_addr { host: "127.0.196.130" port: 41967 } } peers { permanent_uuid: "b03662438da34273a72cf428e31b3484" member_type: VOTER last_known_addr { host: "127.0.196.131" port: 33607 } }
I20260608 10:04:39.066394  1602 tablet_service.cc:1917] Received RequestConsensusVote() RPC: tablet_id: "dff79c27fa134c7fa3854adb8cfef47f" candidate_uuid: "9b5fba3b821e4b81858c4dcaf627f932" candidate_term: 1 candidate_status { last_received { term: 0 index: 0 } } ignore_live_leader: false dest_uuid: "b03662438da34273a72cf428e31b3484" is_pre_election: true
I20260608 10:04:39.066946  1647 raft_consensus.cc:385] T fada127276754dbe9fe1bc50fa793610 P 9b5fba3b821e4b81858c4dcaf627f932 [term 0 FOLLOWER]: Consensus starting up: Expiring failure detector timer to make a prompt election more likely
I20260608 10:04:39.067416  1647 raft_consensus.cc:740] T fada127276754dbe9fe1bc50fa793610 P 9b5fba3b821e4b81858c4dcaf627f932 [term 0 FOLLOWER]: Becoming Follower/Learner. State: Replica: 9b5fba3b821e4b81858c4dcaf627f932, State: Initialized, Role: FOLLOWER
I20260608 10:04:39.070212  1602 tablet_service.cc:1917] Received RequestConsensusVote() RPC: tablet_id: "3ee9eb8dd39447ffabfb024e106753e9" candidate_uuid: "9b5fba3b821e4b81858c4dcaf627f932" candidate_term: 1 candidate_status { last_received { term: 0 index: 0 } } ignore_live_leader: false dest_uuid: "b03662438da34273a72cf428e31b3484"
I20260608 10:04:39.071157  1528 tablet_service.cc:1917] Received RequestConsensusVote() RPC: tablet_id: "3ee9eb8dd39447ffabfb024e106753e9" candidate_uuid: "9b5fba3b821e4b81858c4dcaf627f932" candidate_term: 1 candidate_status { last_received { term: 0 index: 0 } } ignore_live_leader: false dest_uuid: "073d8191ee564cb0a49f864f19acf8d9"
I20260608 10:04:39.074189  1527 tablet_service.cc:1917] Received RequestConsensusVote() RPC: tablet_id: "235ac420933a46a08dd935fdfd57f440" candidate_uuid: "9b5fba3b821e4b81858c4dcaf627f932" candidate_term: 1 candidate_status { last_received { term: 0 index: 0 } } ignore_live_leader: false dest_uuid: "073d8191ee564cb0a49f864f19acf8d9" is_pre_election: true
I20260608 10:04:39.075197  1528 raft_consensus.cc:3060] T 3ee9eb8dd39447ffabfb024e106753e9 P 073d8191ee564cb0a49f864f19acf8d9 [term 0 FOLLOWER]: Advancing to term 1
I20260608 10:04:39.074324  1529 tablet_service.cc:1917] Received RequestConsensusVote() RPC: tablet_id: "dff79c27fa134c7fa3854adb8cfef47f" candidate_uuid: "9b5fba3b821e4b81858c4dcaf627f932" candidate_term: 1 candidate_status { last_received { term: 0 index: 0 } } ignore_live_leader: false dest_uuid: "073d8191ee564cb0a49f864f19acf8d9" is_pre_election: true
I20260608 10:04:39.076927  1602 raft_consensus.cc:3060] T 3ee9eb8dd39447ffabfb024e106753e9 P b03662438da34273a72cf428e31b3484 [term 0 FOLLOWER]: Advancing to term 1
I20260608 10:04:39.074152  1647 consensus_queue.cc:260] T fada127276754dbe9fe1bc50fa793610 P 9b5fba3b821e4b81858c4dcaf627f932 [NON_LEADER]: Queue going to NON_LEADER mode. State: All replicated index: 0, Majority replicated index: 0, Committed index: 0, Last appended: 0.0, Last appended by leader: 0, Current term: 0, Majority size: -1, State: 0, Mode: NON_LEADER, active raft config: opid_index: -1 OBSOLETE_local: false peers { permanent_uuid: "9b5fba3b821e4b81858c4dcaf627f932" member_type: VOTER last_known_addr { host: "127.0.196.129" port: 33089 } } peers { permanent_uuid: "073d8191ee564cb0a49f864f19acf8d9" member_type: VOTER last_known_addr { host: "127.0.196.130" port: 41967 } } peers { permanent_uuid: "b03662438da34273a72cf428e31b3484" member_type: VOTER last_known_addr { host: "127.0.196.131" port: 33607 } }
I20260608 10:04:39.076695  1529 raft_consensus.cc:2468] T dff79c27fa134c7fa3854adb8cfef47f P 073d8191ee564cb0a49f864f19acf8d9 [term 0 FOLLOWER]: Leader pre-election vote request: Granting yes vote for candidate 9b5fba3b821e4b81858c4dcaf627f932 in term 0.
I20260608 10:04:39.086290  1601 tablet_service.cc:1917] Received RequestConsensusVote() RPC: tablet_id: "235ac420933a46a08dd935fdfd57f440" candidate_uuid: "9b5fba3b821e4b81858c4dcaf627f932" candidate_term: 1 candidate_status { last_received { term: 0 index: 0 } } ignore_live_leader: false dest_uuid: "b03662438da34273a72cf428e31b3484" is_pre_election: true
I20260608 10:04:39.087342  1601 raft_consensus.cc:2468] T 235ac420933a46a08dd935fdfd57f440 P b03662438da34273a72cf428e31b3484 [term 0 FOLLOWER]: Leader pre-election vote request: Granting yes vote for candidate 9b5fba3b821e4b81858c4dcaf627f932 in term 0.
I20260608 10:04:39.085402  1603 raft_consensus.cc:2468] T 1a133fbbac7d4cd3ba095b8d48d6f652 P b03662438da34273a72cf428e31b3484 [term 1 FOLLOWER]: Leader election vote request: Granting yes vote for candidate 9b5fba3b821e4b81858c4dcaf627f932 in term 1.
I20260608 10:04:39.089056  1647 ts_tablet_manager.cc:1434] T fada127276754dbe9fe1bc50fa793610 P 9b5fba3b821e4b81858c4dcaf627f932: Time spent starting tablet: real 0.044s	user 0.010s	sys 0.000s
W20260608 10:04:39.088251  1418 leader_election.cc:343] T 235ac420933a46a08dd935fdfd57f440 P 9b5fba3b821e4b81858c4dcaf627f932 [CANDIDATE]: Term 1 pre-election: Tablet error from VoteRequest() call to peer 073d8191ee564cb0a49f864f19acf8d9 (127.0.196.130:41967): Illegal state: must be running to vote when last-logged opid is not known
I20260608 10:04:39.090214  1647 tablet_bootstrap.cc:492] T e6355324ef304c41a7a6bcc6117fcf95 P 9b5fba3b821e4b81858c4dcaf627f932: Bootstrap starting.
I20260608 10:04:39.090489  1418 leader_election.cc:304] T dff79c27fa134c7fa3854adb8cfef47f P 9b5fba3b821e4b81858c4dcaf627f932 [CANDIDATE]: Term 1 pre-election: Election decided. Result: candidate won. Election summary: received 2 responses out of 3 voters: 2 yes votes; 0 no votes. yes voters: 073d8191ee564cb0a49f864f19acf8d9, 9b5fba3b821e4b81858c4dcaf627f932; no voters: 
W20260608 10:04:39.091547  1418 leader_election.cc:343] T dff79c27fa134c7fa3854adb8cfef47f P 9b5fba3b821e4b81858c4dcaf627f932 [CANDIDATE]: Term 1 pre-election: Tablet error from VoteRequest() call to peer b03662438da34273a72cf428e31b3484 (127.0.196.131:33607): Illegal state: must be running to vote when last-logged opid is not known
I20260608 10:04:39.091564  1528 raft_consensus.cc:2468] T 3ee9eb8dd39447ffabfb024e106753e9 P 073d8191ee564cb0a49f864f19acf8d9 [term 1 FOLLOWER]: Leader election vote request: Granting yes vote for candidate 9b5fba3b821e4b81858c4dcaf627f932 in term 1.
I20260608 10:04:39.092423  1674 raft_consensus.cc:2804] T dff79c27fa134c7fa3854adb8cfef47f P 9b5fba3b821e4b81858c4dcaf627f932 [term 0 FOLLOWER]: Leader pre-election won for term 1
I20260608 10:04:39.093176  1674 raft_consensus.cc:493] T dff79c27fa134c7fa3854adb8cfef47f P 9b5fba3b821e4b81858c4dcaf627f932 [term 0 FOLLOWER]: Starting leader election (no leader contacted us within the election timeout)
I20260608 10:04:39.093560  1674 raft_consensus.cc:3060] T dff79c27fa134c7fa3854adb8cfef47f P 9b5fba3b821e4b81858c4dcaf627f932 [term 0 FOLLOWER]: Advancing to term 1
I20260608 10:04:39.095171  1418 leader_election.cc:304] T 235ac420933a46a08dd935fdfd57f440 P 9b5fba3b821e4b81858c4dcaf627f932 [CANDIDATE]: Term 1 pre-election: Election decided. Result: candidate won. Election summary: received 3 responses out of 3 voters: 2 yes votes; 1 no votes. yes voters: 9b5fba3b821e4b81858c4dcaf627f932, b03662438da34273a72cf428e31b3484; no voters: 073d8191ee564cb0a49f864f19acf8d9
I20260608 10:04:39.096374  1672 raft_consensus.cc:2804] T 235ac420933a46a08dd935fdfd57f440 P 9b5fba3b821e4b81858c4dcaf627f932 [term 0 FOLLOWER]: Leader pre-election won for term 1
I20260608 10:04:39.096765  1672 raft_consensus.cc:493] T 235ac420933a46a08dd935fdfd57f440 P 9b5fba3b821e4b81858c4dcaf627f932 [term 0 FOLLOWER]: Starting leader election (no leader contacted us within the election timeout)
I20260608 10:04:39.097252  1648 tablet_bootstrap.cc:492] T dff79c27fa134c7fa3854adb8cfef47f P b03662438da34273a72cf428e31b3484: No bootstrap required, opened a new log
I20260608 10:04:39.097296  1672 raft_consensus.cc:3060] T 235ac420933a46a08dd935fdfd57f440 P 9b5fba3b821e4b81858c4dcaf627f932 [term 0 FOLLOWER]: Advancing to term 1
I20260608 10:04:39.098021  1648 ts_tablet_manager.cc:1403] T dff79c27fa134c7fa3854adb8cfef47f P b03662438da34273a72cf428e31b3484: Time spent bootstrapping tablet: real 0.086s	user 0.037s	sys 0.034s
I20260608 10:04:39.098466  1418 leader_election.cc:304] T 1a133fbbac7d4cd3ba095b8d48d6f652 P 9b5fba3b821e4b81858c4dcaf627f932 [CANDIDATE]: Term 1 election: Election decided. Result: candidate won. Election summary: received 3 responses out of 3 voters: 2 yes votes; 1 no votes. yes voters: 9b5fba3b821e4b81858c4dcaf627f932, b03662438da34273a72cf428e31b3484; no voters: 073d8191ee564cb0a49f864f19acf8d9
I20260608 10:04:39.099350  1653 raft_consensus.cc:2804] T 1a133fbbac7d4cd3ba095b8d48d6f652 P 9b5fba3b821e4b81858c4dcaf627f932 [term 1 FOLLOWER]: Leader election won for term 1
I20260608 10:04:39.099833  1418 leader_election.cc:304] T 3ee9eb8dd39447ffabfb024e106753e9 P 9b5fba3b821e4b81858c4dcaf627f932 [CANDIDATE]: Term 1 election: Election decided. Result: candidate won. Election summary: received 2 responses out of 3 voters: 2 yes votes; 0 no votes. yes voters: 073d8191ee564cb0a49f864f19acf8d9, 9b5fba3b821e4b81858c4dcaf627f932; no voters: 
I20260608 10:04:39.107751  1602 raft_consensus.cc:2468] T 3ee9eb8dd39447ffabfb024e106753e9 P b03662438da34273a72cf428e31b3484 [term 1 FOLLOWER]: Leader election vote request: Granting yes vote for candidate 9b5fba3b821e4b81858c4dcaf627f932 in term 1.
I20260608 10:04:39.109939  1672 raft_consensus.cc:515] T 235ac420933a46a08dd935fdfd57f440 P 9b5fba3b821e4b81858c4dcaf627f932 [term 1 FOLLOWER]: Starting leader election with config: opid_index: -1 OBSOLETE_local: false peers { permanent_uuid: "9b5fba3b821e4b81858c4dcaf627f932" member_type: VOTER last_known_addr { host: "127.0.196.129" port: 33089 } } peers { permanent_uuid: "073d8191ee564cb0a49f864f19acf8d9" member_type: VOTER last_known_addr { host: "127.0.196.130" port: 41967 } } peers { permanent_uuid: "b03662438da34273a72cf428e31b3484" member_type: VOTER last_known_addr { host: "127.0.196.131" port: 33607 } }
I20260608 10:04:39.113183  1649 tablet_bootstrap.cc:654] T 235ac420933a46a08dd935fdfd57f440 P 073d8191ee564cb0a49f864f19acf8d9: Neither blocks nor log segments found. Creating new log.
I20260608 10:04:39.113818  1672 leader_election.cc:290] T 235ac420933a46a08dd935fdfd57f440 P 9b5fba3b821e4b81858c4dcaf627f932 [CANDIDATE]: Term 1 election: Requested vote from peers 073d8191ee564cb0a49f864f19acf8d9 (127.0.196.130:41967), b03662438da34273a72cf428e31b3484 (127.0.196.131:33607)
I20260608 10:04:39.118269  1672 raft_consensus.cc:2804] T 3ee9eb8dd39447ffabfb024e106753e9 P 9b5fba3b821e4b81858c4dcaf627f932 [term 1 FOLLOWER]: Leader election won for term 1
I20260608 10:04:39.118950  1647 tablet_bootstrap.cc:654] T e6355324ef304c41a7a6bcc6117fcf95 P 9b5fba3b821e4b81858c4dcaf627f932: Neither blocks nor log segments found. Creating new log.
I20260608 10:04:39.118906  1672 raft_consensus.cc:697] T 3ee9eb8dd39447ffabfb024e106753e9 P 9b5fba3b821e4b81858c4dcaf627f932 [term 1 LEADER]: Becoming Leader. State: Replica: 9b5fba3b821e4b81858c4dcaf627f932, State: Running, Role: LEADER
I20260608 10:04:39.109403  1648 raft_consensus.cc:359] T dff79c27fa134c7fa3854adb8cfef47f P b03662438da34273a72cf428e31b3484 [term 0 FOLLOWER]: Replica starting. Triggering 0 pending ops. Active config: opid_index: -1 OBSOLETE_local: false peers { permanent_uuid: "b03662438da34273a72cf428e31b3484" member_type: VOTER last_known_addr { host: "127.0.196.131" port: 33607 } } peers { permanent_uuid: "9b5fba3b821e4b81858c4dcaf627f932" member_type: VOTER last_known_addr { host: "127.0.196.129" port: 33089 } } peers { permanent_uuid: "073d8191ee564cb0a49f864f19acf8d9" member_type: VOTER last_known_addr { host: "127.0.196.130" port: 41967 } }
I20260608 10:04:39.122499  1648 raft_consensus.cc:385] T dff79c27fa134c7fa3854adb8cfef47f P b03662438da34273a72cf428e31b3484 [term 0 FOLLOWER]: Consensus starting up: Expiring failure detector timer to make a prompt election more likely
I20260608 10:04:39.121018  1653 raft_consensus.cc:697] T 1a133fbbac7d4cd3ba095b8d48d6f652 P 9b5fba3b821e4b81858c4dcaf627f932 [term 1 LEADER]: Becoming Leader. State: Replica: 9b5fba3b821e4b81858c4dcaf627f932, State: Running, Role: LEADER
I20260608 10:04:39.123703  1648 raft_consensus.cc:740] T dff79c27fa134c7fa3854adb8cfef47f P b03662438da34273a72cf428e31b3484 [term 0 FOLLOWER]: Becoming Follower/Learner. State: Replica: b03662438da34273a72cf428e31b3484, State: Initialized, Role: FOLLOWER
I20260608 10:04:39.123584  1672 consensus_queue.cc:237] T 3ee9eb8dd39447ffabfb024e106753e9 P 9b5fba3b821e4b81858c4dcaf627f932 [LEADER]: Queue going to LEADER mode. State: All replicated index: 0, Majority replicated index: 0, Committed index: 0, Last appended: 0.0, Last appended by leader: 0, Current term: 1, Majority size: 2, State: 0, Mode: LEADER, active raft config: opid_index: -1 OBSOLETE_local: false peers { permanent_uuid: "9b5fba3b821e4b81858c4dcaf627f932" member_type: VOTER last_known_addr { host: "127.0.196.129" port: 33089 } } peers { permanent_uuid: "073d8191ee564cb0a49f864f19acf8d9" member_type: VOTER last_known_addr { host: "127.0.196.130" port: 41967 } } peers { permanent_uuid: "b03662438da34273a72cf428e31b3484" member_type: VOTER last_known_addr { host: "127.0.196.131" port: 33607 } }
I20260608 10:04:39.126199  1648 consensus_queue.cc:260] T dff79c27fa134c7fa3854adb8cfef47f P b03662438da34273a72cf428e31b3484 [NON_LEADER]: Queue going to NON_LEADER mode. State: All replicated index: 0, Majority replicated index: 0, Committed index: 0, Last appended: 0.0, Last appended by leader: 0, Current term: 0, Majority size: -1, State: 0, Mode: NON_LEADER, active raft config: opid_index: -1 OBSOLETE_local: false peers { permanent_uuid: "b03662438da34273a72cf428e31b3484" member_type: VOTER last_known_addr { host: "127.0.196.131" port: 33607 } } peers { permanent_uuid: "9b5fba3b821e4b81858c4dcaf627f932" member_type: VOTER last_known_addr { host: "127.0.196.129" port: 33089 } } peers { permanent_uuid: "073d8191ee564cb0a49f864f19acf8d9" member_type: VOTER last_known_addr { host: "127.0.196.130" port: 41967 } }
I20260608 10:04:39.126736  1528 tablet_service.cc:1917] Received RequestConsensusVote() RPC: tablet_id: "235ac420933a46a08dd935fdfd57f440" candidate_uuid: "9b5fba3b821e4b81858c4dcaf627f932" candidate_term: 1 candidate_status { last_received { term: 0 index: 0 } } ignore_live_leader: false dest_uuid: "073d8191ee564cb0a49f864f19acf8d9"
I20260608 10:04:39.126391  1653 consensus_queue.cc:237] T 1a133fbbac7d4cd3ba095b8d48d6f652 P 9b5fba3b821e4b81858c4dcaf627f932 [LEADER]: Queue going to LEADER mode. State: All replicated index: 0, Majority replicated index: 0, Committed index: 0, Last appended: 0.0, Last appended by leader: 0, Current term: 1, Majority size: 2, State: 0, Mode: LEADER, active raft config: opid_index: -1 OBSOLETE_local: false peers { permanent_uuid: "9b5fba3b821e4b81858c4dcaf627f932" member_type: VOTER last_known_addr { host: "127.0.196.129" port: 33089 } } peers { permanent_uuid: "073d8191ee564cb0a49f864f19acf8d9" member_type: VOTER last_known_addr { host: "127.0.196.130" port: 41967 } } peers { permanent_uuid: "b03662438da34273a72cf428e31b3484" member_type: VOTER last_known_addr { host: "127.0.196.131" port: 33607 } }
I20260608 10:04:39.129552  1602 tablet_service.cc:1917] Received RequestConsensusVote() RPC: tablet_id: "235ac420933a46a08dd935fdfd57f440" candidate_uuid: "9b5fba3b821e4b81858c4dcaf627f932" candidate_term: 1 candidate_status { last_received { term: 0 index: 0 } } ignore_live_leader: false dest_uuid: "b03662438da34273a72cf428e31b3484"
W20260608 10:04:39.129630  1418 leader_election.cc:343] T 235ac420933a46a08dd935fdfd57f440 P 9b5fba3b821e4b81858c4dcaf627f932 [CANDIDATE]: Term 1 election: Tablet error from VoteRequest() call to peer 073d8191ee564cb0a49f864f19acf8d9 (127.0.196.130:41967): Illegal state: must be running to vote when last-logged opid is not known
I20260608 10:04:39.129976  1674 raft_consensus.cc:515] T dff79c27fa134c7fa3854adb8cfef47f P 9b5fba3b821e4b81858c4dcaf627f932 [term 1 FOLLOWER]: Starting leader election with config: opid_index: -1 OBSOLETE_local: false peers { permanent_uuid: "b03662438da34273a72cf428e31b3484" member_type: VOTER last_known_addr { host: "127.0.196.131" port: 33607 } } peers { permanent_uuid: "9b5fba3b821e4b81858c4dcaf627f932" member_type: VOTER last_known_addr { host: "127.0.196.129" port: 33089 } } peers { permanent_uuid: "073d8191ee564cb0a49f864f19acf8d9" member_type: VOTER last_known_addr { host: "127.0.196.130" port: 41967 } }
I20260608 10:04:39.131084  1648 ts_tablet_manager.cc:1434] T dff79c27fa134c7fa3854adb8cfef47f P b03662438da34273a72cf428e31b3484: Time spent starting tablet: real 0.033s	user 0.007s	sys 0.001s
I20260608 10:04:39.132421  1602 raft_consensus.cc:3060] T 235ac420933a46a08dd935fdfd57f440 P b03662438da34273a72cf428e31b3484 [term 0 FOLLOWER]: Advancing to term 1
I20260608 10:04:39.133719  1648 tablet_bootstrap.cc:492] T 42ef94b955274014a53a397cb1e07eb9 P b03662438da34273a72cf428e31b3484: Bootstrap starting.
I20260608 10:04:39.143646  1674 leader_election.cc:290] T dff79c27fa134c7fa3854adb8cfef47f P 9b5fba3b821e4b81858c4dcaf627f932 [CANDIDATE]: Term 1 election: Requested vote from peers b03662438da34273a72cf428e31b3484 (127.0.196.131:33607), 073d8191ee564cb0a49f864f19acf8d9 (127.0.196.130:41967)
I20260608 10:04:39.144553  1648 tablet_bootstrap.cc:654] T 42ef94b955274014a53a397cb1e07eb9 P b03662438da34273a72cf428e31b3484: Neither blocks nor log segments found. Creating new log.
I20260608 10:04:39.147761  1602 raft_consensus.cc:2468] T 235ac420933a46a08dd935fdfd57f440 P b03662438da34273a72cf428e31b3484 [term 1 FOLLOWER]: Leader election vote request: Granting yes vote for candidate 9b5fba3b821e4b81858c4dcaf627f932 in term 1.
I20260608 10:04:39.149248  1603 tablet_service.cc:1917] Received RequestConsensusVote() RPC: tablet_id: "dff79c27fa134c7fa3854adb8cfef47f" candidate_uuid: "9b5fba3b821e4b81858c4dcaf627f932" candidate_term: 1 candidate_status { last_received { term: 0 index: 0 } } ignore_live_leader: false dest_uuid: "b03662438da34273a72cf428e31b3484"
I20260608 10:04:39.149887  1603 raft_consensus.cc:3060] T dff79c27fa134c7fa3854adb8cfef47f P b03662438da34273a72cf428e31b3484 [term 0 FOLLOWER]: Advancing to term 1
I20260608 10:04:39.149806  1418 leader_election.cc:304] T 235ac420933a46a08dd935fdfd57f440 P 9b5fba3b821e4b81858c4dcaf627f932 [CANDIDATE]: Term 1 election: Election decided. Result: candidate won. Election summary: received 3 responses out of 3 voters: 2 yes votes; 1 no votes. yes voters: 9b5fba3b821e4b81858c4dcaf627f932, b03662438da34273a72cf428e31b3484; no voters: 073d8191ee564cb0a49f864f19acf8d9
I20260608 10:04:39.153162  1528 tablet_service.cc:1917] Received RequestConsensusVote() RPC: tablet_id: "dff79c27fa134c7fa3854adb8cfef47f" candidate_uuid: "9b5fba3b821e4b81858c4dcaf627f932" candidate_term: 1 candidate_status { last_received { term: 0 index: 0 } } ignore_live_leader: false dest_uuid: "073d8191ee564cb0a49f864f19acf8d9"
I20260608 10:04:39.153831  1528 raft_consensus.cc:3060] T dff79c27fa134c7fa3854adb8cfef47f P 073d8191ee564cb0a49f864f19acf8d9 [term 0 FOLLOWER]: Advancing to term 1
I20260608 10:04:39.156425  1603 raft_consensus.cc:2468] T dff79c27fa134c7fa3854adb8cfef47f P b03662438da34273a72cf428e31b3484 [term 1 FOLLOWER]: Leader election vote request: Granting yes vote for candidate 9b5fba3b821e4b81858c4dcaf627f932 in term 1.
I20260608 10:04:39.157799  1418 leader_election.cc:304] T dff79c27fa134c7fa3854adb8cfef47f P 9b5fba3b821e4b81858c4dcaf627f932 [CANDIDATE]: Term 1 election: Election decided. Result: candidate won. Election summary: received 2 responses out of 3 voters: 2 yes votes; 0 no votes. yes voters: 9b5fba3b821e4b81858c4dcaf627f932, b03662438da34273a72cf428e31b3484; no voters: 
I20260608 10:04:39.158360  1674 raft_consensus.cc:2804] T 235ac420933a46a08dd935fdfd57f440 P 9b5fba3b821e4b81858c4dcaf627f932 [term 1 FOLLOWER]: Leader election won for term 1
I20260608 10:04:39.159026  1680 raft_consensus.cc:2804] T dff79c27fa134c7fa3854adb8cfef47f P 9b5fba3b821e4b81858c4dcaf627f932 [term 1 FOLLOWER]: Leader election won for term 1
I20260608 10:04:39.159888  1680 raft_consensus.cc:697] T dff79c27fa134c7fa3854adb8cfef47f P 9b5fba3b821e4b81858c4dcaf627f932 [term 1 LEADER]: Becoming Leader. State: Replica: 9b5fba3b821e4b81858c4dcaf627f932, State: Running, Role: LEADER
I20260608 10:04:39.159341  1674 raft_consensus.cc:697] T 235ac420933a46a08dd935fdfd57f440 P 9b5fba3b821e4b81858c4dcaf627f932 [term 1 LEADER]: Becoming Leader. State: Replica: 9b5fba3b821e4b81858c4dcaf627f932, State: Running, Role: LEADER
I20260608 10:04:39.160794  1680 consensus_queue.cc:237] T dff79c27fa134c7fa3854adb8cfef47f P 9b5fba3b821e4b81858c4dcaf627f932 [LEADER]: Queue going to LEADER mode. State: All replicated index: 0, Majority replicated index: 0, Committed index: 0, Last appended: 0.0, Last appended by leader: 0, Current term: 1, Majority size: 2, State: 0, Mode: LEADER, active raft config: opid_index: -1 OBSOLETE_local: false peers { permanent_uuid: "b03662438da34273a72cf428e31b3484" member_type: VOTER last_known_addr { host: "127.0.196.131" port: 33607 } } peers { permanent_uuid: "9b5fba3b821e4b81858c4dcaf627f932" member_type: VOTER last_known_addr { host: "127.0.196.129" port: 33089 } } peers { permanent_uuid: "073d8191ee564cb0a49f864f19acf8d9" member_type: VOTER last_known_addr { host: "127.0.196.130" port: 41967 } }
I20260608 10:04:39.161259  1674 consensus_queue.cc:237] T 235ac420933a46a08dd935fdfd57f440 P 9b5fba3b821e4b81858c4dcaf627f932 [LEADER]: Queue going to LEADER mode. State: All replicated index: 0, Majority replicated index: 0, Committed index: 0, Last appended: 0.0, Last appended by leader: 0, Current term: 1, Majority size: 2, State: 0, Mode: LEADER, active raft config: opid_index: -1 OBSOLETE_local: false peers { permanent_uuid: "9b5fba3b821e4b81858c4dcaf627f932" member_type: VOTER last_known_addr { host: "127.0.196.129" port: 33089 } } peers { permanent_uuid: "073d8191ee564cb0a49f864f19acf8d9" member_type: VOTER last_known_addr { host: "127.0.196.130" port: 41967 } } peers { permanent_uuid: "b03662438da34273a72cf428e31b3484" member_type: VOTER last_known_addr { host: "127.0.196.131" port: 33607 } }
I20260608 10:04:39.162240  1528 raft_consensus.cc:2468] T dff79c27fa134c7fa3854adb8cfef47f P 073d8191ee564cb0a49f864f19acf8d9 [term 1 FOLLOWER]: Leader election vote request: Granting yes vote for candidate 9b5fba3b821e4b81858c4dcaf627f932 in term 1.
I20260608 10:04:39.163044  1649 tablet_bootstrap.cc:492] T 235ac420933a46a08dd935fdfd57f440 P 073d8191ee564cb0a49f864f19acf8d9: No bootstrap required, opened a new log
I20260608 10:04:39.163540  1649 ts_tablet_manager.cc:1403] T 235ac420933a46a08dd935fdfd57f440 P 073d8191ee564cb0a49f864f19acf8d9: Time spent bootstrapping tablet: real 0.120s	user 0.013s	sys 0.004s
I20260608 10:04:39.168697  1649 raft_consensus.cc:359] T 235ac420933a46a08dd935fdfd57f440 P 073d8191ee564cb0a49f864f19acf8d9 [term 0 FOLLOWER]: Replica starting. Triggering 0 pending ops. Active config: opid_index: -1 OBSOLETE_local: false peers { permanent_uuid: "9b5fba3b821e4b81858c4dcaf627f932" member_type: VOTER last_known_addr { host: "127.0.196.129" port: 33089 } } peers { permanent_uuid: "073d8191ee564cb0a49f864f19acf8d9" member_type: VOTER last_known_addr { host: "127.0.196.130" port: 41967 } } peers { permanent_uuid: "b03662438da34273a72cf428e31b3484" member_type: VOTER last_known_addr { host: "127.0.196.131" port: 33607 } }
I20260608 10:04:39.173364  1649 raft_consensus.cc:385] T 235ac420933a46a08dd935fdfd57f440 P 073d8191ee564cb0a49f864f19acf8d9 [term 0 FOLLOWER]: Consensus starting up: Expiring failure detector timer to make a prompt election more likely
I20260608 10:04:39.174126  1649 raft_consensus.cc:740] T 235ac420933a46a08dd935fdfd57f440 P 073d8191ee564cb0a49f864f19acf8d9 [term 0 FOLLOWER]: Becoming Follower/Learner. State: Replica: 073d8191ee564cb0a49f864f19acf8d9, State: Initialized, Role: FOLLOWER
I20260608 10:04:39.179772  1647 tablet_bootstrap.cc:492] T e6355324ef304c41a7a6bcc6117fcf95 P 9b5fba3b821e4b81858c4dcaf627f932: No bootstrap required, opened a new log
I20260608 10:04:39.179304  1649 consensus_queue.cc:260] T 235ac420933a46a08dd935fdfd57f440 P 073d8191ee564cb0a49f864f19acf8d9 [NON_LEADER]: Queue going to NON_LEADER mode. State: All replicated index: 0, Majority replicated index: 0, Committed index: 0, Last appended: 0.0, Last appended by leader: 0, Current term: 0, Majority size: -1, State: 0, Mode: NON_LEADER, active raft config: opid_index: -1 OBSOLETE_local: false peers { permanent_uuid: "9b5fba3b821e4b81858c4dcaf627f932" member_type: VOTER last_known_addr { host: "127.0.196.129" port: 33089 } } peers { permanent_uuid: "073d8191ee564cb0a49f864f19acf8d9" member_type: VOTER last_known_addr { host: "127.0.196.130" port: 41967 } } peers { permanent_uuid: "b03662438da34273a72cf428e31b3484" member_type: VOTER last_known_addr { host: "127.0.196.131" port: 33607 } }
I20260608 10:04:39.180500  1647 ts_tablet_manager.cc:1403] T e6355324ef304c41a7a6bcc6117fcf95 P 9b5fba3b821e4b81858c4dcaf627f932: Time spent bootstrapping tablet: real 0.091s	user 0.019s	sys 0.000s
I20260608 10:04:39.184533  1649 ts_tablet_manager.cc:1434] T 235ac420933a46a08dd935fdfd57f440 P 073d8191ee564cb0a49f864f19acf8d9: Time spent starting tablet: real 0.021s	user 0.004s	sys 0.004s
I20260608 10:04:39.183501  1352 catalog_manager.cc:5696] T 3ee9eb8dd39447ffabfb024e106753e9 P 9b5fba3b821e4b81858c4dcaf627f932 reported cstate change: term changed from 0 to 1, leader changed from <none> to 9b5fba3b821e4b81858c4dcaf627f932 (127.0.196.129). New cstate: current_term: 1 leader_uuid: "9b5fba3b821e4b81858c4dcaf627f932" committed_config { opid_index: -1 OBSOLETE_local: false peers { permanent_uuid: "9b5fba3b821e4b81858c4dcaf627f932" member_type: VOTER last_known_addr { host: "127.0.196.129" port: 33089 } health_report { overall_health: HEALTHY } } peers { permanent_uuid: "073d8191ee564cb0a49f864f19acf8d9" member_type: VOTER last_known_addr { host: "127.0.196.130" port: 41967 } health_report { overall_health: UNKNOWN } } peers { permanent_uuid: "b03662438da34273a72cf428e31b3484" member_type: VOTER last_known_addr { host: "127.0.196.131" port: 33607 } health_report { overall_health: UNKNOWN } } }
I20260608 10:04:39.185739  1649 tablet_bootstrap.cc:492] T 1a133fbbac7d4cd3ba095b8d48d6f652 P 073d8191ee564cb0a49f864f19acf8d9: Bootstrap starting.
I20260608 10:04:39.186658  1352 catalog_manager.cc:5696] T 1a133fbbac7d4cd3ba095b8d48d6f652 P 9b5fba3b821e4b81858c4dcaf627f932 reported cstate change: term changed from 0 to 1, leader changed from <none> to 9b5fba3b821e4b81858c4dcaf627f932 (127.0.196.129). New cstate: current_term: 1 leader_uuid: "9b5fba3b821e4b81858c4dcaf627f932" committed_config { opid_index: -1 OBSOLETE_local: false peers { permanent_uuid: "9b5fba3b821e4b81858c4dcaf627f932" member_type: VOTER last_known_addr { host: "127.0.196.129" port: 33089 } health_report { overall_health: HEALTHY } } peers { permanent_uuid: "073d8191ee564cb0a49f864f19acf8d9" member_type: VOTER last_known_addr { host: "127.0.196.130" port: 41967 } health_report { overall_health: UNKNOWN } } peers { permanent_uuid: "b03662438da34273a72cf428e31b3484" member_type: VOTER last_known_addr { host: "127.0.196.131" port: 33607 } health_report { overall_health: UNKNOWN } } }
I20260608 10:04:39.189581  1655 raft_consensus.cc:493] T c775710a03164d47a0c483a6c9212557 P 073d8191ee564cb0a49f864f19acf8d9 [term 0 FOLLOWER]: Starting pre-election (no leader contacted us within the election timeout)
I20260608 10:04:39.190229  1655 raft_consensus.cc:515] T c775710a03164d47a0c483a6c9212557 P 073d8191ee564cb0a49f864f19acf8d9 [term 0 FOLLOWER]: Starting pre-election with config: opid_index: -1 OBSOLETE_local: false peers { permanent_uuid: "9b5fba3b821e4b81858c4dcaf627f932" member_type: VOTER last_known_addr { host: "127.0.196.129" port: 33089 } } peers { permanent_uuid: "073d8191ee564cb0a49f864f19acf8d9" member_type: VOTER last_known_addr { host: "127.0.196.130" port: 41967 } } peers { permanent_uuid: "b03662438da34273a72cf428e31b3484" member_type: VOTER last_known_addr { host: "127.0.196.131" port: 33607 } }
I20260608 10:04:39.193612  1647 raft_consensus.cc:359] T e6355324ef304c41a7a6bcc6117fcf95 P 9b5fba3b821e4b81858c4dcaf627f932 [term 0 FOLLOWER]: Replica starting. Triggering 0 pending ops. Active config: opid_index: -1 OBSOLETE_local: false peers { permanent_uuid: "9b5fba3b821e4b81858c4dcaf627f932" member_type: VOTER last_known_addr { host: "127.0.196.129" port: 33089 } } peers { permanent_uuid: "073d8191ee564cb0a49f864f19acf8d9" member_type: VOTER last_known_addr { host: "127.0.196.130" port: 41967 } } peers { permanent_uuid: "b03662438da34273a72cf428e31b3484" member_type: VOTER last_known_addr { host: "127.0.196.131" port: 33607 } }
I20260608 10:04:39.194375  1647 raft_consensus.cc:385] T e6355324ef304c41a7a6bcc6117fcf95 P 9b5fba3b821e4b81858c4dcaf627f932 [term 0 FOLLOWER]: Consensus starting up: Expiring failure detector timer to make a prompt election more likely
I20260608 10:04:39.194661  1647 raft_consensus.cc:740] T e6355324ef304c41a7a6bcc6117fcf95 P 9b5fba3b821e4b81858c4dcaf627f932 [term 0 FOLLOWER]: Becoming Follower/Learner. State: Replica: 9b5fba3b821e4b81858c4dcaf627f932, State: Initialized, Role: FOLLOWER
I20260608 10:04:39.195515  1649 tablet_bootstrap.cc:654] T 1a133fbbac7d4cd3ba095b8d48d6f652 P 073d8191ee564cb0a49f864f19acf8d9: Neither blocks nor log segments found. Creating new log.
I20260608 10:04:39.195433  1647 consensus_queue.cc:260] T e6355324ef304c41a7a6bcc6117fcf95 P 9b5fba3b821e4b81858c4dcaf627f932 [NON_LEADER]: Queue going to NON_LEADER mode. State: All replicated index: 0, Majority replicated index: 0, Committed index: 0, Last appended: 0.0, Last appended by leader: 0, Current term: 0, Majority size: -1, State: 0, Mode: NON_LEADER, active raft config: opid_index: -1 OBSOLETE_local: false peers { permanent_uuid: "9b5fba3b821e4b81858c4dcaf627f932" member_type: VOTER last_known_addr { host: "127.0.196.129" port: 33089 } } peers { permanent_uuid: "073d8191ee564cb0a49f864f19acf8d9" member_type: VOTER last_known_addr { host: "127.0.196.130" port: 41967 } } peers { permanent_uuid: "b03662438da34273a72cf428e31b3484" member_type: VOTER last_known_addr { host: "127.0.196.131" port: 33607 } }
I20260608 10:04:39.195950  1648 tablet_bootstrap.cc:492] T 42ef94b955274014a53a397cb1e07eb9 P b03662438da34273a72cf428e31b3484: No bootstrap required, opened a new log
I20260608 10:04:39.196602  1648 ts_tablet_manager.cc:1403] T 42ef94b955274014a53a397cb1e07eb9 P b03662438da34273a72cf428e31b3484: Time spent bootstrapping tablet: real 0.063s	user 0.017s	sys 0.022s
I20260608 10:04:39.198094  1647 ts_tablet_manager.cc:1434] T e6355324ef304c41a7a6bcc6117fcf95 P 9b5fba3b821e4b81858c4dcaf627f932: Time spent starting tablet: real 0.017s	user 0.006s	sys 0.000s
I20260608 10:04:39.198010  1655 leader_election.cc:290] T c775710a03164d47a0c483a6c9212557 P 073d8191ee564cb0a49f864f19acf8d9 [CANDIDATE]: Term 1 pre-election: Requested pre-vote from peers 9b5fba3b821e4b81858c4dcaf627f932 (127.0.196.129:33089), b03662438da34273a72cf428e31b3484 (127.0.196.131:33607)
I20260608 10:04:39.200012  1648 raft_consensus.cc:359] T 42ef94b955274014a53a397cb1e07eb9 P b03662438da34273a72cf428e31b3484 [term 0 FOLLOWER]: Replica starting. Triggering 0 pending ops. Active config: opid_index: -1 OBSOLETE_local: false peers { permanent_uuid: "9b5fba3b821e4b81858c4dcaf627f932" member_type: VOTER last_known_addr { host: "127.0.196.129" port: 33089 } } peers { permanent_uuid: "073d8191ee564cb0a49f864f19acf8d9" member_type: VOTER last_known_addr { host: "127.0.196.130" port: 41967 } } peers { permanent_uuid: "b03662438da34273a72cf428e31b3484" member_type: VOTER last_known_addr { host: "127.0.196.131" port: 33607 } }
I20260608 10:04:39.200906  1648 raft_consensus.cc:385] T 42ef94b955274014a53a397cb1e07eb9 P b03662438da34273a72cf428e31b3484 [term 0 FOLLOWER]: Consensus starting up: Expiring failure detector timer to make a prompt election more likely
I20260608 10:04:39.201305  1648 raft_consensus.cc:740] T 42ef94b955274014a53a397cb1e07eb9 P b03662438da34273a72cf428e31b3484 [term 0 FOLLOWER]: Becoming Follower/Learner. State: Replica: b03662438da34273a72cf428e31b3484, State: Initialized, Role: FOLLOWER
I20260608 10:04:39.202383  1648 consensus_queue.cc:260] T 42ef94b955274014a53a397cb1e07eb9 P b03662438da34273a72cf428e31b3484 [NON_LEADER]: Queue going to NON_LEADER mode. State: All replicated index: 0, Majority replicated index: 0, Committed index: 0, Last appended: 0.0, Last appended by leader: 0, Current term: 0, Majority size: -1, State: 0, Mode: NON_LEADER, active raft config: opid_index: -1 OBSOLETE_local: false peers { permanent_uuid: "9b5fba3b821e4b81858c4dcaf627f932" member_type: VOTER last_known_addr { host: "127.0.196.129" port: 33089 } } peers { permanent_uuid: "073d8191ee564cb0a49f864f19acf8d9" member_type: VOTER last_known_addr { host: "127.0.196.130" port: 41967 } } peers { permanent_uuid: "b03662438da34273a72cf428e31b3484" member_type: VOTER last_known_addr { host: "127.0.196.131" port: 33607 } }
I20260608 10:04:39.209719  1648 ts_tablet_manager.cc:1434] T 42ef94b955274014a53a397cb1e07eb9 P b03662438da34273a72cf428e31b3484: Time spent starting tablet: real 0.013s	user 0.004s	sys 0.003s
I20260608 10:04:39.210176  1649 tablet_bootstrap.cc:492] T 1a133fbbac7d4cd3ba095b8d48d6f652 P 073d8191ee564cb0a49f864f19acf8d9: No bootstrap required, opened a new log
I20260608 10:04:39.210777  1649 ts_tablet_manager.cc:1403] T 1a133fbbac7d4cd3ba095b8d48d6f652 P 073d8191ee564cb0a49f864f19acf8d9: Time spent bootstrapping tablet: real 0.025s	user 0.008s	sys 0.011s
I20260608 10:04:39.211251  1648 tablet_bootstrap.cc:492] T c775710a03164d47a0c483a6c9212557 P b03662438da34273a72cf428e31b3484: Bootstrap starting.
I20260608 10:04:39.215762  1454 tablet_service.cc:1917] Received RequestConsensusVote() RPC: tablet_id: "c775710a03164d47a0c483a6c9212557" candidate_uuid: "073d8191ee564cb0a49f864f19acf8d9" candidate_term: 1 candidate_status { last_received { term: 0 index: 0 } } ignore_live_leader: false dest_uuid: "9b5fba3b821e4b81858c4dcaf627f932" is_pre_election: true
I20260608 10:04:39.216529  1454 raft_consensus.cc:2468] T c775710a03164d47a0c483a6c9212557 P 9b5fba3b821e4b81858c4dcaf627f932 [term 0 FOLLOWER]: Leader pre-election vote request: Granting yes vote for candidate 073d8191ee564cb0a49f864f19acf8d9 in term 0.
I20260608 10:04:39.217947  1493 leader_election.cc:304] T c775710a03164d47a0c483a6c9212557 P 073d8191ee564cb0a49f864f19acf8d9 [CANDIDATE]: Term 1 pre-election: Election decided. Result: candidate won. Election summary: received 2 responses out of 3 voters: 2 yes votes; 0 no votes. yes voters: 073d8191ee564cb0a49f864f19acf8d9, 9b5fba3b821e4b81858c4dcaf627f932; no voters: 
I20260608 10:04:39.218780  1655 raft_consensus.cc:2804] T c775710a03164d47a0c483a6c9212557 P 073d8191ee564cb0a49f864f19acf8d9 [term 0 FOLLOWER]: Leader pre-election won for term 1
I20260608 10:04:39.219159  1655 raft_consensus.cc:493] T c775710a03164d47a0c483a6c9212557 P 073d8191ee564cb0a49f864f19acf8d9 [term 0 FOLLOWER]: Starting leader election (no leader contacted us within the election timeout)
I20260608 10:04:39.219537  1655 raft_consensus.cc:3060] T c775710a03164d47a0c483a6c9212557 P 073d8191ee564cb0a49f864f19acf8d9 [term 0 FOLLOWER]: Advancing to term 1
