I20260608 10:05:56.460204 11596 tablet_bootstrap.cc:654] T dfeae2524c4d4b2c962dad6f8a2959ae P 21e33197d73248c4a46cc42aa8605a34: Neither blocks nor log segments found. Creating new log.
I20260608 10:05:56.464649 11601 raft_consensus.cc:493] T 30710595d3dc48498ca54358c2315566 P 24a5b144db5e490283bbfc0b2fe69800 [term 0 FOLLOWER]: Starting pre-election (no leader contacted us within the election timeout)
I20260608 10:05:56.465675 11601 raft_consensus.cc:515] T 30710595d3dc48498ca54358c2315566 P 24a5b144db5e490283bbfc0b2fe69800 [term 0 FOLLOWER]: Starting pre-election with config: opid_index: -1 OBSOLETE_local: false peers { permanent_uuid: "21e33197d73248c4a46cc42aa8605a34" member_type: VOTER last_known_addr { host: "127.8.53.194" port: 39357 } } peers { permanent_uuid: "24a5b144db5e490283bbfc0b2fe69800" member_type: VOTER last_known_addr { host: "127.8.53.193" port: 46723 } } peers { permanent_uuid: "7cfb3ca524fc4f7cbf1894e2139cf512" member_type: VOTER last_known_addr { host: "127.8.53.195" port: 44039 } }
I20260608 10:05:56.468582 11601 leader_election.cc:290] T 30710595d3dc48498ca54358c2315566 P 24a5b144db5e490283bbfc0b2fe69800 [CANDIDATE]: Term 1 pre-election: Requested pre-vote from peers 21e33197d73248c4a46cc42aa8605a34 (127.8.53.194:39357), 7cfb3ca524fc4f7cbf1894e2139cf512 (127.8.53.195:44039)
I20260608 10:05:56.475216 11595 tablet_bootstrap.cc:492] T abab33cc0e134be588e7eacf602c38a1 P 24a5b144db5e490283bbfc0b2fe69800: No bootstrap required, opened a new log
I20260608 10:05:56.475917 11595 ts_tablet_manager.cc:1403] T abab33cc0e134be588e7eacf602c38a1 P 24a5b144db5e490283bbfc0b2fe69800: Time spent bootstrapping tablet: real 0.028s	user 0.009s	sys 0.011s
I20260608 10:05:56.479708 11595 raft_consensus.cc:359] T abab33cc0e134be588e7eacf602c38a1 P 24a5b144db5e490283bbfc0b2fe69800 [term 0 FOLLOWER]: Replica starting. Triggering 0 pending ops. Active config: opid_index: -1 OBSOLETE_local: false peers { permanent_uuid: "24a5b144db5e490283bbfc0b2fe69800" member_type: VOTER last_known_addr { host: "127.8.53.193" port: 46723 } } peers { permanent_uuid: "21e33197d73248c4a46cc42aa8605a34" member_type: VOTER last_known_addr { host: "127.8.53.194" port: 39357 } } peers { permanent_uuid: "7cfb3ca524fc4f7cbf1894e2139cf512" member_type: VOTER last_known_addr { host: "127.8.53.195" port: 44039 } }
I20260608 10:05:56.480902 11595 raft_consensus.cc:385] T abab33cc0e134be588e7eacf602c38a1 P 24a5b144db5e490283bbfc0b2fe69800 [term 0 FOLLOWER]: Consensus starting up: Expiring failure detector timer to make a prompt election more likely
I20260608 10:05:56.481353 11595 raft_consensus.cc:740] T abab33cc0e134be588e7eacf602c38a1 P 24a5b144db5e490283bbfc0b2fe69800 [term 0 FOLLOWER]: Becoming Follower/Learner. State: Replica: 24a5b144db5e490283bbfc0b2fe69800, State: Initialized, Role: FOLLOWER
I20260608 10:05:56.482745 11595 consensus_queue.cc:260] T abab33cc0e134be588e7eacf602c38a1 P 24a5b144db5e490283bbfc0b2fe69800 [NON_LEADER]: Queue going to NON_LEADER mode. State: All replicated index: 0, Majority replicated index: 0, Committed index: 0, Last appended: 0.0, Last appended by leader: 0, Current term: 0, Majority size: -1, State: 0, Mode: NON_LEADER, active raft config: opid_index: -1 OBSOLETE_local: false peers { permanent_uuid: "24a5b144db5e490283bbfc0b2fe69800" member_type: VOTER last_known_addr { host: "127.8.53.193" port: 46723 } } peers { permanent_uuid: "21e33197d73248c4a46cc42aa8605a34" member_type: VOTER last_known_addr { host: "127.8.53.194" port: 39357 } } peers { permanent_uuid: "7cfb3ca524fc4f7cbf1894e2139cf512" member_type: VOTER last_known_addr { host: "127.8.53.195" port: 44039 } }
I20260608 10:05:56.486336 11595 ts_tablet_manager.cc:1434] T abab33cc0e134be588e7eacf602c38a1 P 24a5b144db5e490283bbfc0b2fe69800: Time spent starting tablet: real 0.010s	user 0.005s	sys 0.002s
I20260608 10:05:56.487630 11595 tablet_bootstrap.cc:492] T f574ca50106c40a3bb59e4442ecab4eb P 24a5b144db5e490283bbfc0b2fe69800: Bootstrap starting.
W20260608 10:05:56.490626 11347 auto_rebalancer.cc:259] Could not retrieve cluster info: Service unavailable: Tablet not running
I20260608 10:05:56.491197 11352 auto_leader_rebalancer.cc:140] leader rebalance for table range_aware_rebalance_new_range
W20260608 10:05:56.497509 11352 auto_leader_rebalancer.cc:460] the master instance isn't leader: Service unavailable: Tablet not running
I20260608 10:05:56.508374 11596 tablet_bootstrap.cc:492] T dfeae2524c4d4b2c962dad6f8a2959ae P 21e33197d73248c4a46cc42aa8605a34: No bootstrap required, opened a new log
I20260608 10:05:56.509404 11476 tablet_service.cc:1917] Received RequestConsensusVote() RPC: tablet_id: "ad6aa542589a4bc7aaf6b55ecf3096a6" candidate_uuid: "24a5b144db5e490283bbfc0b2fe69800" candidate_term: 1 candidate_status { last_received { term: 0 index: 0 } } ignore_live_leader: false dest_uuid: "21e33197d73248c4a46cc42aa8605a34" is_pre_election: true
I20260608 10:05:56.509752 11475 tablet_service.cc:1917] Received RequestConsensusVote() RPC: tablet_id: "30710595d3dc48498ca54358c2315566" candidate_uuid: "24a5b144db5e490283bbfc0b2fe69800" candidate_term: 1 candidate_status { last_received { term: 0 index: 0 } } ignore_live_leader: false dest_uuid: "21e33197d73248c4a46cc42aa8605a34" is_pre_election: true
I20260608 10:05:56.510370 11476 raft_consensus.cc:2468] T ad6aa542589a4bc7aaf6b55ecf3096a6 P 21e33197d73248c4a46cc42aa8605a34 [term 0 FOLLOWER]: Leader pre-election vote request: Granting yes vote for candidate 24a5b144db5e490283bbfc0b2fe69800 in term 0.
I20260608 10:05:56.510762 11475 raft_consensus.cc:2468] T 30710595d3dc48498ca54358c2315566 P 21e33197d73248c4a46cc42aa8605a34 [term 0 FOLLOWER]: Leader pre-election vote request: Granting yes vote for candidate 24a5b144db5e490283bbfc0b2fe69800 in term 0.
I20260608 10:05:56.512362 11595 tablet_bootstrap.cc:654] T f574ca50106c40a3bb59e4442ecab4eb P 24a5b144db5e490283bbfc0b2fe69800: Neither blocks nor log segments found. Creating new log.
I20260608 10:05:56.509413 11596 ts_tablet_manager.cc:1403] T dfeae2524c4d4b2c962dad6f8a2959ae P 21e33197d73248c4a46cc42aa8605a34: Time spent bootstrapping tablet: real 0.061s	user 0.019s	sys 0.018s
I20260608 10:05:56.515233 11597 tablet_bootstrap.cc:492] T c681c090b50845b59cb42e91128667f7 P 7cfb3ca524fc4f7cbf1894e2139cf512: No bootstrap required, opened a new log
I20260608 10:05:56.515798 11597 ts_tablet_manager.cc:1403] T c681c090b50845b59cb42e91128667f7 P 7cfb3ca524fc4f7cbf1894e2139cf512: Time spent bootstrapping tablet: real 0.091s	user 0.015s	sys 0.040s
I20260608 10:05:56.517510 11596 raft_consensus.cc:359] T dfeae2524c4d4b2c962dad6f8a2959ae P 21e33197d73248c4a46cc42aa8605a34 [term 0 FOLLOWER]: Replica starting. Triggering 0 pending ops. Active config: opid_index: -1 OBSOLETE_local: false peers { permanent_uuid: "24a5b144db5e490283bbfc0b2fe69800" member_type: VOTER last_known_addr { host: "127.8.53.193" port: 46723 } } peers { permanent_uuid: "21e33197d73248c4a46cc42aa8605a34" member_type: VOTER last_known_addr { host: "127.8.53.194" port: 39357 } } peers { permanent_uuid: "7cfb3ca524fc4f7cbf1894e2139cf512" member_type: VOTER last_known_addr { host: "127.8.53.195" port: 44039 } }
I20260608 10:05:56.518635 11596 raft_consensus.cc:385] T dfeae2524c4d4b2c962dad6f8a2959ae P 21e33197d73248c4a46cc42aa8605a34 [term 0 FOLLOWER]: Consensus starting up: Expiring failure detector timer to make a prompt election more likely
I20260608 10:05:56.519052 11596 raft_consensus.cc:740] T dfeae2524c4d4b2c962dad6f8a2959ae P 21e33197d73248c4a46cc42aa8605a34 [term 0 FOLLOWER]: Becoming Follower/Learner. State: Replica: 21e33197d73248c4a46cc42aa8605a34, State: Initialized, Role: FOLLOWER
I20260608 10:05:56.519062 11597 raft_consensus.cc:359] T c681c090b50845b59cb42e91128667f7 P 7cfb3ca524fc4f7cbf1894e2139cf512 [term 0 FOLLOWER]: Replica starting. Triggering 0 pending ops. Active config: opid_index: -1 OBSOLETE_local: false peers { permanent_uuid: "21e33197d73248c4a46cc42aa8605a34" member_type: VOTER last_known_addr { host: "127.8.53.194" port: 39357 } } peers { permanent_uuid: "24a5b144db5e490283bbfc0b2fe69800" member_type: VOTER last_known_addr { host: "127.8.53.193" port: 46723 } } peers { permanent_uuid: "7cfb3ca524fc4f7cbf1894e2139cf512" member_type: VOTER last_known_addr { host: "127.8.53.195" port: 44039 } }
I20260608 10:05:56.520145 11597 raft_consensus.cc:385] T c681c090b50845b59cb42e91128667f7 P 7cfb3ca524fc4f7cbf1894e2139cf512 [term 0 FOLLOWER]: Consensus starting up: Expiring failure detector timer to make a prompt election more likely
I20260608 10:05:56.520483 11597 raft_consensus.cc:740] T c681c090b50845b59cb42e91128667f7 P 7cfb3ca524fc4f7cbf1894e2139cf512 [term 0 FOLLOWER]: Becoming Follower/Learner. State: Replica: 7cfb3ca524fc4f7cbf1894e2139cf512, State: Initialized, Role: FOLLOWER
I20260608 10:05:56.520741 11596 consensus_queue.cc:260] T dfeae2524c4d4b2c962dad6f8a2959ae P 21e33197d73248c4a46cc42aa8605a34 [NON_LEADER]: Queue going to NON_LEADER mode. State: All replicated index: 0, Majority replicated index: 0, Committed index: 0, Last appended: 0.0, Last appended by leader: 0, Current term: 0, Majority size: -1, State: 0, Mode: NON_LEADER, active raft config: opid_index: -1 OBSOLETE_local: false peers { permanent_uuid: "24a5b144db5e490283bbfc0b2fe69800" member_type: VOTER last_known_addr { host: "127.8.53.193" port: 46723 } } peers { permanent_uuid: "21e33197d73248c4a46cc42aa8605a34" member_type: VOTER last_known_addr { host: "127.8.53.194" port: 39357 } } peers { permanent_uuid: "7cfb3ca524fc4f7cbf1894e2139cf512" member_type: VOTER last_known_addr { host: "127.8.53.195" port: 44039 } }
I20260608 10:05:56.521772 11364 leader_election.cc:304] T ad6aa542589a4bc7aaf6b55ecf3096a6 P 24a5b144db5e490283bbfc0b2fe69800 [CANDIDATE]: Term 1 pre-election: Election decided. Result: candidate won. Election summary: received 2 responses out of 3 voters: 2 yes votes; 0 no votes. yes voters: 21e33197d73248c4a46cc42aa8605a34, 24a5b144db5e490283bbfc0b2fe69800; no voters: 
I20260608 10:05:56.522730 11601 raft_consensus.cc:2804] T ad6aa542589a4bc7aaf6b55ecf3096a6 P 24a5b144db5e490283bbfc0b2fe69800 [term 0 FOLLOWER]: Leader pre-election won for term 1
I20260608 10:05:56.523145 11601 raft_consensus.cc:493] T ad6aa542589a4bc7aaf6b55ecf3096a6 P 24a5b144db5e490283bbfc0b2fe69800 [term 0 FOLLOWER]: Starting leader election (no leader contacted us within the election timeout)
I20260608 10:05:56.523504 11601 raft_consensus.cc:3060] T ad6aa542589a4bc7aaf6b55ecf3096a6 P 24a5b144db5e490283bbfc0b2fe69800 [term 0 FOLLOWER]: Advancing to term 1
I20260608 10:05:56.527058 11596 ts_tablet_manager.cc:1434] T dfeae2524c4d4b2c962dad6f8a2959ae P 21e33197d73248c4a46cc42aa8605a34: Time spent starting tablet: real 0.013s	user 0.008s	sys 0.001s
I20260608 10:05:56.528263 11596 tablet_bootstrap.cc:492] T ee6bf92616e348a2b004a240ba13a8a4 P 21e33197d73248c4a46cc42aa8605a34: Bootstrap starting.
I20260608 10:05:56.528903 11364 leader_election.cc:304] T 30710595d3dc48498ca54358c2315566 P 24a5b144db5e490283bbfc0b2fe69800 [CANDIDATE]: Term 1 pre-election: Election decided. Result: candidate won. Election summary: received 2 responses out of 3 voters: 2 yes votes; 0 no votes. yes voters: 21e33197d73248c4a46cc42aa8605a34, 24a5b144db5e490283bbfc0b2fe69800; no voters: 
I20260608 10:05:56.530398 11601 raft_consensus.cc:515] T ad6aa542589a4bc7aaf6b55ecf3096a6 P 24a5b144db5e490283bbfc0b2fe69800 [term 1 FOLLOWER]: Starting leader election with config: opid_index: -1 OBSOLETE_local: false peers { permanent_uuid: "24a5b144db5e490283bbfc0b2fe69800" member_type: VOTER last_known_addr { host: "127.8.53.193" port: 46723 } } peers { permanent_uuid: "21e33197d73248c4a46cc42aa8605a34" member_type: VOTER last_known_addr { host: "127.8.53.194" port: 39357 } } peers { permanent_uuid: "7cfb3ca524fc4f7cbf1894e2139cf512" member_type: VOTER last_known_addr { host: "127.8.53.195" port: 44039 } }
I20260608 10:05:56.530581 11597 consensus_queue.cc:260] T c681c090b50845b59cb42e91128667f7 P 7cfb3ca524fc4f7cbf1894e2139cf512 [NON_LEADER]: Queue going to NON_LEADER mode. State: All replicated index: 0, Majority replicated index: 0, Committed index: 0, Last appended: 0.0, Last appended by leader: 0, Current term: 0, Majority size: -1, State: 0, Mode: NON_LEADER, active raft config: opid_index: -1 OBSOLETE_local: false peers { permanent_uuid: "21e33197d73248c4a46cc42aa8605a34" member_type: VOTER last_known_addr { host: "127.8.53.194" port: 39357 } } peers { permanent_uuid: "24a5b144db5e490283bbfc0b2fe69800" member_type: VOTER last_known_addr { host: "127.8.53.193" port: 46723 } } peers { permanent_uuid: "7cfb3ca524fc4f7cbf1894e2139cf512" member_type: VOTER last_known_addr { host: "127.8.53.195" port: 44039 } }
I20260608 10:05:56.532260 11595 tablet_bootstrap.cc:492] T f574ca50106c40a3bb59e4442ecab4eb P 24a5b144db5e490283bbfc0b2fe69800: No bootstrap required, opened a new log
I20260608 10:05:56.532807 11601 leader_election.cc:290] T ad6aa542589a4bc7aaf6b55ecf3096a6 P 24a5b144db5e490283bbfc0b2fe69800 [CANDIDATE]: Term 1 election: Requested vote from peers 21e33197d73248c4a46cc42aa8605a34 (127.8.53.194:39357), 7cfb3ca524fc4f7cbf1894e2139cf512 (127.8.53.195:44039)
I20260608 10:05:56.532920 11595 ts_tablet_manager.cc:1403] T f574ca50106c40a3bb59e4442ecab4eb P 24a5b144db5e490283bbfc0b2fe69800: Time spent bootstrapping tablet: real 0.046s	user 0.015s	sys 0.010s
I20260608 10:05:56.533562 11601 raft_consensus.cc:2804] T 30710595d3dc48498ca54358c2315566 P 24a5b144db5e490283bbfc0b2fe69800 [term 0 FOLLOWER]: Leader pre-election won for term 1
I20260608 10:05:56.534096 11601 raft_consensus.cc:493] T 30710595d3dc48498ca54358c2315566 P 24a5b144db5e490283bbfc0b2fe69800 [term 0 FOLLOWER]: Starting leader election (no leader contacted us within the election timeout)
I20260608 10:05:56.534567 11601 raft_consensus.cc:3060] T 30710595d3dc48498ca54358c2315566 P 24a5b144db5e490283bbfc0b2fe69800 [term 0 FOLLOWER]: Advancing to term 1
I20260608 10:05:56.536809 11595 raft_consensus.cc:359] T f574ca50106c40a3bb59e4442ecab4eb P 24a5b144db5e490283bbfc0b2fe69800 [term 0 FOLLOWER]: Replica starting. Triggering 0 pending ops. Active config: opid_index: -1 OBSOLETE_local: false peers { permanent_uuid: "24a5b144db5e490283bbfc0b2fe69800" member_type: VOTER last_known_addr { host: "127.8.53.193" port: 46723 } } peers { permanent_uuid: "21e33197d73248c4a46cc42aa8605a34" member_type: VOTER last_known_addr { host: "127.8.53.194" port: 39357 } } peers { permanent_uuid: "7cfb3ca524fc4f7cbf1894e2139cf512" member_type: VOTER last_known_addr { host: "127.8.53.195" port: 44039 } }
I20260608 10:05:56.538031 11595 raft_consensus.cc:385] T f574ca50106c40a3bb59e4442ecab4eb P 24a5b144db5e490283bbfc0b2fe69800 [term 0 FOLLOWER]: Consensus starting up: Expiring failure detector timer to make a prompt election more likely
I20260608 10:05:56.538589 11595 raft_consensus.cc:740] T f574ca50106c40a3bb59e4442ecab4eb P 24a5b144db5e490283bbfc0b2fe69800 [term 0 FOLLOWER]: Becoming Follower/Learner. State: Replica: 24a5b144db5e490283bbfc0b2fe69800, State: Initialized, Role: FOLLOWER
I20260608 10:05:56.539700 11595 consensus_queue.cc:260] T f574ca50106c40a3bb59e4442ecab4eb P 24a5b144db5e490283bbfc0b2fe69800 [NON_LEADER]: Queue going to NON_LEADER mode. State: All replicated index: 0, Majority replicated index: 0, Committed index: 0, Last appended: 0.0, Last appended by leader: 0, Current term: 0, Majority size: -1, State: 0, Mode: NON_LEADER, active raft config: opid_index: -1 OBSOLETE_local: false peers { permanent_uuid: "24a5b144db5e490283bbfc0b2fe69800" member_type: VOTER last_known_addr { host: "127.8.53.193" port: 46723 } } peers { permanent_uuid: "21e33197d73248c4a46cc42aa8605a34" member_type: VOTER last_known_addr { host: "127.8.53.194" port: 39357 } } peers { permanent_uuid: "7cfb3ca524fc4f7cbf1894e2139cf512" member_type: VOTER last_known_addr { host: "127.8.53.195" port: 44039 } }
I20260608 10:05:56.542755 11595 ts_tablet_manager.cc:1434] T f574ca50106c40a3bb59e4442ecab4eb P 24a5b144db5e490283bbfc0b2fe69800: Time spent starting tablet: real 0.009s	user 0.007s	sys 0.000s
I20260608 10:05:56.544750 11595 tablet_bootstrap.cc:492] T dfeae2524c4d4b2c962dad6f8a2959ae P 24a5b144db5e490283bbfc0b2fe69800: Bootstrap starting.
I20260608 10:05:56.533077 11597 ts_tablet_manager.cc:1434] T c681c090b50845b59cb42e91128667f7 P 7cfb3ca524fc4f7cbf1894e2139cf512: Time spent starting tablet: real 0.017s	user 0.011s	sys 0.000s
I20260608 10:05:56.546123 11597 tablet_bootstrap.cc:492] T dbe80064a063453389e8183c8e898c5b P 7cfb3ca524fc4f7cbf1894e2139cf512: Bootstrap starting.
I20260608 10:05:56.546988 11601 raft_consensus.cc:515] T 30710595d3dc48498ca54358c2315566 P 24a5b144db5e490283bbfc0b2fe69800 [term 1 FOLLOWER]: Starting leader election with config: opid_index: -1 OBSOLETE_local: false peers { permanent_uuid: "21e33197d73248c4a46cc42aa8605a34" member_type: VOTER last_known_addr { host: "127.8.53.194" port: 39357 } } peers { permanent_uuid: "24a5b144db5e490283bbfc0b2fe69800" member_type: VOTER last_known_addr { host: "127.8.53.193" port: 46723 } } peers { permanent_uuid: "7cfb3ca524fc4f7cbf1894e2139cf512" member_type: VOTER last_known_addr { host: "127.8.53.195" port: 44039 } }
I20260608 10:05:56.550863 11601 leader_election.cc:290] T 30710595d3dc48498ca54358c2315566 P 24a5b144db5e490283bbfc0b2fe69800 [CANDIDATE]: Term 1 election: Requested vote from peers 21e33197d73248c4a46cc42aa8605a34 (127.8.53.194:39357), 7cfb3ca524fc4f7cbf1894e2139cf512 (127.8.53.195:44039)
I20260608 10:05:56.555359 11597 tablet_bootstrap.cc:654] T dbe80064a063453389e8183c8e898c5b P 7cfb3ca524fc4f7cbf1894e2139cf512: Neither blocks nor log segments found. Creating new log.
I20260608 10:05:56.562403 11601 raft_consensus.cc:493] T c681c090b50845b59cb42e91128667f7 P 24a5b144db5e490283bbfc0b2fe69800 [term 0 FOLLOWER]: Starting pre-election (no leader contacted us within the election timeout)
I20260608 10:05:56.563288 11601 raft_consensus.cc:515] T c681c090b50845b59cb42e91128667f7 P 24a5b144db5e490283bbfc0b2fe69800 [term 0 FOLLOWER]: Starting pre-election with config: opid_index: -1 OBSOLETE_local: false peers { permanent_uuid: "21e33197d73248c4a46cc42aa8605a34" member_type: VOTER last_known_addr { host: "127.8.53.194" port: 39357 } } peers { permanent_uuid: "24a5b144db5e490283bbfc0b2fe69800" member_type: VOTER last_known_addr { host: "127.8.53.193" port: 46723 } } peers { permanent_uuid: "7cfb3ca524fc4f7cbf1894e2139cf512" member_type: VOTER last_known_addr { host: "127.8.53.195" port: 44039 } }
I20260608 10:05:56.566062 11601 leader_election.cc:290] T c681c090b50845b59cb42e91128667f7 P 24a5b144db5e490283bbfc0b2fe69800 [CANDIDATE]: Term 1 pre-election: Requested pre-vote from peers 21e33197d73248c4a46cc42aa8605a34 (127.8.53.194:39357), 7cfb3ca524fc4f7cbf1894e2139cf512 (127.8.53.195:44039)
I20260608 10:05:56.568137 11596 tablet_bootstrap.cc:654] T ee6bf92616e348a2b004a240ba13a8a4 P 21e33197d73248c4a46cc42aa8605a34: Neither blocks nor log segments found. Creating new log.
I20260608 10:05:56.570186 11595 tablet_bootstrap.cc:654] T dfeae2524c4d4b2c962dad6f8a2959ae P 24a5b144db5e490283bbfc0b2fe69800: Neither blocks nor log segments found. Creating new log.
I20260608 10:05:56.571336 11475 tablet_service.cc:1917] Received RequestConsensusVote() RPC: tablet_id: "ad6aa542589a4bc7aaf6b55ecf3096a6" candidate_uuid: "24a5b144db5e490283bbfc0b2fe69800" candidate_term: 1 candidate_status { last_received { term: 0 index: 0 } } ignore_live_leader: false dest_uuid: "21e33197d73248c4a46cc42aa8605a34"
I20260608 10:05:56.572155 11475 raft_consensus.cc:3060] T ad6aa542589a4bc7aaf6b55ecf3096a6 P 21e33197d73248c4a46cc42aa8605a34 [term 0 FOLLOWER]: Advancing to term 1
I20260608 10:05:56.572760 11476 tablet_service.cc:1917] Received RequestConsensusVote() RPC: tablet_id: "30710595d3dc48498ca54358c2315566" candidate_uuid: "24a5b144db5e490283bbfc0b2fe69800" candidate_term: 1 candidate_status { last_received { term: 0 index: 0 } } ignore_live_leader: false dest_uuid: "21e33197d73248c4a46cc42aa8605a34"
I20260608 10:05:56.573505 11476 raft_consensus.cc:3060] T 30710595d3dc48498ca54358c2315566 P 21e33197d73248c4a46cc42aa8605a34 [term 0 FOLLOWER]: Advancing to term 1
I20260608 10:05:56.575841 11597 tablet_bootstrap.cc:492] T dbe80064a063453389e8183c8e898c5b P 7cfb3ca524fc4f7cbf1894e2139cf512: No bootstrap required, opened a new log
I20260608 10:05:56.576511 11597 ts_tablet_manager.cc:1403] T dbe80064a063453389e8183c8e898c5b P 7cfb3ca524fc4f7cbf1894e2139cf512: Time spent bootstrapping tablet: real 0.031s	user 0.010s	sys 0.001s
I20260608 10:05:56.581197 11597 raft_consensus.cc:359] T dbe80064a063453389e8183c8e898c5b P 7cfb3ca524fc4f7cbf1894e2139cf512 [term 0 FOLLOWER]: Replica starting. Triggering 0 pending ops. Active config: opid_index: -1 OBSOLETE_local: false peers { permanent_uuid: "24a5b144db5e490283bbfc0b2fe69800" member_type: VOTER last_known_addr { host: "127.8.53.193" port: 46723 } } peers { permanent_uuid: "21e33197d73248c4a46cc42aa8605a34" member_type: VOTER last_known_addr { host: "127.8.53.194" port: 39357 } } peers { permanent_uuid: "7cfb3ca524fc4f7cbf1894e2139cf512" member_type: VOTER last_known_addr { host: "127.8.53.195" port: 44039 } }
I20260608 10:05:56.582085 11597 raft_consensus.cc:385] T dbe80064a063453389e8183c8e898c5b P 7cfb3ca524fc4f7cbf1894e2139cf512 [term 0 FOLLOWER]: Consensus starting up: Expiring failure detector timer to make a prompt election more likely
I20260608 10:05:56.582561 11597 raft_consensus.cc:740] T dbe80064a063453389e8183c8e898c5b P 7cfb3ca524fc4f7cbf1894e2139cf512 [term 0 FOLLOWER]: Becoming Follower/Learner. State: Replica: 7cfb3ca524fc4f7cbf1894e2139cf512, State: Initialized, Role: FOLLOWER
I20260608 10:05:56.583446 11597 consensus_queue.cc:260] T dbe80064a063453389e8183c8e898c5b P 7cfb3ca524fc4f7cbf1894e2139cf512 [NON_LEADER]: Queue going to NON_LEADER mode. State: All replicated index: 0, Majority replicated index: 0, Committed index: 0, Last appended: 0.0, Last appended by leader: 0, Current term: 0, Majority size: -1, State: 0, Mode: NON_LEADER, active raft config: opid_index: -1 OBSOLETE_local: false peers { permanent_uuid: "24a5b144db5e490283bbfc0b2fe69800" member_type: VOTER last_known_addr { host: "127.8.53.193" port: 46723 } } peers { permanent_uuid: "21e33197d73248c4a46cc42aa8605a34" member_type: VOTER last_known_addr { host: "127.8.53.194" port: 39357 } } peers { permanent_uuid: "7cfb3ca524fc4f7cbf1894e2139cf512" member_type: VOTER last_known_addr { host: "127.8.53.195" port: 44039 } }
I20260608 10:05:56.584259 11474 tablet_service.cc:1917] Received RequestConsensusVote() RPC: tablet_id: "c681c090b50845b59cb42e91128667f7" candidate_uuid: "24a5b144db5e490283bbfc0b2fe69800" candidate_term: 1 candidate_status { last_received { term: 0 index: 0 } } ignore_live_leader: false dest_uuid: "21e33197d73248c4a46cc42aa8605a34" is_pre_election: true
I20260608 10:05:56.586267 11597 ts_tablet_manager.cc:1434] T dbe80064a063453389e8183c8e898c5b P 7cfb3ca524fc4f7cbf1894e2139cf512: Time spent starting tablet: real 0.009s	user 0.008s	sys 0.000s
I20260608 10:05:56.587669 11597 tablet_bootstrap.cc:492] T ad6aa542589a4bc7aaf6b55ecf3096a6 P 7cfb3ca524fc4f7cbf1894e2139cf512: Bootstrap starting.
I20260608 10:05:56.587990 11550 tablet_service.cc:1917] Received RequestConsensusVote() RPC: tablet_id: "ad6aa542589a4bc7aaf6b55ecf3096a6" candidate_uuid: "24a5b144db5e490283bbfc0b2fe69800" candidate_term: 1 candidate_status { last_received { term: 0 index: 0 } } ignore_live_leader: false dest_uuid: "7cfb3ca524fc4f7cbf1894e2139cf512" is_pre_election: true
I20260608 10:05:56.592111 11550 tablet_service.cc:1917] Received RequestConsensusVote() RPC: tablet_id: "30710595d3dc48498ca54358c2315566" candidate_uuid: "24a5b144db5e490283bbfc0b2fe69800" candidate_term: 1 candidate_status { last_received { term: 0 index: 0 } } ignore_live_leader: false dest_uuid: "7cfb3ca524fc4f7cbf1894e2139cf512" is_pre_election: true
I20260608 10:05:56.594044 11476 raft_consensus.cc:2468] T 30710595d3dc48498ca54358c2315566 P 21e33197d73248c4a46cc42aa8605a34 [term 1 FOLLOWER]: Leader election vote request: Granting yes vote for candidate 24a5b144db5e490283bbfc0b2fe69800 in term 1.
I20260608 10:05:56.594846 11596 tablet_bootstrap.cc:492] T ee6bf92616e348a2b004a240ba13a8a4 P 21e33197d73248c4a46cc42aa8605a34: No bootstrap required, opened a new log
I20260608 10:05:56.595485 11596 ts_tablet_manager.cc:1403] T ee6bf92616e348a2b004a240ba13a8a4 P 21e33197d73248c4a46cc42aa8605a34: Time spent bootstrapping tablet: real 0.067s	user 0.013s	sys 0.004s
I20260608 10:05:56.596458 11550 tablet_service.cc:1917] Received RequestConsensusVote() RPC: tablet_id: "ad6aa542589a4bc7aaf6b55ecf3096a6" candidate_uuid: "24a5b144db5e490283bbfc0b2fe69800" candidate_term: 1 candidate_status { last_received { term: 0 index: 0 } } ignore_live_leader: false dest_uuid: "7cfb3ca524fc4f7cbf1894e2139cf512"
I20260608 10:05:56.599853 11550 tablet_service.cc:1917] Received RequestConsensusVote() RPC: tablet_id: "30710595d3dc48498ca54358c2315566" candidate_uuid: "24a5b144db5e490283bbfc0b2fe69800" candidate_term: 1 candidate_status { last_received { term: 0 index: 0 } } ignore_live_leader: false dest_uuid: "7cfb3ca524fc4f7cbf1894e2139cf512"
I20260608 10:05:56.605194 11550 tablet_service.cc:1917] Received RequestConsensusVote() RPC: tablet_id: "c681c090b50845b59cb42e91128667f7" candidate_uuid: "24a5b144db5e490283bbfc0b2fe69800" candidate_term: 1 candidate_status { last_received { term: 0 index: 0 } } ignore_live_leader: false dest_uuid: "7cfb3ca524fc4f7cbf1894e2139cf512" is_pre_election: true
I20260608 10:05:56.605984 11550 raft_consensus.cc:2468] T c681c090b50845b59cb42e91128667f7 P 7cfb3ca524fc4f7cbf1894e2139cf512 [term 0 FOLLOWER]: Leader pre-election vote request: Granting yes vote for candidate 24a5b144db5e490283bbfc0b2fe69800 in term 0.
I20260608 10:05:56.607129 11597 tablet_bootstrap.cc:654] T ad6aa542589a4bc7aaf6b55ecf3096a6 P 7cfb3ca524fc4f7cbf1894e2139cf512: Neither blocks nor log segments found. Creating new log.
W20260608 10:05:56.608235 11364 leader_election.cc:343] T c681c090b50845b59cb42e91128667f7 P 24a5b144db5e490283bbfc0b2fe69800 [CANDIDATE]: Term 1 pre-election: Tablet error from VoteRequest() call to peer 21e33197d73248c4a46cc42aa8605a34 (127.8.53.194:39357): Illegal state: must be running to vote when last-logged opid is not known
I20260608 10:05:56.609390 11364 leader_election.cc:304] T 30710595d3dc48498ca54358c2315566 P 24a5b144db5e490283bbfc0b2fe69800 [CANDIDATE]: Term 1 election: Election decided. Result: candidate won. Election summary: received 2 responses out of 3 voters: 2 yes votes; 0 no votes. yes voters: 21e33197d73248c4a46cc42aa8605a34, 24a5b144db5e490283bbfc0b2fe69800; no voters: 
I20260608 10:05:56.610759 11601 raft_consensus.cc:2804] T 30710595d3dc48498ca54358c2315566 P 24a5b144db5e490283bbfc0b2fe69800 [term 1 FOLLOWER]: Leader election won for term 1
I20260608 10:05:56.599982 11596 raft_consensus.cc:359] T ee6bf92616e348a2b004a240ba13a8a4 P 21e33197d73248c4a46cc42aa8605a34 [term 0 FOLLOWER]: Replica starting. Triggering 0 pending ops. Active config: opid_index: -1 OBSOLETE_local: false peers { permanent_uuid: "21e33197d73248c4a46cc42aa8605a34" member_type: VOTER last_known_addr { host: "127.8.53.194" port: 39357 } } peers { permanent_uuid: "24a5b144db5e490283bbfc0b2fe69800" member_type: VOTER last_known_addr { host: "127.8.53.193" port: 46723 } } peers { permanent_uuid: "7cfb3ca524fc4f7cbf1894e2139cf512" member_type: VOTER last_known_addr { host: "127.8.53.195" port: 44039 } }
I20260608 10:05:56.610908 11475 raft_consensus.cc:2468] T ad6aa542589a4bc7aaf6b55ecf3096a6 P 21e33197d73248c4a46cc42aa8605a34 [term 1 FOLLOWER]: Leader election vote request: Granting yes vote for candidate 24a5b144db5e490283bbfc0b2fe69800 in term 1.
I20260608 10:05:56.611749 11601 raft_consensus.cc:697] T 30710595d3dc48498ca54358c2315566 P 24a5b144db5e490283bbfc0b2fe69800 [term 1 LEADER]: Becoming Leader. State: Replica: 24a5b144db5e490283bbfc0b2fe69800, State: Running, Role: LEADER
I20260608 10:05:56.612142 11596 raft_consensus.cc:385] T ee6bf92616e348a2b004a240ba13a8a4 P 21e33197d73248c4a46cc42aa8605a34 [term 0 FOLLOWER]: Consensus starting up: Expiring failure detector timer to make a prompt election more likely
I20260608 10:05:56.612561 11596 raft_consensus.cc:740] T ee6bf92616e348a2b004a240ba13a8a4 P 21e33197d73248c4a46cc42aa8605a34 [term 0 FOLLOWER]: Becoming Follower/Learner. State: Replica: 21e33197d73248c4a46cc42aa8605a34, State: Initialized, Role: FOLLOWER
I20260608 10:05:56.613087 11601 consensus_queue.cc:237] T 30710595d3dc48498ca54358c2315566 P 24a5b144db5e490283bbfc0b2fe69800 [LEADER]: Queue going to LEADER mode. State: All replicated index: 0, Majority replicated index: 0, Committed index: 0, Last appended: 0.0, Last appended by leader: 0, Current term: 1, Majority size: 2, State: 0, Mode: LEADER, active raft config: opid_index: -1 OBSOLETE_local: false peers { permanent_uuid: "21e33197d73248c4a46cc42aa8605a34" member_type: VOTER last_known_addr { host: "127.8.53.194" port: 39357 } } peers { permanent_uuid: "24a5b144db5e490283bbfc0b2fe69800" member_type: VOTER last_known_addr { host: "127.8.53.193" port: 46723 } } peers { permanent_uuid: "7cfb3ca524fc4f7cbf1894e2139cf512" member_type: VOTER last_known_addr { host: "127.8.53.195" port: 44039 } }
I20260608 10:05:56.613587 11596 consensus_queue.cc:260] T ee6bf92616e348a2b004a240ba13a8a4 P 21e33197d73248c4a46cc42aa8605a34 [NON_LEADER]: Queue going to NON_LEADER mode. State: All replicated index: 0, Majority replicated index: 0, Committed index: 0, Last appended: 0.0, Last appended by leader: 0, Current term: 0, Majority size: -1, State: 0, Mode: NON_LEADER, active raft config: opid_index: -1 OBSOLETE_local: false peers { permanent_uuid: "21e33197d73248c4a46cc42aa8605a34" member_type: VOTER last_known_addr { host: "127.8.53.194" port: 39357 } } peers { permanent_uuid: "24a5b144db5e490283bbfc0b2fe69800" member_type: VOTER last_known_addr { host: "127.8.53.193" port: 46723 } } peers { permanent_uuid: "7cfb3ca524fc4f7cbf1894e2139cf512" member_type: VOTER last_known_addr { host: "127.8.53.195" port: 44039 } }
W20260608 10:05:56.613883 11364 leader_election.cc:343] T ad6aa542589a4bc7aaf6b55ecf3096a6 P 24a5b144db5e490283bbfc0b2fe69800 [CANDIDATE]: Term 1 pre-election: Tablet error from VoteRequest() call to peer 7cfb3ca524fc4f7cbf1894e2139cf512 (127.8.53.195:44039): Illegal state: must be running to vote when last-logged opid is not known
W20260608 10:05:56.619073 11364 leader_election.cc:343] T 30710595d3dc48498ca54358c2315566 P 24a5b144db5e490283bbfc0b2fe69800 [CANDIDATE]: Term 1 pre-election: Tablet error from VoteRequest() call to peer 7cfb3ca524fc4f7cbf1894e2139cf512 (127.8.53.195:44039): Illegal state: must be running to vote when last-logged opid is not known
W20260608 10:05:56.620368 11364 leader_election.cc:343] T ad6aa542589a4bc7aaf6b55ecf3096a6 P 24a5b144db5e490283bbfc0b2fe69800 [CANDIDATE]: Term 1 election: Tablet error from VoteRequest() call to peer 7cfb3ca524fc4f7cbf1894e2139cf512 (127.8.53.195:44039): Illegal state: must be running to vote when last-logged opid is not known
I20260608 10:05:56.620895 11596 ts_tablet_manager.cc:1434] T ee6bf92616e348a2b004a240ba13a8a4 P 21e33197d73248c4a46cc42aa8605a34: Time spent starting tablet: real 0.025s	user 0.012s	sys 0.001s
W20260608 10:05:56.621335 11364 leader_election.cc:343] T 30710595d3dc48498ca54358c2315566 P 24a5b144db5e490283bbfc0b2fe69800 [CANDIDATE]: Term 1 election: Tablet error from VoteRequest() call to peer 7cfb3ca524fc4f7cbf1894e2139cf512 (127.8.53.195:44039): Illegal state: must be running to vote when last-logged opid is not known
I20260608 10:05:56.622186 11596 tablet_bootstrap.cc:492] T abab33cc0e134be588e7eacf602c38a1 P 21e33197d73248c4a46cc42aa8605a34: Bootstrap starting.
I20260608 10:05:56.622403 11364 leader_election.cc:304] T c681c090b50845b59cb42e91128667f7 P 24a5b144db5e490283bbfc0b2fe69800 [CANDIDATE]: Term 1 pre-election: Election decided. Result: candidate won. Election summary: received 3 responses out of 3 voters: 2 yes votes; 1 no votes. yes voters: 24a5b144db5e490283bbfc0b2fe69800, 7cfb3ca524fc4f7cbf1894e2139cf512; no voters: 21e33197d73248c4a46cc42aa8605a34
I20260608 10:05:56.623314 11597 tablet_bootstrap.cc:492] T ad6aa542589a4bc7aaf6b55ecf3096a6 P 7cfb3ca524fc4f7cbf1894e2139cf512: No bootstrap required, opened a new log
I20260608 10:05:56.623958 11597 ts_tablet_manager.cc:1403] T ad6aa542589a4bc7aaf6b55ecf3096a6 P 7cfb3ca524fc4f7cbf1894e2139cf512: Time spent bootstrapping tablet: real 0.037s	user 0.007s	sys 0.012s
I20260608 10:05:56.623987 11615 raft_consensus.cc:2804] T c681c090b50845b59cb42e91128667f7 P 24a5b144db5e490283bbfc0b2fe69800 [term 0 FOLLOWER]: Leader pre-election won for term 1
I20260608 10:05:56.624589 11615 raft_consensus.cc:493] T c681c090b50845b59cb42e91128667f7 P 24a5b144db5e490283bbfc0b2fe69800 [term 0 FOLLOWER]: Starting leader election (no leader contacted us within the election timeout)
I20260608 10:05:56.625053 11615 raft_consensus.cc:3060] T c681c090b50845b59cb42e91128667f7 P 24a5b144db5e490283bbfc0b2fe69800 [term 0 FOLLOWER]: Advancing to term 1
I20260608 10:05:56.628130 11597 raft_consensus.cc:359] T ad6aa542589a4bc7aaf6b55ecf3096a6 P 7cfb3ca524fc4f7cbf1894e2139cf512 [term 0 FOLLOWER]: Replica starting. Triggering 0 pending ops. Active config: opid_index: -1 OBSOLETE_local: false peers { permanent_uuid: "24a5b144db5e490283bbfc0b2fe69800" member_type: VOTER last_known_addr { host: "127.8.53.193" port: 46723 } } peers { permanent_uuid: "21e33197d73248c4a46cc42aa8605a34" member_type: VOTER last_known_addr { host: "127.8.53.194" port: 39357 } } peers { permanent_uuid: "7cfb3ca524fc4f7cbf1894e2139cf512" member_type: VOTER last_known_addr { host: "127.8.53.195" port: 44039 } }
I20260608 10:05:56.632145 11597 raft_consensus.cc:385] T ad6aa542589a4bc7aaf6b55ecf3096a6 P 7cfb3ca524fc4f7cbf1894e2139cf512 [term 0 FOLLOWER]: Consensus starting up: Expiring failure detector timer to make a prompt election more likely
I20260608 10:05:56.633023 11597 raft_consensus.cc:740] T ad6aa542589a4bc7aaf6b55ecf3096a6 P 7cfb3ca524fc4f7cbf1894e2139cf512 [term 0 FOLLOWER]: Becoming Follower/Learner. State: Replica: 7cfb3ca524fc4f7cbf1894e2139cf512, State: Initialized, Role: FOLLOWER
I20260608 10:05:56.634099 11596 tablet_bootstrap.cc:654] T abab33cc0e134be588e7eacf602c38a1 P 21e33197d73248c4a46cc42aa8605a34: Neither blocks nor log segments found. Creating new log.
I20260608 10:05:56.634639 11615 raft_consensus.cc:515] T c681c090b50845b59cb42e91128667f7 P 24a5b144db5e490283bbfc0b2fe69800 [term 1 FOLLOWER]: Starting leader election with config: opid_index: -1 OBSOLETE_local: false peers { permanent_uuid: "21e33197d73248c4a46cc42aa8605a34" member_type: VOTER last_known_addr { host: "127.8.53.194" port: 39357 } } peers { permanent_uuid: "24a5b144db5e490283bbfc0b2fe69800" member_type: VOTER last_known_addr { host: "127.8.53.193" port: 46723 } } peers { permanent_uuid: "7cfb3ca524fc4f7cbf1894e2139cf512" member_type: VOTER last_known_addr { host: "127.8.53.195" port: 44039 } }
I20260608 10:05:56.635038 11597 consensus_queue.cc:260] T ad6aa542589a4bc7aaf6b55ecf3096a6 P 7cfb3ca524fc4f7cbf1894e2139cf512 [NON_LEADER]: Queue going to NON_LEADER mode. State: All replicated index: 0, Majority replicated index: 0, Committed index: 0, Last appended: 0.0, Last appended by leader: 0, Current term: 0, Majority size: -1, State: 0, Mode: NON_LEADER, active raft config: opid_index: -1 OBSOLETE_local: false peers { permanent_uuid: "24a5b144db5e490283bbfc0b2fe69800" member_type: VOTER last_known_addr { host: "127.8.53.193" port: 46723 } } peers { permanent_uuid: "21e33197d73248c4a46cc42aa8605a34" member_type: VOTER last_known_addr { host: "127.8.53.194" port: 39357 } } peers { permanent_uuid: "7cfb3ca524fc4f7cbf1894e2139cf512" member_type: VOTER last_known_addr { host: "127.8.53.195" port: 44039 } }
I20260608 10:05:56.639369 11597 ts_tablet_manager.cc:1434] T ad6aa542589a4bc7aaf6b55ecf3096a6 P 7cfb3ca524fc4f7cbf1894e2139cf512: Time spent starting tablet: real 0.015s	user 0.001s	sys 0.006s
I20260608 10:05:56.640506 11596 tablet_bootstrap.cc:492] T abab33cc0e134be588e7eacf602c38a1 P 21e33197d73248c4a46cc42aa8605a34: No bootstrap required, opened a new log
I20260608 10:05:56.641315 11596 ts_tablet_manager.cc:1403] T abab33cc0e134be588e7eacf602c38a1 P 21e33197d73248c4a46cc42aa8605a34: Time spent bootstrapping tablet: real 0.019s	user 0.007s	sys 0.008s
I20260608 10:05:56.644569 11364 leader_election.cc:304] T ad6aa542589a4bc7aaf6b55ecf3096a6 P 24a5b144db5e490283bbfc0b2fe69800 [CANDIDATE]: Term 1 election: Election decided. Result: candidate won. Election summary: received 3 responses out of 3 voters: 2 yes votes; 1 no votes. yes voters: 21e33197d73248c4a46cc42aa8605a34, 24a5b144db5e490283bbfc0b2fe69800; no voters: 7cfb3ca524fc4f7cbf1894e2139cf512
I20260608 10:05:56.640739 11597 tablet_bootstrap.cc:492] T ee6bf92616e348a2b004a240ba13a8a4 P 7cfb3ca524fc4f7cbf1894e2139cf512: Bootstrap starting.
I20260608 10:05:56.648460 11615 leader_election.cc:290] T c681c090b50845b59cb42e91128667f7 P 24a5b144db5e490283bbfc0b2fe69800 [CANDIDATE]: Term 1 election: Requested vote from peers 21e33197d73248c4a46cc42aa8605a34 (127.8.53.194:39357), 7cfb3ca524fc4f7cbf1894e2139cf512 (127.8.53.195:44039)
I20260608 10:05:56.653828 11615 raft_consensus.cc:2804] T ad6aa542589a4bc7aaf6b55ecf3096a6 P 24a5b144db5e490283bbfc0b2fe69800 [term 1 FOLLOWER]: Leader election won for term 1
I20260608 10:05:56.654438 11615 raft_consensus.cc:697] T ad6aa542589a4bc7aaf6b55ecf3096a6 P 24a5b144db5e490283bbfc0b2fe69800 [term 1 LEADER]: Becoming Leader. State: Replica: 24a5b144db5e490283bbfc0b2fe69800, State: Running, Role: LEADER
I20260608 10:05:56.645015 11596 raft_consensus.cc:359] T abab33cc0e134be588e7eacf602c38a1 P 21e33197d73248c4a46cc42aa8605a34 [term 0 FOLLOWER]: Replica starting. Triggering 0 pending ops. Active config: opid_index: -1 OBSOLETE_local: false peers { permanent_uuid: "24a5b144db5e490283bbfc0b2fe69800" member_type: VOTER last_known_addr { host: "127.8.53.193" port: 46723 } } peers { permanent_uuid: "21e33197d73248c4a46cc42aa8605a34" member_type: VOTER last_known_addr { host: "127.8.53.194" port: 39357 } } peers { permanent_uuid: "7cfb3ca524fc4f7cbf1894e2139cf512" member_type: VOTER last_known_addr { host: "127.8.53.195" port: 44039 } }
I20260608 10:05:56.655133 11596 raft_consensus.cc:385] T abab33cc0e134be588e7eacf602c38a1 P 21e33197d73248c4a46cc42aa8605a34 [term 0 FOLLOWER]: Consensus starting up: Expiring failure detector timer to make a prompt election more likely
I20260608 10:05:56.650070 11299 catalog_manager.cc:5696] T 30710595d3dc48498ca54358c2315566 P 24a5b144db5e490283bbfc0b2fe69800 reported cstate change: term changed from 0 to 1, leader changed from <none> to 24a5b144db5e490283bbfc0b2fe69800 (127.8.53.193). New cstate: current_term: 1 leader_uuid: "24a5b144db5e490283bbfc0b2fe69800" committed_config { opid_index: -1 OBSOLETE_local: false peers { permanent_uuid: "21e33197d73248c4a46cc42aa8605a34" member_type: VOTER last_known_addr { host: "127.8.53.194" port: 39357 } health_report { overall_health: UNKNOWN } } peers { permanent_uuid: "24a5b144db5e490283bbfc0b2fe69800" member_type: VOTER last_known_addr { host: "127.8.53.193" port: 46723 } health_report { overall_health: HEALTHY } } peers { permanent_uuid: "7cfb3ca524fc4f7cbf1894e2139cf512" member_type: VOTER last_known_addr { host: "127.8.53.195" port: 44039 } health_report { overall_health: UNKNOWN } } }
I20260608 10:05:56.655544 11596 raft_consensus.cc:740] T abab33cc0e134be588e7eacf602c38a1 P 21e33197d73248c4a46cc42aa8605a34 [term 0 FOLLOWER]: Becoming Follower/Learner. State: Replica: 21e33197d73248c4a46cc42aa8605a34, State: Initialized, Role: FOLLOWER
I20260608 10:05:56.655676 11615 consensus_queue.cc:237] T ad6aa542589a4bc7aaf6b55ecf3096a6 P 24a5b144db5e490283bbfc0b2fe69800 [LEADER]: Queue going to LEADER mode. State: All replicated index: 0, Majority replicated index: 0, Committed index: 0, Last appended: 0.0, Last appended by leader: 0, Current term: 1, Majority size: 2, State: 0, Mode: LEADER, active raft config: opid_index: -1 OBSOLETE_local: false peers { permanent_uuid: "24a5b144db5e490283bbfc0b2fe69800" member_type: VOTER last_known_addr { host: "127.8.53.193" port: 46723 } } peers { permanent_uuid: "21e33197d73248c4a46cc42aa8605a34" member_type: VOTER last_known_addr { host: "127.8.53.194" port: 39357 } } peers { permanent_uuid: "7cfb3ca524fc4f7cbf1894e2139cf512" member_type: VOTER last_known_addr { host: "127.8.53.195" port: 44039 } }
I20260608 10:05:56.656488 11597 tablet_bootstrap.cc:654] T ee6bf92616e348a2b004a240ba13a8a4 P 7cfb3ca524fc4f7cbf1894e2139cf512: Neither blocks nor log segments found. Creating new log.
I20260608 10:05:56.656700 11596 consensus_queue.cc:260] T abab33cc0e134be588e7eacf602c38a1 P 21e33197d73248c4a46cc42aa8605a34 [NON_LEADER]: Queue going to NON_LEADER mode. State: All replicated index: 0, Majority replicated index: 0, Committed index: 0, Last appended: 0.0, Last appended by leader: 0, Current term: 0, Majority size: -1, State: 0, Mode: NON_LEADER, active raft config: opid_index: -1 OBSOLETE_local: false peers { permanent_uuid: "24a5b144db5e490283bbfc0b2fe69800" member_type: VOTER last_known_addr { host: "127.8.53.193" port: 46723 } } peers { permanent_uuid: "21e33197d73248c4a46cc42aa8605a34" member_type: VOTER last_known_addr { host: "127.8.53.194" port: 39357 } } peers { permanent_uuid: "7cfb3ca524fc4f7cbf1894e2139cf512" member_type: VOTER last_known_addr { host: "127.8.53.195" port: 44039 } }
I20260608 10:05:56.646131 11601 raft_consensus.cc:493] T abab33cc0e134be588e7eacf602c38a1 P 24a5b144db5e490283bbfc0b2fe69800 [term 0 FOLLOWER]: Starting pre-election (no leader contacted us within the election timeout)
I20260608 10:05:56.659142 11601 raft_consensus.cc:515] T abab33cc0e134be588e7eacf602c38a1 P 24a5b144db5e490283bbfc0b2fe69800 [term 0 FOLLOWER]: Starting pre-election with config: opid_index: -1 OBSOLETE_local: false peers { permanent_uuid: "24a5b144db5e490283bbfc0b2fe69800" member_type: VOTER last_known_addr { host: "127.8.53.193" port: 46723 } } peers { permanent_uuid: "21e33197d73248c4a46cc42aa8605a34" member_type: VOTER last_known_addr { host: "127.8.53.194" port: 39357 } } peers { permanent_uuid: "7cfb3ca524fc4f7cbf1894e2139cf512" member_type: VOTER last_known_addr { host: "127.8.53.195" port: 44039 } }
I20260608 10:05:56.661966 11601 leader_election.cc:290] T abab33cc0e134be588e7eacf602c38a1 P 24a5b144db5e490283bbfc0b2fe69800 [CANDIDATE]: Term 1 pre-election: Requested pre-vote from peers 21e33197d73248c4a46cc42aa8605a34 (127.8.53.194:39357), 7cfb3ca524fc4f7cbf1894e2139cf512 (127.8.53.195:44039)
I20260608 10:05:56.651970 11595 tablet_bootstrap.cc:492] T dfeae2524c4d4b2c962dad6f8a2959ae P 24a5b144db5e490283bbfc0b2fe69800: No bootstrap required, opened a new log
I20260608 10:05:56.664060 11595 ts_tablet_manager.cc:1403] T dfeae2524c4d4b2c962dad6f8a2959ae P 24a5b144db5e490283bbfc0b2fe69800: Time spent bootstrapping tablet: real 0.120s	user 0.051s	sys 0.019s
I20260608 10:05:56.668947 11595 raft_consensus.cc:359] T dfeae2524c4d4b2c962dad6f8a2959ae P 24a5b144db5e490283bbfc0b2fe69800 [term 0 FOLLOWER]: Replica starting. Triggering 0 pending ops. Active config: opid_index: -1 OBSOLETE_local: false peers { permanent_uuid: "24a5b144db5e490283bbfc0b2fe69800" member_type: VOTER last_known_addr { host: "127.8.53.193" port: 46723 } } peers { permanent_uuid: "21e33197d73248c4a46cc42aa8605a34" member_type: VOTER last_known_addr { host: "127.8.53.194" port: 39357 } } peers { permanent_uuid: "7cfb3ca524fc4f7cbf1894e2139cf512" member_type: VOTER last_known_addr { host: "127.8.53.195" port: 44039 } }
I20260608 10:05:56.670181 11595 raft_consensus.cc:385] T dfeae2524c4d4b2c962dad6f8a2959ae P 24a5b144db5e490283bbfc0b2fe69800 [term 0 FOLLOWER]: Consensus starting up: Expiring failure detector timer to make a prompt election more likely
I20260608 10:05:56.670620 11596 ts_tablet_manager.cc:1434] T abab33cc0e134be588e7eacf602c38a1 P 21e33197d73248c4a46cc42aa8605a34: Time spent starting tablet: real 0.029s	user 0.007s	sys 0.000s
I20260608 10:05:56.673506 11475 tablet_service.cc:1917] Received RequestConsensusVote() RPC: tablet_id: "c681c090b50845b59cb42e91128667f7" candidate_uuid: "24a5b144db5e490283bbfc0b2fe69800" candidate_term: 1 candidate_status { last_received { term: 0 index: 0 } } ignore_live_leader: false dest_uuid: "21e33197d73248c4a46cc42aa8605a34"
I20260608 10:05:56.675201 11602 raft_consensus.cc:493] T dfeae2524c4d4b2c962dad6f8a2959ae P 21e33197d73248c4a46cc42aa8605a34 [term 0 FOLLOWER]: Starting pre-election (no leader contacted us within the election timeout)
I20260608 10:05:56.676330 11602 raft_consensus.cc:515] T dfeae2524c4d4b2c962dad6f8a2959ae P 21e33197d73248c4a46cc42aa8605a34 [term 0 FOLLOWER]: Starting pre-election with config: opid_index: -1 OBSOLETE_local: false peers { permanent_uuid: "24a5b144db5e490283bbfc0b2fe69800" member_type: VOTER last_known_addr { host: "127.8.53.193" port: 46723 } } peers { permanent_uuid: "21e33197d73248c4a46cc42aa8605a34" member_type: VOTER last_known_addr { host: "127.8.53.194" port: 39357 } } peers { permanent_uuid: "7cfb3ca524fc4f7cbf1894e2139cf512" member_type: VOTER last_known_addr { host: "127.8.53.195" port: 44039 } }
I20260608 10:05:56.682066 11550 tablet_service.cc:1917] Received RequestConsensusVote() RPC: tablet_id: "c681c090b50845b59cb42e91128667f7" candidate_uuid: "24a5b144db5e490283bbfc0b2fe69800" candidate_term: 1 candidate_status { last_received { term: 0 index: 0 } } ignore_live_leader: false dest_uuid: "7cfb3ca524fc4f7cbf1894e2139cf512"
I20260608 10:05:56.683146 11475 tablet_service.cc:1917] Received RequestConsensusVote() RPC: tablet_id: "abab33cc0e134be588e7eacf602c38a1" candidate_uuid: "24a5b144db5e490283bbfc0b2fe69800" candidate_term: 1 candidate_status { last_received { term: 0 index: 0 } } ignore_live_leader: false dest_uuid: "21e33197d73248c4a46cc42aa8605a34" is_pre_election: true
W20260608 10:05:56.686976 11364 leader_election.cc:343] T c681c090b50845b59cb42e91128667f7 P 24a5b144db5e490283bbfc0b2fe69800 [CANDIDATE]: Term 1 election: Tablet error from VoteRequest() call to peer 21e33197d73248c4a46cc42aa8605a34 (127.8.53.194:39357): Illegal state: must be running to vote when last-logged opid is not known
I20260608 10:05:56.683614 11550 raft_consensus.cc:3060] T c681c090b50845b59cb42e91128667f7 P 7cfb3ca524fc4f7cbf1894e2139cf512 [term 0 FOLLOWER]: Advancing to term 1
I20260608 10:05:56.690234 11596 tablet_bootstrap.cc:492] T f574ca50106c40a3bb59e4442ecab4eb P 21e33197d73248c4a46cc42aa8605a34: Bootstrap starting.
I20260608 10:05:56.689913 11475 raft_consensus.cc:2468] T abab33cc0e134be588e7eacf602c38a1 P 21e33197d73248c4a46cc42aa8605a34 [term 0 FOLLOWER]: Leader pre-election vote request: Granting yes vote for candidate 24a5b144db5e490283bbfc0b2fe69800 in term 0.
I20260608 10:05:56.670647 11595 raft_consensus.cc:740] T dfeae2524c4d4b2c962dad6f8a2959ae P 24a5b144db5e490283bbfc0b2fe69800 [term 0 FOLLOWER]: Becoming Follower/Learner. State: Replica: 24a5b144db5e490283bbfc0b2fe69800, State: Initialized, Role: FOLLOWER
I20260608 10:05:56.686371 11602 leader_election.cc:290] T dfeae2524c4d4b2c962dad6f8a2959ae P 21e33197d73248c4a46cc42aa8605a34 [CANDIDATE]: Term 1 pre-election: Requested pre-vote from peers 24a5b144db5e490283bbfc0b2fe69800 (127.8.53.193:46723), 7cfb3ca524fc4f7cbf1894e2139cf512 (127.8.53.195:44039)
I20260608 10:05:56.697504 11549 tablet_service.cc:1917] Received RequestConsensusVote() RPC: tablet_id: "abab33cc0e134be588e7eacf602c38a1" candidate_uuid: "24a5b144db5e490283bbfc0b2fe69800" candidate_term: 1 candidate_status { last_received { term: 0 index: 0 } } ignore_live_leader: false dest_uuid: "7cfb3ca524fc4f7cbf1894e2139cf512" is_pre_election: true
I20260608 10:05:56.697801 11595 consensus_queue.cc:260] T dfeae2524c4d4b2c962dad6f8a2959ae P 24a5b144db5e490283bbfc0b2fe69800 [NON_LEADER]: Queue going to NON_LEADER mode. State: All replicated index: 0, Majority replicated index: 0, Committed index: 0, Last appended: 0.0, Last appended by leader: 0, Current term: 0, Majority size: -1, State: 0, Mode: NON_LEADER, active raft config: opid_index: -1 OBSOLETE_local: false peers { permanent_uuid: "24a5b144db5e490283bbfc0b2fe69800" member_type: VOTER last_known_addr { host: "127.8.53.193" port: 46723 } } peers { permanent_uuid: "21e33197d73248c4a46cc42aa8605a34" member_type: VOTER last_known_addr { host: "127.8.53.194" port: 39357 } } peers { permanent_uuid: "7cfb3ca524fc4f7cbf1894e2139cf512" member_type: VOTER last_known_addr { host: "127.8.53.195" port: 44039 } }
I20260608 10:05:56.697886 11364 leader_election.cc:304] T abab33cc0e134be588e7eacf602c38a1 P 24a5b144db5e490283bbfc0b2fe69800 [CANDIDATE]: Term 1 pre-election: Election decided. Result: candidate won. Election summary: received 2 responses out of 3 voters: 2 yes votes; 0 no votes. yes voters: 21e33197d73248c4a46cc42aa8605a34, 24a5b144db5e490283bbfc0b2fe69800; no voters: 
I20260608 10:05:56.700894 11601 raft_consensus.cc:2804] T abab33cc0e134be588e7eacf602c38a1 P 24a5b144db5e490283bbfc0b2fe69800 [term 0 FOLLOWER]: Leader pre-election won for term 1
I20260608 10:05:56.702390 11601 raft_consensus.cc:493] T abab33cc0e134be588e7eacf602c38a1 P 24a5b144db5e490283bbfc0b2fe69800 [term 0 FOLLOWER]: Starting leader election (no leader contacted us within the election timeout)
W20260608 10:05:56.702644 11364 leader_election.cc:343] T abab33cc0e134be588e7eacf602c38a1 P 24a5b144db5e490283bbfc0b2fe69800 [CANDIDATE]: Term 1 pre-election: Tablet error from VoteRequest() call to peer 7cfb3ca524fc4f7cbf1894e2139cf512 (127.8.53.195:44039): Illegal state: must be running to vote when last-logged opid is not known
I20260608 10:05:56.702934 11601 raft_consensus.cc:3060] T abab33cc0e134be588e7eacf602c38a1 P 24a5b144db5e490283bbfc0b2fe69800 [term 0 FOLLOWER]: Advancing to term 1
