I20260608 10:04:46.803633  1593 data_dirs.cc:400] Could only allocate 1 dirs of requested 3 for tablet 7a9fb7a208ef416786c131c1df69afa3. 1 dirs total, 0 dirs full, 0 dirs failed
I20260608 10:04:46.804859  1503 tablet_service.cc:1511] Processing CreateTablet for tablet 6108697e4c6c47e7b5bc2aa6d6d10eb1 (DEFAULT_TABLE table=test-workload [id=487af16389324a4ca32690c7a9a89da1]), partition=RANGE (key) PARTITION VALUES < 715827882
I20260608 10:04:46.806159  1503 data_dirs.cc:400] Could only allocate 1 dirs of requested 3 for tablet 6108697e4c6c47e7b5bc2aa6d6d10eb1. 1 dirs total, 0 dirs full, 0 dirs failed
I20260608 10:04:46.808739  1671 tablet_service.cc:1511] Processing CreateTablet for tablet 8913a6d737c845dd80807505d442ddbf (DEFAULT_TABLE table=test-workload [id=487af16389324a4ca32690c7a9a89da1]), partition=RANGE (key) PARTITION 1431655764 <= VALUES
I20260608 10:04:46.810106  1671 data_dirs.cc:400] Could only allocate 1 dirs of requested 3 for tablet 8913a6d737c845dd80807505d442ddbf. 1 dirs total, 0 dirs full, 0 dirs failed
I20260608 10:04:46.819888  1741 tablet_bootstrap.cc:492] T 7a9fb7a208ef416786c131c1df69afa3 P 27e741761c6d4e9abbb1cebadb092564: Bootstrap starting.
I20260608 10:04:46.823216  1742 tablet_bootstrap.cc:492] T 6108697e4c6c47e7b5bc2aa6d6d10eb1 P b50f0398752042e482a5b75f14c76f15: Bootstrap starting.
I20260608 10:04:46.826437  1743 tablet_bootstrap.cc:492] T 8913a6d737c845dd80807505d442ddbf P f71efcf8420343c79e25b6d0626e9e17: Bootstrap starting.
I20260608 10:04:46.826908  1741 tablet_bootstrap.cc:654] T 7a9fb7a208ef416786c131c1df69afa3 P 27e741761c6d4e9abbb1cebadb092564: Neither blocks nor log segments found. Creating new log.
I20260608 10:04:46.832199  1743 tablet_bootstrap.cc:654] T 8913a6d737c845dd80807505d442ddbf P f71efcf8420343c79e25b6d0626e9e17: Neither blocks nor log segments found. Creating new log.
I20260608 10:04:46.832898  1742 tablet_bootstrap.cc:654] T 6108697e4c6c47e7b5bc2aa6d6d10eb1 P b50f0398752042e482a5b75f14c76f15: Neither blocks nor log segments found. Creating new log.
I20260608 10:04:46.833402  1741 tablet_bootstrap.cc:492] T 7a9fb7a208ef416786c131c1df69afa3 P 27e741761c6d4e9abbb1cebadb092564: No bootstrap required, opened a new log
I20260608 10:04:46.833863  1741 ts_tablet_manager.cc:1403] T 7a9fb7a208ef416786c131c1df69afa3 P 27e741761c6d4e9abbb1cebadb092564: Time spent bootstrapping tablet: real 0.015s	user 0.008s	sys 0.004s
I20260608 10:04:46.836853  1741 raft_consensus.cc:359] T 7a9fb7a208ef416786c131c1df69afa3 P 27e741761c6d4e9abbb1cebadb092564 [term 0 FOLLOWER]: Replica starting. Triggering 0 pending ops. Active config: opid_index: -1 OBSOLETE_local: true peers { permanent_uuid: "27e741761c6d4e9abbb1cebadb092564" member_type: VOTER last_known_addr { host: "127.31.216.2" port: 37455 } }
I20260608 10:04:46.837507  1741 raft_consensus.cc:385] T 7a9fb7a208ef416786c131c1df69afa3 P 27e741761c6d4e9abbb1cebadb092564 [term 0 FOLLOWER]: Consensus starting up: Expiring failure detector timer to make a prompt election more likely
I20260608 10:04:46.837854  1741 raft_consensus.cc:740] T 7a9fb7a208ef416786c131c1df69afa3 P 27e741761c6d4e9abbb1cebadb092564 [term 0 FOLLOWER]: Becoming Follower/Learner. State: Replica: 27e741761c6d4e9abbb1cebadb092564, State: Initialized, Role: FOLLOWER
I20260608 10:04:46.838685  1741 consensus_queue.cc:260] T 7a9fb7a208ef416786c131c1df69afa3 P 27e741761c6d4e9abbb1cebadb092564 [NON_LEADER]: Queue going to NON_LEADER mode. State: All replicated index: 0, Majority replicated index: 0, Committed index: 0, Last appended: 0.0, Last appended by leader: 0, Current term: 0, Majority size: -1, State: 0, Mode: NON_LEADER, active raft config: opid_index: -1 OBSOLETE_local: true peers { permanent_uuid: "27e741761c6d4e9abbb1cebadb092564" member_type: VOTER last_known_addr { host: "127.31.216.2" port: 37455 } }
I20260608 10:04:46.839448  1743 tablet_bootstrap.cc:492] T 8913a6d737c845dd80807505d442ddbf P f71efcf8420343c79e25b6d0626e9e17: No bootstrap required, opened a new log
I20260608 10:04:46.839380  1741 raft_consensus.cc:399] T 7a9fb7a208ef416786c131c1df69afa3 P 27e741761c6d4e9abbb1cebadb092564 [term 0 FOLLOWER]: Only one voter in the Raft config. Triggering election immediately
I20260608 10:04:46.839949  1742 tablet_bootstrap.cc:492] T 6108697e4c6c47e7b5bc2aa6d6d10eb1 P b50f0398752042e482a5b75f14c76f15: No bootstrap required, opened a new log
I20260608 10:04:46.840044  1743 ts_tablet_manager.cc:1403] T 8913a6d737c845dd80807505d442ddbf P f71efcf8420343c79e25b6d0626e9e17: Time spent bootstrapping tablet: real 0.014s	user 0.012s	sys 0.000s
I20260608 10:04:46.839928  1741 raft_consensus.cc:493] T 7a9fb7a208ef416786c131c1df69afa3 P 27e741761c6d4e9abbb1cebadb092564 [term 0 FOLLOWER]: Starting leader election (initial election of a single-replica configuration)
I20260608 10:04:46.840631  1742 ts_tablet_manager.cc:1403] T 6108697e4c6c47e7b5bc2aa6d6d10eb1 P b50f0398752042e482a5b75f14c76f15: Time spent bootstrapping tablet: real 0.018s	user 0.010s	sys 0.004s
I20260608 10:04:46.840682  1741 raft_consensus.cc:3060] T 7a9fb7a208ef416786c131c1df69afa3 P 27e741761c6d4e9abbb1cebadb092564 [term 0 FOLLOWER]: Advancing to term 1
I20260608 10:04:46.843163  1742 raft_consensus.cc:359] T 6108697e4c6c47e7b5bc2aa6d6d10eb1 P b50f0398752042e482a5b75f14c76f15 [term 0 FOLLOWER]: Replica starting. Triggering 0 pending ops. Active config: opid_index: -1 OBSOLETE_local: true peers { permanent_uuid: "b50f0398752042e482a5b75f14c76f15" member_type: VOTER last_known_addr { host: "127.31.216.1" port: 33151 } }
I20260608 10:04:46.843631  1742 raft_consensus.cc:385] T 6108697e4c6c47e7b5bc2aa6d6d10eb1 P b50f0398752042e482a5b75f14c76f15 [term 0 FOLLOWER]: Consensus starting up: Expiring failure detector timer to make a prompt election more likely
I20260608 10:04:46.843993  1742 raft_consensus.cc:740] T 6108697e4c6c47e7b5bc2aa6d6d10eb1 P b50f0398752042e482a5b75f14c76f15 [term 0 FOLLOWER]: Becoming Follower/Learner. State: Replica: b50f0398752042e482a5b75f14c76f15, State: Initialized, Role: FOLLOWER
I20260608 10:04:46.843631  1743 raft_consensus.cc:359] T 8913a6d737c845dd80807505d442ddbf P f71efcf8420343c79e25b6d0626e9e17 [term 0 FOLLOWER]: Replica starting. Triggering 0 pending ops. Active config: opid_index: -1 OBSOLETE_local: true peers { permanent_uuid: "f71efcf8420343c79e25b6d0626e9e17" member_type: VOTER last_known_addr { host: "127.31.216.3" port: 41659 } }
I20260608 10:04:46.844439  1743 raft_consensus.cc:385] T 8913a6d737c845dd80807505d442ddbf P f71efcf8420343c79e25b6d0626e9e17 [term 0 FOLLOWER]: Consensus starting up: Expiring failure detector timer to make a prompt election more likely
I20260608 10:04:46.844759  1743 raft_consensus.cc:740] T 8913a6d737c845dd80807505d442ddbf P f71efcf8420343c79e25b6d0626e9e17 [term 0 FOLLOWER]: Becoming Follower/Learner. State: Replica: f71efcf8420343c79e25b6d0626e9e17, State: Initialized, Role: FOLLOWER
I20260608 10:04:46.844774  1742 consensus_queue.cc:260] T 6108697e4c6c47e7b5bc2aa6d6d10eb1 P b50f0398752042e482a5b75f14c76f15 [NON_LEADER]: Queue going to NON_LEADER mode. State: All replicated index: 0, Majority replicated index: 0, Committed index: 0, Last appended: 0.0, Last appended by leader: 0, Current term: 0, Majority size: -1, State: 0, Mode: NON_LEADER, active raft config: opid_index: -1 OBSOLETE_local: true peers { permanent_uuid: "b50f0398752042e482a5b75f14c76f15" member_type: VOTER last_known_addr { host: "127.31.216.1" port: 33151 } }
I20260608 10:04:46.845633  1742 raft_consensus.cc:399] T 6108697e4c6c47e7b5bc2aa6d6d10eb1 P b50f0398752042e482a5b75f14c76f15 [term 0 FOLLOWER]: Only one voter in the Raft config. Triggering election immediately
I20260608 10:04:46.845986  1742 raft_consensus.cc:493] T 6108697e4c6c47e7b5bc2aa6d6d10eb1 P b50f0398752042e482a5b75f14c76f15 [term 0 FOLLOWER]: Starting leader election (initial election of a single-replica configuration)
I20260608 10:04:46.845829  1743 consensus_queue.cc:260] T 8913a6d737c845dd80807505d442ddbf P f71efcf8420343c79e25b6d0626e9e17 [NON_LEADER]: Queue going to NON_LEADER mode. State: All replicated index: 0, Majority replicated index: 0, Committed index: 0, Last appended: 0.0, Last appended by leader: 0, Current term: 0, Majority size: -1, State: 0, Mode: NON_LEADER, active raft config: opid_index: -1 OBSOLETE_local: true peers { permanent_uuid: "f71efcf8420343c79e25b6d0626e9e17" member_type: VOTER last_known_addr { host: "127.31.216.3" port: 41659 } }
I20260608 10:04:46.846359  1742 raft_consensus.cc:3060] T 6108697e4c6c47e7b5bc2aa6d6d10eb1 P b50f0398752042e482a5b75f14c76f15 [term 0 FOLLOWER]: Advancing to term 1
I20260608 10:04:46.846527  1743 raft_consensus.cc:399] T 8913a6d737c845dd80807505d442ddbf P f71efcf8420343c79e25b6d0626e9e17 [term 0 FOLLOWER]: Only one voter in the Raft config. Triggering election immediately
I20260608 10:04:46.846917  1743 raft_consensus.cc:493] T 8913a6d737c845dd80807505d442ddbf P f71efcf8420343c79e25b6d0626e9e17 [term 0 FOLLOWER]: Starting leader election (initial election of a single-replica configuration)
I20260608 10:04:46.847290  1743 raft_consensus.cc:3060] T 8913a6d737c845dd80807505d442ddbf P f71efcf8420343c79e25b6d0626e9e17 [term 0 FOLLOWER]: Advancing to term 1
I20260608 10:04:46.847645  1741 raft_consensus.cc:515] T 7a9fb7a208ef416786c131c1df69afa3 P 27e741761c6d4e9abbb1cebadb092564 [term 1 FOLLOWER]: Starting leader election with config: opid_index: -1 OBSOLETE_local: true peers { permanent_uuid: "27e741761c6d4e9abbb1cebadb092564" member_type: VOTER last_known_addr { host: "127.31.216.2" port: 37455 } }
I20260608 10:04:46.848383  1741 leader_election.cc:304] T 7a9fb7a208ef416786c131c1df69afa3 P 27e741761c6d4e9abbb1cebadb092564 [CANDIDATE]: Term 1 election: Election decided. Result: candidate won. Election summary: received 1 responses out of 1 voters: 1 yes votes; 0 no votes. yes voters: 27e741761c6d4e9abbb1cebadb092564; no voters: 
I20260608 10:04:46.849970  1741 leader_election.cc:290] T 7a9fb7a208ef416786c131c1df69afa3 P 27e741761c6d4e9abbb1cebadb092564 [CANDIDATE]: Term 1 election: Requested vote from peers 
I20260608 10:04:46.850569  1747 raft_consensus.cc:2804] T 7a9fb7a208ef416786c131c1df69afa3 P 27e741761c6d4e9abbb1cebadb092564 [term 1 FOLLOWER]: Leader election won for term 1
I20260608 10:04:46.853212  1742 raft_consensus.cc:515] T 6108697e4c6c47e7b5bc2aa6d6d10eb1 P b50f0398752042e482a5b75f14c76f15 [term 1 FOLLOWER]: Starting leader election with config: opid_index: -1 OBSOLETE_local: true peers { permanent_uuid: "b50f0398752042e482a5b75f14c76f15" member_type: VOTER last_known_addr { host: "127.31.216.1" port: 33151 } }
I20260608 10:04:46.853825  1743 raft_consensus.cc:515] T 8913a6d737c845dd80807505d442ddbf P f71efcf8420343c79e25b6d0626e9e17 [term 1 FOLLOWER]: Starting leader election with config: opid_index: -1 OBSOLETE_local: true peers { permanent_uuid: "f71efcf8420343c79e25b6d0626e9e17" member_type: VOTER last_known_addr { host: "127.31.216.3" port: 41659 } }
I20260608 10:04:46.854066  1742 leader_election.cc:304] T 6108697e4c6c47e7b5bc2aa6d6d10eb1 P b50f0398752042e482a5b75f14c76f15 [CANDIDATE]: Term 1 election: Election decided. Result: candidate won. Election summary: received 1 responses out of 1 voters: 1 yes votes; 0 no votes. yes voters: b50f0398752042e482a5b75f14c76f15; no voters: 
I20260608 10:04:46.854573  1743 leader_election.cc:304] T 8913a6d737c845dd80807505d442ddbf P f71efcf8420343c79e25b6d0626e9e17 [CANDIDATE]: Term 1 election: Election decided. Result: candidate won. Election summary: received 1 responses out of 1 voters: 1 yes votes; 0 no votes. yes voters: f71efcf8420343c79e25b6d0626e9e17; no voters: 
I20260608 10:04:46.859411  1747 raft_consensus.cc:697] T 7a9fb7a208ef416786c131c1df69afa3 P 27e741761c6d4e9abbb1cebadb092564 [term 1 LEADER]: Becoming Leader. State: Replica: 27e741761c6d4e9abbb1cebadb092564, State: Running, Role: LEADER
I20260608 10:04:46.860062  1751 raft_consensus.cc:2804] T 8913a6d737c845dd80807505d442ddbf P f71efcf8420343c79e25b6d0626e9e17 [term 1 FOLLOWER]: Leader election won for term 1
I20260608 10:04:46.859695  1741 ts_tablet_manager.cc:1434] T 7a9fb7a208ef416786c131c1df69afa3 P 27e741761c6d4e9abbb1cebadb092564: Time spent starting tablet: real 0.026s	user 0.014s	sys 0.012s
I20260608 10:04:46.860718  1743 leader_election.cc:290] T 8913a6d737c845dd80807505d442ddbf P f71efcf8420343c79e25b6d0626e9e17 [CANDIDATE]: Term 1 election: Requested vote from peers 
I20260608 10:04:46.860387  1747 consensus_queue.cc:237] T 7a9fb7a208ef416786c131c1df69afa3 P 27e741761c6d4e9abbb1cebadb092564 [LEADER]: Queue going to LEADER mode. State: All replicated index: 0, Majority replicated index: 0, Committed index: 0, Last appended: 0.0, Last appended by leader: 0, Current term: 1, Majority size: 1, State: 0, Mode: LEADER, active raft config: opid_index: -1 OBSOLETE_local: true peers { permanent_uuid: "27e741761c6d4e9abbb1cebadb092564" member_type: VOTER last_known_addr { host: "127.31.216.2" port: 37455 } }
I20260608 10:04:46.864470  1742 leader_election.cc:290] T 6108697e4c6c47e7b5bc2aa6d6d10eb1 P b50f0398752042e482a5b75f14c76f15 [CANDIDATE]: Term 1 election: Requested vote from peers 
I20260608 10:04:46.864879  1750 raft_consensus.cc:2804] T 6108697e4c6c47e7b5bc2aa6d6d10eb1 P b50f0398752042e482a5b75f14c76f15 [term 1 FOLLOWER]: Leader election won for term 1
I20260608 10:04:46.867851  1751 raft_consensus.cc:697] T 8913a6d737c845dd80807505d442ddbf P f71efcf8420343c79e25b6d0626e9e17 [term 1 LEADER]: Becoming Leader. State: Replica: f71efcf8420343c79e25b6d0626e9e17, State: Running, Role: LEADER
I20260608 10:04:46.868986  1751 consensus_queue.cc:237] T 8913a6d737c845dd80807505d442ddbf P f71efcf8420343c79e25b6d0626e9e17 [LEADER]: Queue going to LEADER mode. State: All replicated index: 0, Majority replicated index: 0, Committed index: 0, Last appended: 0.0, Last appended by leader: 0, Current term: 1, Majority size: 1, State: 0, Mode: LEADER, active raft config: opid_index: -1 OBSOLETE_local: true peers { permanent_uuid: "f71efcf8420343c79e25b6d0626e9e17" member_type: VOTER last_known_addr { host: "127.31.216.3" port: 41659 } }
I20260608 10:04:46.872363  1323 catalog_manager.cc:5696] T 7a9fb7a208ef416786c131c1df69afa3 P 27e741761c6d4e9abbb1cebadb092564 reported cstate change: term changed from 0 to 1, leader changed from <none> to 27e741761c6d4e9abbb1cebadb092564 (127.31.216.2). New cstate: current_term: 1 leader_uuid: "27e741761c6d4e9abbb1cebadb092564" committed_config { opid_index: -1 OBSOLETE_local: true peers { permanent_uuid: "27e741761c6d4e9abbb1cebadb092564" member_type: VOTER last_known_addr { host: "127.31.216.2" port: 37455 } health_report { overall_health: HEALTHY } } }
I20260608 10:04:46.873788  1743 ts_tablet_manager.cc:1434] T 8913a6d737c845dd80807505d442ddbf P f71efcf8420343c79e25b6d0626e9e17: Time spent starting tablet: real 0.033s	user 0.021s	sys 0.000s
I20260608 10:04:46.897498  1750 raft_consensus.cc:697] T 6108697e4c6c47e7b5bc2aa6d6d10eb1 P b50f0398752042e482a5b75f14c76f15 [term 1 LEADER]: Becoming Leader. State: Replica: b50f0398752042e482a5b75f14c76f15, State: Running, Role: LEADER
I20260608 10:04:46.898412  1750 consensus_queue.cc:237] T 6108697e4c6c47e7b5bc2aa6d6d10eb1 P b50f0398752042e482a5b75f14c76f15 [LEADER]: Queue going to LEADER mode. State: All replicated index: 0, Majority replicated index: 0, Committed index: 0, Last appended: 0.0, Last appended by leader: 0, Current term: 1, Majority size: 1, State: 0, Mode: LEADER, active raft config: opid_index: -1 OBSOLETE_local: true peers { permanent_uuid: "b50f0398752042e482a5b75f14c76f15" member_type: VOTER last_known_addr { host: "127.31.216.1" port: 33151 } }
I20260608 10:04:46.903796  1742 ts_tablet_manager.cc:1434] T 6108697e4c6c47e7b5bc2aa6d6d10eb1 P b50f0398752042e482a5b75f14c76f15: Time spent starting tablet: real 0.063s	user 0.046s	sys 0.016s
I20260608 10:04:46.917081  1323 catalog_manager.cc:5696] T 8913a6d737c845dd80807505d442ddbf P f71efcf8420343c79e25b6d0626e9e17 reported cstate change: term changed from 0 to 1, leader changed from <none> to f71efcf8420343c79e25b6d0626e9e17 (127.31.216.3). New cstate: current_term: 1 leader_uuid: "f71efcf8420343c79e25b6d0626e9e17" committed_config { opid_index: -1 OBSOLETE_local: true peers { permanent_uuid: "f71efcf8420343c79e25b6d0626e9e17" member_type: VOTER last_known_addr { host: "127.31.216.3" port: 41659 } health_report { overall_health: HEALTHY } } }
I20260608 10:04:46.918228  1321 catalog_manager.cc:5696] T 6108697e4c6c47e7b5bc2aa6d6d10eb1 P b50f0398752042e482a5b75f14c76f15 reported cstate change: term changed from 0 to 1, leader changed from <none> to b50f0398752042e482a5b75f14c76f15 (127.31.216.1). New cstate: current_term: 1 leader_uuid: "b50f0398752042e482a5b75f14c76f15" committed_config { opid_index: -1 OBSOLETE_local: true peers { permanent_uuid: "b50f0398752042e482a5b75f14c76f15" member_type: VOTER last_known_addr { host: "127.31.216.1" port: 33151 } health_report { overall_health: HEALTHY } } }
I20260608 10:04:47.008528 32608 master.cc:562] Master@127.31.216.61:42161 shutting down...
I20260608 10:04:47.028434 32608 raft_consensus.cc:2243] T 00000000000000000000000000000000 P 8bc0c72342264c02ba6516a095d7030d [term 1 LEADER]: Raft consensus shutting down.
I20260608 10:04:47.029244 32608 raft_consensus.cc:2272] T 00000000000000000000000000000000 P 8bc0c72342264c02ba6516a095d7030d [term 1 FOLLOWER]: Raft consensus is shut down!
I20260608 10:04:47.029567 32608 tablet_replica.cc:333] T 00000000000000000000000000000000 P 8bc0c72342264c02ba6516a095d7030d: stopping tablet replica
I20260608 10:04:47.053566 32608 master.cc:584] Master@127.31.216.61:42161 shutdown complete.
W20260608 10:04:47.925907  1629 heartbeater.cc:646] Failed to heartbeat to 127.31.216.61:42161 (0 consecutive failures): Network error: Failed to send heartbeat to master: Client connection negotiation failed: client connection to 127.31.216.61:42161: connect: Connection refused (error 111)
I20260608 10:04:48.477674  1766 raft_consensus.cc:493] T 00000000000000000000000000000000 P 9e82e89dcb8f49a9986a5625d754f1e3 [term 1 FOLLOWER]: Starting pre-election (detected failure of leader 8bc0c72342264c02ba6516a095d7030d)
I20260608 10:04:48.478269  1766 raft_consensus.cc:515] T 00000000000000000000000000000000 P 9e82e89dcb8f49a9986a5625d754f1e3 [term 1 FOLLOWER]: Starting pre-election with config: opid_index: -1 OBSOLETE_local: false peers { permanent_uuid: "f4ed3ae523744d4496ba8d99cfde6ea5" member_type: VOTER last_known_addr { host: "127.31.216.62" port: 40519 } } peers { permanent_uuid: "8bc0c72342264c02ba6516a095d7030d" member_type: VOTER last_known_addr { host: "127.31.216.61" port: 42161 } } peers { permanent_uuid: "9e82e89dcb8f49a9986a5625d754f1e3" member_type: VOTER last_known_addr { host: "127.31.216.60" port: 33361 } }
I20260608 10:04:48.479156  1767 raft_consensus.cc:493] T 00000000000000000000000000000000 P f4ed3ae523744d4496ba8d99cfde6ea5 [term 1 FOLLOWER]: Starting pre-election (detected failure of leader 8bc0c72342264c02ba6516a095d7030d)
I20260608 10:04:48.479664  1767 raft_consensus.cc:515] T 00000000000000000000000000000000 P f4ed3ae523744d4496ba8d99cfde6ea5 [term 1 FOLLOWER]: Starting pre-election with config: opid_index: -1 OBSOLETE_local: false peers { permanent_uuid: "f4ed3ae523744d4496ba8d99cfde6ea5" member_type: VOTER last_known_addr { host: "127.31.216.62" port: 40519 } } peers { permanent_uuid: "8bc0c72342264c02ba6516a095d7030d" member_type: VOTER last_known_addr { host: "127.31.216.61" port: 42161 } } peers { permanent_uuid: "9e82e89dcb8f49a9986a5625d754f1e3" member_type: VOTER last_known_addr { host: "127.31.216.60" port: 33361 } }
I20260608 10:04:48.481714  1268 tablet_service.cc:1917] Received RequestConsensusVote() RPC: tablet_id: "00000000000000000000000000000000" candidate_uuid: "9e82e89dcb8f49a9986a5625d754f1e3" candidate_term: 2 candidate_status { last_received { term: 1 index: 10 } } ignore_live_leader: false dest_uuid: "f4ed3ae523744d4496ba8d99cfde6ea5" is_pre_election: true
I20260608 10:04:48.482152  1766 leader_election.cc:290] T 00000000000000000000000000000000 P 9e82e89dcb8f49a9986a5625d754f1e3 [CANDIDATE]: Term 2 pre-election: Requested pre-vote from peers f4ed3ae523744d4496ba8d99cfde6ea5 (127.31.216.62:40519), 8bc0c72342264c02ba6516a095d7030d (127.31.216.61:42161)
I20260608 10:04:48.482538  1268 raft_consensus.cc:2468] T 00000000000000000000000000000000 P f4ed3ae523744d4496ba8d99cfde6ea5 [term 1 FOLLOWER]: Leader pre-election vote request: Granting yes vote for candidate 9e82e89dcb8f49a9986a5625d754f1e3 in term 1.
W20260608 10:04:48.485062  1372 proxy.cc:239] Call had error, refreshing address and retrying: Network error: Client connection negotiation failed: client connection to 127.31.216.61:42161: connect: Connection refused (error 111) [suppressed 9 similar messages]
I20260608 10:04:48.485735  1373 leader_election.cc:304] T 00000000000000000000000000000000 P 9e82e89dcb8f49a9986a5625d754f1e3 [CANDIDATE]: Term 2 pre-election: Election decided. Result: candidate won. Election summary: received 2 responses out of 3 voters: 2 yes votes; 0 no votes. yes voters: 9e82e89dcb8f49a9986a5625d754f1e3, f4ed3ae523744d4496ba8d99cfde6ea5; no voters: 
I20260608 10:04:48.486974  1766 raft_consensus.cc:2804] T 00000000000000000000000000000000 P 9e82e89dcb8f49a9986a5625d754f1e3 [term 1 FOLLOWER]: Leader pre-election won for term 2
I20260608 10:04:48.487151  1398 tablet_service.cc:1917] Received RequestConsensusVote() RPC: tablet_id: "00000000000000000000000000000000" candidate_uuid: "f4ed3ae523744d4496ba8d99cfde6ea5" candidate_term: 2 candidate_status { last_received { term: 1 index: 10 } } ignore_live_leader: false dest_uuid: "9e82e89dcb8f49a9986a5625d754f1e3" is_pre_election: true
I20260608 10:04:48.487512  1766 raft_consensus.cc:493] T 00000000000000000000000000000000 P 9e82e89dcb8f49a9986a5625d754f1e3 [term 1 FOLLOWER]: Starting leader election (detected failure of leader 8bc0c72342264c02ba6516a095d7030d)
I20260608 10:04:48.488060  1766 raft_consensus.cc:3060] T 00000000000000000000000000000000 P 9e82e89dcb8f49a9986a5625d754f1e3 [term 1 FOLLOWER]: Advancing to term 2
I20260608 10:04:48.488888  1767 leader_election.cc:290] T 00000000000000000000000000000000 P f4ed3ae523744d4496ba8d99cfde6ea5 [CANDIDATE]: Term 2 pre-election: Requested pre-vote from peers 8bc0c72342264c02ba6516a095d7030d (127.31.216.61:42161), 9e82e89dcb8f49a9986a5625d754f1e3 (127.31.216.60:33361)
W20260608 10:04:48.491643  1243 leader_election.cc:336] T 00000000000000000000000000000000 P f4ed3ae523744d4496ba8d99cfde6ea5 [CANDIDATE]: Term 2 pre-election: RPC error from VoteRequest() call to peer 8bc0c72342264c02ba6516a095d7030d (127.31.216.61:42161): Network error: Client connection negotiation failed: client connection to 127.31.216.61:42161: connect: Connection refused (error 111)
W20260608 10:04:48.492973  1372 leader_election.cc:336] T 00000000000000000000000000000000 P 9e82e89dcb8f49a9986a5625d754f1e3 [CANDIDATE]: Term 2 pre-election: RPC error from VoteRequest() call to peer 8bc0c72342264c02ba6516a095d7030d (127.31.216.61:42161): Network error: Client connection negotiation failed: client connection to 127.31.216.61:42161: connect: Connection refused (error 111)
I20260608 10:04:48.495160  1766 raft_consensus.cc:515] T 00000000000000000000000000000000 P 9e82e89dcb8f49a9986a5625d754f1e3 [term 2 FOLLOWER]: Starting leader election with config: opid_index: -1 OBSOLETE_local: false peers { permanent_uuid: "f4ed3ae523744d4496ba8d99cfde6ea5" member_type: VOTER last_known_addr { host: "127.31.216.62" port: 40519 } } peers { permanent_uuid: "8bc0c72342264c02ba6516a095d7030d" member_type: VOTER last_known_addr { host: "127.31.216.61" port: 42161 } } peers { permanent_uuid: "9e82e89dcb8f49a9986a5625d754f1e3" member_type: VOTER last_known_addr { host: "127.31.216.60" port: 33361 } }
I20260608 10:04:48.496186  1398 raft_consensus.cc:2393] T 00000000000000000000000000000000 P 9e82e89dcb8f49a9986a5625d754f1e3 [term 2 FOLLOWER]: Leader pre-election vote request: Denying vote to candidate f4ed3ae523744d4496ba8d99cfde6ea5 in current term 2: Already voted for candidate 9e82e89dcb8f49a9986a5625d754f1e3 in this term.
I20260608 10:04:48.497130  1766 leader_election.cc:290] T 00000000000000000000000000000000 P 9e82e89dcb8f49a9986a5625d754f1e3 [CANDIDATE]: Term 2 election: Requested vote from peers f4ed3ae523744d4496ba8d99cfde6ea5 (127.31.216.62:40519), 8bc0c72342264c02ba6516a095d7030d (127.31.216.61:42161)
I20260608 10:04:48.497953  1268 tablet_service.cc:1917] Received RequestConsensusVote() RPC: tablet_id: "00000000000000000000000000000000" candidate_uuid: "9e82e89dcb8f49a9986a5625d754f1e3" candidate_term: 2 candidate_status { last_received { term: 1 index: 10 } } ignore_live_leader: false dest_uuid: "f4ed3ae523744d4496ba8d99cfde6ea5"
I20260608 10:04:48.498557  1268 raft_consensus.cc:3060] T 00000000000000000000000000000000 P f4ed3ae523744d4496ba8d99cfde6ea5 [term 1 FOLLOWER]: Advancing to term 2
I20260608 10:04:48.499076  1246 leader_election.cc:304] T 00000000000000000000000000000000 P f4ed3ae523744d4496ba8d99cfde6ea5 [CANDIDATE]: Term 2 pre-election: Election decided. Result: candidate lost. Election summary: received 3 responses out of 3 voters: 1 yes votes; 2 no votes. yes voters: f4ed3ae523744d4496ba8d99cfde6ea5; no voters: 8bc0c72342264c02ba6516a095d7030d, 9e82e89dcb8f49a9986a5625d754f1e3
W20260608 10:04:48.501585  1372 leader_election.cc:336] T 00000000000000000000000000000000 P 9e82e89dcb8f49a9986a5625d754f1e3 [CANDIDATE]: Term 2 election: RPC error from VoteRequest() call to peer 8bc0c72342264c02ba6516a095d7030d (127.31.216.61:42161): Network error: Client connection negotiation failed: client connection to 127.31.216.61:42161: connect: Connection refused (error 111)
I20260608 10:04:48.504511  1268 raft_consensus.cc:2468] T 00000000000000000000000000000000 P f4ed3ae523744d4496ba8d99cfde6ea5 [term 2 FOLLOWER]: Leader election vote request: Granting yes vote for candidate 9e82e89dcb8f49a9986a5625d754f1e3 in term 2.
I20260608 10:04:48.505059  1767 raft_consensus.cc:2749] T 00000000000000000000000000000000 P f4ed3ae523744d4496ba8d99cfde6ea5 [term 2 FOLLOWER]: Leader pre-election lost for term 2. Reason: could not achieve majority
I20260608 10:04:48.505695  1373 leader_election.cc:304] T 00000000000000000000000000000000 P 9e82e89dcb8f49a9986a5625d754f1e3 [CANDIDATE]: Term 2 election: Election decided. Result: candidate won. Election summary: received 3 responses out of 3 voters: 2 yes votes; 1 no votes. yes voters: 9e82e89dcb8f49a9986a5625d754f1e3, f4ed3ae523744d4496ba8d99cfde6ea5; no voters: 8bc0c72342264c02ba6516a095d7030d
I20260608 10:04:48.506480  1766 raft_consensus.cc:2804] T 00000000000000000000000000000000 P 9e82e89dcb8f49a9986a5625d754f1e3 [term 2 FOLLOWER]: Leader election won for term 2
I20260608 10:04:48.507916  1766 raft_consensus.cc:697] T 00000000000000000000000000000000 P 9e82e89dcb8f49a9986a5625d754f1e3 [term 2 LEADER]: Becoming Leader. State: Replica: 9e82e89dcb8f49a9986a5625d754f1e3, State: Running, Role: LEADER
I20260608 10:04:48.508670  1766 consensus_queue.cc:237] T 00000000000000000000000000000000 P 9e82e89dcb8f49a9986a5625d754f1e3 [LEADER]: Queue going to LEADER mode. State: All replicated index: 0, Majority replicated index: 10, Committed index: 10, Last appended: 1.10, Last appended by leader: 10, Current term: 2, Majority size: 2, State: 0, Mode: LEADER, active raft config: opid_index: -1 OBSOLETE_local: false peers { permanent_uuid: "f4ed3ae523744d4496ba8d99cfde6ea5" member_type: VOTER last_known_addr { host: "127.31.216.62" port: 40519 } } peers { permanent_uuid: "8bc0c72342264c02ba6516a095d7030d" member_type: VOTER last_known_addr { host: "127.31.216.61" port: 42161 } } peers { permanent_uuid: "9e82e89dcb8f49a9986a5625d754f1e3" member_type: VOTER last_known_addr { host: "127.31.216.60" port: 33361 } }
I20260608 10:04:48.514010  1772 sys_catalog.cc:455] T 00000000000000000000000000000000 P 9e82e89dcb8f49a9986a5625d754f1e3 [sys.catalog]: SysCatalogTable state changed. Reason: New leader 9e82e89dcb8f49a9986a5625d754f1e3. Latest consensus state: current_term: 2 leader_uuid: "9e82e89dcb8f49a9986a5625d754f1e3" committed_config { opid_index: -1 OBSOLETE_local: false peers { permanent_uuid: "f4ed3ae523744d4496ba8d99cfde6ea5" member_type: VOTER last_known_addr { host: "127.31.216.62" port: 40519 } } peers { permanent_uuid: "8bc0c72342264c02ba6516a095d7030d" member_type: VOTER last_known_addr { host: "127.31.216.61" port: 42161 } } peers { permanent_uuid: "9e82e89dcb8f49a9986a5625d754f1e3" member_type: VOTER last_known_addr { host: "127.31.216.60" port: 33361 } } }
I20260608 10:04:48.514631  1772 sys_catalog.cc:458] T 00000000000000000000000000000000 P 9e82e89dcb8f49a9986a5625d754f1e3 [sys.catalog]: This master's current role is: LEADER
I20260608 10:04:48.516191  1774 catalog_manager.cc:1510] Loading table and tablet metadata into memory...
I20260608 10:04:48.521320  1774 catalog_manager.cc:679] Loaded metadata for table test-workload [id=487af16389324a4ca32690c7a9a89da1]
I20260608 10:04:48.526125  1774 tablet_loader.cc:96] loaded metadata for tablet 6108697e4c6c47e7b5bc2aa6d6d10eb1 (table test-workload [id=487af16389324a4ca32690c7a9a89da1])
I20260608 10:04:48.527220  1774 tablet_loader.cc:96] loaded metadata for tablet 7a9fb7a208ef416786c131c1df69afa3 (table test-workload [id=487af16389324a4ca32690c7a9a89da1])
I20260608 10:04:48.528228  1774 tablet_loader.cc:96] loaded metadata for tablet 8913a6d737c845dd80807505d442ddbf (table test-workload [id=487af16389324a4ca32690c7a9a89da1])
I20260608 10:04:48.529163  1774 catalog_manager.cc:1519] Initializing Kudu cluster ID...
I20260608 10:04:48.532202  1774 catalog_manager.cc:1294] Loaded cluster ID: 0445080b25a84a9d924f6a6a8c43a4d5
I20260608 10:04:48.532433  1774 catalog_manager.cc:1530] Initializing Kudu internal certificate authority...
I20260608 10:04:48.535967  1774 catalog_manager.cc:1539] Loading token signing keys...
I20260608 10:04:48.538959  1774 catalog_manager.cc:6080] T 00000000000000000000000000000000 P 9e82e89dcb8f49a9986a5625d754f1e3: Loaded TSK: 0
I20260608 10:04:48.539855  1774 catalog_manager.cc:1549] Initializing in-progress tserver states...
I20260608 10:04:48.552286  1439 auto_leader_rebalancer.cc:140] leader rebalance for table test-workload
I20260608 10:04:48.552732  1439 auto_leader_rebalancer.cc:451] All tables' leader rebalancing finished this round
I20260608 10:04:48.583520 32608 tablet_server.cc:179] TabletServer@127.31.216.1:0 shutting down...
I20260608 10:04:48.612071 32608 ts_tablet_manager.cc:1507] Shutting down tablet manager...
I20260608 10:04:48.612748 32608 tablet_replica.cc:333] T 6108697e4c6c47e7b5bc2aa6d6d10eb1 P b50f0398752042e482a5b75f14c76f15: stopping tablet replica
I20260608 10:04:48.613377 32608 raft_consensus.cc:2243] T 6108697e4c6c47e7b5bc2aa6d6d10eb1 P b50f0398752042e482a5b75f14c76f15 [term 1 LEADER]: Raft consensus shutting down.
I20260608 10:04:48.613794 32608 raft_consensus.cc:2272] T 6108697e4c6c47e7b5bc2aa6d6d10eb1 P b50f0398752042e482a5b75f14c76f15 [term 1 FOLLOWER]: Raft consensus is shut down!
I20260608 10:04:48.631919 32608 tablet_server.cc:196] TabletServer@127.31.216.1:0 shutdown complete.
I20260608 10:04:48.640488 32608 tablet_server.cc:179] TabletServer@127.31.216.2:0 shutting down...
I20260608 10:04:48.658456 32608 ts_tablet_manager.cc:1507] Shutting down tablet manager...
I20260608 10:04:48.659132 32608 tablet_replica.cc:333] T 7a9fb7a208ef416786c131c1df69afa3 P 27e741761c6d4e9abbb1cebadb092564: stopping tablet replica
I20260608 10:04:48.659654 32608 raft_consensus.cc:2243] T 7a9fb7a208ef416786c131c1df69afa3 P 27e741761c6d4e9abbb1cebadb092564 [term 1 LEADER]: Raft consensus shutting down.
I20260608 10:04:48.660109 32608 raft_consensus.cc:2272] T 7a9fb7a208ef416786c131c1df69afa3 P 27e741761c6d4e9abbb1cebadb092564 [term 1 FOLLOWER]: Raft consensus is shut down!
I20260608 10:04:48.678299 32608 tablet_server.cc:196] TabletServer@127.31.216.2:0 shutdown complete.
I20260608 10:04:48.686676 32608 tablet_server.cc:179] TabletServer@127.31.216.3:0 shutting down...
I20260608 10:04:48.702956 32608 ts_tablet_manager.cc:1507] Shutting down tablet manager...
I20260608 10:04:48.703562 32608 tablet_replica.cc:333] T 8913a6d737c845dd80807505d442ddbf P f71efcf8420343c79e25b6d0626e9e17: stopping tablet replica
I20260608 10:04:48.704031 32608 raft_consensus.cc:2243] T 8913a6d737c845dd80807505d442ddbf P f71efcf8420343c79e25b6d0626e9e17 [term 1 LEADER]: Raft consensus shutting down.
I20260608 10:04:48.704432 32608 raft_consensus.cc:2272] T 8913a6d737c845dd80807505d442ddbf P f71efcf8420343c79e25b6d0626e9e17 [term 1 FOLLOWER]: Raft consensus is shut down!
I20260608 10:04:48.722335 32608 tablet_server.cc:196] TabletServer@127.31.216.3:0 shutdown complete.
I20260608 10:04:48.730651 32608 master.cc:562] Master@127.31.216.62:40519 shutting down...
I20260608 10:04:48.745427 32608 raft_consensus.cc:2243] T 00000000000000000000000000000000 P f4ed3ae523744d4496ba8d99cfde6ea5 [term 2 FOLLOWER]: Raft consensus shutting down.
I20260608 10:04:48.745915 32608 raft_consensus.cc:2272] T 00000000000000000000000000000000 P f4ed3ae523744d4496ba8d99cfde6ea5 [term 2 FOLLOWER]: Raft consensus is shut down!
I20260608 10:04:48.746184 32608 tablet_replica.cc:333] T 00000000000000000000000000000000 P f4ed3ae523744d4496ba8d99cfde6ea5: stopping tablet replica
I20260608 10:04:48.765316 32608 master.cc:584] Master@127.31.216.62:40519 shutdown complete.
I20260608 10:04:48.776621 32608 master.cc:562] Master@127.31.216.60:33361 shutting down...
I20260608 10:04:48.792783 32608 raft_consensus.cc:2243] T 00000000000000000000000000000000 P 9e82e89dcb8f49a9986a5625d754f1e3 [term 2 LEADER]: Raft consensus shutting down.
I20260608 10:04:48.793551 32608 pending_rounds.cc:70] T 00000000000000000000000000000000 P 9e82e89dcb8f49a9986a5625d754f1e3: Trying to abort 1 pending ops.
I20260608 10:04:48.793771 32608 pending_rounds.cc:77] T 00000000000000000000000000000000 P 9e82e89dcb8f49a9986a5625d754f1e3: Aborting op as it isn't in flight: id { term: 2 index: 11 } timestamp: 7294620010539331584 op_type: NO_OP noop_request { }
I20260608 10:04:48.794093 32608 raft_consensus.cc:2889] T 00000000000000000000000000000000 P 9e82e89dcb8f49a9986a5625d754f1e3 [term 2 LEADER]: NO_OP replication failed: Aborted: Op aborted
I20260608 10:04:48.794387 32608 raft_consensus.cc:2272] T 00000000000000000000000000000000 P 9e82e89dcb8f49a9986a5625d754f1e3 [term 2 FOLLOWER]: Raft consensus is shut down!
I20260608 10:04:48.794931 32608 tablet_replica.cc:333] T 00000000000000000000000000000000 P 9e82e89dcb8f49a9986a5625d754f1e3: stopping tablet replica
I20260608 10:04:48.813730 32608 master.cc:584] Master@127.31.216.60:33361 shutdown complete.
[       OK ] AutoRebalancerTest.NextLeaderResumesAutoRebalancing (4661 ms)
[ RUN      ] AutoRebalancerTest.MovesScheduledIfAddTserver
I20260608 10:04:48.839092 32608 internal_mini_cluster.cc:156] Creating distributed mini masters. Addrs: 127.31.216.62:38777
I20260608 10:04:48.840227 32608 file_cache.cc:492] Constructed file cache file cache with capacity 419430
W20260608 10:04:48.845433  1775 instance_detector.cc:116] could not retrieve AWS instance metadata: Network error: curl error: HTTP response code said error: The requested URL returned error: 404
W20260608 10:04:48.846263  1776 instance_detector.cc:116] could not retrieve Azure instance metadata: Network error: curl error: HTTP response code said error: The requested URL returned error: 404
W20260608 10:04:48.846994  1778 instance_detector.cc:116] could not retrieve OpenStack instance metadata: Network error: curl error: HTTP response code said error: The requested URL returned error: 404
I20260608 10:04:48.848452 32608 server_base.cc:1061] running on GCE node
I20260608 10:04:48.849274 32608 hybrid_clock.cc:584] initializing the hybrid clock with 'system_unsync' time source
W20260608 10:04:48.849479 32608 system_unsync_time.cc:38] NTP support is disabled. Clock error bounds will not be accurate. This configuration is not suitable for distributed clusters.
I20260608 10:04:48.849678 32608 hybrid_clock.cc:648] HybridClock initialized: now 1780913088849643 us; error 0 us; skew 500 ppm
I20260608 10:04:48.850294 32608 server_base.cc:861] Flag tcmalloc_max_total_thread_cache_bytes is not working since tcmalloc is not enabled.
I20260608 10:04:48.852757 32608 webserver.cc:533] Webserver started at http://127.31.216.62:33569/ using document root <none> and password file <none>
I20260608 10:04:48.853320 32608 fs_manager.cc:362] Metadata directory not provided
I20260608 10:04:48.853560 32608 fs_manager.cc:368] Using write-ahead log directory (fs_wal_dir) as metadata directory
I20260608 10:04:48.853860 32608 server_base.cc:909] This appears to be a new deployment of Kudu; creating new FS layout
I20260608 10:04:48.855026 32608 fs_manager.cc:1068] Generated new instance metadata in path /tmp/dist-test-taskIp2Lay/test-tmp/auto_rebalancer-test.0.AutoRebalancerTest.MovesScheduledIfAddTserver.1780913069533720-32608-0/minicluster-data/master-0-root/instance:
uuid: "4d163a6fc14d49be84142cb42e07aa55"
format_stamp: "Formatted at 2026-06-08 10:04:48 on dist-test-slave-f025"
I20260608 10:04:48.859866 32608 fs_manager.cc:696] Time spent creating directory manager: real 0.004s	user 0.004s	sys 0.000s
I20260608 10:04:48.863504  1783 log_block_manager.cc:4031] Time spent loading block containers with low live blocks: real 0.000s	user 0.000s	sys 0.000s
I20260608 10:04:48.864508 32608 fs_manager.cc:730] Time spent opening block manager: real 0.003s	user 0.002s	sys 0.002s
I20260608 10:04:48.864840 32608 fs_manager.cc:647] Opened local filesystem: /tmp/dist-test-taskIp2Lay/test-tmp/auto_rebalancer-test.0.AutoRebalancerTest.MovesScheduledIfAddTserver.1780913069533720-32608-0/minicluster-data/master-0-root
uuid: "4d163a6fc14d49be84142cb42e07aa55"
format_stamp: "Formatted at 2026-06-08 10:04:48 on dist-test-slave-f025"
I20260608 10:04:48.865161 32608 fs_report.cc:389] FS layout report
--------------------
wal directory: /tmp/dist-test-taskIp2Lay/test-tmp/auto_rebalancer-test.0.AutoRebalancerTest.MovesScheduledIfAddTserver.1780913069533720-32608-0/minicluster-data/master-0-root
metadata directory: /tmp/dist-test-taskIp2Lay/test-tmp/auto_rebalancer-test.0.AutoRebalancerTest.MovesScheduledIfAddTserver.1780913069533720-32608-0/minicluster-data/master-0-root
1 data directories: /tmp/dist-test-taskIp2Lay/test-tmp/auto_rebalancer-test.0.AutoRebalancerTest.MovesScheduledIfAddTserver.1780913069533720-32608-0/minicluster-data/master-0-root/data
Total live blocks: 0
Total live bytes: 0
Total live bytes (after alignment): 0
Total number of LBM containers: 0 (0 full)
Did not check for missing blocks
Did not check for orphaned blocks
Total full LBM containers with extra space: 0 (0 repaired)
Total full LBM container extra space in bytes: 0 (0 repaired)
Total incomplete LBM containers: 0 (0 repaired)
Total LBM partial records: 0 (0 repaired)
Total corrupted LBM metadata records in RocksDB: 0 (0 repaired)
I20260608 10:04:48.883085 32608 rpc_server.cc:225] running with OpenSSL 1.1.1  11 Sep 2018
I20260608 10:04:48.884187 32608 kserver.cc:163] Server-wide thread pool size limit: 3276
I20260608 10:04:48.922212 32608 rpc_server.cc:307] RPC server started. Bound to: 127.31.216.62:38777
I20260608 10:04:48.922369  1834 acceptor_pool.cc:272] collecting diagnostics on the listening RPC socket 127.31.216.62:38777 every 8 connection(s)
I20260608 10:04:48.926406  1835 data_dirs.cc:400] Could only allocate 1 dirs of requested 3 for tablet 00000000000000000000000000000000. 1 dirs total, 0 dirs full, 0 dirs failed
I20260608 10:04:48.936074  1835 tablet_bootstrap.cc:492] T 00000000000000000000000000000000 P 4d163a6fc14d49be84142cb42e07aa55: Bootstrap starting.
I20260608 10:04:48.940456  1835 tablet_bootstrap.cc:654] T 00000000000000000000000000000000 P 4d163a6fc14d49be84142cb42e07aa55: Neither blocks nor log segments found. Creating new log.
I20260608 10:04:48.944358  1835 tablet_bootstrap.cc:492] T 00000000000000000000000000000000 P 4d163a6fc14d49be84142cb42e07aa55: No bootstrap required, opened a new log
I20260608 10:04:48.946424  1835 raft_consensus.cc:359] T 00000000000000000000000000000000 P 4d163a6fc14d49be84142cb42e07aa55 [term 0 FOLLOWER]: Replica starting. Triggering 0 pending ops. Active config: opid_index: -1 OBSOLETE_local: true peers { permanent_uuid: "4d163a6fc14d49be84142cb42e07aa55" member_type: VOTER }
I20260608 10:04:48.946859  1835 raft_consensus.cc:385] T 00000000000000000000000000000000 P 4d163a6fc14d49be84142cb42e07aa55 [term 0 FOLLOWER]: Consensus starting up: Expiring failure detector timer to make a prompt election more likely
I20260608 10:04:48.947100  1835 raft_consensus.cc:740] T 00000000000000000000000000000000 P 4d163a6fc14d49be84142cb42e07aa55 [term 0 FOLLOWER]: Becoming Follower/Learner. State: Replica: 4d163a6fc14d49be84142cb42e07aa55, State: Initialized, Role: FOLLOWER
I20260608 10:04:48.947768  1835 consensus_queue.cc:260] T 00000000000000000000000000000000 P 4d163a6fc14d49be84142cb42e07aa55 [NON_LEADER]: Queue going to NON_LEADER mode. State: All replicated index: 0, Majority replicated index: 0, Committed index: 0, Last appended: 0.0, Last appended by leader: 0, Current term: 0, Majority size: -1, State: 0, Mode: NON_LEADER, active raft config: opid_index: -1 OBSOLETE_local: true peers { permanent_uuid: "4d163a6fc14d49be84142cb42e07aa55" member_type: VOTER }
I20260608 10:04:48.948236  1835 raft_consensus.cc:399] T 00000000000000000000000000000000 P 4d163a6fc14d49be84142cb42e07aa55 [term 0 FOLLOWER]: Only one voter in the Raft config. Triggering election immediately
I20260608 10:04:48.948453  1835 raft_consensus.cc:493] T 00000000000000000000000000000000 P 4d163a6fc14d49be84142cb42e07aa55 [term 0 FOLLOWER]: Starting leader election (initial election of a single-replica configuration)
I20260608 10:04:48.948791  1835 raft_consensus.cc:3060] T 00000000000000000000000000000000 P 4d163a6fc14d49be84142cb42e07aa55 [term 0 FOLLOWER]: Advancing to term 1
I20260608 10:04:48.953101  1835 raft_consensus.cc:515] T 00000000000000000000000000000000 P 4d163a6fc14d49be84142cb42e07aa55 [term 1 FOLLOWER]: Starting leader election with config: opid_index: -1 OBSOLETE_local: true peers { permanent_uuid: "4d163a6fc14d49be84142cb42e07aa55" member_type: VOTER }
I20260608 10:04:48.953656  1835 leader_election.cc:304] T 00000000000000000000000000000000 P 4d163a6fc14d49be84142cb42e07aa55 [CANDIDATE]: Term 1 election: Election decided. Result: candidate won. Election summary: received 1 responses out of 1 voters: 1 yes votes; 0 no votes. yes voters: 4d163a6fc14d49be84142cb42e07aa55; no voters: 
I20260608 10:04:48.954875  1835 leader_election.cc:290] T 00000000000000000000000000000000 P 4d163a6fc14d49be84142cb42e07aa55 [CANDIDATE]: Term 1 election: Requested vote from peers 
I20260608 10:04:48.955324  1838 raft_consensus.cc:2804] T 00000000000000000000000000000000 P 4d163a6fc14d49be84142cb42e07aa55 [term 1 FOLLOWER]: Leader election won for term 1
I20260608 10:04:48.956784  1838 raft_consensus.cc:697] T 00000000000000000000000000000000 P 4d163a6fc14d49be84142cb42e07aa55 [term 1 LEADER]: Becoming Leader. State: Replica: 4d163a6fc14d49be84142cb42e07aa55, State: Running, Role: LEADER
I20260608 10:04:48.957576  1838 consensus_queue.cc:237] T 00000000000000000000000000000000 P 4d163a6fc14d49be84142cb42e07aa55 [LEADER]: Queue going to LEADER mode. State: All replicated index: 0, Majority replicated index: 0, Committed index: 0, Last appended: 0.0, Last appended by leader: 0, Current term: 1, Majority size: 1, State: 0, Mode: LEADER, active raft config: opid_index: -1 OBSOLETE_local: true peers { permanent_uuid: "4d163a6fc14d49be84142cb42e07aa55" member_type: VOTER }
I20260608 10:04:48.957861  1835 sys_catalog.cc:565] T 00000000000000000000000000000000 P 4d163a6fc14d49be84142cb42e07aa55 [sys.catalog]: configured and running, proceeding with master startup.
I20260608 10:04:48.960592  1840 sys_catalog.cc:455] T 00000000000000000000000000000000 P 4d163a6fc14d49be84142cb42e07aa55 [sys.catalog]: SysCatalogTable state changed. Reason: New leader 4d163a6fc14d49be84142cb42e07aa55. Latest consensus state: current_term: 1 leader_uuid: "4d163a6fc14d49be84142cb42e07aa55" committed_config { opid_index: -1 OBSOLETE_local: true peers { permanent_uuid: "4d163a6fc14d49be84142cb42e07aa55" member_type: VOTER } }
I20260608 10:04:48.960589  1839 sys_catalog.cc:455] T 00000000000000000000000000000000 P 4d163a6fc14d49be84142cb42e07aa55 [sys.catalog]: SysCatalogTable state changed. Reason: RaftConsensus started. Latest consensus state: current_term: 1 leader_uuid: "4d163a6fc14d49be84142cb42e07aa55" committed_config { opid_index: -1 OBSOLETE_local: true peers { permanent_uuid: "4d163a6fc14d49be84142cb42e07aa55" member_type: VOTER } }
I20260608 10:04:48.961362  1840 sys_catalog.cc:458] T 00000000000000000000000000000000 P 4d163a6fc14d49be84142cb42e07aa55 [sys.catalog]: This master's current role is: LEADER
I20260608 10:04:48.961385  1839 sys_catalog.cc:458] T 00000000000000000000000000000000 P 4d163a6fc14d49be84142cb42e07aa55 [sys.catalog]: This master's current role is: LEADER
I20260608 10:04:48.967851  1846 catalog_manager.cc:1510] Loading table and tablet metadata into memory...
I20260608 10:04:48.975548  1846 catalog_manager.cc:1519] Initializing Kudu cluster ID...
I20260608 10:04:48.976521 32608 internal_mini_cluster.cc:184] Waiting to initialize catalog manager on master 0
I20260608 10:04:48.984683  1846 catalog_manager.cc:1382] Generated new cluster ID: 9d1e842b197c437598561b135b58e37c
I20260608 10:04:48.984977  1846 catalog_manager.cc:1530] Initializing Kudu internal certificate authority...
I20260608 10:04:49.012440  1846 catalog_manager.cc:1405] Generated new certificate authority record
I20260608 10:04:49.013765  1846 catalog_manager.cc:1539] Loading token signing keys...
I20260608 10:04:49.031432  1846 catalog_manager.cc:6069] T 00000000000000000000000000000000 P 4d163a6fc14d49be84142cb42e07aa55: Generated new TSK 0
I20260608 10:04:49.032145  1846 catalog_manager.cc:1549] Initializing in-progress tserver states...
I20260608 10:04:49.043289 32608 file_cache.cc:492] Constructed file cache file cache with capacity 419430
W20260608 10:04:49.049356  1856 instance_detector.cc:116] could not retrieve AWS instance metadata: Network error: curl error: HTTP response code said error: The requested URL returned error: 404
W20260608 10:04:49.051066  1857 instance_detector.cc:116] could not retrieve Azure instance metadata: Network error: curl error: HTTP response code said error: The requested URL returned error: 404
W20260608 10:04:49.051751  1859 instance_detector.cc:116] could not retrieve OpenStack instance metadata: Network error: curl error: HTTP response code said error: The requested URL returned error: 404
I20260608 10:04:49.052654 32608 server_base.cc:1061] running on GCE node
I20260608 10:04:49.053416 32608 hybrid_clock.cc:584] initializing the hybrid clock with 'system_unsync' time source
W20260608 10:04:49.053598 32608 system_unsync_time.cc:38] NTP support is disabled. Clock error bounds will not be accurate. This configuration is not suitable for distributed clusters.
I20260608 10:04:49.053723 32608 hybrid_clock.cc:648] HybridClock initialized: now 1780913089053712 us; error 0 us; skew 500 ppm
I20260608 10:04:49.054287 32608 server_base.cc:861] Flag tcmalloc_max_total_thread_cache_bytes is not working since tcmalloc is not enabled.
I20260608 10:04:49.056648 32608 webserver.cc:533] Webserver started at http://127.31.216.1:40139/ using document root <none> and password file <none>
I20260608 10:04:49.057123 32608 fs_manager.cc:362] Metadata directory not provided
I20260608 10:04:49.057283 32608 fs_manager.cc:368] Using write-ahead log directory (fs_wal_dir) as metadata directory
I20260608 10:04:49.057507 32608 server_base.cc:909] This appears to be a new deployment of Kudu; creating new FS layout
I20260608 10:04:49.058557 32608 fs_manager.cc:1068] Generated new instance metadata in path /tmp/dist-test-taskIp2Lay/test-tmp/auto_rebalancer-test.0.AutoRebalancerTest.MovesScheduledIfAddTserver.1780913069533720-32608-0/minicluster-data/ts-0-root/instance:
uuid: "4878d9621bbc4023908e4b04b06cf232"
format_stamp: "Formatted at 2026-06-08 10:04:49 on dist-test-slave-f025"
I20260608 10:04:49.063316 32608 fs_manager.cc:696] Time spent creating directory manager: real 0.004s	user 0.003s	sys 0.001s
I20260608 10:04:49.066695  1864 log_block_manager.cc:4031] Time spent loading block containers with low live blocks: real 0.000s	user 0.000s	sys 0.000s
I20260608 10:04:49.067806 32608 fs_manager.cc:730] Time spent opening block manager: real 0.003s	user 0.002s	sys 0.001s
I20260608 10:04:49.068122 32608 fs_manager.cc:647] Opened local filesystem: /tmp/dist-test-taskIp2Lay/test-tmp/auto_rebalancer-test.0.AutoRebalancerTest.MovesScheduledIfAddTserver.1780913069533720-32608-0/minicluster-data/ts-0-root
uuid: "4878d9621bbc4023908e4b04b06cf232"
format_stamp: "Formatted at 2026-06-08 10:04:49 on dist-test-slave-f025"
I20260608 10:04:49.068440 32608 fs_report.cc:389] FS layout report
--------------------
wal directory: /tmp/dist-test-taskIp2Lay/test-tmp/auto_rebalancer-test.0.AutoRebalancerTest.MovesScheduledIfAddTserver.1780913069533720-32608-0/minicluster-data/ts-0-root
metadata directory: /tmp/dist-test-taskIp2Lay/test-tmp/auto_rebalancer-test.0.AutoRebalancerTest.MovesScheduledIfAddTserver.1780913069533720-32608-0/minicluster-data/ts-0-root
1 data directories: /tmp/dist-test-taskIp2Lay/test-tmp/auto_rebalancer-test.0.AutoRebalancerTest.MovesScheduledIfAddTserver.1780913069533720-32608-0/minicluster-data/ts-0-root/data
Total live blocks: 0
Total live bytes: 0
Total live bytes (after alignment): 0
Total number of LBM containers: 0 (0 full)
Did not check for missing blocks
Did not check for orphaned blocks
Total full LBM containers with extra space: 0 (0 repaired)
Total full LBM container extra space in bytes: 0 (0 repaired)
