I20260608 10:04:32.589725  1728 consensus_queue.cc:237] T 6944e4d8c3b24b9b8b832ad53d27dc93 P 2466ea54fa1c42898ad3e0d6488292b4 [LEADER]: Queue going to LEADER mode. State: All replicated index: 0, Majority replicated index: 0, Committed index: 0, Last appended: 0.0, Last appended by leader: 0, Current term: 1, Majority size: 2, State: 0, Mode: LEADER, active raft config: opid_index: -1 OBSOLETE_local: false peers { permanent_uuid: "e61652e4849f41f5ac5f162e59a8cf39" member_type: VOTER last_known_addr { host: "127.0.215.1" port: 40087 } } peers { permanent_uuid: "2466ea54fa1c42898ad3e0d6488292b4" member_type: VOTER last_known_addr { host: "127.0.215.2" port: 35411 } } peers { permanent_uuid: "030f88ee6b17462c853875dfdd528d25" member_type: VOTER last_known_addr { host: "127.0.215.3" port: 43841 } }
I20260608 10:04:32.590158  1674 tablet_service.cc:1917] Received RequestConsensusVote() RPC: tablet_id: "96994e5494644ec6819b98a0720590fd" candidate_uuid: "2466ea54fa1c42898ad3e0d6488292b4" candidate_term: 1 candidate_status { last_received { term: 0 index: 0 } } ignore_live_leader: false dest_uuid: "030f88ee6b17462c853875dfdd528d25" is_pre_election: true
I20260608 10:04:32.590847  1566 leader_election.cc:304] T 96994e5494644ec6819b98a0720590fd P 2466ea54fa1c42898ad3e0d6488292b4 [CANDIDATE]: Term 1 pre-election: Election decided. Result: candidate won. Election summary: received 2 responses out of 3 voters: 2 yes votes; 0 no votes. yes voters: 2466ea54fa1c42898ad3e0d6488292b4, e61652e4849f41f5ac5f162e59a8cf39; no voters: 
I20260608 10:04:32.590564  1720 raft_consensus.cc:359] T 1d36e2b612b34bd78c50acd4e58a9eb2 P 2466ea54fa1c42898ad3e0d6488292b4 [term 0 FOLLOWER]: Replica starting. Triggering 0 pending ops. Active config: opid_index: -1 OBSOLETE_local: false peers { permanent_uuid: "e61652e4849f41f5ac5f162e59a8cf39" member_type: VOTER last_known_addr { host: "127.0.215.1" port: 40087 } } peers { permanent_uuid: "2466ea54fa1c42898ad3e0d6488292b4" member_type: VOTER last_known_addr { host: "127.0.215.2" port: 35411 } } peers { permanent_uuid: "030f88ee6b17462c853875dfdd528d25" member_type: VOTER last_known_addr { host: "127.0.215.3" port: 43841 } }
I20260608 10:04:32.591514  1720 raft_consensus.cc:385] T 1d36e2b612b34bd78c50acd4e58a9eb2 P 2466ea54fa1c42898ad3e0d6488292b4 [term 0 FOLLOWER]: Consensus starting up: Expiring failure detector timer to make a prompt election more likely
I20260608 10:04:32.591702  1740 raft_consensus.cc:2804] T 96994e5494644ec6819b98a0720590fd P 2466ea54fa1c42898ad3e0d6488292b4 [term 0 FOLLOWER]: Leader pre-election won for term 1
I20260608 10:04:32.591881  1720 raft_consensus.cc:740] T 1d36e2b612b34bd78c50acd4e58a9eb2 P 2466ea54fa1c42898ad3e0d6488292b4 [term 0 FOLLOWER]: Becoming Follower/Learner. State: Replica: 2466ea54fa1c42898ad3e0d6488292b4, State: Initialized, Role: FOLLOWER
I20260608 10:04:32.592150  1740 raft_consensus.cc:493] T 96994e5494644ec6819b98a0720590fd P 2466ea54fa1c42898ad3e0d6488292b4 [term 0 FOLLOWER]: Starting leader election (no leader contacted us within the election timeout)
I20260608 10:04:32.592567  1740 raft_consensus.cc:3060] T 96994e5494644ec6819b98a0720590fd P 2466ea54fa1c42898ad3e0d6488292b4 [term 0 FOLLOWER]: Advancing to term 1
I20260608 10:04:32.592675  1720 consensus_queue.cc:260] T 1d36e2b612b34bd78c50acd4e58a9eb2 P 2466ea54fa1c42898ad3e0d6488292b4 [NON_LEADER]: Queue going to NON_LEADER mode. State: All replicated index: 0, Majority replicated index: 0, Committed index: 0, Last appended: 0.0, Last appended by leader: 0, Current term: 0, Majority size: -1, State: 0, Mode: NON_LEADER, active raft config: opid_index: -1 OBSOLETE_local: false peers { permanent_uuid: "e61652e4849f41f5ac5f162e59a8cf39" member_type: VOTER last_known_addr { host: "127.0.215.1" port: 40087 } } peers { permanent_uuid: "2466ea54fa1c42898ad3e0d6488292b4" member_type: VOTER last_known_addr { host: "127.0.215.2" port: 35411 } } peers { permanent_uuid: "030f88ee6b17462c853875dfdd528d25" member_type: VOTER last_known_addr { host: "127.0.215.3" port: 43841 } }
I20260608 10:04:32.595468  1720 ts_tablet_manager.cc:1434] T 1d36e2b612b34bd78c50acd4e58a9eb2 P 2466ea54fa1c42898ad3e0d6488292b4: Time spent starting tablet: real 0.008s	user 0.006s	sys 0.000s
I20260608 10:04:32.597927  1674 raft_consensus.cc:2468] T 96994e5494644ec6819b98a0720590fd P 030f88ee6b17462c853875dfdd528d25 [term 0 FOLLOWER]: Leader pre-election vote request: Granting yes vote for candidate 2466ea54fa1c42898ad3e0d6488292b4 in term 0.
I20260608 10:04:32.600646  1740 raft_consensus.cc:515] T 96994e5494644ec6819b98a0720590fd P 2466ea54fa1c42898ad3e0d6488292b4 [term 1 FOLLOWER]: Starting leader election with config: opid_index: -1 OBSOLETE_local: false peers { permanent_uuid: "e61652e4849f41f5ac5f162e59a8cf39" member_type: VOTER last_known_addr { host: "127.0.215.1" port: 40087 } } peers { permanent_uuid: "2466ea54fa1c42898ad3e0d6488292b4" member_type: VOTER last_known_addr { host: "127.0.215.2" port: 35411 } } peers { permanent_uuid: "030f88ee6b17462c853875dfdd528d25" member_type: VOTER last_known_addr { host: "127.0.215.3" port: 43841 } }
I20260608 10:04:32.601502  1421 catalog_manager.cc:5696] T 6944e4d8c3b24b9b8b832ad53d27dc93 P 2466ea54fa1c42898ad3e0d6488292b4 reported cstate change: term changed from 0 to 1, leader changed from <none> to 2466ea54fa1c42898ad3e0d6488292b4 (127.0.215.2). New cstate: current_term: 1 leader_uuid: "2466ea54fa1c42898ad3e0d6488292b4" committed_config { opid_index: -1 OBSOLETE_local: false peers { permanent_uuid: "e61652e4849f41f5ac5f162e59a8cf39" member_type: VOTER last_known_addr { host: "127.0.215.1" port: 40087 } health_report { overall_health: UNKNOWN } } peers { permanent_uuid: "2466ea54fa1c42898ad3e0d6488292b4" member_type: VOTER last_known_addr { host: "127.0.215.2" port: 35411 } health_report { overall_health: HEALTHY } } peers { permanent_uuid: "030f88ee6b17462c853875dfdd528d25" member_type: VOTER last_known_addr { host: "127.0.215.3" port: 43841 } health_report { overall_health: UNKNOWN } } }
I20260608 10:04:32.602964  1740 leader_election.cc:290] T 96994e5494644ec6819b98a0720590fd P 2466ea54fa1c42898ad3e0d6488292b4 [CANDIDATE]: Term 1 election: Requested vote from peers e61652e4849f41f5ac5f162e59a8cf39 (127.0.215.1:40087), 030f88ee6b17462c853875dfdd528d25 (127.0.215.3:43841)
I20260608 10:04:32.603389  1525 tablet_service.cc:1917] Received RequestConsensusVote() RPC: tablet_id: "96994e5494644ec6819b98a0720590fd" candidate_uuid: "2466ea54fa1c42898ad3e0d6488292b4" candidate_term: 1 candidate_status { last_received { term: 0 index: 0 } } ignore_live_leader: false dest_uuid: "e61652e4849f41f5ac5f162e59a8cf39"
I20260608 10:04:32.603586  1674 tablet_service.cc:1917] Received RequestConsensusVote() RPC: tablet_id: "96994e5494644ec6819b98a0720590fd" candidate_uuid: "2466ea54fa1c42898ad3e0d6488292b4" candidate_term: 1 candidate_status { last_received { term: 0 index: 0 } } ignore_live_leader: false dest_uuid: "030f88ee6b17462c853875dfdd528d25"
I20260608 10:04:32.604002  1525 raft_consensus.cc:3060] T 96994e5494644ec6819b98a0720590fd P e61652e4849f41f5ac5f162e59a8cf39 [term 0 FOLLOWER]: Advancing to term 1
I20260608 10:04:32.604095  1674 raft_consensus.cc:3060] T 96994e5494644ec6819b98a0720590fd P 030f88ee6b17462c853875dfdd528d25 [term 0 FOLLOWER]: Advancing to term 1
I20260608 10:04:32.609802  1674 raft_consensus.cc:2468] T 96994e5494644ec6819b98a0720590fd P 030f88ee6b17462c853875dfdd528d25 [term 1 FOLLOWER]: Leader election vote request: Granting yes vote for candidate 2466ea54fa1c42898ad3e0d6488292b4 in term 1.
I20260608 10:04:32.610039  1525 raft_consensus.cc:2468] T 96994e5494644ec6819b98a0720590fd P e61652e4849f41f5ac5f162e59a8cf39 [term 1 FOLLOWER]: Leader election vote request: Granting yes vote for candidate 2466ea54fa1c42898ad3e0d6488292b4 in term 1.
I20260608 10:04:32.611115  1567 leader_election.cc:304] T 96994e5494644ec6819b98a0720590fd P 2466ea54fa1c42898ad3e0d6488292b4 [CANDIDATE]: Term 1 election: Election decided. Result: candidate won. Election summary: received 2 responses out of 3 voters: 2 yes votes; 0 no votes. yes voters: 030f88ee6b17462c853875dfdd528d25, 2466ea54fa1c42898ad3e0d6488292b4; no voters: 
I20260608 10:04:32.611979  1740 raft_consensus.cc:2804] T 96994e5494644ec6819b98a0720590fd P 2466ea54fa1c42898ad3e0d6488292b4 [term 1 FOLLOWER]: Leader election won for term 1
I20260608 10:04:32.612502  1740 raft_consensus.cc:697] T 96994e5494644ec6819b98a0720590fd P 2466ea54fa1c42898ad3e0d6488292b4 [term 1 LEADER]: Becoming Leader. State: Replica: 2466ea54fa1c42898ad3e0d6488292b4, State: Running, Role: LEADER
I20260608 10:04:32.613246  1740 consensus_queue.cc:237] T 96994e5494644ec6819b98a0720590fd P 2466ea54fa1c42898ad3e0d6488292b4 [LEADER]: Queue going to LEADER mode. State: All replicated index: 0, Majority replicated index: 0, Committed index: 0, Last appended: 0.0, Last appended by leader: 0, Current term: 1, Majority size: 2, State: 0, Mode: LEADER, active raft config: opid_index: -1 OBSOLETE_local: false peers { permanent_uuid: "e61652e4849f41f5ac5f162e59a8cf39" member_type: VOTER last_known_addr { host: "127.0.215.1" port: 40087 } } peers { permanent_uuid: "2466ea54fa1c42898ad3e0d6488292b4" member_type: VOTER last_known_addr { host: "127.0.215.2" port: 35411 } } peers { permanent_uuid: "030f88ee6b17462c853875dfdd528d25" member_type: VOTER last_known_addr { host: "127.0.215.3" port: 43841 } }
I20260608 10:04:32.615839  1761 raft_consensus.cc:493] T 1d36e2b612b34bd78c50acd4e58a9eb2 P e61652e4849f41f5ac5f162e59a8cf39 [term 0 FOLLOWER]: Starting pre-election (no leader contacted us within the election timeout)
I20260608 10:04:32.616464  1761 raft_consensus.cc:515] T 1d36e2b612b34bd78c50acd4e58a9eb2 P e61652e4849f41f5ac5f162e59a8cf39 [term 0 FOLLOWER]: Starting pre-election with config: opid_index: -1 OBSOLETE_local: false peers { permanent_uuid: "e61652e4849f41f5ac5f162e59a8cf39" member_type: VOTER last_known_addr { host: "127.0.215.1" port: 40087 } } peers { permanent_uuid: "2466ea54fa1c42898ad3e0d6488292b4" member_type: VOTER last_known_addr { host: "127.0.215.2" port: 35411 } } peers { permanent_uuid: "030f88ee6b17462c853875dfdd528d25" member_type: VOTER last_known_addr { host: "127.0.215.3" port: 43841 } }
I20260608 10:04:32.618585  1761 leader_election.cc:290] T 1d36e2b612b34bd78c50acd4e58a9eb2 P e61652e4849f41f5ac5f162e59a8cf39 [CANDIDATE]: Term 1 pre-election: Requested pre-vote from peers 2466ea54fa1c42898ad3e0d6488292b4 (127.0.215.2:35411), 030f88ee6b17462c853875dfdd528d25 (127.0.215.3:43841)
I20260608 10:04:32.619333  1600 tablet_service.cc:1917] Received RequestConsensusVote() RPC: tablet_id: "1d36e2b612b34bd78c50acd4e58a9eb2" candidate_uuid: "e61652e4849f41f5ac5f162e59a8cf39" candidate_term: 1 candidate_status { last_received { term: 0 index: 0 } } ignore_live_leader: false dest_uuid: "2466ea54fa1c42898ad3e0d6488292b4" is_pre_election: true
I20260608 10:04:32.619975  1600 raft_consensus.cc:2468] T 1d36e2b612b34bd78c50acd4e58a9eb2 P 2466ea54fa1c42898ad3e0d6488292b4 [term 0 FOLLOWER]: Leader pre-election vote request: Granting yes vote for candidate e61652e4849f41f5ac5f162e59a8cf39 in term 0.
I20260608 10:04:32.620204  1674 tablet_service.cc:1917] Received RequestConsensusVote() RPC: tablet_id: "1d36e2b612b34bd78c50acd4e58a9eb2" candidate_uuid: "e61652e4849f41f5ac5f162e59a8cf39" candidate_term: 1 candidate_status { last_received { term: 0 index: 0 } } ignore_live_leader: false dest_uuid: "030f88ee6b17462c853875dfdd528d25" is_pre_election: true
I20260608 10:04:32.620853  1674 raft_consensus.cc:2468] T 1d36e2b612b34bd78c50acd4e58a9eb2 P 030f88ee6b17462c853875dfdd528d25 [term 0 FOLLOWER]: Leader pre-election vote request: Granting yes vote for candidate e61652e4849f41f5ac5f162e59a8cf39 in term 0.
I20260608 10:04:32.621316  1490 leader_election.cc:304] T 1d36e2b612b34bd78c50acd4e58a9eb2 P e61652e4849f41f5ac5f162e59a8cf39 [CANDIDATE]: Term 1 pre-election: Election decided. Result: candidate won. Election summary: received 2 responses out of 3 voters: 2 yes votes; 0 no votes. yes voters: 2466ea54fa1c42898ad3e0d6488292b4, e61652e4849f41f5ac5f162e59a8cf39; no voters: 
I20260608 10:04:32.622231  1761 raft_consensus.cc:2804] T 1d36e2b612b34bd78c50acd4e58a9eb2 P e61652e4849f41f5ac5f162e59a8cf39 [term 0 FOLLOWER]: Leader pre-election won for term 1
I20260608 10:04:32.622673  1761 raft_consensus.cc:493] T 1d36e2b612b34bd78c50acd4e58a9eb2 P e61652e4849f41f5ac5f162e59a8cf39 [term 0 FOLLOWER]: Starting leader election (no leader contacted us within the election timeout)
I20260608 10:04:32.623045  1761 raft_consensus.cc:3060] T 1d36e2b612b34bd78c50acd4e58a9eb2 P e61652e4849f41f5ac5f162e59a8cf39 [term 0 FOLLOWER]: Advancing to term 1
I20260608 10:04:32.623600  1421 catalog_manager.cc:5696] T 96994e5494644ec6819b98a0720590fd P 2466ea54fa1c42898ad3e0d6488292b4 reported cstate change: term changed from 0 to 1, leader changed from <none> to 2466ea54fa1c42898ad3e0d6488292b4 (127.0.215.2). New cstate: current_term: 1 leader_uuid: "2466ea54fa1c42898ad3e0d6488292b4" committed_config { opid_index: -1 OBSOLETE_local: false peers { permanent_uuid: "e61652e4849f41f5ac5f162e59a8cf39" member_type: VOTER last_known_addr { host: "127.0.215.1" port: 40087 } health_report { overall_health: UNKNOWN } } peers { permanent_uuid: "2466ea54fa1c42898ad3e0d6488292b4" member_type: VOTER last_known_addr { host: "127.0.215.2" port: 35411 } health_report { overall_health: HEALTHY } } peers { permanent_uuid: "030f88ee6b17462c853875dfdd528d25" member_type: VOTER last_known_addr { host: "127.0.215.3" port: 43841 } health_report { overall_health: UNKNOWN } } }
I20260608 10:04:32.629165  1761 raft_consensus.cc:515] T 1d36e2b612b34bd78c50acd4e58a9eb2 P e61652e4849f41f5ac5f162e59a8cf39 [term 1 FOLLOWER]: Starting leader election with config: opid_index: -1 OBSOLETE_local: false peers { permanent_uuid: "e61652e4849f41f5ac5f162e59a8cf39" member_type: VOTER last_known_addr { host: "127.0.215.1" port: 40087 } } peers { permanent_uuid: "2466ea54fa1c42898ad3e0d6488292b4" member_type: VOTER last_known_addr { host: "127.0.215.2" port: 35411 } } peers { permanent_uuid: "030f88ee6b17462c853875dfdd528d25" member_type: VOTER last_known_addr { host: "127.0.215.3" port: 43841 } }
I20260608 10:04:32.631120  1761 leader_election.cc:290] T 1d36e2b612b34bd78c50acd4e58a9eb2 P e61652e4849f41f5ac5f162e59a8cf39 [CANDIDATE]: Term 1 election: Requested vote from peers 2466ea54fa1c42898ad3e0d6488292b4 (127.0.215.2:35411), 030f88ee6b17462c853875dfdd528d25 (127.0.215.3:43841)
I20260608 10:04:32.631878  1600 tablet_service.cc:1917] Received RequestConsensusVote() RPC: tablet_id: "1d36e2b612b34bd78c50acd4e58a9eb2" candidate_uuid: "e61652e4849f41f5ac5f162e59a8cf39" candidate_term: 1 candidate_status { last_received { term: 0 index: 0 } } ignore_live_leader: false dest_uuid: "2466ea54fa1c42898ad3e0d6488292b4"
I20260608 10:04:32.632520  1600 raft_consensus.cc:3060] T 1d36e2b612b34bd78c50acd4e58a9eb2 P 2466ea54fa1c42898ad3e0d6488292b4 [term 0 FOLLOWER]: Advancing to term 1
I20260608 10:04:32.632884  1674 tablet_service.cc:1917] Received RequestConsensusVote() RPC: tablet_id: "1d36e2b612b34bd78c50acd4e58a9eb2" candidate_uuid: "e61652e4849f41f5ac5f162e59a8cf39" candidate_term: 1 candidate_status { last_received { term: 0 index: 0 } } ignore_live_leader: false dest_uuid: "030f88ee6b17462c853875dfdd528d25"
I20260608 10:04:32.633478  1674 raft_consensus.cc:3060] T 1d36e2b612b34bd78c50acd4e58a9eb2 P 030f88ee6b17462c853875dfdd528d25 [term 0 FOLLOWER]: Advancing to term 1
I20260608 10:04:32.637591  1600 raft_consensus.cc:2468] T 1d36e2b612b34bd78c50acd4e58a9eb2 P 2466ea54fa1c42898ad3e0d6488292b4 [term 1 FOLLOWER]: Leader election vote request: Granting yes vote for candidate e61652e4849f41f5ac5f162e59a8cf39 in term 1.
I20260608 10:04:32.638736  1490 leader_election.cc:304] T 1d36e2b612b34bd78c50acd4e58a9eb2 P e61652e4849f41f5ac5f162e59a8cf39 [CANDIDATE]: Term 1 election: Election decided. Result: candidate won. Election summary: received 2 responses out of 3 voters: 2 yes votes; 0 no votes. yes voters: 2466ea54fa1c42898ad3e0d6488292b4, e61652e4849f41f5ac5f162e59a8cf39; no voters: 
I20260608 10:04:32.638808  1674 raft_consensus.cc:2468] T 1d36e2b612b34bd78c50acd4e58a9eb2 P 030f88ee6b17462c853875dfdd528d25 [term 1 FOLLOWER]: Leader election vote request: Granting yes vote for candidate e61652e4849f41f5ac5f162e59a8cf39 in term 1.
I20260608 10:04:32.639588  1761 raft_consensus.cc:2804] T 1d36e2b612b34bd78c50acd4e58a9eb2 P e61652e4849f41f5ac5f162e59a8cf39 [term 1 FOLLOWER]: Leader election won for term 1
I20260608 10:04:32.640113  1761 raft_consensus.cc:697] T 1d36e2b612b34bd78c50acd4e58a9eb2 P e61652e4849f41f5ac5f162e59a8cf39 [term 1 LEADER]: Becoming Leader. State: Replica: e61652e4849f41f5ac5f162e59a8cf39, State: Running, Role: LEADER
I20260608 10:04:32.640851  1761 consensus_queue.cc:237] T 1d36e2b612b34bd78c50acd4e58a9eb2 P e61652e4849f41f5ac5f162e59a8cf39 [LEADER]: Queue going to LEADER mode. State: All replicated index: 0, Majority replicated index: 0, Committed index: 0, Last appended: 0.0, Last appended by leader: 0, Current term: 1, Majority size: 2, State: 0, Mode: LEADER, active raft config: opid_index: -1 OBSOLETE_local: false peers { permanent_uuid: "e61652e4849f41f5ac5f162e59a8cf39" member_type: VOTER last_known_addr { host: "127.0.215.1" port: 40087 } } peers { permanent_uuid: "2466ea54fa1c42898ad3e0d6488292b4" member_type: VOTER last_known_addr { host: "127.0.215.2" port: 35411 } } peers { permanent_uuid: "030f88ee6b17462c853875dfdd528d25" member_type: VOTER last_known_addr { host: "127.0.215.3" port: 43841 } }
I20260608 10:04:32.648759  1421 catalog_manager.cc:5696] T 1d36e2b612b34bd78c50acd4e58a9eb2 P e61652e4849f41f5ac5f162e59a8cf39 reported cstate change: term changed from 0 to 1, leader changed from <none> to e61652e4849f41f5ac5f162e59a8cf39 (127.0.215.1). New cstate: current_term: 1 leader_uuid: "e61652e4849f41f5ac5f162e59a8cf39" committed_config { opid_index: -1 OBSOLETE_local: false peers { permanent_uuid: "e61652e4849f41f5ac5f162e59a8cf39" member_type: VOTER last_known_addr { host: "127.0.215.1" port: 40087 } health_report { overall_health: HEALTHY } } peers { permanent_uuid: "2466ea54fa1c42898ad3e0d6488292b4" member_type: VOTER last_known_addr { host: "127.0.215.2" port: 35411 } health_report { overall_health: UNKNOWN } } peers { permanent_uuid: "030f88ee6b17462c853875dfdd528d25" member_type: VOTER last_known_addr { host: "127.0.215.3" port: 43841 } health_report { overall_health: UNKNOWN } } }
I20260608 10:04:32.671613  1761 raft_consensus.cc:493] T b33aa7ff290c4ce3bb376381dc8861fb P e61652e4849f41f5ac5f162e59a8cf39 [term 0 FOLLOWER]: Starting pre-election (no leader contacted us within the election timeout)
I20260608 10:04:32.672132  1761 raft_consensus.cc:515] T b33aa7ff290c4ce3bb376381dc8861fb P e61652e4849f41f5ac5f162e59a8cf39 [term 0 FOLLOWER]: Starting pre-election with config: opid_index: -1 OBSOLETE_local: false peers { permanent_uuid: "e61652e4849f41f5ac5f162e59a8cf39" member_type: VOTER last_known_addr { host: "127.0.215.1" port: 40087 } } peers { permanent_uuid: "2466ea54fa1c42898ad3e0d6488292b4" member_type: VOTER last_known_addr { host: "127.0.215.2" port: 35411 } } peers { permanent_uuid: "030f88ee6b17462c853875dfdd528d25" member_type: VOTER last_known_addr { host: "127.0.215.3" port: 43841 } }
I20260608 10:04:32.673991  1761 leader_election.cc:290] T b33aa7ff290c4ce3bb376381dc8861fb P e61652e4849f41f5ac5f162e59a8cf39 [CANDIDATE]: Term 1 pre-election: Requested pre-vote from peers 2466ea54fa1c42898ad3e0d6488292b4 (127.0.215.2:35411), 030f88ee6b17462c853875dfdd528d25 (127.0.215.3:43841)
I20260608 10:04:32.675027  1600 tablet_service.cc:1917] Received RequestConsensusVote() RPC: tablet_id: "b33aa7ff290c4ce3bb376381dc8861fb" candidate_uuid: "e61652e4849f41f5ac5f162e59a8cf39" candidate_term: 1 candidate_status { last_received { term: 0 index: 0 } } ignore_live_leader: false dest_uuid: "2466ea54fa1c42898ad3e0d6488292b4" is_pre_election: true
I20260608 10:04:32.675213  1674 tablet_service.cc:1917] Received RequestConsensusVote() RPC: tablet_id: "b33aa7ff290c4ce3bb376381dc8861fb" candidate_uuid: "e61652e4849f41f5ac5f162e59a8cf39" candidate_term: 1 candidate_status { last_received { term: 0 index: 0 } } ignore_live_leader: false dest_uuid: "030f88ee6b17462c853875dfdd528d25" is_pre_election: true
I20260608 10:04:32.675642  1600 raft_consensus.cc:2468] T b33aa7ff290c4ce3bb376381dc8861fb P 2466ea54fa1c42898ad3e0d6488292b4 [term 0 FOLLOWER]: Leader pre-election vote request: Granting yes vote for candidate e61652e4849f41f5ac5f162e59a8cf39 in term 0.
I20260608 10:04:32.675817  1674 raft_consensus.cc:2468] T b33aa7ff290c4ce3bb376381dc8861fb P 030f88ee6b17462c853875dfdd528d25 [term 0 FOLLOWER]: Leader pre-election vote request: Granting yes vote for candidate e61652e4849f41f5ac5f162e59a8cf39 in term 0.
I20260608 10:04:32.676833  1490 leader_election.cc:304] T b33aa7ff290c4ce3bb376381dc8861fb P e61652e4849f41f5ac5f162e59a8cf39 [CANDIDATE]: Term 1 pre-election: Election decided. Result: candidate won. Election summary: received 2 responses out of 3 voters: 2 yes votes; 0 no votes. yes voters: 2466ea54fa1c42898ad3e0d6488292b4, e61652e4849f41f5ac5f162e59a8cf39; no voters: 
I20260608 10:04:32.677563  1761 raft_consensus.cc:2804] T b33aa7ff290c4ce3bb376381dc8861fb P e61652e4849f41f5ac5f162e59a8cf39 [term 0 FOLLOWER]: Leader pre-election won for term 1
I20260608 10:04:32.677896  1761 raft_consensus.cc:493] T b33aa7ff290c4ce3bb376381dc8861fb P e61652e4849f41f5ac5f162e59a8cf39 [term 0 FOLLOWER]: Starting leader election (no leader contacted us within the election timeout)
I20260608 10:04:32.678195  1761 raft_consensus.cc:3060] T b33aa7ff290c4ce3bb376381dc8861fb P e61652e4849f41f5ac5f162e59a8cf39 [term 0 FOLLOWER]: Advancing to term 1
I20260608 10:04:32.684981  1761 raft_consensus.cc:515] T b33aa7ff290c4ce3bb376381dc8861fb P e61652e4849f41f5ac5f162e59a8cf39 [term 1 FOLLOWER]: Starting leader election with config: opid_index: -1 OBSOLETE_local: false peers { permanent_uuid: "e61652e4849f41f5ac5f162e59a8cf39" member_type: VOTER last_known_addr { host: "127.0.215.1" port: 40087 } } peers { permanent_uuid: "2466ea54fa1c42898ad3e0d6488292b4" member_type: VOTER last_known_addr { host: "127.0.215.2" port: 35411 } } peers { permanent_uuid: "030f88ee6b17462c853875dfdd528d25" member_type: VOTER last_known_addr { host: "127.0.215.3" port: 43841 } }
I20260608 10:04:32.686807  1761 leader_election.cc:290] T b33aa7ff290c4ce3bb376381dc8861fb P e61652e4849f41f5ac5f162e59a8cf39 [CANDIDATE]: Term 1 election: Requested vote from peers 2466ea54fa1c42898ad3e0d6488292b4 (127.0.215.2:35411), 030f88ee6b17462c853875dfdd528d25 (127.0.215.3:43841)
I20260608 10:04:32.687774  1600 tablet_service.cc:1917] Received RequestConsensusVote() RPC: tablet_id: "b33aa7ff290c4ce3bb376381dc8861fb" candidate_uuid: "e61652e4849f41f5ac5f162e59a8cf39" candidate_term: 1 candidate_status { last_received { term: 0 index: 0 } } ignore_live_leader: false dest_uuid: "2466ea54fa1c42898ad3e0d6488292b4"
I20260608 10:04:32.687875  1674 tablet_service.cc:1917] Received RequestConsensusVote() RPC: tablet_id: "b33aa7ff290c4ce3bb376381dc8861fb" candidate_uuid: "e61652e4849f41f5ac5f162e59a8cf39" candidate_term: 1 candidate_status { last_received { term: 0 index: 0 } } ignore_live_leader: false dest_uuid: "030f88ee6b17462c853875dfdd528d25"
I20260608 10:04:32.688349  1600 raft_consensus.cc:3060] T b33aa7ff290c4ce3bb376381dc8861fb P 2466ea54fa1c42898ad3e0d6488292b4 [term 0 FOLLOWER]: Advancing to term 1
I20260608 10:04:32.688417  1674 raft_consensus.cc:3060] T b33aa7ff290c4ce3bb376381dc8861fb P 030f88ee6b17462c853875dfdd528d25 [term 0 FOLLOWER]: Advancing to term 1
I20260608 10:04:32.693568  1753 consensus_queue.cc:1048] T 26f8cdfe42fe4fe0a2e63235688ec5c9 P 030f88ee6b17462c853875dfdd528d25 [LEADER]: Connected to new peer: Peer: permanent_uuid: "2466ea54fa1c42898ad3e0d6488292b4" member_type: VOTER last_known_addr { host: "127.0.215.2" port: 35411 }, Status: LMP_MISMATCH, Last received: 0.0, Next index: 1, Last known committed idx: 0, Time since last communication: 0.000s
I20260608 10:04:32.694391  1600 raft_consensus.cc:2468] T b33aa7ff290c4ce3bb376381dc8861fb P 2466ea54fa1c42898ad3e0d6488292b4 [term 1 FOLLOWER]: Leader election vote request: Granting yes vote for candidate e61652e4849f41f5ac5f162e59a8cf39 in term 1.
I20260608 10:04:32.694594  1674 raft_consensus.cc:2468] T b33aa7ff290c4ce3bb376381dc8861fb P 030f88ee6b17462c853875dfdd528d25 [term 1 FOLLOWER]: Leader election vote request: Granting yes vote for candidate e61652e4849f41f5ac5f162e59a8cf39 in term 1.
I20260608 10:04:32.695639  1490 leader_election.cc:304] T b33aa7ff290c4ce3bb376381dc8861fb P e61652e4849f41f5ac5f162e59a8cf39 [CANDIDATE]: Term 1 election: Election decided. Result: candidate won. Election summary: received 2 responses out of 3 voters: 2 yes votes; 0 no votes. yes voters: 2466ea54fa1c42898ad3e0d6488292b4, e61652e4849f41f5ac5f162e59a8cf39; no voters: 
I20260608 10:04:32.696594  1761 raft_consensus.cc:2804] T b33aa7ff290c4ce3bb376381dc8861fb P e61652e4849f41f5ac5f162e59a8cf39 [term 1 FOLLOWER]: Leader election won for term 1
I20260608 10:04:32.697643  1761 raft_consensus.cc:697] T b33aa7ff290c4ce3bb376381dc8861fb P e61652e4849f41f5ac5f162e59a8cf39 [term 1 LEADER]: Becoming Leader. State: Replica: e61652e4849f41f5ac5f162e59a8cf39, State: Running, Role: LEADER
I20260608 10:04:32.698489  1761 consensus_queue.cc:237] T b33aa7ff290c4ce3bb376381dc8861fb P e61652e4849f41f5ac5f162e59a8cf39 [LEADER]: Queue going to LEADER mode. State: All replicated index: 0, Majority replicated index: 0, Committed index: 0, Last appended: 0.0, Last appended by leader: 0, Current term: 1, Majority size: 2, State: 0, Mode: LEADER, active raft config: opid_index: -1 OBSOLETE_local: false peers { permanent_uuid: "e61652e4849f41f5ac5f162e59a8cf39" member_type: VOTER last_known_addr { host: "127.0.215.1" port: 40087 } } peers { permanent_uuid: "2466ea54fa1c42898ad3e0d6488292b4" member_type: VOTER last_known_addr { host: "127.0.215.2" port: 35411 } } peers { permanent_uuid: "030f88ee6b17462c853875dfdd528d25" member_type: VOTER last_known_addr { host: "127.0.215.3" port: 43841 } }
I20260608 10:04:32.708117  1421 catalog_manager.cc:5696] T b33aa7ff290c4ce3bb376381dc8861fb P e61652e4849f41f5ac5f162e59a8cf39 reported cstate change: term changed from 0 to 1, leader changed from <none> to e61652e4849f41f5ac5f162e59a8cf39 (127.0.215.1). New cstate: current_term: 1 leader_uuid: "e61652e4849f41f5ac5f162e59a8cf39" committed_config { opid_index: -1 OBSOLETE_local: false peers { permanent_uuid: "e61652e4849f41f5ac5f162e59a8cf39" member_type: VOTER last_known_addr { host: "127.0.215.1" port: 40087 } health_report { overall_health: HEALTHY } } peers { permanent_uuid: "2466ea54fa1c42898ad3e0d6488292b4" member_type: VOTER last_known_addr { host: "127.0.215.2" port: 35411 } health_report { overall_health: UNKNOWN } } peers { permanent_uuid: "030f88ee6b17462c853875dfdd528d25" member_type: VOTER last_known_addr { host: "127.0.215.3" port: 43841 } health_report { overall_health: UNKNOWN } } }
I20260608 10:04:32.719489  1525 raft_consensus.cc:3060] T 26f8cdfe42fe4fe0a2e63235688ec5c9 P e61652e4849f41f5ac5f162e59a8cf39 [term 0 FOLLOWER]: Advancing to term 1
I20260608 10:04:32.727550  1752 consensus_queue.cc:1048] T 26f8cdfe42fe4fe0a2e63235688ec5c9 P 030f88ee6b17462c853875dfdd528d25 [LEADER]: Connected to new peer: Peer: permanent_uuid: "e61652e4849f41f5ac5f162e59a8cf39" member_type: VOTER last_known_addr { host: "127.0.215.1" port: 40087 }, Status: LMP_MISMATCH, Last received: 0.0, Next index: 1, Last known committed idx: 0, Time since last communication: 0.000s
I20260608 10:04:32.865618  1761 raft_consensus.cc:493] T 112d70a8b8ac4f8fa5bb5209dd14b452 P e61652e4849f41f5ac5f162e59a8cf39 [term 0 FOLLOWER]: Starting pre-election (no leader contacted us within the election timeout)
I20260608 10:04:32.866132  1761 raft_consensus.cc:515] T 112d70a8b8ac4f8fa5bb5209dd14b452 P e61652e4849f41f5ac5f162e59a8cf39 [term 0 FOLLOWER]: Starting pre-election with config: opid_index: -1 OBSOLETE_local: false peers { permanent_uuid: "e61652e4849f41f5ac5f162e59a8cf39" member_type: VOTER last_known_addr { host: "127.0.215.1" port: 40087 } } peers { permanent_uuid: "2466ea54fa1c42898ad3e0d6488292b4" member_type: VOTER last_known_addr { host: "127.0.215.2" port: 35411 } } peers { permanent_uuid: "030f88ee6b17462c853875dfdd528d25" member_type: VOTER last_known_addr { host: "127.0.215.3" port: 43841 } }
I20260608 10:04:32.868204  1761 leader_election.cc:290] T 112d70a8b8ac4f8fa5bb5209dd14b452 P e61652e4849f41f5ac5f162e59a8cf39 [CANDIDATE]: Term 1 pre-election: Requested pre-vote from peers 2466ea54fa1c42898ad3e0d6488292b4 (127.0.215.2:35411), 030f88ee6b17462c853875dfdd528d25 (127.0.215.3:43841)
I20260608 10:04:32.869103  1600 tablet_service.cc:1917] Received RequestConsensusVote() RPC: tablet_id: "112d70a8b8ac4f8fa5bb5209dd14b452" candidate_uuid: "e61652e4849f41f5ac5f162e59a8cf39" candidate_term: 1 candidate_status { last_received { term: 0 index: 0 } } ignore_live_leader: false dest_uuid: "2466ea54fa1c42898ad3e0d6488292b4" is_pre_election: true
I20260608 10:04:32.869385  1674 tablet_service.cc:1917] Received RequestConsensusVote() RPC: tablet_id: "112d70a8b8ac4f8fa5bb5209dd14b452" candidate_uuid: "e61652e4849f41f5ac5f162e59a8cf39" candidate_term: 1 candidate_status { last_received { term: 0 index: 0 } } ignore_live_leader: false dest_uuid: "030f88ee6b17462c853875dfdd528d25" is_pre_election: true
I20260608 10:04:32.869870  1600 raft_consensus.cc:2468] T 112d70a8b8ac4f8fa5bb5209dd14b452 P 2466ea54fa1c42898ad3e0d6488292b4 [term 0 FOLLOWER]: Leader pre-election vote request: Granting yes vote for candidate e61652e4849f41f5ac5f162e59a8cf39 in term 0.
I20260608 10:04:32.870007  1674 raft_consensus.cc:2468] T 112d70a8b8ac4f8fa5bb5209dd14b452 P 030f88ee6b17462c853875dfdd528d25 [term 0 FOLLOWER]: Leader pre-election vote request: Granting yes vote for candidate e61652e4849f41f5ac5f162e59a8cf39 in term 0.
I20260608 10:04:32.871196  1492 leader_election.cc:304] T 112d70a8b8ac4f8fa5bb5209dd14b452 P e61652e4849f41f5ac5f162e59a8cf39 [CANDIDATE]: Term 1 pre-election: Election decided. Result: candidate won. Election summary: received 2 responses out of 3 voters: 2 yes votes; 0 no votes. yes voters: 030f88ee6b17462c853875dfdd528d25, e61652e4849f41f5ac5f162e59a8cf39; no voters: 
I20260608 10:04:32.871994  1761 raft_consensus.cc:2804] T 112d70a8b8ac4f8fa5bb5209dd14b452 P e61652e4849f41f5ac5f162e59a8cf39 [term 0 FOLLOWER]: Leader pre-election won for term 1
I20260608 10:04:32.872323  1761 raft_consensus.cc:493] T 112d70a8b8ac4f8fa5bb5209dd14b452 P e61652e4849f41f5ac5f162e59a8cf39 [term 0 FOLLOWER]: Starting leader election (no leader contacted us within the election timeout)
I20260608 10:04:32.872628  1761 raft_consensus.cc:3060] T 112d70a8b8ac4f8fa5bb5209dd14b452 P e61652e4849f41f5ac5f162e59a8cf39 [term 0 FOLLOWER]: Advancing to term 1
I20260608 10:04:32.877230  1761 raft_consensus.cc:515] T 112d70a8b8ac4f8fa5bb5209dd14b452 P e61652e4849f41f5ac5f162e59a8cf39 [term 1 FOLLOWER]: Starting leader election with config: opid_index: -1 OBSOLETE_local: false peers { permanent_uuid: "e61652e4849f41f5ac5f162e59a8cf39" member_type: VOTER last_known_addr { host: "127.0.215.1" port: 40087 } } peers { permanent_uuid: "2466ea54fa1c42898ad3e0d6488292b4" member_type: VOTER last_known_addr { host: "127.0.215.2" port: 35411 } } peers { permanent_uuid: "030f88ee6b17462c853875dfdd528d25" member_type: VOTER last_known_addr { host: "127.0.215.3" port: 43841 } }
I20260608 10:04:32.879163  1761 leader_election.cc:290] T 112d70a8b8ac4f8fa5bb5209dd14b452 P e61652e4849f41f5ac5f162e59a8cf39 [CANDIDATE]: Term 1 election: Requested vote from peers 2466ea54fa1c42898ad3e0d6488292b4 (127.0.215.2:35411), 030f88ee6b17462c853875dfdd528d25 (127.0.215.3:43841)
I20260608 10:04:32.880134  1600 tablet_service.cc:1917] Received RequestConsensusVote() RPC: tablet_id: "112d70a8b8ac4f8fa5bb5209dd14b452" candidate_uuid: "e61652e4849f41f5ac5f162e59a8cf39" candidate_term: 1 candidate_status { last_received { term: 0 index: 0 } } ignore_live_leader: false dest_uuid: "2466ea54fa1c42898ad3e0d6488292b4"
I20260608 10:04:32.880438  1674 tablet_service.cc:1917] Received RequestConsensusVote() RPC: tablet_id: "112d70a8b8ac4f8fa5bb5209dd14b452" candidate_uuid: "e61652e4849f41f5ac5f162e59a8cf39" candidate_term: 1 candidate_status { last_received { term: 0 index: 0 } } ignore_live_leader: false dest_uuid: "030f88ee6b17462c853875dfdd528d25"
I20260608 10:04:32.880769  1600 raft_consensus.cc:3060] T 112d70a8b8ac4f8fa5bb5209dd14b452 P 2466ea54fa1c42898ad3e0d6488292b4 [term 0 FOLLOWER]: Advancing to term 1
I20260608 10:04:32.881027  1674 raft_consensus.cc:3060] T 112d70a8b8ac4f8fa5bb5209dd14b452 P 030f88ee6b17462c853875dfdd528d25 [term 0 FOLLOWER]: Advancing to term 1
I20260608 10:04:32.886010  1600 raft_consensus.cc:2468] T 112d70a8b8ac4f8fa5bb5209dd14b452 P 2466ea54fa1c42898ad3e0d6488292b4 [term 1 FOLLOWER]: Leader election vote request: Granting yes vote for candidate e61652e4849f41f5ac5f162e59a8cf39 in term 1.
I20260608 10:04:32.886020  1674 raft_consensus.cc:2468] T 112d70a8b8ac4f8fa5bb5209dd14b452 P 030f88ee6b17462c853875dfdd528d25 [term 1 FOLLOWER]: Leader election vote request: Granting yes vote for candidate e61652e4849f41f5ac5f162e59a8cf39 in term 1.
I20260608 10:04:32.887485  1490 leader_election.cc:304] T 112d70a8b8ac4f8fa5bb5209dd14b452 P e61652e4849f41f5ac5f162e59a8cf39 [CANDIDATE]: Term 1 election: Election decided. Result: candidate won. Election summary: received 2 responses out of 3 voters: 2 yes votes; 0 no votes. yes voters: 2466ea54fa1c42898ad3e0d6488292b4, e61652e4849f41f5ac5f162e59a8cf39; no voters: 
I20260608 10:04:32.888294  1761 raft_consensus.cc:2804] T 112d70a8b8ac4f8fa5bb5209dd14b452 P e61652e4849f41f5ac5f162e59a8cf39 [term 1 FOLLOWER]: Leader election won for term 1
I20260608 10:04:32.888821  1761 raft_consensus.cc:697] T 112d70a8b8ac4f8fa5bb5209dd14b452 P e61652e4849f41f5ac5f162e59a8cf39 [term 1 LEADER]: Becoming Leader. State: Replica: e61652e4849f41f5ac5f162e59a8cf39, State: Running, Role: LEADER
I20260608 10:04:32.889626  1761 consensus_queue.cc:237] T 112d70a8b8ac4f8fa5bb5209dd14b452 P e61652e4849f41f5ac5f162e59a8cf39 [LEADER]: Queue going to LEADER mode. State: All replicated index: 0, Majority replicated index: 0, Committed index: 0, Last appended: 0.0, Last appended by leader: 0, Current term: 1, Majority size: 2, State: 0, Mode: LEADER, active raft config: opid_index: -1 OBSOLETE_local: false peers { permanent_uuid: "e61652e4849f41f5ac5f162e59a8cf39" member_type: VOTER last_known_addr { host: "127.0.215.1" port: 40087 } } peers { permanent_uuid: "2466ea54fa1c42898ad3e0d6488292b4" member_type: VOTER last_known_addr { host: "127.0.215.2" port: 35411 } } peers { permanent_uuid: "030f88ee6b17462c853875dfdd528d25" member_type: VOTER last_known_addr { host: "127.0.215.3" port: 43841 } }
I20260608 10:04:32.897281  1421 catalog_manager.cc:5696] T 112d70a8b8ac4f8fa5bb5209dd14b452 P e61652e4849f41f5ac5f162e59a8cf39 reported cstate change: term changed from 0 to 1, leader changed from <none> to e61652e4849f41f5ac5f162e59a8cf39 (127.0.215.1). New cstate: current_term: 1 leader_uuid: "e61652e4849f41f5ac5f162e59a8cf39" committed_config { opid_index: -1 OBSOLETE_local: false peers { permanent_uuid: "e61652e4849f41f5ac5f162e59a8cf39" member_type: VOTER last_known_addr { host: "127.0.215.1" port: 40087 } health_report { overall_health: HEALTHY } } peers { permanent_uuid: "2466ea54fa1c42898ad3e0d6488292b4" member_type: VOTER last_known_addr { host: "127.0.215.2" port: 35411 } health_report { overall_health: UNKNOWN } } peers { permanent_uuid: "030f88ee6b17462c853875dfdd528d25" member_type: VOTER last_known_addr { host: "127.0.215.3" port: 43841 } health_report { overall_health: UNKNOWN } } }
I20260608 10:04:32.938901  1740 consensus_queue.cc:1048] T f2620ccf78f442968f74ac6a232da5c6 P 2466ea54fa1c42898ad3e0d6488292b4 [LEADER]: Connected to new peer: Peer: permanent_uuid: "030f88ee6b17462c853875dfdd528d25" member_type: VOTER last_known_addr { host: "127.0.215.3" port: 43841 }, Status: LMP_MISMATCH, Last received: 0.0, Next index: 1, Last known committed idx: 0, Time since last communication: 0.000s
I20260608 10:04:32.951143  1728 consensus_queue.cc:1048] T f2620ccf78f442968f74ac6a232da5c6 P 2466ea54fa1c42898ad3e0d6488292b4 [LEADER]: Connected to new peer: Peer: permanent_uuid: "e61652e4849f41f5ac5f162e59a8cf39" member_type: VOTER last_known_addr { host: "127.0.215.1" port: 40087 }, Status: LMP_MISMATCH, Last received: 0.0, Next index: 1, Last known committed idx: 0, Time since last communication: 0.000s
I20260608 10:04:33.005352  1761 consensus_queue.cc:1048] T 08536eb265c541638809e1000172f17e P e61652e4849f41f5ac5f162e59a8cf39 [LEADER]: Connected to new peer: Peer: permanent_uuid: "030f88ee6b17462c853875dfdd528d25" member_type: VOTER last_known_addr { host: "127.0.215.3" port: 43841 }, Status: LMP_MISMATCH, Last received: 0.0, Next index: 1, Last known committed idx: 0, Time since last communication: 0.001s
I20260608 10:04:33.019073  1726 consensus_queue.cc:1048] T 08536eb265c541638809e1000172f17e P e61652e4849f41f5ac5f162e59a8cf39 [LEADER]: Connected to new peer: Peer: permanent_uuid: "2466ea54fa1c42898ad3e0d6488292b4" member_type: VOTER last_known_addr { host: "127.0.215.2" port: 35411 }, Status: LMP_MISMATCH, Last received: 0.0, Next index: 1, Last known committed idx: 0, Time since last communication: 0.000s
I20260608 10:04:33.046609  1728 consensus_queue.cc:1048] T 6944e4d8c3b24b9b8b832ad53d27dc93 P 2466ea54fa1c42898ad3e0d6488292b4 [LEADER]: Connected to new peer: Peer: permanent_uuid: "e61652e4849f41f5ac5f162e59a8cf39" member_type: VOTER last_known_addr { host: "127.0.215.1" port: 40087 }, Status: LMP_MISMATCH, Last received: 0.0, Next index: 1, Last known committed idx: 0, Time since last communication: 0.001s
I20260608 10:04:33.057955  1728 consensus_queue.cc:1048] T 6944e4d8c3b24b9b8b832ad53d27dc93 P 2466ea54fa1c42898ad3e0d6488292b4 [LEADER]: Connected to new peer: Peer: permanent_uuid: "030f88ee6b17462c853875dfdd528d25" member_type: VOTER last_known_addr { host: "127.0.215.3" port: 43841 }, Status: LMP_MISMATCH, Last received: 0.0, Next index: 1, Last known committed idx: 0, Time since last communication: 0.001s
I20260608 10:04:33.088331   860 file_cache.cc:492] Constructed file cache file cache with capacity 419430
I20260608 10:04:33.088915  1726 consensus_queue.cc:1048] T 1d36e2b612b34bd78c50acd4e58a9eb2 P e61652e4849f41f5ac5f162e59a8cf39 [LEADER]: Connected to new peer: Peer: permanent_uuid: "030f88ee6b17462c853875dfdd528d25" member_type: VOTER last_known_addr { host: "127.0.215.3" port: 43841 }, Status: LMP_MISMATCH, Last received: 0.0, Next index: 1, Last known committed idx: 0, Time since last communication: 0.000s
W20260608 10:04:33.096066  1783 instance_detector.cc:116] could not retrieve AWS instance metadata: Network error: curl error: HTTP response code said error: The requested URL returned error: 404
W20260608 10:04:33.107436  1784 instance_detector.cc:116] could not retrieve Azure instance metadata: Network error: curl error: HTTP response code said error: The requested URL returned error: 404
I20260608 10:04:33.107645  1761 consensus_queue.cc:1048] T 1d36e2b612b34bd78c50acd4e58a9eb2 P e61652e4849f41f5ac5f162e59a8cf39 [LEADER]: Connected to new peer: Peer: permanent_uuid: "2466ea54fa1c42898ad3e0d6488292b4" member_type: VOTER last_known_addr { host: "127.0.215.2" port: 35411 }, Status: LMP_MISMATCH, Last received: 0.0, Next index: 1, Last known committed idx: 0, Time since last communication: 0.001s
W20260608 10:04:33.116088  1786 instance_detector.cc:116] could not retrieve OpenStack instance metadata: Network error: curl error: HTTP response code said error: The requested URL returned error: 404
I20260608 10:04:33.118884   860 server_base.cc:1061] running on GCE node
I20260608 10:04:33.121076   860 hybrid_clock.cc:584] initializing the hybrid clock with 'system_unsync' time source
W20260608 10:04:33.121362   860 system_unsync_time.cc:38] NTP support is disabled. Clock error bounds will not be accurate. This configuration is not suitable for distributed clusters.
I20260608 10:04:33.121619   860 hybrid_clock.cc:648] HybridClock initialized: now 1780913073121599 us; error 0 us; skew 500 ppm
I20260608 10:04:33.122375   860 server_base.cc:861] Flag tcmalloc_max_total_thread_cache_bytes is not working since tcmalloc is not enabled.
I20260608 10:04:33.125267   860 webserver.cc:533] Webserver started at http://127.0.215.4:38969/ using document root <none> and password file <none>
I20260608 10:04:33.125797   860 fs_manager.cc:362] Metadata directory not provided
I20260608 10:04:33.125995   860 fs_manager.cc:368] Using write-ahead log directory (fs_wal_dir) as metadata directory
I20260608 10:04:33.126293   860 server_base.cc:909] This appears to be a new deployment of Kudu; creating new FS layout
I20260608 10:04:33.127570   860 fs_manager.cc:1068] Generated new instance metadata in path /tmp/dist-test-taskckkWrX/test-tmp/auto_rebalancer-test.0.AutoRebalancerTest.AutoRebalancingTurnOffAndOn.1780913065073650-860-0/minicluster-data/ts-3-root/instance:
uuid: "abd16141f1b14fd3a368f4f6314618f5"
format_stamp: "Formatted at 2026-06-08 10:04:33 on dist-test-slave-l651"
I20260608 10:04:33.132608   860 fs_manager.cc:696] Time spent creating directory manager: real 0.004s	user 0.004s	sys 0.000s
I20260608 10:04:33.136433  1792 log_block_manager.cc:4031] Time spent loading block containers with low live blocks: real 0.000s	user 0.000s	sys 0.000s
I20260608 10:04:33.137390   860 fs_manager.cc:730] Time spent opening block manager: real 0.003s	user 0.002s	sys 0.000s
I20260608 10:04:33.137660   860 fs_manager.cc:647] Opened local filesystem: /tmp/dist-test-taskckkWrX/test-tmp/auto_rebalancer-test.0.AutoRebalancerTest.AutoRebalancingTurnOffAndOn.1780913065073650-860-0/minicluster-data/ts-3-root
uuid: "abd16141f1b14fd3a368f4f6314618f5"
format_stamp: "Formatted at 2026-06-08 10:04:33 on dist-test-slave-l651"
I20260608 10:04:33.137916   860 fs_report.cc:389] FS layout report
--------------------
wal directory: /tmp/dist-test-taskckkWrX/test-tmp/auto_rebalancer-test.0.AutoRebalancerTest.AutoRebalancingTurnOffAndOn.1780913065073650-860-0/minicluster-data/ts-3-root
metadata directory: /tmp/dist-test-taskckkWrX/test-tmp/auto_rebalancer-test.0.AutoRebalancerTest.AutoRebalancingTurnOffAndOn.1780913065073650-860-0/minicluster-data/ts-3-root
1 data directories: /tmp/dist-test-taskckkWrX/test-tmp/auto_rebalancer-test.0.AutoRebalancerTest.AutoRebalancingTurnOffAndOn.1780913065073650-860-0/minicluster-data/ts-3-root/data
Total live blocks: 0
Total live bytes: 0
Total live bytes (after alignment): 0
Total number of LBM containers: 0 (0 full)
Did not check for missing blocks
Did not check for orphaned blocks
Total full LBM containers with extra space: 0 (0 repaired)
Total full LBM container extra space in bytes: 0 (0 repaired)
Total incomplete LBM containers: 0 (0 repaired)
Total LBM partial records: 0 (0 repaired)
Total corrupted LBM metadata records in RocksDB: 0 (0 repaired)
I20260608 10:04:33.166571   860 rpc_server.cc:225] running with OpenSSL 1.1.1  11 Sep 2018
I20260608 10:04:33.167758   860 kserver.cc:163] Server-wide thread pool size limit: 3276
I20260608 10:04:33.169230   860 txn_system_client.cc:432] TxnSystemClient initialization is disabled...
I20260608 10:04:33.171820   860 ts_tablet_manager.cc:585] Loaded tablet metadata (0 total tablets, 0 live tablets)
I20260608 10:04:33.172055   860 ts_tablet_manager.cc:531] Time spent load tablet metadata: real 0.000s	user 0.000s	sys 0.000s
I20260608 10:04:33.172338   860 ts_tablet_manager.cc:616] Registered 0 tablets
I20260608 10:04:33.172510   860 ts_tablet_manager.cc:595] Time spent register tablets: real 0.000s	user 0.000s	sys 0.000s
I20260608 10:04:33.218714  1740 consensus_queue.cc:1048] T 96994e5494644ec6819b98a0720590fd P 2466ea54fa1c42898ad3e0d6488292b4 [LEADER]: Connected to new peer: Peer: permanent_uuid: "030f88ee6b17462c853875dfdd528d25" member_type: VOTER last_known_addr { host: "127.0.215.3" port: 43841 }, Status: LMP_MISMATCH, Last received: 0.0, Next index: 1, Last known committed idx: 0, Time since last communication: 0.000s
I20260608 10:04:33.223205   860 rpc_server.cc:307] RPC server started. Bound to: 127.0.215.4:44321
I20260608 10:04:33.223330  1854 acceptor_pool.cc:272] collecting diagnostics on the listening RPC socket 127.0.215.4:44321 every 8 connection(s)
I20260608 10:04:33.226800  1761 consensus_queue.cc:1048] T b33aa7ff290c4ce3bb376381dc8861fb P e61652e4849f41f5ac5f162e59a8cf39 [LEADER]: Connected to new peer: Peer: permanent_uuid: "030f88ee6b17462c853875dfdd528d25" member_type: VOTER last_known_addr { host: "127.0.215.3" port: 43841 }, Status: LMP_MISMATCH, Last received: 0.0, Next index: 1, Last known committed idx: 0, Time since last communication: 0.000s
I20260608 10:04:33.246237  1740 consensus_queue.cc:1048] T 96994e5494644ec6819b98a0720590fd P 2466ea54fa1c42898ad3e0d6488292b4 [LEADER]: Connected to new peer: Peer: permanent_uuid: "e61652e4849f41f5ac5f162e59a8cf39" member_type: VOTER last_known_addr { host: "127.0.215.1" port: 40087 }, Status: LMP_MISMATCH, Last received: 0.0, Next index: 1, Last known committed idx: 0, Time since last communication: 0.001s
I20260608 10:04:33.263028  1778 consensus_queue.cc:1048] T b33aa7ff290c4ce3bb376381dc8861fb P e61652e4849f41f5ac5f162e59a8cf39 [LEADER]: Connected to new peer: Peer: permanent_uuid: "2466ea54fa1c42898ad3e0d6488292b4" member_type: VOTER last_known_addr { host: "127.0.215.2" port: 35411 }, Status: LMP_MISMATCH, Last received: 0.0, Next index: 1, Last known committed idx: 0, Time since last communication: 0.000s
I20260608 10:04:33.266305  1856 heartbeater.cc:344] Connected to a master server at 127.0.215.62:34375
I20260608 10:04:33.267060  1856 heartbeater.cc:461] Registering TS with master...
I20260608 10:04:33.269335  1856 heartbeater.cc:507] Master 127.0.215.62:34375 requested a full tablet report, sending...
I20260608 10:04:33.272444  1424 ts_manager.cc:194] Registered new tserver with Master: abd16141f1b14fd3a368f4f6314618f5 (127.0.215.4:44321)
I20260608 10:04:33.274358  1424 master_service.cc:502] Signed X509 certificate for tserver {username='slave'} at 127.0.0.1:37530
I20260608 10:04:33.282367  1778 consensus_queue.cc:1048] T 112d70a8b8ac4f8fa5bb5209dd14b452 P e61652e4849f41f5ac5f162e59a8cf39 [LEADER]: Connected to new peer: Peer: permanent_uuid: "2466ea54fa1c42898ad3e0d6488292b4" member_type: VOTER last_known_addr { host: "127.0.215.2" port: 35411 }, Status: LMP_MISMATCH, Last received: 0.0, Next index: 1, Last known committed idx: 0, Time since last communication: 0.000s
I20260608 10:04:33.294799  1778 consensus_queue.cc:1048] T 112d70a8b8ac4f8fa5bb5209dd14b452 P e61652e4849f41f5ac5f162e59a8cf39 [LEADER]: Connected to new peer: Peer: permanent_uuid: "030f88ee6b17462c853875dfdd528d25" member_type: VOTER last_known_addr { host: "127.0.215.3" port: 43841 }, Status: LMP_MISMATCH, Last received: 0.0, Next index: 1, Last known committed idx: 0, Time since last communication: 0.000s
I20260608 10:04:34.281505  1856 heartbeater.cc:499] Master 127.0.215.62:34375 was elected leader, sending a full tablet report...
I20260608 10:04:34.383634  1477 auto_leader_rebalancer.cc:140] leader rebalance for table test-workload
I20260608 10:04:34.401263  1525 tablet_service.cc:2072] Received LeaderStepDown RPC: tablet_id: "08536eb265c541638809e1000172f17e"
dest_uuid: "e61652e4849f41f5ac5f162e59a8cf39"
mode: GRACEFUL
new_leader_uuid: "030f88ee6b17462c853875dfdd528d25"
 from {username='slave'} at 127.0.0.1:56192
I20260608 10:04:34.401932  1525 raft_consensus.cc:606] T 08536eb265c541638809e1000172f17e P e61652e4849f41f5ac5f162e59a8cf39 [term 1 LEADER]: Received request to transfer leadership to TS 030f88ee6b17462c853875dfdd528d25
I20260608 10:04:34.403357  1477 auto_leader_rebalancer.cc:388] table: test-workload, leader rebalance finish, leader transfer count: 1
I20260608 10:04:34.403913  1477 auto_leader_rebalancer.cc:451] All tables' leader rebalancing finished this round
I20260608 10:04:34.487018  1761 raft_consensus.cc:993] T 08536eb265c541638809e1000172f17e P e61652e4849f41f5ac5f162e59a8cf39: : Instructing follower 030f88ee6b17462c853875dfdd528d25 to start an election
I20260608 10:04:34.487556  1867 raft_consensus.cc:1081] T 08536eb265c541638809e1000172f17e P e61652e4849f41f5ac5f162e59a8cf39 [term 1 LEADER]: Signalling peer 030f88ee6b17462c853875dfdd528d25 to start an election
I20260608 10:04:34.489395  1674 tablet_service.cc:2044] Received Run Leader Election RPC: tablet_id: "08536eb265c541638809e1000172f17e"
dest_uuid: "030f88ee6b17462c853875dfdd528d25"
 from {username='slave'} at 127.0.0.1:37766
I20260608 10:04:34.489884  1674 raft_consensus.cc:493] T 08536eb265c541638809e1000172f17e P 030f88ee6b17462c853875dfdd528d25 [term 1 FOLLOWER]: Starting forced leader election (received explicit request)
I20260608 10:04:34.490188  1674 raft_consensus.cc:3060] T 08536eb265c541638809e1000172f17e P 030f88ee6b17462c853875dfdd528d25 [term 1 FOLLOWER]: Advancing to term 2
I20260608 10:04:34.494832  1674 raft_consensus.cc:515] T 08536eb265c541638809e1000172f17e P 030f88ee6b17462c853875dfdd528d25 [term 2 FOLLOWER]: Starting forced leader election with config: opid_index: -1 OBSOLETE_local: false peers { permanent_uuid: "e61652e4849f41f5ac5f162e59a8cf39" member_type: VOTER last_known_addr { host: "127.0.215.1" port: 40087 } } peers { permanent_uuid: "2466ea54fa1c42898ad3e0d6488292b4" member_type: VOTER last_known_addr { host: "127.0.215.2" port: 35411 } } peers { permanent_uuid: "030f88ee6b17462c853875dfdd528d25" member_type: VOTER last_known_addr { host: "127.0.215.3" port: 43841 } }
