I20260608 10:05:37.626399 28038 ts_tablet_manager.cc:616] Registered 0 tablets
I20260608 10:05:37.626585 28038 ts_tablet_manager.cc:595] Time spent register tablets: real 0.000s	user 0.000s	sys 0.000s
I20260608 10:05:37.670584 28038 rpc_server.cc:307] RPC server started. Bound to: 127.27.97.131:36587
I20260608 10:05:37.670717 30815 acceptor_pool.cc:272] collecting diagnostics on the listening RPC socket 127.27.97.131:36587 every 8 connection(s)
I20260608 10:05:37.686254 30816 heartbeater.cc:344] Connected to a master server at 127.27.97.190:35909
I20260608 10:05:37.686698 30816 heartbeater.cc:461] Registering TS with master...
I20260608 10:05:37.687502 30816 heartbeater.cc:507] Master 127.27.97.190:35909 requested a full tablet report, sending...
I20260608 10:05:37.689615 30540 ts_manager.cc:194] Registered new tserver with Master: f674c1d20a5d49ad851ac3b6cab6c9d4 (127.27.97.131:36587)
I20260608 10:05:37.690176 28038 internal_mini_cluster.cc:371] 3 TS(s) registered with all masters after 0.015868518s
I20260608 10:05:37.691114 30540 master_service.cc:502] Signed X509 certificate for tserver {username='slave'} at 127.0.0.1:34162
I20260608 10:05:38.480520 30667 heartbeater.cc:499] Master 127.27.97.190:35909 was elected leader, sending a full tablet report...
I20260608 10:05:38.587406 30742 heartbeater.cc:499] Master 127.27.97.190:35909 was elected leader, sending a full tablet report...
I20260608 10:05:38.694406 30816 heartbeater.cc:499] Master 127.27.97.190:35909 was elected leader, sending a full tablet report...
I20260608 10:05:38.746349 30540 catalog_manager.cc:2282] Servicing CreateTable request from {username='slave'} at 127.0.0.1:34170:
name: "range_aware_auto_rebalancer_test"
schema {
  columns {
    name: "key"
    type: INT32
    is_key: true
    is_nullable: false
    encoding: AUTO_ENCODING
    compression: DEFAULT_COMPRESSION
    cfile_block_size: 0
    immutable: false
  }
}
num_replicas: 3
split_rows_range_bounds {
  rows: "\006\001\000\000\000\000\007\001\n\000\000\000\006\001\n\000\000\000\007\001\024\000\000\000""\006\001\000\000\000\000\007\001\n\000\000\000\006\001\n\000\000\000\007\001\024\000\000\000"
  indirect_data: """"
}
partition_schema {
  hash_schema {
    columns {
      name: "key"
    }
    num_buckets: 2
    seed: 0
  }
  range_schema {
    columns {
      name: "key"
    }
  }
}
W20260608 10:05:38.749034 30540 catalog_manager.cc:7076] The number of live tablet servers is not enough to re-replicate a tablet replica of the newly created table range_aware_auto_rebalancer_test in case of a server failure: 4 tablet servers would be needed, 3 are available. Consider bringing up more tablet servers.
I20260608 10:05:38.815382 30781 tablet_service.cc:1511] Processing CreateTablet for tablet 6adbf61f62994585af69bf3a2bb796ce (DEFAULT_TABLE table=range_aware_auto_rebalancer_test [id=31e693bf9018429ebf111e8ae6c59835]), partition=HASH (key) PARTITION 0, RANGE (key) PARTITION 0 <= VALUES < 10
I20260608 10:05:38.815727 30780 tablet_service.cc:1511] Processing CreateTablet for tablet 24d5f1ae8feb4c14868f987ba0d108ba (DEFAULT_TABLE table=range_aware_auto_rebalancer_test [id=31e693bf9018429ebf111e8ae6c59835]), partition=HASH (key) PARTITION 0, RANGE (key) PARTITION 10 <= VALUES < 20
I20260608 10:05:38.816521 30778 tablet_service.cc:1511] Processing CreateTablet for tablet 55f488562fec41f0b7f6514a283f8d43 (DEFAULT_TABLE table=range_aware_auto_rebalancer_test [id=31e693bf9018429ebf111e8ae6c59835]), partition=HASH (key) PARTITION 1, RANGE (key) PARTITION 10 <= VALUES < 20
I20260608 10:05:38.817317 30781 data_dirs.cc:400] Could only allocate 1 dirs of requested 3 for tablet 6adbf61f62994585af69bf3a2bb796ce. 1 dirs total, 0 dirs full, 0 dirs failed
I20260608 10:05:38.817793 30779 tablet_service.cc:1511] Processing CreateTablet for tablet b583c3278e094ff19b4b22dded009c6e (DEFAULT_TABLE table=range_aware_auto_rebalancer_test [id=31e693bf9018429ebf111e8ae6c59835]), partition=HASH (key) PARTITION 1, RANGE (key) PARTITION 0 <= VALUES < 10
I20260608 10:05:38.818264 30778 data_dirs.cc:400] Could only allocate 1 dirs of requested 3 for tablet 55f488562fec41f0b7f6514a283f8d43. 1 dirs total, 0 dirs full, 0 dirs failed
I20260608 10:05:38.820195 30780 data_dirs.cc:400] Could only allocate 1 dirs of requested 3 for tablet 24d5f1ae8feb4c14868f987ba0d108ba. 1 dirs total, 0 dirs full, 0 dirs failed
I20260608 10:05:38.822211 30779 data_dirs.cc:400] Could only allocate 1 dirs of requested 3 for tablet b583c3278e094ff19b4b22dded009c6e. 1 dirs total, 0 dirs full, 0 dirs failed
I20260608 10:05:38.824944 30706 tablet_service.cc:1511] Processing CreateTablet for tablet 24d5f1ae8feb4c14868f987ba0d108ba (DEFAULT_TABLE table=range_aware_auto_rebalancer_test [id=31e693bf9018429ebf111e8ae6c59835]), partition=HASH (key) PARTITION 0, RANGE (key) PARTITION 10 <= VALUES < 20
I20260608 10:05:38.825230 30705 tablet_service.cc:1511] Processing CreateTablet for tablet b583c3278e094ff19b4b22dded009c6e (DEFAULT_TABLE table=range_aware_auto_rebalancer_test [id=31e693bf9018429ebf111e8ae6c59835]), partition=HASH (key) PARTITION 1, RANGE (key) PARTITION 0 <= VALUES < 10
I20260608 10:05:38.826628 30706 data_dirs.cc:400] Could only allocate 1 dirs of requested 3 for tablet 24d5f1ae8feb4c14868f987ba0d108ba. 1 dirs total, 0 dirs full, 0 dirs failed
I20260608 10:05:38.827230 30704 tablet_service.cc:1511] Processing CreateTablet for tablet 55f488562fec41f0b7f6514a283f8d43 (DEFAULT_TABLE table=range_aware_auto_rebalancer_test [id=31e693bf9018429ebf111e8ae6c59835]), partition=HASH (key) PARTITION 1, RANGE (key) PARTITION 10 <= VALUES < 20
I20260608 10:05:38.823427 30707 tablet_service.cc:1511] Processing CreateTablet for tablet 6adbf61f62994585af69bf3a2bb796ce (DEFAULT_TABLE table=range_aware_auto_rebalancer_test [id=31e693bf9018429ebf111e8ae6c59835]), partition=HASH (key) PARTITION 0, RANGE (key) PARTITION 0 <= VALUES < 10
I20260608 10:05:38.829620 30704 data_dirs.cc:400] Could only allocate 1 dirs of requested 3 for tablet 55f488562fec41f0b7f6514a283f8d43. 1 dirs total, 0 dirs full, 0 dirs failed
I20260608 10:05:38.832666 30707 data_dirs.cc:400] Could only allocate 1 dirs of requested 3 for tablet 6adbf61f62994585af69bf3a2bb796ce. 1 dirs total, 0 dirs full, 0 dirs failed
I20260608 10:05:38.837867 30705 data_dirs.cc:400] Could only allocate 1 dirs of requested 3 for tablet b583c3278e094ff19b4b22dded009c6e. 1 dirs total, 0 dirs full, 0 dirs failed
I20260608 10:05:38.840811 30632 tablet_service.cc:1511] Processing CreateTablet for tablet 6adbf61f62994585af69bf3a2bb796ce (DEFAULT_TABLE table=range_aware_auto_rebalancer_test [id=31e693bf9018429ebf111e8ae6c59835]), partition=HASH (key) PARTITION 0, RANGE (key) PARTITION 0 <= VALUES < 10
I20260608 10:05:38.842533 30632 data_dirs.cc:400] Could only allocate 1 dirs of requested 3 for tablet 6adbf61f62994585af69bf3a2bb796ce. 1 dirs total, 0 dirs full, 0 dirs failed
I20260608 10:05:38.845328 30631 tablet_service.cc:1511] Processing CreateTablet for tablet 24d5f1ae8feb4c14868f987ba0d108ba (DEFAULT_TABLE table=range_aware_auto_rebalancer_test [id=31e693bf9018429ebf111e8ae6c59835]), partition=HASH (key) PARTITION 0, RANGE (key) PARTITION 10 <= VALUES < 20
I20260608 10:05:38.847047 30631 data_dirs.cc:400] Could only allocate 1 dirs of requested 3 for tablet 24d5f1ae8feb4c14868f987ba0d108ba. 1 dirs total, 0 dirs full, 0 dirs failed
I20260608 10:05:38.849279 30630 tablet_service.cc:1511] Processing CreateTablet for tablet b583c3278e094ff19b4b22dded009c6e (DEFAULT_TABLE table=range_aware_auto_rebalancer_test [id=31e693bf9018429ebf111e8ae6c59835]), partition=HASH (key) PARTITION 1, RANGE (key) PARTITION 0 <= VALUES < 10
I20260608 10:05:38.850984 30630 data_dirs.cc:400] Could only allocate 1 dirs of requested 3 for tablet b583c3278e094ff19b4b22dded009c6e. 1 dirs total, 0 dirs full, 0 dirs failed
I20260608 10:05:38.853253 30629 tablet_service.cc:1511] Processing CreateTablet for tablet 55f488562fec41f0b7f6514a283f8d43 (DEFAULT_TABLE table=range_aware_auto_rebalancer_test [id=31e693bf9018429ebf111e8ae6c59835]), partition=HASH (key) PARTITION 1, RANGE (key) PARTITION 10 <= VALUES < 20
I20260608 10:05:38.854875 30629 data_dirs.cc:400] Could only allocate 1 dirs of requested 3 for tablet 55f488562fec41f0b7f6514a283f8d43. 1 dirs total, 0 dirs full, 0 dirs failed
I20260608 10:05:38.892884 30837 tablet_bootstrap.cc:492] T 6adbf61f62994585af69bf3a2bb796ce P eb99fa0d0b0743aeb93cfbd3569dba6f: Bootstrap starting.
I20260608 10:05:38.893487 30836 tablet_bootstrap.cc:492] T 6adbf61f62994585af69bf3a2bb796ce P f674c1d20a5d49ad851ac3b6cab6c9d4: Bootstrap starting.
I20260608 10:05:38.903623 30837 tablet_bootstrap.cc:654] T 6adbf61f62994585af69bf3a2bb796ce P eb99fa0d0b0743aeb93cfbd3569dba6f: Neither blocks nor log segments found. Creating new log.
I20260608 10:05:38.911564 30838 tablet_bootstrap.cc:492] T 6adbf61f62994585af69bf3a2bb796ce P 16cb4f0440384382b2fe419337dc4f70: Bootstrap starting.
I20260608 10:05:38.913970 30836 tablet_bootstrap.cc:654] T 6adbf61f62994585af69bf3a2bb796ce P f674c1d20a5d49ad851ac3b6cab6c9d4: Neither blocks nor log segments found. Creating new log.
I20260608 10:05:38.918438 30837 tablet_bootstrap.cc:492] T 6adbf61f62994585af69bf3a2bb796ce P eb99fa0d0b0743aeb93cfbd3569dba6f: No bootstrap required, opened a new log
I20260608 10:05:38.919027 30837 ts_tablet_manager.cc:1403] T 6adbf61f62994585af69bf3a2bb796ce P eb99fa0d0b0743aeb93cfbd3569dba6f: Time spent bootstrapping tablet: real 0.027s	user 0.006s	sys 0.007s
I20260608 10:05:38.919862 30836 tablet_bootstrap.cc:492] T 6adbf61f62994585af69bf3a2bb796ce P f674c1d20a5d49ad851ac3b6cab6c9d4: No bootstrap required, opened a new log
I20260608 10:05:38.920387 30836 ts_tablet_manager.cc:1403] T 6adbf61f62994585af69bf3a2bb796ce P f674c1d20a5d49ad851ac3b6cab6c9d4: Time spent bootstrapping tablet: real 0.027s	user 0.015s	sys 0.000s
I20260608 10:05:38.921260 30838 tablet_bootstrap.cc:654] T 6adbf61f62994585af69bf3a2bb796ce P 16cb4f0440384382b2fe419337dc4f70: Neither blocks nor log segments found. Creating new log.
I20260608 10:05:38.922494 30837 raft_consensus.cc:359] T 6adbf61f62994585af69bf3a2bb796ce P eb99fa0d0b0743aeb93cfbd3569dba6f [term 0 FOLLOWER]: Replica starting. Triggering 0 pending ops. Active config: opid_index: -1 OBSOLETE_local: false peers { permanent_uuid: "f674c1d20a5d49ad851ac3b6cab6c9d4" member_type: VOTER last_known_addr { host: "127.27.97.131" port: 36587 } } peers { permanent_uuid: "eb99fa0d0b0743aeb93cfbd3569dba6f" member_type: VOTER last_known_addr { host: "127.27.97.130" port: 40397 } } peers { permanent_uuid: "16cb4f0440384382b2fe419337dc4f70" member_type: VOTER last_known_addr { host: "127.27.97.129" port: 41799 } }
I20260608 10:05:38.923370 30837 raft_consensus.cc:385] T 6adbf61f62994585af69bf3a2bb796ce P eb99fa0d0b0743aeb93cfbd3569dba6f [term 0 FOLLOWER]: Consensus starting up: Expiring failure detector timer to make a prompt election more likely
I20260608 10:05:38.923130 30836 raft_consensus.cc:359] T 6adbf61f62994585af69bf3a2bb796ce P f674c1d20a5d49ad851ac3b6cab6c9d4 [term 0 FOLLOWER]: Replica starting. Triggering 0 pending ops. Active config: opid_index: -1 OBSOLETE_local: false peers { permanent_uuid: "f674c1d20a5d49ad851ac3b6cab6c9d4" member_type: VOTER last_known_addr { host: "127.27.97.131" port: 36587 } } peers { permanent_uuid: "eb99fa0d0b0743aeb93cfbd3569dba6f" member_type: VOTER last_known_addr { host: "127.27.97.130" port: 40397 } } peers { permanent_uuid: "16cb4f0440384382b2fe419337dc4f70" member_type: VOTER last_known_addr { host: "127.27.97.129" port: 41799 } }
I20260608 10:05:38.923748 30837 raft_consensus.cc:740] T 6adbf61f62994585af69bf3a2bb796ce P eb99fa0d0b0743aeb93cfbd3569dba6f [term 0 FOLLOWER]: Becoming Follower/Learner. State: Replica: eb99fa0d0b0743aeb93cfbd3569dba6f, State: Initialized, Role: FOLLOWER
I20260608 10:05:38.923997 30836 raft_consensus.cc:385] T 6adbf61f62994585af69bf3a2bb796ce P f674c1d20a5d49ad851ac3b6cab6c9d4 [term 0 FOLLOWER]: Consensus starting up: Expiring failure detector timer to make a prompt election more likely
I20260608 10:05:38.924489 30836 raft_consensus.cc:740] T 6adbf61f62994585af69bf3a2bb796ce P f674c1d20a5d49ad851ac3b6cab6c9d4 [term 0 FOLLOWER]: Becoming Follower/Learner. State: Replica: f674c1d20a5d49ad851ac3b6cab6c9d4, State: Initialized, Role: FOLLOWER
I20260608 10:05:38.924903 30837 consensus_queue.cc:260] T 6adbf61f62994585af69bf3a2bb796ce P eb99fa0d0b0743aeb93cfbd3569dba6f [NON_LEADER]: Queue going to NON_LEADER mode. State: All replicated index: 0, Majority replicated index: 0, Committed index: 0, Last appended: 0.0, Last appended by leader: 0, Current term: 0, Majority size: -1, State: 0, Mode: NON_LEADER, active raft config: opid_index: -1 OBSOLETE_local: false peers { permanent_uuid: "f674c1d20a5d49ad851ac3b6cab6c9d4" member_type: VOTER last_known_addr { host: "127.27.97.131" port: 36587 } } peers { permanent_uuid: "eb99fa0d0b0743aeb93cfbd3569dba6f" member_type: VOTER last_known_addr { host: "127.27.97.130" port: 40397 } } peers { permanent_uuid: "16cb4f0440384382b2fe419337dc4f70" member_type: VOTER last_known_addr { host: "127.27.97.129" port: 41799 } }
I20260608 10:05:38.925518 30836 consensus_queue.cc:260] T 6adbf61f62994585af69bf3a2bb796ce P f674c1d20a5d49ad851ac3b6cab6c9d4 [NON_LEADER]: Queue going to NON_LEADER mode. State: All replicated index: 0, Majority replicated index: 0, Committed index: 0, Last appended: 0.0, Last appended by leader: 0, Current term: 0, Majority size: -1, State: 0, Mode: NON_LEADER, active raft config: opid_index: -1 OBSOLETE_local: false peers { permanent_uuid: "f674c1d20a5d49ad851ac3b6cab6c9d4" member_type: VOTER last_known_addr { host: "127.27.97.131" port: 36587 } } peers { permanent_uuid: "eb99fa0d0b0743aeb93cfbd3569dba6f" member_type: VOTER last_known_addr { host: "127.27.97.130" port: 40397 } } peers { permanent_uuid: "16cb4f0440384382b2fe419337dc4f70" member_type: VOTER last_known_addr { host: "127.27.97.129" port: 41799 } }
I20260608 10:05:38.929421 30836 ts_tablet_manager.cc:1434] T 6adbf61f62994585af69bf3a2bb796ce P f674c1d20a5d49ad851ac3b6cab6c9d4: Time spent starting tablet: real 0.009s	user 0.002s	sys 0.006s
I20260608 10:05:38.929929 30838 tablet_bootstrap.cc:492] T 6adbf61f62994585af69bf3a2bb796ce P 16cb4f0440384382b2fe419337dc4f70: No bootstrap required, opened a new log
I20260608 10:05:38.930644 30836 tablet_bootstrap.cc:492] T b583c3278e094ff19b4b22dded009c6e P f674c1d20a5d49ad851ac3b6cab6c9d4: Bootstrap starting.
I20260608 10:05:38.930724 30838 ts_tablet_manager.cc:1403] T 6adbf61f62994585af69bf3a2bb796ce P 16cb4f0440384382b2fe419337dc4f70: Time spent bootstrapping tablet: real 0.020s	user 0.011s	sys 0.005s
I20260608 10:05:38.935335 30838 raft_consensus.cc:359] T 6adbf61f62994585af69bf3a2bb796ce P 16cb4f0440384382b2fe419337dc4f70 [term 0 FOLLOWER]: Replica starting. Triggering 0 pending ops. Active config: opid_index: -1 OBSOLETE_local: false peers { permanent_uuid: "f674c1d20a5d49ad851ac3b6cab6c9d4" member_type: VOTER last_known_addr { host: "127.27.97.131" port: 36587 } } peers { permanent_uuid: "eb99fa0d0b0743aeb93cfbd3569dba6f" member_type: VOTER last_known_addr { host: "127.27.97.130" port: 40397 } } peers { permanent_uuid: "16cb4f0440384382b2fe419337dc4f70" member_type: VOTER last_known_addr { host: "127.27.97.129" port: 41799 } }
I20260608 10:05:38.936583 30838 raft_consensus.cc:385] T 6adbf61f62994585af69bf3a2bb796ce P 16cb4f0440384382b2fe419337dc4f70 [term 0 FOLLOWER]: Consensus starting up: Expiring failure detector timer to make a prompt election more likely
I20260608 10:05:38.937043 30838 raft_consensus.cc:740] T 6adbf61f62994585af69bf3a2bb796ce P 16cb4f0440384382b2fe419337dc4f70 [term 0 FOLLOWER]: Becoming Follower/Learner. State: Replica: 16cb4f0440384382b2fe419337dc4f70, State: Initialized, Role: FOLLOWER
I20260608 10:05:38.938990 30836 tablet_bootstrap.cc:654] T b583c3278e094ff19b4b22dded009c6e P f674c1d20a5d49ad851ac3b6cab6c9d4: Neither blocks nor log segments found. Creating new log.
I20260608 10:05:38.938387 30838 consensus_queue.cc:260] T 6adbf61f62994585af69bf3a2bb796ce P 16cb4f0440384382b2fe419337dc4f70 [NON_LEADER]: Queue going to NON_LEADER mode. State: All replicated index: 0, Majority replicated index: 0, Committed index: 0, Last appended: 0.0, Last appended by leader: 0, Current term: 0, Majority size: -1, State: 0, Mode: NON_LEADER, active raft config: opid_index: -1 OBSOLETE_local: false peers { permanent_uuid: "f674c1d20a5d49ad851ac3b6cab6c9d4" member_type: VOTER last_known_addr { host: "127.27.97.131" port: 36587 } } peers { permanent_uuid: "eb99fa0d0b0743aeb93cfbd3569dba6f" member_type: VOTER last_known_addr { host: "127.27.97.130" port: 40397 } } peers { permanent_uuid: "16cb4f0440384382b2fe419337dc4f70" member_type: VOTER last_known_addr { host: "127.27.97.129" port: 41799 } }
I20260608 10:05:38.943637 30837 ts_tablet_manager.cc:1434] T 6adbf61f62994585af69bf3a2bb796ce P eb99fa0d0b0743aeb93cfbd3569dba6f: Time spent starting tablet: real 0.024s	user 0.012s	sys 0.012s
I20260608 10:05:38.945282 30837 tablet_bootstrap.cc:492] T 55f488562fec41f0b7f6514a283f8d43 P eb99fa0d0b0743aeb93cfbd3569dba6f: Bootstrap starting.
I20260608 10:05:38.954174 30837 tablet_bootstrap.cc:654] T 55f488562fec41f0b7f6514a283f8d43 P eb99fa0d0b0743aeb93cfbd3569dba6f: Neither blocks nor log segments found. Creating new log.
I20260608 10:05:38.954111 30838 ts_tablet_manager.cc:1434] T 6adbf61f62994585af69bf3a2bb796ce P 16cb4f0440384382b2fe419337dc4f70: Time spent starting tablet: real 0.023s	user 0.009s	sys 0.010s
I20260608 10:05:38.956404 30836 tablet_bootstrap.cc:492] T b583c3278e094ff19b4b22dded009c6e P f674c1d20a5d49ad851ac3b6cab6c9d4: No bootstrap required, opened a new log
I20260608 10:05:38.956998 30836 ts_tablet_manager.cc:1403] T b583c3278e094ff19b4b22dded009c6e P f674c1d20a5d49ad851ac3b6cab6c9d4: Time spent bootstrapping tablet: real 0.027s	user 0.011s	sys 0.005s
W20260608 10:05:38.957937 30668 tablet.cc:2404] T 6adbf61f62994585af69bf3a2bb796ce P 16cb4f0440384382b2fe419337dc4f70: Can't schedule compaction. Clean time has not been advanced past its initial value.
I20260608 10:05:38.957054 30838 tablet_bootstrap.cc:492] T b583c3278e094ff19b4b22dded009c6e P 16cb4f0440384382b2fe419337dc4f70: Bootstrap starting.
I20260608 10:05:38.961074 30836 raft_consensus.cc:359] T b583c3278e094ff19b4b22dded009c6e P f674c1d20a5d49ad851ac3b6cab6c9d4 [term 0 FOLLOWER]: Replica starting. Triggering 0 pending ops. Active config: opid_index: -1 OBSOLETE_local: false peers { permanent_uuid: "16cb4f0440384382b2fe419337dc4f70" member_type: VOTER last_known_addr { host: "127.27.97.129" port: 41799 } } peers { permanent_uuid: "eb99fa0d0b0743aeb93cfbd3569dba6f" member_type: VOTER last_known_addr { host: "127.27.97.130" port: 40397 } } peers { permanent_uuid: "f674c1d20a5d49ad851ac3b6cab6c9d4" member_type: VOTER last_known_addr { host: "127.27.97.131" port: 36587 } }
I20260608 10:05:38.962273 30836 raft_consensus.cc:385] T b583c3278e094ff19b4b22dded009c6e P f674c1d20a5d49ad851ac3b6cab6c9d4 [term 0 FOLLOWER]: Consensus starting up: Expiring failure detector timer to make a prompt election more likely
I20260608 10:05:38.962769 30836 raft_consensus.cc:740] T b583c3278e094ff19b4b22dded009c6e P f674c1d20a5d49ad851ac3b6cab6c9d4 [term 0 FOLLOWER]: Becoming Follower/Learner. State: Replica: f674c1d20a5d49ad851ac3b6cab6c9d4, State: Initialized, Role: FOLLOWER
I20260608 10:05:38.964193 30836 consensus_queue.cc:260] T b583c3278e094ff19b4b22dded009c6e P f674c1d20a5d49ad851ac3b6cab6c9d4 [NON_LEADER]: Queue going to NON_LEADER mode. State: All replicated index: 0, Majority replicated index: 0, Committed index: 0, Last appended: 0.0, Last appended by leader: 0, Current term: 0, Majority size: -1, State: 0, Mode: NON_LEADER, active raft config: opid_index: -1 OBSOLETE_local: false peers { permanent_uuid: "16cb4f0440384382b2fe419337dc4f70" member_type: VOTER last_known_addr { host: "127.27.97.129" port: 41799 } } peers { permanent_uuid: "eb99fa0d0b0743aeb93cfbd3569dba6f" member_type: VOTER last_known_addr { host: "127.27.97.130" port: 40397 } } peers { permanent_uuid: "f674c1d20a5d49ad851ac3b6cab6c9d4" member_type: VOTER last_known_addr { host: "127.27.97.131" port: 36587 } }
I20260608 10:05:38.967017 30838 tablet_bootstrap.cc:654] T b583c3278e094ff19b4b22dded009c6e P 16cb4f0440384382b2fe419337dc4f70: Neither blocks nor log segments found. Creating new log.
I20260608 10:05:38.970286 30836 ts_tablet_manager.cc:1434] T b583c3278e094ff19b4b22dded009c6e P f674c1d20a5d49ad851ac3b6cab6c9d4: Time spent starting tablet: real 0.013s	user 0.006s	sys 0.002s
I20260608 10:05:38.971467 30836 tablet_bootstrap.cc:492] T 55f488562fec41f0b7f6514a283f8d43 P f674c1d20a5d49ad851ac3b6cab6c9d4: Bootstrap starting.
I20260608 10:05:38.971802 30837 tablet_bootstrap.cc:492] T 55f488562fec41f0b7f6514a283f8d43 P eb99fa0d0b0743aeb93cfbd3569dba6f: No bootstrap required, opened a new log
I20260608 10:05:38.972622 30837 ts_tablet_manager.cc:1403] T 55f488562fec41f0b7f6514a283f8d43 P eb99fa0d0b0743aeb93cfbd3569dba6f: Time spent bootstrapping tablet: real 0.028s	user 0.016s	sys 0.009s
I20260608 10:05:38.976878 30837 raft_consensus.cc:359] T 55f488562fec41f0b7f6514a283f8d43 P eb99fa0d0b0743aeb93cfbd3569dba6f [term 0 FOLLOWER]: Replica starting. Triggering 0 pending ops. Active config: opid_index: -1 OBSOLETE_local: false peers { permanent_uuid: "16cb4f0440384382b2fe419337dc4f70" member_type: VOTER last_known_addr { host: "127.27.97.129" port: 41799 } } peers { permanent_uuid: "eb99fa0d0b0743aeb93cfbd3569dba6f" member_type: VOTER last_known_addr { host: "127.27.97.130" port: 40397 } } peers { permanent_uuid: "f674c1d20a5d49ad851ac3b6cab6c9d4" member_type: VOTER last_known_addr { host: "127.27.97.131" port: 36587 } }
I20260608 10:05:38.977753 30837 raft_consensus.cc:385] T 55f488562fec41f0b7f6514a283f8d43 P eb99fa0d0b0743aeb93cfbd3569dba6f [term 0 FOLLOWER]: Consensus starting up: Expiring failure detector timer to make a prompt election more likely
I20260608 10:05:38.978116 30837 raft_consensus.cc:740] T 55f488562fec41f0b7f6514a283f8d43 P eb99fa0d0b0743aeb93cfbd3569dba6f [term 0 FOLLOWER]: Becoming Follower/Learner. State: Replica: eb99fa0d0b0743aeb93cfbd3569dba6f, State: Initialized, Role: FOLLOWER
I20260608 10:05:38.979285 30838 tablet_bootstrap.cc:492] T b583c3278e094ff19b4b22dded009c6e P 16cb4f0440384382b2fe419337dc4f70: No bootstrap required, opened a new log
I20260608 10:05:38.978948 30837 consensus_queue.cc:260] T 55f488562fec41f0b7f6514a283f8d43 P eb99fa0d0b0743aeb93cfbd3569dba6f [NON_LEADER]: Queue going to NON_LEADER mode. State: All replicated index: 0, Majority replicated index: 0, Committed index: 0, Last appended: 0.0, Last appended by leader: 0, Current term: 0, Majority size: -1, State: 0, Mode: NON_LEADER, active raft config: opid_index: -1 OBSOLETE_local: false peers { permanent_uuid: "16cb4f0440384382b2fe419337dc4f70" member_type: VOTER last_known_addr { host: "127.27.97.129" port: 41799 } } peers { permanent_uuid: "eb99fa0d0b0743aeb93cfbd3569dba6f" member_type: VOTER last_known_addr { host: "127.27.97.130" port: 40397 } } peers { permanent_uuid: "f674c1d20a5d49ad851ac3b6cab6c9d4" member_type: VOTER last_known_addr { host: "127.27.97.131" port: 36587 } }
I20260608 10:05:38.978964 30836 tablet_bootstrap.cc:654] T 55f488562fec41f0b7f6514a283f8d43 P f674c1d20a5d49ad851ac3b6cab6c9d4: Neither blocks nor log segments found. Creating new log.
I20260608 10:05:38.979993 30838 ts_tablet_manager.cc:1403] T b583c3278e094ff19b4b22dded009c6e P 16cb4f0440384382b2fe419337dc4f70: Time spent bootstrapping tablet: real 0.023s	user 0.010s	sys 0.010s
I20260608 10:05:38.982385 30837 ts_tablet_manager.cc:1434] T 55f488562fec41f0b7f6514a283f8d43 P eb99fa0d0b0743aeb93cfbd3569dba6f: Time spent starting tablet: real 0.009s	user 0.004s	sys 0.003s
I20260608 10:05:38.985178 30837 tablet_bootstrap.cc:492] T b583c3278e094ff19b4b22dded009c6e P eb99fa0d0b0743aeb93cfbd3569dba6f: Bootstrap starting.
I20260608 10:05:38.985685 30838 raft_consensus.cc:359] T b583c3278e094ff19b4b22dded009c6e P 16cb4f0440384382b2fe419337dc4f70 [term 0 FOLLOWER]: Replica starting. Triggering 0 pending ops. Active config: opid_index: -1 OBSOLETE_local: false peers { permanent_uuid: "16cb4f0440384382b2fe419337dc4f70" member_type: VOTER last_known_addr { host: "127.27.97.129" port: 41799 } } peers { permanent_uuid: "eb99fa0d0b0743aeb93cfbd3569dba6f" member_type: VOTER last_known_addr { host: "127.27.97.130" port: 40397 } } peers { permanent_uuid: "f674c1d20a5d49ad851ac3b6cab6c9d4" member_type: VOTER last_known_addr { host: "127.27.97.131" port: 36587 } }
I20260608 10:05:38.986521 30838 raft_consensus.cc:385] T b583c3278e094ff19b4b22dded009c6e P 16cb4f0440384382b2fe419337dc4f70 [term 0 FOLLOWER]: Consensus starting up: Expiring failure detector timer to make a prompt election more likely
I20260608 10:05:38.986884 30838 raft_consensus.cc:740] T b583c3278e094ff19b4b22dded009c6e P 16cb4f0440384382b2fe419337dc4f70 [term 0 FOLLOWER]: Becoming Follower/Learner. State: Replica: 16cb4f0440384382b2fe419337dc4f70, State: Initialized, Role: FOLLOWER
I20260608 10:05:38.987946 30838 consensus_queue.cc:260] T b583c3278e094ff19b4b22dded009c6e P 16cb4f0440384382b2fe419337dc4f70 [NON_LEADER]: Queue going to NON_LEADER mode. State: All replicated index: 0, Majority replicated index: 0, Committed index: 0, Last appended: 0.0, Last appended by leader: 0, Current term: 0, Majority size: -1, State: 0, Mode: NON_LEADER, active raft config: opid_index: -1 OBSOLETE_local: false peers { permanent_uuid: "16cb4f0440384382b2fe419337dc4f70" member_type: VOTER last_known_addr { host: "127.27.97.129" port: 41799 } } peers { permanent_uuid: "eb99fa0d0b0743aeb93cfbd3569dba6f" member_type: VOTER last_known_addr { host: "127.27.97.130" port: 40397 } } peers { permanent_uuid: "f674c1d20a5d49ad851ac3b6cab6c9d4" member_type: VOTER last_known_addr { host: "127.27.97.131" port: 36587 } }
I20260608 10:05:38.992828 30837 tablet_bootstrap.cc:654] T b583c3278e094ff19b4b22dded009c6e P eb99fa0d0b0743aeb93cfbd3569dba6f: Neither blocks nor log segments found. Creating new log.
I20260608 10:05:38.993490 30838 ts_tablet_manager.cc:1434] T b583c3278e094ff19b4b22dded009c6e P 16cb4f0440384382b2fe419337dc4f70: Time spent starting tablet: real 0.011s	user 0.006s	sys 0.000s
I20260608 10:05:38.994740 30838 tablet_bootstrap.cc:492] T 24d5f1ae8feb4c14868f987ba0d108ba P 16cb4f0440384382b2fe419337dc4f70: Bootstrap starting.
I20260608 10:05:39.003026 30838 tablet_bootstrap.cc:654] T 24d5f1ae8feb4c14868f987ba0d108ba P 16cb4f0440384382b2fe419337dc4f70: Neither blocks nor log segments found. Creating new log.
I20260608 10:05:39.010849 30837 tablet_bootstrap.cc:492] T b583c3278e094ff19b4b22dded009c6e P eb99fa0d0b0743aeb93cfbd3569dba6f: No bootstrap required, opened a new log
I20260608 10:05:39.011430 30837 ts_tablet_manager.cc:1403] T b583c3278e094ff19b4b22dded009c6e P eb99fa0d0b0743aeb93cfbd3569dba6f: Time spent bootstrapping tablet: real 0.026s	user 0.009s	sys 0.009s
I20260608 10:05:39.011853 30836 tablet_bootstrap.cc:492] T 55f488562fec41f0b7f6514a283f8d43 P f674c1d20a5d49ad851ac3b6cab6c9d4: No bootstrap required, opened a new log
I20260608 10:05:39.012023 30838 tablet_bootstrap.cc:492] T 24d5f1ae8feb4c14868f987ba0d108ba P 16cb4f0440384382b2fe419337dc4f70: No bootstrap required, opened a new log
I20260608 10:05:39.012454 30836 ts_tablet_manager.cc:1403] T 55f488562fec41f0b7f6514a283f8d43 P f674c1d20a5d49ad851ac3b6cab6c9d4: Time spent bootstrapping tablet: real 0.041s	user 0.024s	sys 0.015s
I20260608 10:05:39.012727 30838 ts_tablet_manager.cc:1403] T 24d5f1ae8feb4c14868f987ba0d108ba P 16cb4f0440384382b2fe419337dc4f70: Time spent bootstrapping tablet: real 0.018s	user 0.017s	sys 0.000s
I20260608 10:05:39.014704 30837 raft_consensus.cc:359] T b583c3278e094ff19b4b22dded009c6e P eb99fa0d0b0743aeb93cfbd3569dba6f [term 0 FOLLOWER]: Replica starting. Triggering 0 pending ops. Active config: opid_index: -1 OBSOLETE_local: false peers { permanent_uuid: "16cb4f0440384382b2fe419337dc4f70" member_type: VOTER last_known_addr { host: "127.27.97.129" port: 41799 } } peers { permanent_uuid: "eb99fa0d0b0743aeb93cfbd3569dba6f" member_type: VOTER last_known_addr { host: "127.27.97.130" port: 40397 } } peers { permanent_uuid: "f674c1d20a5d49ad851ac3b6cab6c9d4" member_type: VOTER last_known_addr { host: "127.27.97.131" port: 36587 } }
I20260608 10:05:39.015203 30838 raft_consensus.cc:359] T 24d5f1ae8feb4c14868f987ba0d108ba P 16cb4f0440384382b2fe419337dc4f70 [term 0 FOLLOWER]: Replica starting. Triggering 0 pending ops. Active config: opid_index: -1 OBSOLETE_local: false peers { permanent_uuid: "16cb4f0440384382b2fe419337dc4f70" member_type: VOTER last_known_addr { host: "127.27.97.129" port: 41799 } } peers { permanent_uuid: "eb99fa0d0b0743aeb93cfbd3569dba6f" member_type: VOTER last_known_addr { host: "127.27.97.130" port: 40397 } } peers { permanent_uuid: "f674c1d20a5d49ad851ac3b6cab6c9d4" member_type: VOTER last_known_addr { host: "127.27.97.131" port: 36587 } }
I20260608 10:05:39.015524 30837 raft_consensus.cc:385] T b583c3278e094ff19b4b22dded009c6e P eb99fa0d0b0743aeb93cfbd3569dba6f [term 0 FOLLOWER]: Consensus starting up: Expiring failure detector timer to make a prompt election more likely
I20260608 10:05:39.015956 30838 raft_consensus.cc:385] T 24d5f1ae8feb4c14868f987ba0d108ba P 16cb4f0440384382b2fe419337dc4f70 [term 0 FOLLOWER]: Consensus starting up: Expiring failure detector timer to make a prompt election more likely
I20260608 10:05:39.015682 30836 raft_consensus.cc:359] T 55f488562fec41f0b7f6514a283f8d43 P f674c1d20a5d49ad851ac3b6cab6c9d4 [term 0 FOLLOWER]: Replica starting. Triggering 0 pending ops. Active config: opid_index: -1 OBSOLETE_local: false peers { permanent_uuid: "16cb4f0440384382b2fe419337dc4f70" member_type: VOTER last_known_addr { host: "127.27.97.129" port: 41799 } } peers { permanent_uuid: "eb99fa0d0b0743aeb93cfbd3569dba6f" member_type: VOTER last_known_addr { host: "127.27.97.130" port: 40397 } } peers { permanent_uuid: "f674c1d20a5d49ad851ac3b6cab6c9d4" member_type: VOTER last_known_addr { host: "127.27.97.131" port: 36587 } }
I20260608 10:05:39.016021 30837 raft_consensus.cc:740] T b583c3278e094ff19b4b22dded009c6e P eb99fa0d0b0743aeb93cfbd3569dba6f [term 0 FOLLOWER]: Becoming Follower/Learner. State: Replica: eb99fa0d0b0743aeb93cfbd3569dba6f, State: Initialized, Role: FOLLOWER
I20260608 10:05:39.016448 30838 raft_consensus.cc:740] T 24d5f1ae8feb4c14868f987ba0d108ba P 16cb4f0440384382b2fe419337dc4f70 [term 0 FOLLOWER]: Becoming Follower/Learner. State: Replica: 16cb4f0440384382b2fe419337dc4f70, State: Initialized, Role: FOLLOWER
I20260608 10:05:39.016609 30836 raft_consensus.cc:385] T 55f488562fec41f0b7f6514a283f8d43 P f674c1d20a5d49ad851ac3b6cab6c9d4 [term 0 FOLLOWER]: Consensus starting up: Expiring failure detector timer to make a prompt election more likely
I20260608 10:05:39.017040 30836 raft_consensus.cc:740] T 55f488562fec41f0b7f6514a283f8d43 P f674c1d20a5d49ad851ac3b6cab6c9d4 [term 0 FOLLOWER]: Becoming Follower/Learner. State: Replica: f674c1d20a5d49ad851ac3b6cab6c9d4, State: Initialized, Role: FOLLOWER
I20260608 10:05:39.017414 30838 consensus_queue.cc:260] T 24d5f1ae8feb4c14868f987ba0d108ba P 16cb4f0440384382b2fe419337dc4f70 [NON_LEADER]: Queue going to NON_LEADER mode. State: All replicated index: 0, Majority replicated index: 0, Committed index: 0, Last appended: 0.0, Last appended by leader: 0, Current term: 0, Majority size: -1, State: 0, Mode: NON_LEADER, active raft config: opid_index: -1 OBSOLETE_local: false peers { permanent_uuid: "16cb4f0440384382b2fe419337dc4f70" member_type: VOTER last_known_addr { host: "127.27.97.129" port: 41799 } } peers { permanent_uuid: "eb99fa0d0b0743aeb93cfbd3569dba6f" member_type: VOTER last_known_addr { host: "127.27.97.130" port: 40397 } } peers { permanent_uuid: "f674c1d20a5d49ad851ac3b6cab6c9d4" member_type: VOTER last_known_addr { host: "127.27.97.131" port: 36587 } }
I20260608 10:05:39.017273 30837 consensus_queue.cc:260] T b583c3278e094ff19b4b22dded009c6e P eb99fa0d0b0743aeb93cfbd3569dba6f [NON_LEADER]: Queue going to NON_LEADER mode. State: All replicated index: 0, Majority replicated index: 0, Committed index: 0, Last appended: 0.0, Last appended by leader: 0, Current term: 0, Majority size: -1, State: 0, Mode: NON_LEADER, active raft config: opid_index: -1 OBSOLETE_local: false peers { permanent_uuid: "16cb4f0440384382b2fe419337dc4f70" member_type: VOTER last_known_addr { host: "127.27.97.129" port: 41799 } } peers { permanent_uuid: "eb99fa0d0b0743aeb93cfbd3569dba6f" member_type: VOTER last_known_addr { host: "127.27.97.130" port: 40397 } } peers { permanent_uuid: "f674c1d20a5d49ad851ac3b6cab6c9d4" member_type: VOTER last_known_addr { host: "127.27.97.131" port: 36587 } }
I20260608 10:05:39.017926 30836 consensus_queue.cc:260] T 55f488562fec41f0b7f6514a283f8d43 P f674c1d20a5d49ad851ac3b6cab6c9d4 [NON_LEADER]: Queue going to NON_LEADER mode. State: All replicated index: 0, Majority replicated index: 0, Committed index: 0, Last appended: 0.0, Last appended by leader: 0, Current term: 0, Majority size: -1, State: 0, Mode: NON_LEADER, active raft config: opid_index: -1 OBSOLETE_local: false peers { permanent_uuid: "16cb4f0440384382b2fe419337dc4f70" member_type: VOTER last_known_addr { host: "127.27.97.129" port: 41799 } } peers { permanent_uuid: "eb99fa0d0b0743aeb93cfbd3569dba6f" member_type: VOTER last_known_addr { host: "127.27.97.130" port: 40397 } } peers { permanent_uuid: "f674c1d20a5d49ad851ac3b6cab6c9d4" member_type: VOTER last_known_addr { host: "127.27.97.131" port: 36587 } }
I20260608 10:05:39.019850 30838 ts_tablet_manager.cc:1434] T 24d5f1ae8feb4c14868f987ba0d108ba P 16cb4f0440384382b2fe419337dc4f70: Time spent starting tablet: real 0.007s	user 0.003s	sys 0.000s
I20260608 10:05:39.020009 30837 ts_tablet_manager.cc:1434] T b583c3278e094ff19b4b22dded009c6e P eb99fa0d0b0743aeb93cfbd3569dba6f: Time spent starting tablet: real 0.008s	user 0.010s	sys 0.000s
I20260608 10:05:39.021126 30838 tablet_bootstrap.cc:492] T 55f488562fec41f0b7f6514a283f8d43 P 16cb4f0440384382b2fe419337dc4f70: Bootstrap starting.
I20260608 10:05:39.021126 30837 tablet_bootstrap.cc:492] T 24d5f1ae8feb4c14868f987ba0d108ba P eb99fa0d0b0743aeb93cfbd3569dba6f: Bootstrap starting.
I20260608 10:05:39.026953 30836 ts_tablet_manager.cc:1434] T 55f488562fec41f0b7f6514a283f8d43 P f674c1d20a5d49ad851ac3b6cab6c9d4: Time spent starting tablet: real 0.014s	user 0.007s	sys 0.000s
I20260608 10:05:39.028302 30837 tablet_bootstrap.cc:654] T 24d5f1ae8feb4c14868f987ba0d108ba P eb99fa0d0b0743aeb93cfbd3569dba6f: Neither blocks nor log segments found. Creating new log.
I20260608 10:05:39.030737 30836 tablet_bootstrap.cc:492] T 24d5f1ae8feb4c14868f987ba0d108ba P f674c1d20a5d49ad851ac3b6cab6c9d4: Bootstrap starting.
I20260608 10:05:39.038492 30838 tablet_bootstrap.cc:654] T 55f488562fec41f0b7f6514a283f8d43 P 16cb4f0440384382b2fe419337dc4f70: Neither blocks nor log segments found. Creating new log.
I20260608 10:05:39.042677 30836 tablet_bootstrap.cc:654] T 24d5f1ae8feb4c14868f987ba0d108ba P f674c1d20a5d49ad851ac3b6cab6c9d4: Neither blocks nor log segments found. Creating new log.
I20260608 10:05:39.051879 30838 tablet_bootstrap.cc:492] T 55f488562fec41f0b7f6514a283f8d43 P 16cb4f0440384382b2fe419337dc4f70: No bootstrap required, opened a new log
I20260608 10:05:39.052846 30838 ts_tablet_manager.cc:1403] T 55f488562fec41f0b7f6514a283f8d43 P 16cb4f0440384382b2fe419337dc4f70: Time spent bootstrapping tablet: real 0.032s	user 0.014s	sys 0.006s
I20260608 10:05:39.054914 30837 tablet_bootstrap.cc:492] T 24d5f1ae8feb4c14868f987ba0d108ba P eb99fa0d0b0743aeb93cfbd3569dba6f: No bootstrap required, opened a new log
I20260608 10:05:39.055420 30837 ts_tablet_manager.cc:1403] T 24d5f1ae8feb4c14868f987ba0d108ba P eb99fa0d0b0743aeb93cfbd3569dba6f: Time spent bootstrapping tablet: real 0.035s	user 0.016s	sys 0.015s
I20260608 10:05:39.056178 30836 tablet_bootstrap.cc:492] T 24d5f1ae8feb4c14868f987ba0d108ba P f674c1d20a5d49ad851ac3b6cab6c9d4: No bootstrap required, opened a new log
I20260608 10:05:39.056218 30838 raft_consensus.cc:359] T 55f488562fec41f0b7f6514a283f8d43 P 16cb4f0440384382b2fe419337dc4f70 [term 0 FOLLOWER]: Replica starting. Triggering 0 pending ops. Active config: opid_index: -1 OBSOLETE_local: false peers { permanent_uuid: "16cb4f0440384382b2fe419337dc4f70" member_type: VOTER last_known_addr { host: "127.27.97.129" port: 41799 } } peers { permanent_uuid: "eb99fa0d0b0743aeb93cfbd3569dba6f" member_type: VOTER last_known_addr { host: "127.27.97.130" port: 40397 } } peers { permanent_uuid: "f674c1d20a5d49ad851ac3b6cab6c9d4" member_type: VOTER last_known_addr { host: "127.27.97.131" port: 36587 } }
I20260608 10:05:39.056859 30836 ts_tablet_manager.cc:1403] T 24d5f1ae8feb4c14868f987ba0d108ba P f674c1d20a5d49ad851ac3b6cab6c9d4: Time spent bootstrapping tablet: real 0.026s	user 0.013s	sys 0.007s
I20260608 10:05:39.057169 30838 raft_consensus.cc:385] T 55f488562fec41f0b7f6514a283f8d43 P 16cb4f0440384382b2fe419337dc4f70 [term 0 FOLLOWER]: Consensus starting up: Expiring failure detector timer to make a prompt election more likely
I20260608 10:05:39.057514 30838 raft_consensus.cc:740] T 55f488562fec41f0b7f6514a283f8d43 P 16cb4f0440384382b2fe419337dc4f70 [term 0 FOLLOWER]: Becoming Follower/Learner. State: Replica: 16cb4f0440384382b2fe419337dc4f70, State: Initialized, Role: FOLLOWER
I20260608 10:05:39.058223 30837 raft_consensus.cc:359] T 24d5f1ae8feb4c14868f987ba0d108ba P eb99fa0d0b0743aeb93cfbd3569dba6f [term 0 FOLLOWER]: Replica starting. Triggering 0 pending ops. Active config: opid_index: -1 OBSOLETE_local: false peers { permanent_uuid: "16cb4f0440384382b2fe419337dc4f70" member_type: VOTER last_known_addr { host: "127.27.97.129" port: 41799 } } peers { permanent_uuid: "eb99fa0d0b0743aeb93cfbd3569dba6f" member_type: VOTER last_known_addr { host: "127.27.97.130" port: 40397 } } peers { permanent_uuid: "f674c1d20a5d49ad851ac3b6cab6c9d4" member_type: VOTER last_known_addr { host: "127.27.97.131" port: 36587 } }
I20260608 10:05:39.058854 30837 raft_consensus.cc:385] T 24d5f1ae8feb4c14868f987ba0d108ba P eb99fa0d0b0743aeb93cfbd3569dba6f [term 0 FOLLOWER]: Consensus starting up: Expiring failure detector timer to make a prompt election more likely
I20260608 10:05:39.058395 30838 consensus_queue.cc:260] T 55f488562fec41f0b7f6514a283f8d43 P 16cb4f0440384382b2fe419337dc4f70 [NON_LEADER]: Queue going to NON_LEADER mode. State: All replicated index: 0, Majority replicated index: 0, Committed index: 0, Last appended: 0.0, Last appended by leader: 0, Current term: 0, Majority size: -1, State: 0, Mode: NON_LEADER, active raft config: opid_index: -1 OBSOLETE_local: false peers { permanent_uuid: "16cb4f0440384382b2fe419337dc4f70" member_type: VOTER last_known_addr { host: "127.27.97.129" port: 41799 } } peers { permanent_uuid: "eb99fa0d0b0743aeb93cfbd3569dba6f" member_type: VOTER last_known_addr { host: "127.27.97.130" port: 40397 } } peers { permanent_uuid: "f674c1d20a5d49ad851ac3b6cab6c9d4" member_type: VOTER last_known_addr { host: "127.27.97.131" port: 36587 } }
I20260608 10:05:39.059139 30837 raft_consensus.cc:740] T 24d5f1ae8feb4c14868f987ba0d108ba P eb99fa0d0b0743aeb93cfbd3569dba6f [term 0 FOLLOWER]: Becoming Follower/Learner. State: Replica: eb99fa0d0b0743aeb93cfbd3569dba6f, State: Initialized, Role: FOLLOWER
I20260608 10:05:39.060185 30836 raft_consensus.cc:359] T 24d5f1ae8feb4c14868f987ba0d108ba P f674c1d20a5d49ad851ac3b6cab6c9d4 [term 0 FOLLOWER]: Replica starting. Triggering 0 pending ops. Active config: opid_index: -1 OBSOLETE_local: false peers { permanent_uuid: "16cb4f0440384382b2fe419337dc4f70" member_type: VOTER last_known_addr { host: "127.27.97.129" port: 41799 } } peers { permanent_uuid: "eb99fa0d0b0743aeb93cfbd3569dba6f" member_type: VOTER last_known_addr { host: "127.27.97.130" port: 40397 } } peers { permanent_uuid: "f674c1d20a5d49ad851ac3b6cab6c9d4" member_type: VOTER last_known_addr { host: "127.27.97.131" port: 36587 } }
I20260608 10:05:39.060977 30838 ts_tablet_manager.cc:1434] T 55f488562fec41f0b7f6514a283f8d43 P 16cb4f0440384382b2fe419337dc4f70: Time spent starting tablet: real 0.008s	user 0.007s	sys 0.000s
I20260608 10:05:39.060202 30837 consensus_queue.cc:260] T 24d5f1ae8feb4c14868f987ba0d108ba P eb99fa0d0b0743aeb93cfbd3569dba6f [NON_LEADER]: Queue going to NON_LEADER mode. State: All replicated index: 0, Majority replicated index: 0, Committed index: 0, Last appended: 0.0, Last appended by leader: 0, Current term: 0, Majority size: -1, State: 0, Mode: NON_LEADER, active raft config: opid_index: -1 OBSOLETE_local: false peers { permanent_uuid: "16cb4f0440384382b2fe419337dc4f70" member_type: VOTER last_known_addr { host: "127.27.97.129" port: 41799 } } peers { permanent_uuid: "eb99fa0d0b0743aeb93cfbd3569dba6f" member_type: VOTER last_known_addr { host: "127.27.97.130" port: 40397 } } peers { permanent_uuid: "f674c1d20a5d49ad851ac3b6cab6c9d4" member_type: VOTER last_known_addr { host: "127.27.97.131" port: 36587 } }
I20260608 10:05:39.061303 30836 raft_consensus.cc:385] T 24d5f1ae8feb4c14868f987ba0d108ba P f674c1d20a5d49ad851ac3b6cab6c9d4 [term 0 FOLLOWER]: Consensus starting up: Expiring failure detector timer to make a prompt election more likely
I20260608 10:05:39.061703 30836 raft_consensus.cc:740] T 24d5f1ae8feb4c14868f987ba0d108ba P f674c1d20a5d49ad851ac3b6cab6c9d4 [term 0 FOLLOWER]: Becoming Follower/Learner. State: Replica: f674c1d20a5d49ad851ac3b6cab6c9d4, State: Initialized, Role: FOLLOWER
I20260608 10:05:39.062603 30836 consensus_queue.cc:260] T 24d5f1ae8feb4c14868f987ba0d108ba P f674c1d20a5d49ad851ac3b6cab6c9d4 [NON_LEADER]: Queue going to NON_LEADER mode. State: All replicated index: 0, Majority replicated index: 0, Committed index: 0, Last appended: 0.0, Last appended by leader: 0, Current term: 0, Majority size: -1, State: 0, Mode: NON_LEADER, active raft config: opid_index: -1 OBSOLETE_local: false peers { permanent_uuid: "16cb4f0440384382b2fe419337dc4f70" member_type: VOTER last_known_addr { host: "127.27.97.129" port: 41799 } } peers { permanent_uuid: "eb99fa0d0b0743aeb93cfbd3569dba6f" member_type: VOTER last_known_addr { host: "127.27.97.130" port: 40397 } } peers { permanent_uuid: "f674c1d20a5d49ad851ac3b6cab6c9d4" member_type: VOTER last_known_addr { host: "127.27.97.131" port: 36587 } }
I20260608 10:05:39.063606 30837 ts_tablet_manager.cc:1434] T 24d5f1ae8feb4c14868f987ba0d108ba P eb99fa0d0b0743aeb93cfbd3569dba6f: Time spent starting tablet: real 0.008s	user 0.000s	sys 0.008s
I20260608 10:05:39.068790 30836 ts_tablet_manager.cc:1434] T 24d5f1ae8feb4c14868f987ba0d108ba P f674c1d20a5d49ad851ac3b6cab6c9d4: Time spent starting tablet: real 0.012s	user 0.007s	sys 0.000s
I20260608 10:05:39.081317 30844 raft_consensus.cc:493] T b583c3278e094ff19b4b22dded009c6e P 16cb4f0440384382b2fe419337dc4f70 [term 0 FOLLOWER]: Starting pre-election (no leader contacted us within the election timeout)
I20260608 10:05:39.081838 30844 raft_consensus.cc:515] T b583c3278e094ff19b4b22dded009c6e P 16cb4f0440384382b2fe419337dc4f70 [term 0 FOLLOWER]: Starting pre-election with config: opid_index: -1 OBSOLETE_local: false peers { permanent_uuid: "16cb4f0440384382b2fe419337dc4f70" member_type: VOTER last_known_addr { host: "127.27.97.129" port: 41799 } } peers { permanent_uuid: "eb99fa0d0b0743aeb93cfbd3569dba6f" member_type: VOTER last_known_addr { host: "127.27.97.130" port: 40397 } } peers { permanent_uuid: "f674c1d20a5d49ad851ac3b6cab6c9d4" member_type: VOTER last_known_addr { host: "127.27.97.131" port: 36587 } }
I20260608 10:05:39.084252 30844 leader_election.cc:290] T b583c3278e094ff19b4b22dded009c6e P 16cb4f0440384382b2fe419337dc4f70 [CANDIDATE]: Term 1 pre-election: Requested pre-vote from peers eb99fa0d0b0743aeb93cfbd3569dba6f (127.27.97.130:40397), f674c1d20a5d49ad851ac3b6cab6c9d4 (127.27.97.131:36587)
I20260608 10:05:39.089393 30844 raft_consensus.cc:493] T 55f488562fec41f0b7f6514a283f8d43 P 16cb4f0440384382b2fe419337dc4f70 [term 0 FOLLOWER]: Starting pre-election (no leader contacted us within the election timeout)
I20260608 10:05:39.089928 30844 raft_consensus.cc:515] T 55f488562fec41f0b7f6514a283f8d43 P 16cb4f0440384382b2fe419337dc4f70 [term 0 FOLLOWER]: Starting pre-election with config: opid_index: -1 OBSOLETE_local: false peers { permanent_uuid: "16cb4f0440384382b2fe419337dc4f70" member_type: VOTER last_known_addr { host: "127.27.97.129" port: 41799 } } peers { permanent_uuid: "eb99fa0d0b0743aeb93cfbd3569dba6f" member_type: VOTER last_known_addr { host: "127.27.97.130" port: 40397 } } peers { permanent_uuid: "f674c1d20a5d49ad851ac3b6cab6c9d4" member_type: VOTER last_known_addr { host: "127.27.97.131" port: 36587 } }
I20260608 10:05:39.092242 30844 leader_election.cc:290] T 55f488562fec41f0b7f6514a283f8d43 P 16cb4f0440384382b2fe419337dc4f70 [CANDIDATE]: Term 1 pre-election: Requested pre-vote from peers eb99fa0d0b0743aeb93cfbd3569dba6f (127.27.97.130:40397), f674c1d20a5d49ad851ac3b6cab6c9d4 (127.27.97.131:36587)
I20260608 10:05:39.096624 30717 tablet_service.cc:1917] Received RequestConsensusVote() RPC: tablet_id: "b583c3278e094ff19b4b22dded009c6e" candidate_uuid: "16cb4f0440384382b2fe419337dc4f70" candidate_term: 1 candidate_status { last_received { term: 0 index: 0 } } ignore_live_leader: false dest_uuid: "eb99fa0d0b0743aeb93cfbd3569dba6f" is_pre_election: true
I20260608 10:05:39.096794 30791 tablet_service.cc:1917] Received RequestConsensusVote() RPC: tablet_id: "b583c3278e094ff19b4b22dded009c6e" candidate_uuid: "16cb4f0440384382b2fe419337dc4f70" candidate_term: 1 candidate_status { last_received { term: 0 index: 0 } } ignore_live_leader: false dest_uuid: "f674c1d20a5d49ad851ac3b6cab6c9d4" is_pre_election: true
I20260608 10:05:39.097335 30790 tablet_service.cc:1917] Received RequestConsensusVote() RPC: tablet_id: "55f488562fec41f0b7f6514a283f8d43" candidate_uuid: "16cb4f0440384382b2fe419337dc4f70" candidate_term: 1 candidate_status { last_received { term: 0 index: 0 } } ignore_live_leader: false dest_uuid: "f674c1d20a5d49ad851ac3b6cab6c9d4" is_pre_election: true
I20260608 10:05:39.097401 30716 tablet_service.cc:1917] Received RequestConsensusVote() RPC: tablet_id: "55f488562fec41f0b7f6514a283f8d43" candidate_uuid: "16cb4f0440384382b2fe419337dc4f70" candidate_term: 1 candidate_status { last_received { term: 0 index: 0 } } ignore_live_leader: false dest_uuid: "eb99fa0d0b0743aeb93cfbd3569dba6f" is_pre_election: true
I20260608 10:05:39.097638 30791 raft_consensus.cc:2468] T b583c3278e094ff19b4b22dded009c6e P f674c1d20a5d49ad851ac3b6cab6c9d4 [term 0 FOLLOWER]: Leader pre-election vote request: Granting yes vote for candidate 16cb4f0440384382b2fe419337dc4f70 in term 0.
I20260608 10:05:39.097556 30717 raft_consensus.cc:2468] T b583c3278e094ff19b4b22dded009c6e P eb99fa0d0b0743aeb93cfbd3569dba6f [term 0 FOLLOWER]: Leader pre-election vote request: Granting yes vote for candidate 16cb4f0440384382b2fe419337dc4f70 in term 0.
I20260608 10:05:39.098189 30790 raft_consensus.cc:2468] T 55f488562fec41f0b7f6514a283f8d43 P f674c1d20a5d49ad851ac3b6cab6c9d4 [term 0 FOLLOWER]: Leader pre-election vote request: Granting yes vote for candidate 16cb4f0440384382b2fe419337dc4f70 in term 0.
I20260608 10:05:39.098285 30716 raft_consensus.cc:2468] T 55f488562fec41f0b7f6514a283f8d43 P eb99fa0d0b0743aeb93cfbd3569dba6f [term 0 FOLLOWER]: Leader pre-election vote request: Granting yes vote for candidate 16cb4f0440384382b2fe419337dc4f70 in term 0.
I20260608 10:05:39.099586 30607 leader_election.cc:304] T b583c3278e094ff19b4b22dded009c6e P 16cb4f0440384382b2fe419337dc4f70 [CANDIDATE]: Term 1 pre-election: Election decided. Result: candidate won. Election summary: received 2 responses out of 3 voters: 2 yes votes; 0 no votes. yes voters: 16cb4f0440384382b2fe419337dc4f70, eb99fa0d0b0743aeb93cfbd3569dba6f; no voters: 
I20260608 10:05:39.100370 30844 raft_consensus.cc:2804] T b583c3278e094ff19b4b22dded009c6e P 16cb4f0440384382b2fe419337dc4f70 [term 0 FOLLOWER]: Leader pre-election won for term 1
I20260608 10:05:39.100487 30607 leader_election.cc:304] T 55f488562fec41f0b7f6514a283f8d43 P 16cb4f0440384382b2fe419337dc4f70 [CANDIDATE]: Term 1 pre-election: Election decided. Result: candidate won. Election summary: received 2 responses out of 3 voters: 2 yes votes; 0 no votes. yes voters: 16cb4f0440384382b2fe419337dc4f70, eb99fa0d0b0743aeb93cfbd3569dba6f; no voters: 
I20260608 10:05:39.100785 30844 raft_consensus.cc:493] T b583c3278e094ff19b4b22dded009c6e P 16cb4f0440384382b2fe419337dc4f70 [term 0 FOLLOWER]: Starting leader election (no leader contacted us within the election timeout)
I20260608 10:05:39.101217 30844 raft_consensus.cc:3060] T b583c3278e094ff19b4b22dded009c6e P 16cb4f0440384382b2fe419337dc4f70 [term 0 FOLLOWER]: Advancing to term 1
I20260608 10:05:39.102653 30856 raft_consensus.cc:2804] T 55f488562fec41f0b7f6514a283f8d43 P 16cb4f0440384382b2fe419337dc4f70 [term 0 FOLLOWER]: Leader pre-election won for term 1
I20260608 10:05:39.103019 30856 raft_consensus.cc:493] T 55f488562fec41f0b7f6514a283f8d43 P 16cb4f0440384382b2fe419337dc4f70 [term 0 FOLLOWER]: Starting leader election (no leader contacted us within the election timeout)
I20260608 10:05:39.103327 30856 raft_consensus.cc:3060] T 55f488562fec41f0b7f6514a283f8d43 P 16cb4f0440384382b2fe419337dc4f70 [term 0 FOLLOWER]: Advancing to term 1
I20260608 10:05:39.106514 30844 raft_consensus.cc:515] T b583c3278e094ff19b4b22dded009c6e P 16cb4f0440384382b2fe419337dc4f70 [term 1 FOLLOWER]: Starting leader election with config: opid_index: -1 OBSOLETE_local: false peers { permanent_uuid: "16cb4f0440384382b2fe419337dc4f70" member_type: VOTER last_known_addr { host: "127.27.97.129" port: 41799 } } peers { permanent_uuid: "eb99fa0d0b0743aeb93cfbd3569dba6f" member_type: VOTER last_known_addr { host: "127.27.97.130" port: 40397 } } peers { permanent_uuid: "f674c1d20a5d49ad851ac3b6cab6c9d4" member_type: VOTER last_known_addr { host: "127.27.97.131" port: 36587 } }
