I20260608 10:04:46.243053  9753 raft_consensus.cc:359] T 04d1149267a84992b63adb0a509d7072 P eac761c46a04486db19e0f4a32a4c3b4 [term 0 FOLLOWER]: Replica starting. Triggering 0 pending ops. Active config: opid_index: -1 OBSOLETE_local: false peers { permanent_uuid: "eac761c46a04486db19e0f4a32a4c3b4" member_type: VOTER last_known_addr { host: "127.7.155.131" port: 46395 } } peers { permanent_uuid: "cbef396fc08d4a4583100ac6d135c932" member_type: VOTER last_known_addr { host: "127.7.155.129" port: 36545 } } peers { permanent_uuid: "6ea5f0de00b14f57b4accc2cadef20a4" member_type: VOTER last_known_addr { host: "127.7.155.130" port: 44871 } }
I20260608 10:04:46.243470  9755 raft_consensus.cc:359] T 04d1149267a84992b63adb0a509d7072 P 6ea5f0de00b14f57b4accc2cadef20a4 [term 0 FOLLOWER]: Replica starting. Triggering 0 pending ops. Active config: opid_index: -1 OBSOLETE_local: false peers { permanent_uuid: "eac761c46a04486db19e0f4a32a4c3b4" member_type: VOTER last_known_addr { host: "127.7.155.131" port: 46395 } } peers { permanent_uuid: "cbef396fc08d4a4583100ac6d135c932" member_type: VOTER last_known_addr { host: "127.7.155.129" port: 36545 } } peers { permanent_uuid: "6ea5f0de00b14f57b4accc2cadef20a4" member_type: VOTER last_known_addr { host: "127.7.155.130" port: 44871 } }
I20260608 10:04:46.243822  9753 raft_consensus.cc:385] T 04d1149267a84992b63adb0a509d7072 P eac761c46a04486db19e0f4a32a4c3b4 [term 0 FOLLOWER]: Consensus starting up: Expiring failure detector timer to make a prompt election more likely
I20260608 10:04:46.243681  9754 raft_consensus.cc:359] T 9739592ad27943c999dbcd325dd8992e P cbef396fc08d4a4583100ac6d135c932 [term 0 FOLLOWER]: Replica starting. Triggering 0 pending ops. Active config: opid_index: -1 OBSOLETE_local: false peers { permanent_uuid: "cbef396fc08d4a4583100ac6d135c932" member_type: VOTER last_known_addr { host: "127.7.155.129" port: 36545 } } peers { permanent_uuid: "6ea5f0de00b14f57b4accc2cadef20a4" member_type: VOTER last_known_addr { host: "127.7.155.130" port: 44871 } } peers { permanent_uuid: "eac761c46a04486db19e0f4a32a4c3b4" member_type: VOTER last_known_addr { host: "127.7.155.131" port: 46395 } }
I20260608 10:04:46.244148  9755 raft_consensus.cc:385] T 04d1149267a84992b63adb0a509d7072 P 6ea5f0de00b14f57b4accc2cadef20a4 [term 0 FOLLOWER]: Consensus starting up: Expiring failure detector timer to make a prompt election more likely
I20260608 10:04:46.244267  9753 raft_consensus.cc:740] T 04d1149267a84992b63adb0a509d7072 P eac761c46a04486db19e0f4a32a4c3b4 [term 0 FOLLOWER]: Becoming Follower/Learner. State: Replica: eac761c46a04486db19e0f4a32a4c3b4, State: Initialized, Role: FOLLOWER
I20260608 10:04:46.244467  9754 raft_consensus.cc:385] T 9739592ad27943c999dbcd325dd8992e P cbef396fc08d4a4583100ac6d135c932 [term 0 FOLLOWER]: Consensus starting up: Expiring failure detector timer to make a prompt election more likely
I20260608 10:04:46.244621  9755 raft_consensus.cc:740] T 04d1149267a84992b63adb0a509d7072 P 6ea5f0de00b14f57b4accc2cadef20a4 [term 0 FOLLOWER]: Becoming Follower/Learner. State: Replica: 6ea5f0de00b14f57b4accc2cadef20a4, State: Initialized, Role: FOLLOWER
I20260608 10:04:46.244855  9754 raft_consensus.cc:740] T 9739592ad27943c999dbcd325dd8992e P cbef396fc08d4a4583100ac6d135c932 [term 0 FOLLOWER]: Becoming Follower/Learner. State: Replica: cbef396fc08d4a4583100ac6d135c932, State: Initialized, Role: FOLLOWER
I20260608 10:04:46.245309  9753 consensus_queue.cc:260] T 04d1149267a84992b63adb0a509d7072 P eac761c46a04486db19e0f4a32a4c3b4 [NON_LEADER]: Queue going to NON_LEADER mode. State: All replicated index: 0, Majority replicated index: 0, Committed index: 0, Last appended: 0.0, Last appended by leader: 0, Current term: 0, Majority size: -1, State: 0, Mode: NON_LEADER, active raft config: opid_index: -1 OBSOLETE_local: false peers { permanent_uuid: "eac761c46a04486db19e0f4a32a4c3b4" member_type: VOTER last_known_addr { host: "127.7.155.131" port: 46395 } } peers { permanent_uuid: "cbef396fc08d4a4583100ac6d135c932" member_type: VOTER last_known_addr { host: "127.7.155.129" port: 36545 } } peers { permanent_uuid: "6ea5f0de00b14f57b4accc2cadef20a4" member_type: VOTER last_known_addr { host: "127.7.155.130" port: 44871 } }
I20260608 10:04:46.245608  9755 consensus_queue.cc:260] T 04d1149267a84992b63adb0a509d7072 P 6ea5f0de00b14f57b4accc2cadef20a4 [NON_LEADER]: Queue going to NON_LEADER mode. State: All replicated index: 0, Majority replicated index: 0, Committed index: 0, Last appended: 0.0, Last appended by leader: 0, Current term: 0, Majority size: -1, State: 0, Mode: NON_LEADER, active raft config: opid_index: -1 OBSOLETE_local: false peers { permanent_uuid: "eac761c46a04486db19e0f4a32a4c3b4" member_type: VOTER last_known_addr { host: "127.7.155.131" port: 46395 } } peers { permanent_uuid: "cbef396fc08d4a4583100ac6d135c932" member_type: VOTER last_known_addr { host: "127.7.155.129" port: 36545 } } peers { permanent_uuid: "6ea5f0de00b14f57b4accc2cadef20a4" member_type: VOTER last_known_addr { host: "127.7.155.130" port: 44871 } }
I20260608 10:04:46.245805  9754 consensus_queue.cc:260] T 9739592ad27943c999dbcd325dd8992e P cbef396fc08d4a4583100ac6d135c932 [NON_LEADER]: Queue going to NON_LEADER mode. State: All replicated index: 0, Majority replicated index: 0, Committed index: 0, Last appended: 0.0, Last appended by leader: 0, Current term: 0, Majority size: -1, State: 0, Mode: NON_LEADER, active raft config: opid_index: -1 OBSOLETE_local: false peers { permanent_uuid: "cbef396fc08d4a4583100ac6d135c932" member_type: VOTER last_known_addr { host: "127.7.155.129" port: 36545 } } peers { permanent_uuid: "6ea5f0de00b14f57b4accc2cadef20a4" member_type: VOTER last_known_addr { host: "127.7.155.130" port: 44871 } } peers { permanent_uuid: "eac761c46a04486db19e0f4a32a4c3b4" member_type: VOTER last_known_addr { host: "127.7.155.131" port: 46395 } }
I20260608 10:04:46.247730  9753 ts_tablet_manager.cc:1434] T 04d1149267a84992b63adb0a509d7072 P eac761c46a04486db19e0f4a32a4c3b4: Time spent starting tablet: real 0.008s	user 0.003s	sys 0.002s
I20260608 10:04:46.248044  9754 ts_tablet_manager.cc:1434] T 9739592ad27943c999dbcd325dd8992e P cbef396fc08d4a4583100ac6d135c932: Time spent starting tablet: real 0.007s	user 0.005s	sys 0.000s
I20260608 10:04:46.249756  9755 ts_tablet_manager.cc:1434] T 04d1149267a84992b63adb0a509d7072 P 6ea5f0de00b14f57b4accc2cadef20a4: Time spent starting tablet: real 0.009s	user 0.006s	sys 0.000s
I20260608 10:04:46.389214  9761 raft_consensus.cc:493] T 04d1149267a84992b63adb0a509d7072 P 6ea5f0de00b14f57b4accc2cadef20a4 [term 0 FOLLOWER]: Starting pre-election (no leader contacted us within the election timeout)
I20260608 10:04:46.389709  9761 raft_consensus.cc:515] T 04d1149267a84992b63adb0a509d7072 P 6ea5f0de00b14f57b4accc2cadef20a4 [term 0 FOLLOWER]: Starting pre-election with config: opid_index: -1 OBSOLETE_local: false peers { permanent_uuid: "eac761c46a04486db19e0f4a32a4c3b4" member_type: VOTER last_known_addr { host: "127.7.155.131" port: 46395 } } peers { permanent_uuid: "cbef396fc08d4a4583100ac6d135c932" member_type: VOTER last_known_addr { host: "127.7.155.129" port: 36545 } } peers { permanent_uuid: "6ea5f0de00b14f57b4accc2cadef20a4" member_type: VOTER last_known_addr { host: "127.7.155.130" port: 44871 } }
I20260608 10:04:46.392045  9761 leader_election.cc:290] T 04d1149267a84992b63adb0a509d7072 P 6ea5f0de00b14f57b4accc2cadef20a4 [CANDIDATE]: Term 1 pre-election: Requested pre-vote from peers eac761c46a04486db19e0f4a32a4c3b4 (127.7.155.131:46395), cbef396fc08d4a4583100ac6d135c932 (127.7.155.129:36545)
I20260608 10:04:46.405257  9708 tablet_service.cc:1917] Received RequestConsensusVote() RPC: tablet_id: "04d1149267a84992b63adb0a509d7072" candidate_uuid: "6ea5f0de00b14f57b4accc2cadef20a4" candidate_term: 1 candidate_status { last_received { term: 0 index: 0 } } ignore_live_leader: false dest_uuid: "eac761c46a04486db19e0f4a32a4c3b4" is_pre_election: true
I20260608 10:04:46.405925  9559 tablet_service.cc:1917] Received RequestConsensusVote() RPC: tablet_id: "04d1149267a84992b63adb0a509d7072" candidate_uuid: "6ea5f0de00b14f57b4accc2cadef20a4" candidate_term: 1 candidate_status { last_received { term: 0 index: 0 } } ignore_live_leader: false dest_uuid: "cbef396fc08d4a4583100ac6d135c932" is_pre_election: true
I20260608 10:04:46.406132  9708 raft_consensus.cc:2468] T 04d1149267a84992b63adb0a509d7072 P eac761c46a04486db19e0f4a32a4c3b4 [term 0 FOLLOWER]: Leader pre-election vote request: Granting yes vote for candidate 6ea5f0de00b14f57b4accc2cadef20a4 in term 0.
I20260608 10:04:46.406591  9559 raft_consensus.cc:2468] T 04d1149267a84992b63adb0a509d7072 P cbef396fc08d4a4583100ac6d135c932 [term 0 FOLLOWER]: Leader pre-election vote request: Granting yes vote for candidate 6ea5f0de00b14f57b4accc2cadef20a4 in term 0.
I20260608 10:04:46.407756  9599 leader_election.cc:304] T 04d1149267a84992b63adb0a509d7072 P 6ea5f0de00b14f57b4accc2cadef20a4 [CANDIDATE]: Term 1 pre-election: Election decided. Result: candidate won. Election summary: received 2 responses out of 3 voters: 2 yes votes; 0 no votes. yes voters: 6ea5f0de00b14f57b4accc2cadef20a4, eac761c46a04486db19e0f4a32a4c3b4; no voters: 
I20260608 10:04:46.408545  9761 raft_consensus.cc:2804] T 04d1149267a84992b63adb0a509d7072 P 6ea5f0de00b14f57b4accc2cadef20a4 [term 0 FOLLOWER]: Leader pre-election won for term 1
I20260608 10:04:46.408919  9761 raft_consensus.cc:493] T 04d1149267a84992b63adb0a509d7072 P 6ea5f0de00b14f57b4accc2cadef20a4 [term 0 FOLLOWER]: Starting leader election (no leader contacted us within the election timeout)
I20260608 10:04:46.409224  9761 raft_consensus.cc:3060] T 04d1149267a84992b63adb0a509d7072 P 6ea5f0de00b14f57b4accc2cadef20a4 [term 0 FOLLOWER]: Advancing to term 1
I20260608 10:04:46.414592  9761 raft_consensus.cc:515] T 04d1149267a84992b63adb0a509d7072 P 6ea5f0de00b14f57b4accc2cadef20a4 [term 1 FOLLOWER]: Starting leader election with config: opid_index: -1 OBSOLETE_local: false peers { permanent_uuid: "eac761c46a04486db19e0f4a32a4c3b4" member_type: VOTER last_known_addr { host: "127.7.155.131" port: 46395 } } peers { permanent_uuid: "cbef396fc08d4a4583100ac6d135c932" member_type: VOTER last_known_addr { host: "127.7.155.129" port: 36545 } } peers { permanent_uuid: "6ea5f0de00b14f57b4accc2cadef20a4" member_type: VOTER last_known_addr { host: "127.7.155.130" port: 44871 } }
I20260608 10:04:46.416244  9761 leader_election.cc:290] T 04d1149267a84992b63adb0a509d7072 P 6ea5f0de00b14f57b4accc2cadef20a4 [CANDIDATE]: Term 1 election: Requested vote from peers eac761c46a04486db19e0f4a32a4c3b4 (127.7.155.131:46395), cbef396fc08d4a4583100ac6d135c932 (127.7.155.129:36545)
I20260608 10:04:46.417106  9708 tablet_service.cc:1917] Received RequestConsensusVote() RPC: tablet_id: "04d1149267a84992b63adb0a509d7072" candidate_uuid: "6ea5f0de00b14f57b4accc2cadef20a4" candidate_term: 1 candidate_status { last_received { term: 0 index: 0 } } ignore_live_leader: false dest_uuid: "eac761c46a04486db19e0f4a32a4c3b4"
I20260608 10:04:46.417230  9559 tablet_service.cc:1917] Received RequestConsensusVote() RPC: tablet_id: "04d1149267a84992b63adb0a509d7072" candidate_uuid: "6ea5f0de00b14f57b4accc2cadef20a4" candidate_term: 1 candidate_status { last_received { term: 0 index: 0 } } ignore_live_leader: false dest_uuid: "cbef396fc08d4a4583100ac6d135c932"
I20260608 10:04:46.417639  9708 raft_consensus.cc:3060] T 04d1149267a84992b63adb0a509d7072 P eac761c46a04486db19e0f4a32a4c3b4 [term 0 FOLLOWER]: Advancing to term 1
I20260608 10:04:46.417784  9559 raft_consensus.cc:3060] T 04d1149267a84992b63adb0a509d7072 P cbef396fc08d4a4583100ac6d135c932 [term 0 FOLLOWER]: Advancing to term 1
I20260608 10:04:46.420197  9759 raft_consensus.cc:493] T 9739592ad27943c999dbcd325dd8992e P eac761c46a04486db19e0f4a32a4c3b4 [term 0 FOLLOWER]: Starting pre-election (no leader contacted us within the election timeout)
I20260608 10:04:46.420758  9759 raft_consensus.cc:515] T 9739592ad27943c999dbcd325dd8992e P eac761c46a04486db19e0f4a32a4c3b4 [term 0 FOLLOWER]: Starting pre-election with config: opid_index: -1 OBSOLETE_local: false peers { permanent_uuid: "cbef396fc08d4a4583100ac6d135c932" member_type: VOTER last_known_addr { host: "127.7.155.129" port: 36545 } } peers { permanent_uuid: "6ea5f0de00b14f57b4accc2cadef20a4" member_type: VOTER last_known_addr { host: "127.7.155.130" port: 44871 } } peers { permanent_uuid: "eac761c46a04486db19e0f4a32a4c3b4" member_type: VOTER last_known_addr { host: "127.7.155.131" port: 46395 } }
I20260608 10:04:46.423189  9559 raft_consensus.cc:2468] T 04d1149267a84992b63adb0a509d7072 P cbef396fc08d4a4583100ac6d135c932 [term 1 FOLLOWER]: Leader election vote request: Granting yes vote for candidate 6ea5f0de00b14f57b4accc2cadef20a4 in term 1.
I20260608 10:04:46.424330  9708 raft_consensus.cc:2468] T 04d1149267a84992b63adb0a509d7072 P eac761c46a04486db19e0f4a32a4c3b4 [term 1 FOLLOWER]: Leader election vote request: Granting yes vote for candidate 6ea5f0de00b14f57b4accc2cadef20a4 in term 1.
I20260608 10:04:46.424441  9599 leader_election.cc:304] T 04d1149267a84992b63adb0a509d7072 P 6ea5f0de00b14f57b4accc2cadef20a4 [CANDIDATE]: Term 1 election: Election decided. Result: candidate won. Election summary: received 2 responses out of 3 voters: 2 yes votes; 0 no votes. yes voters: 6ea5f0de00b14f57b4accc2cadef20a4, cbef396fc08d4a4583100ac6d135c932; no voters: 
I20260608 10:04:46.425122  9759 leader_election.cc:290] T 9739592ad27943c999dbcd325dd8992e P eac761c46a04486db19e0f4a32a4c3b4 [CANDIDATE]: Term 1 pre-election: Requested pre-vote from peers cbef396fc08d4a4583100ac6d135c932 (127.7.155.129:36545), 6ea5f0de00b14f57b4accc2cadef20a4 (127.7.155.130:44871)
I20260608 10:04:46.425630  9761 raft_consensus.cc:2804] T 04d1149267a84992b63adb0a509d7072 P 6ea5f0de00b14f57b4accc2cadef20a4 [term 1 FOLLOWER]: Leader election won for term 1
I20260608 10:04:46.430614  9761 raft_consensus.cc:697] T 04d1149267a84992b63adb0a509d7072 P 6ea5f0de00b14f57b4accc2cadef20a4 [term 1 LEADER]: Becoming Leader. State: Replica: 6ea5f0de00b14f57b4accc2cadef20a4, State: Running, Role: LEADER
I20260608 10:04:46.432286  9761 consensus_queue.cc:237] T 04d1149267a84992b63adb0a509d7072 P 6ea5f0de00b14f57b4accc2cadef20a4 [LEADER]: Queue going to LEADER mode. State: All replicated index: 0, Majority replicated index: 0, Committed index: 0, Last appended: 0.0, Last appended by leader: 0, Current term: 1, Majority size: 2, State: 0, Mode: LEADER, active raft config: opid_index: -1 OBSOLETE_local: false peers { permanent_uuid: "eac761c46a04486db19e0f4a32a4c3b4" member_type: VOTER last_known_addr { host: "127.7.155.131" port: 46395 } } peers { permanent_uuid: "cbef396fc08d4a4583100ac6d135c932" member_type: VOTER last_known_addr { host: "127.7.155.129" port: 36545 } } peers { permanent_uuid: "6ea5f0de00b14f57b4accc2cadef20a4" member_type: VOTER last_known_addr { host: "127.7.155.130" port: 44871 } }
I20260608 10:04:46.440461  9559 tablet_service.cc:1917] Received RequestConsensusVote() RPC: tablet_id: "9739592ad27943c999dbcd325dd8992e" candidate_uuid: "eac761c46a04486db19e0f4a32a4c3b4" candidate_term: 1 candidate_status { last_received { term: 0 index: 0 } } ignore_live_leader: false dest_uuid: "cbef396fc08d4a4583100ac6d135c932" is_pre_election: true
I20260608 10:04:46.441244  9559 raft_consensus.cc:2468] T 9739592ad27943c999dbcd325dd8992e P cbef396fc08d4a4583100ac6d135c932 [term 0 FOLLOWER]: Leader pre-election vote request: Granting yes vote for candidate eac761c46a04486db19e0f4a32a4c3b4 in term 0.
I20260608 10:04:46.442979  9673 leader_election.cc:304] T 9739592ad27943c999dbcd325dd8992e P eac761c46a04486db19e0f4a32a4c3b4 [CANDIDATE]: Term 1 pre-election: Election decided. Result: candidate won. Election summary: received 2 responses out of 3 voters: 2 yes votes; 0 no votes. yes voters: cbef396fc08d4a4583100ac6d135c932, eac761c46a04486db19e0f4a32a4c3b4; no voters: 
I20260608 10:04:46.443930  9759 raft_consensus.cc:2804] T 9739592ad27943c999dbcd325dd8992e P eac761c46a04486db19e0f4a32a4c3b4 [term 0 FOLLOWER]: Leader pre-election won for term 1
I20260608 10:04:46.444339  9759 raft_consensus.cc:493] T 9739592ad27943c999dbcd325dd8992e P eac761c46a04486db19e0f4a32a4c3b4 [term 0 FOLLOWER]: Starting leader election (no leader contacted us within the election timeout)
I20260608 10:04:46.444685  9759 raft_consensus.cc:3060] T 9739592ad27943c999dbcd325dd8992e P eac761c46a04486db19e0f4a32a4c3b4 [term 0 FOLLOWER]: Advancing to term 1
I20260608 10:04:46.446079  9634 tablet_service.cc:1917] Received RequestConsensusVote() RPC: tablet_id: "9739592ad27943c999dbcd325dd8992e" candidate_uuid: "eac761c46a04486db19e0f4a32a4c3b4" candidate_term: 1 candidate_status { last_received { term: 0 index: 0 } } ignore_live_leader: false dest_uuid: "6ea5f0de00b14f57b4accc2cadef20a4" is_pre_election: true
I20260608 10:04:46.446866  9634 raft_consensus.cc:2468] T 9739592ad27943c999dbcd325dd8992e P 6ea5f0de00b14f57b4accc2cadef20a4 [term 0 FOLLOWER]: Leader pre-election vote request: Granting yes vote for candidate eac761c46a04486db19e0f4a32a4c3b4 in term 0.
I20260608 10:04:46.447611  9456 catalog_manager.cc:5696] T 04d1149267a84992b63adb0a509d7072 P 6ea5f0de00b14f57b4accc2cadef20a4 reported cstate change: term changed from 0 to 1, leader changed from <none> to 6ea5f0de00b14f57b4accc2cadef20a4 (127.7.155.130). New cstate: current_term: 1 leader_uuid: "6ea5f0de00b14f57b4accc2cadef20a4" committed_config { opid_index: -1 OBSOLETE_local: false peers { permanent_uuid: "eac761c46a04486db19e0f4a32a4c3b4" member_type: VOTER last_known_addr { host: "127.7.155.131" port: 46395 } health_report { overall_health: UNKNOWN } } peers { permanent_uuid: "cbef396fc08d4a4583100ac6d135c932" member_type: VOTER last_known_addr { host: "127.7.155.129" port: 36545 } health_report { overall_health: UNKNOWN } } peers { permanent_uuid: "6ea5f0de00b14f57b4accc2cadef20a4" member_type: VOTER last_known_addr { host: "127.7.155.130" port: 44871 } health_report { overall_health: HEALTHY } } }
I20260608 10:04:46.451433  9759 raft_consensus.cc:515] T 9739592ad27943c999dbcd325dd8992e P eac761c46a04486db19e0f4a32a4c3b4 [term 1 FOLLOWER]: Starting leader election with config: opid_index: -1 OBSOLETE_local: false peers { permanent_uuid: "cbef396fc08d4a4583100ac6d135c932" member_type: VOTER last_known_addr { host: "127.7.155.129" port: 36545 } } peers { permanent_uuid: "6ea5f0de00b14f57b4accc2cadef20a4" member_type: VOTER last_known_addr { host: "127.7.155.130" port: 44871 } } peers { permanent_uuid: "eac761c46a04486db19e0f4a32a4c3b4" member_type: VOTER last_known_addr { host: "127.7.155.131" port: 46395 } }
I20260608 10:04:46.453598  9759 leader_election.cc:290] T 9739592ad27943c999dbcd325dd8992e P eac761c46a04486db19e0f4a32a4c3b4 [CANDIDATE]: Term 1 election: Requested vote from peers cbef396fc08d4a4583100ac6d135c932 (127.7.155.129:36545), 6ea5f0de00b14f57b4accc2cadef20a4 (127.7.155.130:44871)
I20260608 10:04:46.454401  9559 tablet_service.cc:1917] Received RequestConsensusVote() RPC: tablet_id: "9739592ad27943c999dbcd325dd8992e" candidate_uuid: "eac761c46a04486db19e0f4a32a4c3b4" candidate_term: 1 candidate_status { last_received { term: 0 index: 0 } } ignore_live_leader: false dest_uuid: "cbef396fc08d4a4583100ac6d135c932"
I20260608 10:04:46.454710  9634 tablet_service.cc:1917] Received RequestConsensusVote() RPC: tablet_id: "9739592ad27943c999dbcd325dd8992e" candidate_uuid: "eac761c46a04486db19e0f4a32a4c3b4" candidate_term: 1 candidate_status { last_received { term: 0 index: 0 } } ignore_live_leader: false dest_uuid: "6ea5f0de00b14f57b4accc2cadef20a4"
I20260608 10:04:46.454922  9559 raft_consensus.cc:3060] T 9739592ad27943c999dbcd325dd8992e P cbef396fc08d4a4583100ac6d135c932 [term 0 FOLLOWER]: Advancing to term 1
I20260608 10:04:46.455256  9634 raft_consensus.cc:3060] T 9739592ad27943c999dbcd325dd8992e P 6ea5f0de00b14f57b4accc2cadef20a4 [term 0 FOLLOWER]: Advancing to term 1
I20260608 10:04:46.460714  9559 raft_consensus.cc:2468] T 9739592ad27943c999dbcd325dd8992e P cbef396fc08d4a4583100ac6d135c932 [term 1 FOLLOWER]: Leader election vote request: Granting yes vote for candidate eac761c46a04486db19e0f4a32a4c3b4 in term 1.
I20260608 10:04:46.460858  9634 raft_consensus.cc:2468] T 9739592ad27943c999dbcd325dd8992e P 6ea5f0de00b14f57b4accc2cadef20a4 [term 1 FOLLOWER]: Leader election vote request: Granting yes vote for candidate eac761c46a04486db19e0f4a32a4c3b4 in term 1.
I20260608 10:04:46.461935  9673 leader_election.cc:304] T 9739592ad27943c999dbcd325dd8992e P eac761c46a04486db19e0f4a32a4c3b4 [CANDIDATE]: Term 1 election: Election decided. Result: candidate won. Election summary: received 2 responses out of 3 voters: 2 yes votes; 0 no votes. yes voters: 6ea5f0de00b14f57b4accc2cadef20a4, eac761c46a04486db19e0f4a32a4c3b4; no voters: 
I20260608 10:04:46.462626  9759 raft_consensus.cc:2804] T 9739592ad27943c999dbcd325dd8992e P eac761c46a04486db19e0f4a32a4c3b4 [term 1 FOLLOWER]: Leader election won for term 1
I20260608 10:04:46.463738  9759 raft_consensus.cc:697] T 9739592ad27943c999dbcd325dd8992e P eac761c46a04486db19e0f4a32a4c3b4 [term 1 LEADER]: Becoming Leader. State: Replica: eac761c46a04486db19e0f4a32a4c3b4, State: Running, Role: LEADER
I20260608 10:04:46.464582  9759 consensus_queue.cc:237] T 9739592ad27943c999dbcd325dd8992e P eac761c46a04486db19e0f4a32a4c3b4 [LEADER]: Queue going to LEADER mode. State: All replicated index: 0, Majority replicated index: 0, Committed index: 0, Last appended: 0.0, Last appended by leader: 0, Current term: 1, Majority size: 2, State: 0, Mode: LEADER, active raft config: opid_index: -1 OBSOLETE_local: false peers { permanent_uuid: "cbef396fc08d4a4583100ac6d135c932" member_type: VOTER last_known_addr { host: "127.7.155.129" port: 36545 } } peers { permanent_uuid: "6ea5f0de00b14f57b4accc2cadef20a4" member_type: VOTER last_known_addr { host: "127.7.155.130" port: 44871 } } peers { permanent_uuid: "eac761c46a04486db19e0f4a32a4c3b4" member_type: VOTER last_known_addr { host: "127.7.155.131" port: 46395 } }
I20260608 10:04:46.471953  9456 catalog_manager.cc:5696] T 9739592ad27943c999dbcd325dd8992e P eac761c46a04486db19e0f4a32a4c3b4 reported cstate change: term changed from 0 to 1, leader changed from <none> to eac761c46a04486db19e0f4a32a4c3b4 (127.7.155.131). New cstate: current_term: 1 leader_uuid: "eac761c46a04486db19e0f4a32a4c3b4" committed_config { opid_index: -1 OBSOLETE_local: false peers { permanent_uuid: "cbef396fc08d4a4583100ac6d135c932" member_type: VOTER last_known_addr { host: "127.7.155.129" port: 36545 } health_report { overall_health: UNKNOWN } } peers { permanent_uuid: "6ea5f0de00b14f57b4accc2cadef20a4" member_type: VOTER last_known_addr { host: "127.7.155.130" port: 44871 } health_report { overall_health: UNKNOWN } } peers { permanent_uuid: "eac761c46a04486db19e0f4a32a4c3b4" member_type: VOTER last_known_addr { host: "127.7.155.131" port: 46395 } health_report { overall_health: HEALTHY } } }
I20260608 10:04:46.601897  9510 auto_leader_rebalancer.cc:140] leader rebalance for table test-workload
I20260608 10:04:46.604326  9510 auto_leader_rebalancer.cc:388] table: test-workload, leader rebalance finish, leader transfer count: 0
I20260608 10:04:46.604661  9510 auto_leader_rebalancer.cc:451] All tables' leader rebalancing finished this round
I20260608 10:04:46.904467  9761 consensus_queue.cc:1048] T 04d1149267a84992b63adb0a509d7072 P 6ea5f0de00b14f57b4accc2cadef20a4 [LEADER]: Connected to new peer: Peer: permanent_uuid: "cbef396fc08d4a4583100ac6d135c932" member_type: VOTER last_known_addr { host: "127.7.155.129" port: 36545 }, Status: LMP_MISMATCH, Last received: 0.0, Next index: 1, Last known committed idx: 0, Time since last communication: 0.001s
I20260608 10:04:46.917672  9761 consensus_queue.cc:1048] T 04d1149267a84992b63adb0a509d7072 P 6ea5f0de00b14f57b4accc2cadef20a4 [LEADER]: Connected to new peer: Peer: permanent_uuid: "eac761c46a04486db19e0f4a32a4c3b4" member_type: VOTER last_known_addr { host: "127.7.155.131" port: 46395 }, Status: LMP_MISMATCH, Last received: 0.0, Next index: 1, Last known committed idx: 0, Time since last communication: 0.000s
I20260608 10:04:47.050812  9759 consensus_queue.cc:1048] T 9739592ad27943c999dbcd325dd8992e P eac761c46a04486db19e0f4a32a4c3b4 [LEADER]: Connected to new peer: Peer: permanent_uuid: "cbef396fc08d4a4583100ac6d135c932" member_type: VOTER last_known_addr { host: "127.7.155.129" port: 36545 }, Status: LMP_MISMATCH, Last received: 0.0, Next index: 1, Last known committed idx: 0, Time since last communication: 0.000s
I20260608 10:04:47.064468  9781 consensus_queue.cc:1048] T 9739592ad27943c999dbcd325dd8992e P eac761c46a04486db19e0f4a32a4c3b4 [LEADER]: Connected to new peer: Peer: permanent_uuid: "6ea5f0de00b14f57b4accc2cadef20a4" member_type: VOTER last_known_addr { host: "127.7.155.130" port: 44871 }, Status: LMP_MISMATCH, Last received: 0.0, Next index: 1, Last known committed idx: 0, Time since last communication: 0.000s
I20260608 10:04:48.605538  9510 auto_leader_rebalancer.cc:140] leader rebalance for table test-workload
I20260608 10:04:48.607785  9510 auto_leader_rebalancer.cc:388] table: test-workload, leader rebalance finish, leader transfer count: 0
I20260608 10:04:48.608215  9510 auto_leader_rebalancer.cc:451] All tables' leader rebalancing finished this round
I20260608 10:04:50.609385  9510 auto_leader_rebalancer.cc:140] leader rebalance for table test-workload
I20260608 10:04:50.612300  9510 auto_leader_rebalancer.cc:388] table: test-workload, leader rebalance finish, leader transfer count: 0
I20260608 10:04:50.612730  9510 auto_leader_rebalancer.cc:451] All tables' leader rebalancing finished this round
I20260608 10:04:52.614157  9510 auto_leader_rebalancer.cc:140] leader rebalance for table test-workload
I20260608 10:04:52.626116  9510 auto_leader_rebalancer.cc:388] table: test-workload, leader rebalance finish, leader transfer count: 0
I20260608 10:04:52.626667  9510 auto_leader_rebalancer.cc:451] All tables' leader rebalancing finished this round
W20260608 10:04:53.815948  9488 debug-util.cc:398] Leaking SignalData structure 0x7b08000ba000 after lost signal to thread 7793
W20260608 10:04:53.817363  9488 debug-util.cc:398] Leaking SignalData structure 0x7b08000ba760 after lost signal to thread 9491
W20260608 10:04:53.818763  9488 debug-util.cc:398] Leaking SignalData structure 0x7b08001d88a0 after lost signal to thread 9583
W20260608 10:04:53.819907  9488 debug-util.cc:398] Leaking SignalData structure 0x7b08001d8900 after lost signal to thread 9658
W20260608 10:04:53.821039  9488 debug-util.cc:398] Leaking SignalData structure 0x7b0800238780 after lost signal to thread 9732
I20260608 10:04:54.628348  9510 auto_leader_rebalancer.cc:140] leader rebalance for table test-workload
I20260608 10:04:54.632146  9510 auto_leader_rebalancer.cc:388] table: test-workload, leader rebalance finish, leader transfer count: 0
I20260608 10:04:54.632663  9510 auto_leader_rebalancer.cc:451] All tables' leader rebalancing finished this round
I20260608 10:04:56.634012  9510 auto_leader_rebalancer.cc:140] leader rebalance for table test-workload
I20260608 10:04:56.637322  9510 auto_leader_rebalancer.cc:388] table: test-workload, leader rebalance finish, leader transfer count: 0
I20260608 10:04:56.637809  9510 auto_leader_rebalancer.cc:451] All tables' leader rebalancing finished this round
I20260608 10:04:56.739902  7790 file_cache.cc:492] Constructed file cache file cache with capacity 419430
W20260608 10:04:56.749433  9790 instance_detector.cc:116] could not retrieve Azure instance metadata: Network error: curl error: HTTP response code said error: The requested URL returned error: 404
W20260608 10:04:56.749723  9789 instance_detector.cc:116] could not retrieve AWS instance metadata: Network error: curl error: HTTP response code said error: The requested URL returned error: 404
W20260608 10:04:56.751643  9792 instance_detector.cc:116] could not retrieve OpenStack instance metadata: Network error: curl error: HTTP response code said error: The requested URL returned error: 404
I20260608 10:04:56.751817  7790 server_base.cc:1061] running on GCE node
I20260608 10:04:56.753760  7790 hybrid_clock.cc:584] initializing the hybrid clock with 'system_unsync' time source
W20260608 10:04:56.754035  7790 system_unsync_time.cc:38] NTP support is disabled. Clock error bounds will not be accurate. This configuration is not suitable for distributed clusters.
I20260608 10:04:56.754246  7790 hybrid_clock.cc:648] HybridClock initialized: now 1780913096754225 us; error 0 us; skew 500 ppm
I20260608 10:04:56.754875  7790 server_base.cc:861] Flag tcmalloc_max_total_thread_cache_bytes is not working since tcmalloc is not enabled.
I20260608 10:04:56.757817  7790 webserver.cc:533] Webserver started at http://127.7.155.132:40309/ using document root <none> and password file <none>
I20260608 10:04:56.758430  7790 fs_manager.cc:362] Metadata directory not provided
I20260608 10:04:56.758693  7790 fs_manager.cc:368] Using write-ahead log directory (fs_wal_dir) as metadata directory
I20260608 10:04:56.759035  7790 server_base.cc:909] This appears to be a new deployment of Kudu; creating new FS layout
I20260608 10:04:56.760541  7790 fs_manager.cc:1068] Generated new instance metadata in path /tmp/dist-test-task_MX9iD/test-tmp/auto_rebalancer-test.0.AutoRebalancerTest.MovesScheduledIfAddTserver.1780913062917510-7790-0/minicluster-data/ts-3-root/instance:
uuid: "1ecc197d9a054e20ba7e20d6df8df41f"
format_stamp: "Formatted at 2026-06-08 10:04:56 on dist-test-slave-d0xn"
I20260608 10:04:56.766048  7790 fs_manager.cc:696] Time spent creating directory manager: real 0.005s	user 0.001s	sys 0.003s
I20260608 10:04:56.769925  9797 log_block_manager.cc:4031] Time spent loading block containers with low live blocks: real 0.000s	user 0.000s	sys 0.000s
I20260608 10:04:56.770752  7790 fs_manager.cc:730] Time spent opening block manager: real 0.002s	user 0.004s	sys 0.000s
I20260608 10:04:56.771080  7790 fs_manager.cc:647] Opened local filesystem: /tmp/dist-test-task_MX9iD/test-tmp/auto_rebalancer-test.0.AutoRebalancerTest.MovesScheduledIfAddTserver.1780913062917510-7790-0/minicluster-data/ts-3-root
uuid: "1ecc197d9a054e20ba7e20d6df8df41f"
format_stamp: "Formatted at 2026-06-08 10:04:56 on dist-test-slave-d0xn"
I20260608 10:04:56.771381  7790 fs_report.cc:389] FS layout report
--------------------
wal directory: /tmp/dist-test-task_MX9iD/test-tmp/auto_rebalancer-test.0.AutoRebalancerTest.MovesScheduledIfAddTserver.1780913062917510-7790-0/minicluster-data/ts-3-root
metadata directory: /tmp/dist-test-task_MX9iD/test-tmp/auto_rebalancer-test.0.AutoRebalancerTest.MovesScheduledIfAddTserver.1780913062917510-7790-0/minicluster-data/ts-3-root
1 data directories: /tmp/dist-test-task_MX9iD/test-tmp/auto_rebalancer-test.0.AutoRebalancerTest.MovesScheduledIfAddTserver.1780913062917510-7790-0/minicluster-data/ts-3-root/data
Total live blocks: 0
Total live bytes: 0
Total live bytes (after alignment): 0
Total number of LBM containers: 0 (0 full)
Did not check for missing blocks
Did not check for orphaned blocks
Total full LBM containers with extra space: 0 (0 repaired)
Total full LBM container extra space in bytes: 0 (0 repaired)
Total incomplete LBM containers: 0 (0 repaired)
Total LBM partial records: 0 (0 repaired)
Total corrupted LBM metadata records in RocksDB: 0 (0 repaired)
I20260608 10:04:56.787099  7790 rpc_server.cc:225] running with OpenSSL 1.1.1  11 Sep 2018
I20260608 10:04:56.788698  7790 kserver.cc:163] Server-wide thread pool size limit: 3276
I20260608 10:04:56.790422  7790 txn_system_client.cc:432] TxnSystemClient initialization is disabled...
I20260608 10:04:56.793234  7790 ts_tablet_manager.cc:585] Loaded tablet metadata (0 total tablets, 0 live tablets)
I20260608 10:04:56.793506  7790 ts_tablet_manager.cc:531] Time spent load tablet metadata: real 0.000s	user 0.000s	sys 0.000s
I20260608 10:04:56.793780  7790 ts_tablet_manager.cc:616] Registered 0 tablets
I20260608 10:04:56.793978  7790 ts_tablet_manager.cc:595] Time spent register tablets: real 0.000s	user 0.000s	sys 0.000s
I20260608 10:04:56.844579  7790 rpc_server.cc:307] RPC server started. Bound to: 127.7.155.132:46659
I20260608 10:04:56.844708  9859 acceptor_pool.cc:272] collecting diagnostics on the listening RPC socket 127.7.155.132:46659 every 8 connection(s)
I20260608 10:04:56.863260  9860 heartbeater.cc:344] Connected to a master server at 127.7.155.190:45483
I20260608 10:04:56.863699  9860 heartbeater.cc:461] Registering TS with master...
I20260608 10:04:56.864468  9860 heartbeater.cc:507] Master 127.7.155.190:45483 requested a full tablet report, sending...
I20260608 10:04:56.866816  9456 ts_manager.cc:194] Registered new tserver with Master: 1ecc197d9a054e20ba7e20d6df8df41f (127.7.155.132:46659)
I20260608 10:04:56.868541  9456 master_service.cc:502] Signed X509 certificate for tserver {username='slave'} at 127.0.0.1:43846
I20260608 10:04:57.681571  9708 consensus_queue.cc:237] T 9739592ad27943c999dbcd325dd8992e P eac761c46a04486db19e0f4a32a4c3b4 [LEADER]: Queue going to LEADER mode. State: All replicated index: 0, Majority replicated index: 1, Committed index: 1, Last appended: 1.1, Last appended by leader: 0, Current term: 1, Majority size: 2, State: 0, Mode: LEADER, active raft config: opid_index: 2 OBSOLETE_local: false peers { permanent_uuid: "cbef396fc08d4a4583100ac6d135c932" member_type: VOTER last_known_addr { host: "127.7.155.129" port: 36545 } } peers { permanent_uuid: "6ea5f0de00b14f57b4accc2cadef20a4" member_type: VOTER last_known_addr { host: "127.7.155.130" port: 44871 } attrs { replace: true } } peers { permanent_uuid: "eac761c46a04486db19e0f4a32a4c3b4" member_type: VOTER last_known_addr { host: "127.7.155.131" port: 46395 } } peers { permanent_uuid: "1ecc197d9a054e20ba7e20d6df8df41f" member_type: NON_VOTER last_known_addr { host: "127.7.155.132" port: 46659 } attrs { promote: true } }
I20260608 10:04:57.691776  9634 raft_consensus.cc:1275] T 9739592ad27943c999dbcd325dd8992e P 6ea5f0de00b14f57b4accc2cadef20a4 [term 1 FOLLOWER]: Refusing update from remote peer eac761c46a04486db19e0f4a32a4c3b4: Log matching property violated. Preceding OpId in replica: term: 1 index: 1. Preceding OpId from leader: term: 1 index: 2. (index mismatch)
I20260608 10:04:57.693714  9559 raft_consensus.cc:1275] T 9739592ad27943c999dbcd325dd8992e P cbef396fc08d4a4583100ac6d135c932 [term 1 FOLLOWER]: Refusing update from remote peer eac761c46a04486db19e0f4a32a4c3b4: Log matching property violated. Preceding OpId in replica: term: 1 index: 1. Preceding OpId from leader: term: 1 index: 2. (index mismatch)
I20260608 10:04:57.693670  9867 consensus_queue.cc:1048] T 9739592ad27943c999dbcd325dd8992e P eac761c46a04486db19e0f4a32a4c3b4 [LEADER]: Connected to new peer: Peer: permanent_uuid: "6ea5f0de00b14f57b4accc2cadef20a4" member_type: VOTER last_known_addr { host: "127.7.155.130" port: 44871 } attrs { replace: true }, Status: LMP_MISMATCH, Last received: 0.0, Next index: 2, Last known committed idx: 1, Time since last communication: 0.001s
I20260608 10:04:57.695710  9785 consensus_queue.cc:1048] T 9739592ad27943c999dbcd325dd8992e P eac761c46a04486db19e0f4a32a4c3b4 [LEADER]: Connected to new peer: Peer: permanent_uuid: "cbef396fc08d4a4583100ac6d135c932" member_type: VOTER last_known_addr { host: "127.7.155.129" port: 36545 }, Status: LMP_MISMATCH, Last received: 0.0, Next index: 2, Last known committed idx: 1, Time since last communication: 0.001s
I20260608 10:04:57.705168  9867 raft_consensus.cc:2955] T 9739592ad27943c999dbcd325dd8992e P eac761c46a04486db19e0f4a32a4c3b4 [term 1 LEADER]: Committing config change with OpId 1.2: config changed from index -1 to 2, NON_VOTER 1ecc197d9a054e20ba7e20d6df8df41f (127.7.155.132) added. New config: { opid_index: 2 OBSOLETE_local: false peers { permanent_uuid: "cbef396fc08d4a4583100ac6d135c932" member_type: VOTER last_known_addr { host: "127.7.155.129" port: 36545 } } peers { permanent_uuid: "6ea5f0de00b14f57b4accc2cadef20a4" member_type: VOTER last_known_addr { host: "127.7.155.130" port: 44871 } attrs { replace: true } } peers { permanent_uuid: "eac761c46a04486db19e0f4a32a4c3b4" member_type: VOTER last_known_addr { host: "127.7.155.131" port: 46395 } } peers { permanent_uuid: "1ecc197d9a054e20ba7e20d6df8df41f" member_type: NON_VOTER last_known_addr { host: "127.7.155.132" port: 46659 } attrs { promote: true } } }
W20260608 10:04:57.706880  9672 consensus_peers.cc:597] T 9739592ad27943c999dbcd325dd8992e P eac761c46a04486db19e0f4a32a4c3b4 -> Peer 1ecc197d9a054e20ba7e20d6df8df41f (127.7.155.132:46659): Couldn't send request to peer 1ecc197d9a054e20ba7e20d6df8df41f. Error code: TABLET_NOT_FOUND (6). Status: Not found: Tablet not found: 9739592ad27943c999dbcd325dd8992e. This is attempt 1: this message will repeat every 5th retry.
I20260608 10:04:57.708477  9634 raft_consensus.cc:2955] T 9739592ad27943c999dbcd325dd8992e P 6ea5f0de00b14f57b4accc2cadef20a4 [term 1 FOLLOWER]: Committing config change with OpId 1.2: config changed from index -1 to 2, NON_VOTER 1ecc197d9a054e20ba7e20d6df8df41f (127.7.155.132) added. New config: { opid_index: 2 OBSOLETE_local: false peers { permanent_uuid: "cbef396fc08d4a4583100ac6d135c932" member_type: VOTER last_known_addr { host: "127.7.155.129" port: 36545 } } peers { permanent_uuid: "6ea5f0de00b14f57b4accc2cadef20a4" member_type: VOTER last_known_addr { host: "127.7.155.130" port: 44871 } attrs { replace: true } } peers { permanent_uuid: "eac761c46a04486db19e0f4a32a4c3b4" member_type: VOTER last_known_addr { host: "127.7.155.131" port: 46395 } } peers { permanent_uuid: "1ecc197d9a054e20ba7e20d6df8df41f" member_type: NON_VOTER last_known_addr { host: "127.7.155.132" port: 46659 } attrs { promote: true } } }
I20260608 10:04:57.709738  9559 raft_consensus.cc:2955] T 9739592ad27943c999dbcd325dd8992e P cbef396fc08d4a4583100ac6d135c932 [term 1 FOLLOWER]: Committing config change with OpId 1.2: config changed from index -1 to 2, NON_VOTER 1ecc197d9a054e20ba7e20d6df8df41f (127.7.155.132) added. New config: { opid_index: 2 OBSOLETE_local: false peers { permanent_uuid: "cbef396fc08d4a4583100ac6d135c932" member_type: VOTER last_known_addr { host: "127.7.155.129" port: 36545 } } peers { permanent_uuid: "6ea5f0de00b14f57b4accc2cadef20a4" member_type: VOTER last_known_addr { host: "127.7.155.130" port: 44871 } attrs { replace: true } } peers { permanent_uuid: "eac761c46a04486db19e0f4a32a4c3b4" member_type: VOTER last_known_addr { host: "127.7.155.131" port: 46395 } } peers { permanent_uuid: "1ecc197d9a054e20ba7e20d6df8df41f" member_type: NON_VOTER last_known_addr { host: "127.7.155.132" port: 46659 } attrs { promote: true } } }
I20260608 10:04:57.737010  9455 catalog_manager.cc:5696] T 9739592ad27943c999dbcd325dd8992e P 6ea5f0de00b14f57b4accc2cadef20a4 reported cstate change: config changed from index -1 to 2, NON_VOTER 1ecc197d9a054e20ba7e20d6df8df41f (127.7.155.132) added. New cstate: current_term: 1 leader_uuid: "eac761c46a04486db19e0f4a32a4c3b4" committed_config { opid_index: 2 OBSOLETE_local: false peers { permanent_uuid: "cbef396fc08d4a4583100ac6d135c932" member_type: VOTER last_known_addr { host: "127.7.155.129" port: 36545 } } peers { permanent_uuid: "6ea5f0de00b14f57b4accc2cadef20a4" member_type: VOTER last_known_addr { host: "127.7.155.130" port: 44871 } attrs { replace: true } } peers { permanent_uuid: "eac761c46a04486db19e0f4a32a4c3b4" member_type: VOTER last_known_addr { host: "127.7.155.131" port: 46395 } } peers { permanent_uuid: "1ecc197d9a054e20ba7e20d6df8df41f" member_type: NON_VOTER last_known_addr { host: "127.7.155.132" port: 46659 } attrs { promote: true } } }
I20260608 10:04:57.871253  9860 heartbeater.cc:499] Master 127.7.155.190:45483 was elected leader, sending a full tablet report...
I20260608 10:04:58.231688  9879 ts_tablet_manager.cc:933] T 9739592ad27943c999dbcd325dd8992e P 1ecc197d9a054e20ba7e20d6df8df41f: Initiating tablet copy from peer eac761c46a04486db19e0f4a32a4c3b4 (127.7.155.131:46395)
I20260608 10:04:58.234052  9879 tablet_copy_client.cc:323] T 9739592ad27943c999dbcd325dd8992e P 1ecc197d9a054e20ba7e20d6df8df41f: tablet copy: Beginning tablet copy session from remote peer at address 127.7.155.131:46395
I20260608 10:04:58.246694  9718 tablet_copy_service.cc:140] P eac761c46a04486db19e0f4a32a4c3b4: Received BeginTabletCopySession request for tablet 9739592ad27943c999dbcd325dd8992e from peer 1ecc197d9a054e20ba7e20d6df8df41f ({username='slave'} at 127.0.0.1:50064)
I20260608 10:04:58.247219  9718 tablet_copy_service.cc:161] P eac761c46a04486db19e0f4a32a4c3b4: Beginning new tablet copy session on tablet 9739592ad27943c999dbcd325dd8992e from peer 1ecc197d9a054e20ba7e20d6df8df41f at {username='slave'} at 127.0.0.1:50064: session id = 1ecc197d9a054e20ba7e20d6df8df41f-9739592ad27943c999dbcd325dd8992e
I20260608 10:04:58.253682  9718 tablet_copy_source_session.cc:215] T 9739592ad27943c999dbcd325dd8992e P eac761c46a04486db19e0f4a32a4c3b4: Tablet Copy: opened 0 blocks and 1 log segments
I20260608 10:04:58.257021  9879 data_dirs.cc:400] Could only allocate 1 dirs of requested 3 for tablet 9739592ad27943c999dbcd325dd8992e. 1 dirs total, 0 dirs full, 0 dirs failed
I20260608 10:04:58.273200  9879 tablet_copy_client.cc:806] T 9739592ad27943c999dbcd325dd8992e P 1ecc197d9a054e20ba7e20d6df8df41f: tablet copy: Starting download of 0 data blocks...
I20260608 10:04:58.273870  9879 tablet_copy_client.cc:670] T 9739592ad27943c999dbcd325dd8992e P 1ecc197d9a054e20ba7e20d6df8df41f: tablet copy: Starting download of 1 WAL segments...
I20260608 10:04:58.277619  9879 tablet_copy_client.cc:538] T 9739592ad27943c999dbcd325dd8992e P 1ecc197d9a054e20ba7e20d6df8df41f: tablet copy: Tablet Copy complete. Replacing tablet superblock.
I20260608 10:04:58.286089  9879 tablet_bootstrap.cc:492] T 9739592ad27943c999dbcd325dd8992e P 1ecc197d9a054e20ba7e20d6df8df41f: Bootstrap starting.
I20260608 10:04:58.308565  9879 tablet_bootstrap.cc:492] T 9739592ad27943c999dbcd325dd8992e P 1ecc197d9a054e20ba7e20d6df8df41f: Bootstrap replayed 1/1 log segments. Stats: ops{read=2 overwritten=0 applied=2 ignored=0} inserts{seen=0 ignored=0} mutations{seen=0 ignored=0} orphaned_commits=0. Pending: 0 replicates
I20260608 10:04:58.309559  9879 tablet_bootstrap.cc:492] T 9739592ad27943c999dbcd325dd8992e P 1ecc197d9a054e20ba7e20d6df8df41f: Bootstrap complete.
I20260608 10:04:58.310281  9879 ts_tablet_manager.cc:1403] T 9739592ad27943c999dbcd325dd8992e P 1ecc197d9a054e20ba7e20d6df8df41f: Time spent bootstrapping tablet: real 0.025s	user 0.020s	sys 0.004s
I20260608 10:04:58.313733  9879 raft_consensus.cc:359] T 9739592ad27943c999dbcd325dd8992e P 1ecc197d9a054e20ba7e20d6df8df41f [term 1 LEARNER]: Replica starting. Triggering 0 pending ops. Active config: opid_index: 2 OBSOLETE_local: false peers { permanent_uuid: "cbef396fc08d4a4583100ac6d135c932" member_type: VOTER last_known_addr { host: "127.7.155.129" port: 36545 } } peers { permanent_uuid: "6ea5f0de00b14f57b4accc2cadef20a4" member_type: VOTER last_known_addr { host: "127.7.155.130" port: 44871 } attrs { replace: true } } peers { permanent_uuid: "eac761c46a04486db19e0f4a32a4c3b4" member_type: VOTER last_known_addr { host: "127.7.155.131" port: 46395 } } peers { permanent_uuid: "1ecc197d9a054e20ba7e20d6df8df41f" member_type: NON_VOTER last_known_addr { host: "127.7.155.132" port: 46659 } attrs { promote: true } }
I20260608 10:04:58.314656  9879 raft_consensus.cc:740] T 9739592ad27943c999dbcd325dd8992e P 1ecc197d9a054e20ba7e20d6df8df41f [term 1 LEARNER]: Becoming Follower/Learner. State: Replica: 1ecc197d9a054e20ba7e20d6df8df41f, State: Initialized, Role: LEARNER
I20260608 10:04:58.315399  9879 consensus_queue.cc:260] T 9739592ad27943c999dbcd325dd8992e P 1ecc197d9a054e20ba7e20d6df8df41f [NON_LEADER]: Queue going to NON_LEADER mode. State: All replicated index: 0, Majority replicated index: 0, Committed index: 2, Last appended: 1.2, Last appended by leader: 2, Current term: 0, Majority size: -1, State: 0, Mode: NON_LEADER, active raft config: opid_index: 2 OBSOLETE_local: false peers { permanent_uuid: "cbef396fc08d4a4583100ac6d135c932" member_type: VOTER last_known_addr { host: "127.7.155.129" port: 36545 } } peers { permanent_uuid: "6ea5f0de00b14f57b4accc2cadef20a4" member_type: VOTER last_known_addr { host: "127.7.155.130" port: 44871 } attrs { replace: true } } peers { permanent_uuid: "eac761c46a04486db19e0f4a32a4c3b4" member_type: VOTER last_known_addr { host: "127.7.155.131" port: 46395 } } peers { permanent_uuid: "1ecc197d9a054e20ba7e20d6df8df41f" member_type: NON_VOTER last_known_addr { host: "127.7.155.132" port: 46659 } attrs { promote: true } }
I20260608 10:04:58.318529  9879 ts_tablet_manager.cc:1434] T 9739592ad27943c999dbcd325dd8992e P 1ecc197d9a054e20ba7e20d6df8df41f: Time spent starting tablet: real 0.008s	user 0.004s	sys 0.004s
I20260608 10:04:58.320480  9718 tablet_copy_service.cc:342] P eac761c46a04486db19e0f4a32a4c3b4: Request end of tablet copy session 1ecc197d9a054e20ba7e20d6df8df41f-9739592ad27943c999dbcd325dd8992e received from {username='slave'} at 127.0.0.1:50064
I20260608 10:04:58.321033  9718 tablet_copy_service.cc:434] P eac761c46a04486db19e0f4a32a4c3b4: ending tablet copy session 1ecc197d9a054e20ba7e20d6df8df41f-9739592ad27943c999dbcd325dd8992e on tablet 9739592ad27943c999dbcd325dd8992e with peer 1ecc197d9a054e20ba7e20d6df8df41f
I20260608 10:04:58.638851  9510 auto_leader_rebalancer.cc:140] leader rebalance for table test-workload
I20260608 10:04:58.641250  9510 auto_leader_rebalancer.cc:388] table: test-workload, leader rebalance finish, leader transfer count: 0
I20260608 10:04:58.641635  9510 auto_leader_rebalancer.cc:451] All tables' leader rebalancing finished this round
I20260608 10:04:58.725425  9835 raft_consensus.cc:1217] T 9739592ad27943c999dbcd325dd8992e P 1ecc197d9a054e20ba7e20d6df8df41f [term 1 LEARNER]: Deduplicated request from leader. Original: 1.1->[1.2-1.2]   Dedup: 1.2->[]
I20260608 10:04:59.219029  9886 raft_consensus.cc:1064] T 9739592ad27943c999dbcd325dd8992e P eac761c46a04486db19e0f4a32a4c3b4: attempting to promote NON_VOTER 1ecc197d9a054e20ba7e20d6df8df41f to VOTER
I20260608 10:04:59.222318  9886 consensus_queue.cc:237] T 9739592ad27943c999dbcd325dd8992e P eac761c46a04486db19e0f4a32a4c3b4 [LEADER]: Queue going to LEADER mode. State: All replicated index: 0, Majority replicated index: 2, Committed index: 2, Last appended: 1.2, Last appended by leader: 0, Current term: 1, Majority size: 3, State: 0, Mode: LEADER, active raft config: opid_index: 3 OBSOLETE_local: false peers { permanent_uuid: "cbef396fc08d4a4583100ac6d135c932" member_type: VOTER last_known_addr { host: "127.7.155.129" port: 36545 } } peers { permanent_uuid: "6ea5f0de00b14f57b4accc2cadef20a4" member_type: VOTER last_known_addr { host: "127.7.155.130" port: 44871 } attrs { replace: true } } peers { permanent_uuid: "eac761c46a04486db19e0f4a32a4c3b4" member_type: VOTER last_known_addr { host: "127.7.155.131" port: 46395 } } peers { permanent_uuid: "1ecc197d9a054e20ba7e20d6df8df41f" member_type: VOTER last_known_addr { host: "127.7.155.132" port: 46659 } attrs { promote: false } }
I20260608 10:04:59.231928  9634 raft_consensus.cc:1275] T 9739592ad27943c999dbcd325dd8992e P 6ea5f0de00b14f57b4accc2cadef20a4 [term 1 FOLLOWER]: Refusing update from remote peer eac761c46a04486db19e0f4a32a4c3b4: Log matching property violated. Preceding OpId in replica: term: 1 index: 2. Preceding OpId from leader: term: 1 index: 3. (index mismatch)
I20260608 10:04:59.231920  9835 raft_consensus.cc:1275] T 9739592ad27943c999dbcd325dd8992e P 1ecc197d9a054e20ba7e20d6df8df41f [term 1 LEARNER]: Refusing update from remote peer eac761c46a04486db19e0f4a32a4c3b4: Log matching property violated. Preceding OpId in replica: term: 1 index: 2. Preceding OpId from leader: term: 1 index: 3. (index mismatch)
I20260608 10:04:59.233810  9559 raft_consensus.cc:1275] T 9739592ad27943c999dbcd325dd8992e P cbef396fc08d4a4583100ac6d135c932 [term 1 FOLLOWER]: Refusing update from remote peer eac761c46a04486db19e0f4a32a4c3b4: Log matching property violated. Preceding OpId in replica: term: 1 index: 2. Preceding OpId from leader: term: 1 index: 3. (index mismatch)
I20260608 10:04:59.234051  9886 consensus_queue.cc:1048] T 9739592ad27943c999dbcd325dd8992e P eac761c46a04486db19e0f4a32a4c3b4 [LEADER]: Connected to new peer: Peer: permanent_uuid: "6ea5f0de00b14f57b4accc2cadef20a4" member_type: VOTER last_known_addr { host: "127.7.155.130" port: 44871 } attrs { replace: true }, Status: LMP_MISMATCH, Last received: 0.0, Next index: 3, Last known committed idx: 2, Time since last communication: 0.000s
I20260608 10:04:59.235190  9888 consensus_queue.cc:1048] T 9739592ad27943c999dbcd325dd8992e P eac761c46a04486db19e0f4a32a4c3b4 [LEADER]: Connected to new peer: Peer: permanent_uuid: "1ecc197d9a054e20ba7e20d6df8df41f" member_type: VOTER last_known_addr { host: "127.7.155.132" port: 46659 } attrs { promote: false }, Status: LMP_MISMATCH, Last received: 0.0, Next index: 3, Last known committed idx: 2, Time since last communication: 0.000s
I20260608 10:04:59.236375  9885 consensus_queue.cc:1048] T 9739592ad27943c999dbcd325dd8992e P eac761c46a04486db19e0f4a32a4c3b4 [LEADER]: Connected to new peer: Peer: permanent_uuid: "cbef396fc08d4a4583100ac6d135c932" member_type: VOTER last_known_addr { host: "127.7.155.129" port: 36545 }, Status: LMP_MISMATCH, Last received: 0.0, Next index: 3, Last known committed idx: 2, Time since last communication: 0.001s
