I20260608 10:05:45.851554 15094 raft_consensus.cc:515] T df1499d9bd974b3e9158a81ed4441be5 P 89445da3b69744c093668f1730021736 [term 0 FOLLOWER]: Starting pre-election with config: opid_index: -1 OBSOLETE_local: false peers { permanent_uuid: "c12e90aee62543cd9eb484c61a6201ab" member_type: VOTER last_known_addr { host: "127.11.121.131" port: 42625 } } peers { permanent_uuid: "3884539e5d7c4deda21c413a015acce5" member_type: VOTER last_known_addr { host: "127.11.121.129" port: 46871 } } peers { permanent_uuid: "89445da3b69744c093668f1730021736" member_type: VOTER last_known_addr { host: "127.11.121.132" port: 33833 } }
I20260608 10:05:45.857911 14701 leader_election.cc:304] T 2412f9ba7c5141328f59ee13ce25b934 P 3884539e5d7c4deda21c413a015acce5 [CANDIDATE]: Term 1 pre-election: Election decided. Result: candidate won. Election summary: received 2 responses out of 3 voters: 2 yes votes; 0 no votes. yes voters: 3884539e5d7c4deda21c413a015acce5, c12e90aee62543cd9eb484c61a6201ab; no voters: 
I20260608 10:05:45.866853 15025 raft_consensus.cc:2468] T df1499d9bd974b3e9158a81ed4441be5 P 89445da3b69744c093668f1730021736 [term 0 FOLLOWER]: Leader pre-election vote request: Granting yes vote for candidate 3884539e5d7c4deda21c413a015acce5 in term 0.
W20260608 10:05:45.868706 14700 leader_election.cc:343] T 2412f9ba7c5141328f59ee13ce25b934 P 3884539e5d7c4deda21c413a015acce5 [CANDIDATE]: Term 1 pre-election: Tablet error from VoteRequest() call to peer 89445da3b69744c093668f1730021736 (127.11.121.132:33833): Illegal state: must be running to vote when last-logged opid is not known
I20260608 10:05:45.859364 15068 consensus_queue.cc:260] T d536302f68004504819c5d9c3eafd769 P 89445da3b69744c093668f1730021736 [NON_LEADER]: Queue going to NON_LEADER mode. State: All replicated index: 0, Majority replicated index: 0, Committed index: 0, Last appended: 0.0, Last appended by leader: 0, Current term: 0, Majority size: -1, State: 0, Mode: NON_LEADER, active raft config: opid_index: -1 OBSOLETE_local: false peers { permanent_uuid: "9f0cd1b283ea40928f859c2db89da3f6" member_type: VOTER last_known_addr { host: "127.11.121.130" port: 44605 } } peers { permanent_uuid: "89445da3b69744c093668f1730021736" member_type: VOTER last_known_addr { host: "127.11.121.132" port: 33833 } } peers { permanent_uuid: "c12e90aee62543cd9eb484c61a6201ab" member_type: VOTER last_known_addr { host: "127.11.121.131" port: 42625 } }
I20260608 10:05:45.873927 14933 raft_consensus.cc:697] T 980935e6b8a747cbb06a9c1ae4f41f35 P 3884539e5d7c4deda21c413a015acce5 [term 1 LEADER]: Becoming Leader. State: Replica: 3884539e5d7c4deda21c413a015acce5, State: Running, Role: LEADER
I20260608 10:05:45.876085 15094 leader_election.cc:290] T df1499d9bd974b3e9158a81ed4441be5 P 89445da3b69744c093668f1730021736 [CANDIDATE]: Term 1 pre-election: Requested pre-vote from peers c12e90aee62543cd9eb484c61a6201ab (127.11.121.131:42625), 3884539e5d7c4deda21c413a015acce5 (127.11.121.129:46871)
I20260608 10:05:45.876477 15068 ts_tablet_manager.cc:1434] T d536302f68004504819c5d9c3eafd769 P 89445da3b69744c093668f1730021736: Time spent starting tablet: real 0.157s	user 0.013s	sys 0.014s
I20260608 10:05:45.878019 14933 consensus_queue.cc:237] T 980935e6b8a747cbb06a9c1ae4f41f35 P 3884539e5d7c4deda21c413a015acce5 [LEADER]: Queue going to LEADER mode. State: All replicated index: 0, Majority replicated index: 0, Committed index: 0, Last appended: 0.0, Last appended by leader: 0, Current term: 1, Majority size: 2, State: 0, Mode: LEADER, active raft config: opid_index: -1 OBSOLETE_local: false peers { permanent_uuid: "89445da3b69744c093668f1730021736" member_type: VOTER last_known_addr { host: "127.11.121.132" port: 33833 } } peers { permanent_uuid: "9f0cd1b283ea40928f859c2db89da3f6" member_type: VOTER last_known_addr { host: "127.11.121.130" port: 44605 } } peers { permanent_uuid: "3884539e5d7c4deda21c413a015acce5" member_type: VOTER last_known_addr { host: "127.11.121.129" port: 46871 } }
I20260608 10:05:45.878970 14884 tablet_service.cc:1917] Received RequestConsensusVote() RPC: tablet_id: "7911c422969d461abcacbddfac203e4a" candidate_uuid: "89445da3b69744c093668f1730021736" candidate_term: 1 candidate_status { last_received { term: 0 index: 0 } } ignore_live_leader: false dest_uuid: "c12e90aee62543cd9eb484c61a6201ab" is_pre_election: true
I20260608 10:05:45.881472 15026 raft_consensus.cc:2468] T 980935e6b8a747cbb06a9c1ae4f41f35 P 89445da3b69744c093668f1730021736 [term 1 FOLLOWER]: Leader election vote request: Granting yes vote for candidate 3884539e5d7c4deda21c413a015acce5 in term 1.
I20260608 10:05:45.881760 15123 raft_consensus.cc:2804] T 2412f9ba7c5141328f59ee13ce25b934 P 3884539e5d7c4deda21c413a015acce5 [term 0 FOLLOWER]: Leader pre-election won for term 1
I20260608 10:05:45.882202 15123 raft_consensus.cc:493] T 2412f9ba7c5141328f59ee13ce25b934 P 3884539e5d7c4deda21c413a015acce5 [term 0 FOLLOWER]: Starting leader election (no leader contacted us within the election timeout)
I20260608 10:05:45.882560 15123 raft_consensus.cc:3060] T 2412f9ba7c5141328f59ee13ce25b934 P 3884539e5d7c4deda21c413a015acce5 [term 0 FOLLOWER]: Advancing to term 1
I20260608 10:05:45.883400 14733 tablet_service.cc:1917] Received RequestConsensusVote() RPC: tablet_id: "df1499d9bd974b3e9158a81ed4441be5" candidate_uuid: "89445da3b69744c093668f1730021736" candidate_term: 1 candidate_status { last_received { term: 0 index: 0 } } ignore_live_leader: false dest_uuid: "3884539e5d7c4deda21c413a015acce5" is_pre_election: true
I20260608 10:05:45.884881 15068 tablet_bootstrap.cc:492] T e04bb5cd576e4b649e599afb86ac9d2b P 89445da3b69744c093668f1730021736: Bootstrap starting.
I20260608 10:05:45.885327 14884 tablet_service.cc:1917] Received RequestConsensusVote() RPC: tablet_id: "df1499d9bd974b3e9158a81ed4441be5" candidate_uuid: "89445da3b69744c093668f1730021736" candidate_term: 1 candidate_status { last_received { term: 0 index: 0 } } ignore_live_leader: false dest_uuid: "c12e90aee62543cd9eb484c61a6201ab" is_pre_election: true
I20260608 10:05:45.885963 14884 raft_consensus.cc:2468] T df1499d9bd974b3e9158a81ed4441be5 P c12e90aee62543cd9eb484c61a6201ab [term 0 FOLLOWER]: Leader pre-election vote request: Granting yes vote for candidate 89445da3b69744c093668f1730021736 in term 0.
I20260608 10:05:45.888046 14968 raft_consensus.cc:493] T d536302f68004504819c5d9c3eafd769 P 9f0cd1b283ea40928f859c2db89da3f6 [term 0 FOLLOWER]: Starting pre-election (no leader contacted us within the election timeout)
I20260608 10:05:45.892791 14968 raft_consensus.cc:515] T d536302f68004504819c5d9c3eafd769 P 9f0cd1b283ea40928f859c2db89da3f6 [term 0 FOLLOWER]: Starting pre-election with config: opid_index: -1 OBSOLETE_local: false peers { permanent_uuid: "9f0cd1b283ea40928f859c2db89da3f6" member_type: VOTER last_known_addr { host: "127.11.121.130" port: 44605 } } peers { permanent_uuid: "89445da3b69744c093668f1730021736" member_type: VOTER last_known_addr { host: "127.11.121.132" port: 33833 } } peers { permanent_uuid: "c12e90aee62543cd9eb484c61a6201ab" member_type: VOTER last_known_addr { host: "127.11.121.131" port: 42625 } }
I20260608 10:05:45.891000 14992 leader_election.cc:304] T 7911c422969d461abcacbddfac203e4a P 89445da3b69744c093668f1730021736 [CANDIDATE]: Term 1 pre-election: Election decided. Result: candidate lost. Election summary: received 3 responses out of 3 voters: 1 yes votes; 2 no votes. yes voters: 89445da3b69744c093668f1730021736; no voters: 3884539e5d7c4deda21c413a015acce5, c12e90aee62543cd9eb484c61a6201ab
I20260608 10:05:45.895979 14992 leader_election.cc:304] T df1499d9bd974b3e9158a81ed4441be5 P 89445da3b69744c093668f1730021736 [CANDIDATE]: Term 1 pre-election: Election decided. Result: candidate won. Election summary: received 2 responses out of 3 voters: 2 yes votes; 0 no votes. yes voters: 89445da3b69744c093668f1730021736, c12e90aee62543cd9eb484c61a6201ab; no voters: 
I20260608 10:05:45.897114 15117 raft_consensus.cc:515] T df1499d9bd974b3e9158a81ed4441be5 P 3884539e5d7c4deda21c413a015acce5 [term 1 FOLLOWER]: Starting leader election with config: opid_index: -1 OBSOLETE_local: false peers { permanent_uuid: "c12e90aee62543cd9eb484c61a6201ab" member_type: VOTER last_known_addr { host: "127.11.121.131" port: 42625 } } peers { permanent_uuid: "3884539e5d7c4deda21c413a015acce5" member_type: VOTER last_known_addr { host: "127.11.121.129" port: 46871 } } peers { permanent_uuid: "89445da3b69744c093668f1730021736" member_type: VOTER last_known_addr { host: "127.11.121.132" port: 33833 } }
I20260608 10:05:45.900950 15116 raft_consensus.cc:2749] T 7911c422969d461abcacbddfac203e4a P 89445da3b69744c093668f1730021736 [term 1 FOLLOWER]: Leader pre-election lost for term 1. Reason: could not achieve majority
I20260608 10:05:45.901903 14733 raft_consensus.cc:2393] T df1499d9bd974b3e9158a81ed4441be5 P 3884539e5d7c4deda21c413a015acce5 [term 1 FOLLOWER]: Leader pre-election vote request: Denying vote to candidate 89445da3b69744c093668f1730021736 in current term 1: Already voted for candidate 3884539e5d7c4deda21c413a015acce5 in this term.
I20260608 10:05:45.904452 15117 leader_election.cc:290] T df1499d9bd974b3e9158a81ed4441be5 P 3884539e5d7c4deda21c413a015acce5 [CANDIDATE]: Term 1 election: Requested vote from peers c12e90aee62543cd9eb484c61a6201ab (127.11.121.131:42625), 89445da3b69744c093668f1730021736 (127.11.121.132:33833)
I20260608 10:05:45.904230 15062 raft_consensus.cc:359] T 7911c422969d461abcacbddfac203e4a P 3884539e5d7c4deda21c413a015acce5 [term 0 FOLLOWER]: Replica starting. Triggering 0 pending ops. Active config: opid_index: -1 OBSOLETE_local: false peers { permanent_uuid: "89445da3b69744c093668f1730021736" member_type: VOTER last_known_addr { host: "127.11.121.132" port: 33833 } } peers { permanent_uuid: "c12e90aee62543cd9eb484c61a6201ab" member_type: VOTER last_known_addr { host: "127.11.121.131" port: 42625 } } peers { permanent_uuid: "3884539e5d7c4deda21c413a015acce5" member_type: VOTER last_known_addr { host: "127.11.121.129" port: 46871 } }
I20260608 10:05:45.904978 15062 raft_consensus.cc:385] T 7911c422969d461abcacbddfac203e4a P 3884539e5d7c4deda21c413a015acce5 [term 0 FOLLOWER]: Consensus starting up: Expiring failure detector timer to make a prompt election more likely
I20260608 10:05:45.905263 15062 raft_consensus.cc:740] T 7911c422969d461abcacbddfac203e4a P 3884539e5d7c4deda21c413a015acce5 [term 0 FOLLOWER]: Becoming Follower/Learner. State: Replica: 3884539e5d7c4deda21c413a015acce5, State: Initialized, Role: FOLLOWER
I20260608 10:05:45.905644 15025 tablet_service.cc:1917] Received RequestConsensusVote() RPC: tablet_id: "df1499d9bd974b3e9158a81ed4441be5" candidate_uuid: "3884539e5d7c4deda21c413a015acce5" candidate_term: 1 candidate_status { last_received { term: 0 index: 0 } } ignore_live_leader: false dest_uuid: "89445da3b69744c093668f1730021736"
I20260608 10:05:45.906174 15062 consensus_queue.cc:260] T 7911c422969d461abcacbddfac203e4a P 3884539e5d7c4deda21c413a015acce5 [NON_LEADER]: Queue going to NON_LEADER mode. State: All replicated index: 0, Majority replicated index: 0, Committed index: 0, Last appended: 0.0, Last appended by leader: 0, Current term: 0, Majority size: -1, State: 0, Mode: NON_LEADER, active raft config: opid_index: -1 OBSOLETE_local: false peers { permanent_uuid: "89445da3b69744c093668f1730021736" member_type: VOTER last_known_addr { host: "127.11.121.132" port: 33833 } } peers { permanent_uuid: "c12e90aee62543cd9eb484c61a6201ab" member_type: VOTER last_known_addr { host: "127.11.121.131" port: 42625 } } peers { permanent_uuid: "3884539e5d7c4deda21c413a015acce5" member_type: VOTER last_known_addr { host: "127.11.121.129" port: 46871 } }
I20260608 10:05:45.907927 15062 ts_tablet_manager.cc:1434] T 7911c422969d461abcacbddfac203e4a P 3884539e5d7c4deda21c413a015acce5: Time spent starting tablet: real 0.050s	user 0.005s	sys 0.001s
I20260608 10:05:45.908682 15062 tablet_bootstrap.cc:492] T e04bb5cd576e4b649e599afb86ac9d2b P 3884539e5d7c4deda21c413a015acce5: Bootstrap starting.
I20260608 10:05:45.902645 14884 tablet_service.cc:1917] Received RequestConsensusVote() RPC: tablet_id: "d536302f68004504819c5d9c3eafd769" candidate_uuid: "9f0cd1b283ea40928f859c2db89da3f6" candidate_term: 1 candidate_status { last_received { term: 0 index: 0 } } ignore_live_leader: false dest_uuid: "c12e90aee62543cd9eb484c61a6201ab" is_pre_election: true
I20260608 10:05:45.910601 14884 raft_consensus.cc:2468] T d536302f68004504819c5d9c3eafd769 P c12e90aee62543cd9eb484c61a6201ab [term 0 FOLLOWER]: Leader pre-election vote request: Granting yes vote for candidate 9f0cd1b283ea40928f859c2db89da3f6 in term 0.
I20260608 10:05:45.902848 15094 raft_consensus.cc:2804] T df1499d9bd974b3e9158a81ed4441be5 P 89445da3b69744c093668f1730021736 [term 0 FOLLOWER]: Leader pre-election won for term 1
I20260608 10:05:45.912043 15094 raft_consensus.cc:493] T df1499d9bd974b3e9158a81ed4441be5 P 89445da3b69744c093668f1730021736 [term 0 FOLLOWER]: Starting leader election (no leader contacted us within the election timeout)
I20260608 10:05:45.912371 15094 raft_consensus.cc:3060] T df1499d9bd974b3e9158a81ed4441be5 P 89445da3b69744c093668f1730021736 [term 0 FOLLOWER]: Advancing to term 1
I20260608 10:05:45.912465 14776 leader_election.cc:304] T d536302f68004504819c5d9c3eafd769 P 9f0cd1b283ea40928f859c2db89da3f6 [CANDIDATE]: Term 1 pre-election: Election decided. Result: candidate won. Election summary: received 2 responses out of 3 voters: 2 yes votes; 0 no votes. yes voters: 9f0cd1b283ea40928f859c2db89da3f6, c12e90aee62543cd9eb484c61a6201ab; no voters: 
I20260608 10:05:45.896767 14968 leader_election.cc:290] T d536302f68004504819c5d9c3eafd769 P 9f0cd1b283ea40928f859c2db89da3f6 [CANDIDATE]: Term 1 pre-election: Requested pre-vote from peers 89445da3b69744c093668f1730021736 (127.11.121.132:33833), c12e90aee62543cd9eb484c61a6201ab (127.11.121.131:42625)
I20260608 10:05:45.915526 15121 raft_consensus.cc:2804] T d536302f68004504819c5d9c3eafd769 P 9f0cd1b283ea40928f859c2db89da3f6 [term 0 FOLLOWER]: Leader pre-election won for term 1
I20260608 10:05:45.915349 15026 tablet_service.cc:1917] Received RequestConsensusVote() RPC: tablet_id: "d536302f68004504819c5d9c3eafd769" candidate_uuid: "9f0cd1b283ea40928f859c2db89da3f6" candidate_term: 1 candidate_status { last_received { term: 0 index: 0 } } ignore_live_leader: false dest_uuid: "89445da3b69744c093668f1730021736" is_pre_election: true
I20260608 10:05:45.916244 15026 raft_consensus.cc:2468] T d536302f68004504819c5d9c3eafd769 P 89445da3b69744c093668f1730021736 [term 0 FOLLOWER]: Leader pre-election vote request: Granting yes vote for candidate 9f0cd1b283ea40928f859c2db89da3f6 in term 0.
I20260608 10:05:45.921840 14633 catalog_manager.cc:5696] T 980935e6b8a747cbb06a9c1ae4f41f35 P 3884539e5d7c4deda21c413a015acce5 reported cstate change: term changed from 0 to 1, leader changed from <none> to 3884539e5d7c4deda21c413a015acce5 (127.11.121.129). New cstate: current_term: 1 leader_uuid: "3884539e5d7c4deda21c413a015acce5" committed_config { opid_index: -1 OBSOLETE_local: false peers { permanent_uuid: "89445da3b69744c093668f1730021736" member_type: VOTER last_known_addr { host: "127.11.121.132" port: 33833 } health_report { overall_health: UNKNOWN } } peers { permanent_uuid: "9f0cd1b283ea40928f859c2db89da3f6" member_type: VOTER last_known_addr { host: "127.11.121.130" port: 44605 } health_report { overall_health: UNKNOWN } } peers { permanent_uuid: "3884539e5d7c4deda21c413a015acce5" member_type: VOTER last_known_addr { host: "127.11.121.129" port: 46871 } health_report { overall_health: HEALTHY } } }
I20260608 10:05:45.922603 14884 tablet_service.cc:1917] Received RequestConsensusVote() RPC: tablet_id: "df1499d9bd974b3e9158a81ed4441be5" candidate_uuid: "3884539e5d7c4deda21c413a015acce5" candidate_term: 1 candidate_status { last_received { term: 0 index: 0 } } ignore_live_leader: false dest_uuid: "c12e90aee62543cd9eb484c61a6201ab"
I20260608 10:05:45.924767 14884 raft_consensus.cc:3060] T df1499d9bd974b3e9158a81ed4441be5 P c12e90aee62543cd9eb484c61a6201ab [term 0 FOLLOWER]: Advancing to term 1
I20260608 10:05:45.918579 15121 raft_consensus.cc:493] T d536302f68004504819c5d9c3eafd769 P 9f0cd1b283ea40928f859c2db89da3f6 [term 0 FOLLOWER]: Starting leader election (no leader contacted us within the election timeout)
I20260608 10:05:45.925240 15121 raft_consensus.cc:3060] T d536302f68004504819c5d9c3eafd769 P 9f0cd1b283ea40928f859c2db89da3f6 [term 0 FOLLOWER]: Advancing to term 1
I20260608 10:05:45.927253 15094 raft_consensus.cc:515] T df1499d9bd974b3e9158a81ed4441be5 P 89445da3b69744c093668f1730021736 [term 1 FOLLOWER]: Starting leader election with config: opid_index: -1 OBSOLETE_local: false peers { permanent_uuid: "c12e90aee62543cd9eb484c61a6201ab" member_type: VOTER last_known_addr { host: "127.11.121.131" port: 42625 } } peers { permanent_uuid: "3884539e5d7c4deda21c413a015acce5" member_type: VOTER last_known_addr { host: "127.11.121.129" port: 46871 } } peers { permanent_uuid: "89445da3b69744c093668f1730021736" member_type: VOTER last_known_addr { host: "127.11.121.132" port: 33833 } }
I20260608 10:05:45.928413 15025 raft_consensus.cc:2393] T df1499d9bd974b3e9158a81ed4441be5 P 89445da3b69744c093668f1730021736 [term 1 FOLLOWER]: Leader election vote request: Denying vote to candidate 3884539e5d7c4deda21c413a015acce5 in current term 1: Already voted for candidate 89445da3b69744c093668f1730021736 in this term.
I20260608 10:05:45.924556 15123 raft_consensus.cc:515] T 2412f9ba7c5141328f59ee13ce25b934 P 3884539e5d7c4deda21c413a015acce5 [term 1 FOLLOWER]: Starting leader election with config: opid_index: -1 OBSOLETE_local: false peers { permanent_uuid: "89445da3b69744c093668f1730021736" member_type: VOTER last_known_addr { host: "127.11.121.132" port: 33833 } } peers { permanent_uuid: "3884539e5d7c4deda21c413a015acce5" member_type: VOTER last_known_addr { host: "127.11.121.129" port: 46871 } } peers { permanent_uuid: "c12e90aee62543cd9eb484c61a6201ab" member_type: VOTER last_known_addr { host: "127.11.121.131" port: 42625 } }
I20260608 10:05:45.927042 14629 catalog_manager.cc:5696] T 7911c422969d461abcacbddfac203e4a P c12e90aee62543cd9eb484c61a6201ab reported cstate change: term changed from 0 to 1, leader changed from <none> to c12e90aee62543cd9eb484c61a6201ab (127.11.121.131). New cstate: current_term: 1 leader_uuid: "c12e90aee62543cd9eb484c61a6201ab" committed_config { opid_index: -1 OBSOLETE_local: false peers { permanent_uuid: "89445da3b69744c093668f1730021736" member_type: VOTER last_known_addr { host: "127.11.121.132" port: 33833 } health_report { overall_health: UNKNOWN } } peers { permanent_uuid: "c12e90aee62543cd9eb484c61a6201ab" member_type: VOTER last_known_addr { host: "127.11.121.131" port: 42625 } health_report { overall_health: HEALTHY } } peers { permanent_uuid: "3884539e5d7c4deda21c413a015acce5" member_type: VOTER last_known_addr { host: "127.11.121.129" port: 46871 } health_report { overall_health: UNKNOWN } } }
I20260608 10:05:45.931071 15123 leader_election.cc:290] T 2412f9ba7c5141328f59ee13ce25b934 P 3884539e5d7c4deda21c413a015acce5 [CANDIDATE]: Term 1 election: Requested vote from peers 89445da3b69744c093668f1730021736 (127.11.121.132:33833), c12e90aee62543cd9eb484c61a6201ab (127.11.121.131:42625)
I20260608 10:05:45.933924 15025 tablet_service.cc:1917] Received RequestConsensusVote() RPC: tablet_id: "2412f9ba7c5141328f59ee13ce25b934" candidate_uuid: "3884539e5d7c4deda21c413a015acce5" candidate_term: 1 candidate_status { last_received { term: 0 index: 0 } } ignore_live_leader: false dest_uuid: "89445da3b69744c093668f1730021736"
W20260608 10:05:45.936424 14700 leader_election.cc:343] T 2412f9ba7c5141328f59ee13ce25b934 P 3884539e5d7c4deda21c413a015acce5 [CANDIDATE]: Term 1 election: Tablet error from VoteRequest() call to peer 89445da3b69744c093668f1730021736 (127.11.121.132:33833): Illegal state: must be running to vote when last-logged opid is not known
I20260608 10:05:45.937857 14884 raft_consensus.cc:2468] T df1499d9bd974b3e9158a81ed4441be5 P c12e90aee62543cd9eb484c61a6201ab [term 1 FOLLOWER]: Leader election vote request: Granting yes vote for candidate 3884539e5d7c4deda21c413a015acce5 in term 1.
I20260608 10:05:45.938220 14882 tablet_service.cc:1917] Received RequestConsensusVote() RPC: tablet_id: "df1499d9bd974b3e9158a81ed4441be5" candidate_uuid: "89445da3b69744c093668f1730021736" candidate_term: 1 candidate_status { last_received { term: 0 index: 0 } } ignore_live_leader: false dest_uuid: "c12e90aee62543cd9eb484c61a6201ab"
I20260608 10:05:45.938990 14882 raft_consensus.cc:2393] T df1499d9bd974b3e9158a81ed4441be5 P c12e90aee62543cd9eb484c61a6201ab [term 1 FOLLOWER]: Leader election vote request: Denying vote to candidate 89445da3b69744c093668f1730021736 in current term 1: Already voted for candidate 3884539e5d7c4deda21c413a015acce5 in this term.
I20260608 10:05:45.939985 14701 leader_election.cc:304] T df1499d9bd974b3e9158a81ed4441be5 P 3884539e5d7c4deda21c413a015acce5 [CANDIDATE]: Term 1 election: Election decided. Result: candidate won. Election summary: received 3 responses out of 3 voters: 2 yes votes; 1 no votes. yes voters: 3884539e5d7c4deda21c413a015acce5, c12e90aee62543cd9eb484c61a6201ab; no voters: 89445da3b69744c093668f1730021736
I20260608 10:05:45.941151 15123 raft_consensus.cc:2804] T df1499d9bd974b3e9158a81ed4441be5 P 3884539e5d7c4deda21c413a015acce5 [term 1 FOLLOWER]: Leader election won for term 1
I20260608 10:05:45.941265 14882 tablet_service.cc:1917] Received RequestConsensusVote() RPC: tablet_id: "2412f9ba7c5141328f59ee13ce25b934" candidate_uuid: "3884539e5d7c4deda21c413a015acce5" candidate_term: 1 candidate_status { last_received { term: 0 index: 0 } } ignore_live_leader: false dest_uuid: "c12e90aee62543cd9eb484c61a6201ab"
I20260608 10:05:45.941965 14882 raft_consensus.cc:3060] T 2412f9ba7c5141328f59ee13ce25b934 P c12e90aee62543cd9eb484c61a6201ab [term 0 FOLLOWER]: Advancing to term 1
I20260608 10:05:45.942037 15123 raft_consensus.cc:697] T df1499d9bd974b3e9158a81ed4441be5 P 3884539e5d7c4deda21c413a015acce5 [term 1 LEADER]: Becoming Leader. State: Replica: 3884539e5d7c4deda21c413a015acce5, State: Running, Role: LEADER
I20260608 10:05:45.943084 15123 consensus_queue.cc:237] T df1499d9bd974b3e9158a81ed4441be5 P 3884539e5d7c4deda21c413a015acce5 [LEADER]: Queue going to LEADER mode. State: All replicated index: 0, Majority replicated index: 0, Committed index: 0, Last appended: 0.0, Last appended by leader: 0, Current term: 1, Majority size: 2, State: 0, Mode: LEADER, active raft config: opid_index: -1 OBSOLETE_local: false peers { permanent_uuid: "c12e90aee62543cd9eb484c61a6201ab" member_type: VOTER last_known_addr { host: "127.11.121.131" port: 42625 } } peers { permanent_uuid: "3884539e5d7c4deda21c413a015acce5" member_type: VOTER last_known_addr { host: "127.11.121.129" port: 46871 } } peers { permanent_uuid: "89445da3b69744c093668f1730021736" member_type: VOTER last_known_addr { host: "127.11.121.132" port: 33833 } }
I20260608 10:05:45.933459 15121 raft_consensus.cc:515] T d536302f68004504819c5d9c3eafd769 P 9f0cd1b283ea40928f859c2db89da3f6 [term 1 FOLLOWER]: Starting leader election with config: opid_index: -1 OBSOLETE_local: false peers { permanent_uuid: "9f0cd1b283ea40928f859c2db89da3f6" member_type: VOTER last_known_addr { host: "127.11.121.130" port: 44605 } } peers { permanent_uuid: "89445da3b69744c093668f1730021736" member_type: VOTER last_known_addr { host: "127.11.121.132" port: 33833 } } peers { permanent_uuid: "c12e90aee62543cd9eb484c61a6201ab" member_type: VOTER last_known_addr { host: "127.11.121.131" port: 42625 } }
I20260608 10:05:45.947583 14733 tablet_service.cc:1917] Received RequestConsensusVote() RPC: tablet_id: "df1499d9bd974b3e9158a81ed4441be5" candidate_uuid: "89445da3b69744c093668f1730021736" candidate_term: 1 candidate_status { last_received { term: 0 index: 0 } } ignore_live_leader: false dest_uuid: "3884539e5d7c4deda21c413a015acce5"
I20260608 10:05:45.949348 14989 leader_election.cc:304] T df1499d9bd974b3e9158a81ed4441be5 P 89445da3b69744c093668f1730021736 [CANDIDATE]: Term 1 election: Election decided. Result: candidate lost. Election summary: received 3 responses out of 3 voters: 1 yes votes; 2 no votes. yes voters: 89445da3b69744c093668f1730021736; no voters: 3884539e5d7c4deda21c413a015acce5, c12e90aee62543cd9eb484c61a6201ab
I20260608 10:05:45.950206 15116 raft_consensus.cc:2749] T df1499d9bd974b3e9158a81ed4441be5 P 89445da3b69744c093668f1730021736 [term 1 FOLLOWER]: Leader election lost for term 1. Reason: could not achieve majority
I20260608 10:05:45.951122 14882 raft_consensus.cc:2468] T 2412f9ba7c5141328f59ee13ce25b934 P c12e90aee62543cd9eb484c61a6201ab [term 1 FOLLOWER]: Leader election vote request: Granting yes vote for candidate 3884539e5d7c4deda21c413a015acce5 in term 1.
I20260608 10:05:45.952736 14882 tablet_service.cc:1917] Received RequestConsensusVote() RPC: tablet_id: "d536302f68004504819c5d9c3eafd769" candidate_uuid: "9f0cd1b283ea40928f859c2db89da3f6" candidate_term: 1 candidate_status { last_received { term: 0 index: 0 } } ignore_live_leader: false dest_uuid: "c12e90aee62543cd9eb484c61a6201ab"
I20260608 10:05:45.953073 14701 leader_election.cc:304] T 2412f9ba7c5141328f59ee13ce25b934 P 3884539e5d7c4deda21c413a015acce5 [CANDIDATE]: Term 1 election: Election decided. Result: candidate won. Election summary: received 3 responses out of 3 voters: 2 yes votes; 1 no votes. yes voters: 3884539e5d7c4deda21c413a015acce5, c12e90aee62543cd9eb484c61a6201ab; no voters: 89445da3b69744c093668f1730021736
I20260608 10:05:45.953079 15068 tablet_bootstrap.cc:654] T e04bb5cd576e4b649e599afb86ac9d2b P 89445da3b69744c093668f1730021736: Neither blocks nor log segments found. Creating new log.
I20260608 10:05:45.950641 15094 leader_election.cc:290] T df1499d9bd974b3e9158a81ed4441be5 P 89445da3b69744c093668f1730021736 [CANDIDATE]: Term 1 election: Requested vote from peers c12e90aee62543cd9eb484c61a6201ab (127.11.121.131:42625), 3884539e5d7c4deda21c413a015acce5 (127.11.121.129:46871)
I20260608 10:05:45.954254 15124 raft_consensus.cc:2804] T 2412f9ba7c5141328f59ee13ce25b934 P 3884539e5d7c4deda21c413a015acce5 [term 1 FOLLOWER]: Leader election won for term 1
I20260608 10:05:45.954948 15124 raft_consensus.cc:697] T 2412f9ba7c5141328f59ee13ce25b934 P 3884539e5d7c4deda21c413a015acce5 [term 1 LEADER]: Becoming Leader. State: Replica: 3884539e5d7c4deda21c413a015acce5, State: Running, Role: LEADER
I20260608 10:05:45.955016 15121 leader_election.cc:290] T d536302f68004504819c5d9c3eafd769 P 9f0cd1b283ea40928f859c2db89da3f6 [CANDIDATE]: Term 1 election: Requested vote from peers 89445da3b69744c093668f1730021736 (127.11.121.132:33833), c12e90aee62543cd9eb484c61a6201ab (127.11.121.131:42625)
I20260608 10:05:45.953377 15062 tablet_bootstrap.cc:654] T e04bb5cd576e4b649e599afb86ac9d2b P 3884539e5d7c4deda21c413a015acce5: Neither blocks nor log segments found. Creating new log.
I20260608 10:05:45.948995 15026 tablet_service.cc:1917] Received RequestConsensusVote() RPC: tablet_id: "d536302f68004504819c5d9c3eafd769" candidate_uuid: "9f0cd1b283ea40928f859c2db89da3f6" candidate_term: 1 candidate_status { last_received { term: 0 index: 0 } } ignore_live_leader: false dest_uuid: "89445da3b69744c093668f1730021736"
I20260608 10:05:45.955881 15026 raft_consensus.cc:3060] T d536302f68004504819c5d9c3eafd769 P 89445da3b69744c093668f1730021736 [term 0 FOLLOWER]: Advancing to term 1
I20260608 10:05:45.955993 15124 consensus_queue.cc:237] T 2412f9ba7c5141328f59ee13ce25b934 P 3884539e5d7c4deda21c413a015acce5 [LEADER]: Queue going to LEADER mode. State: All replicated index: 0, Majority replicated index: 0, Committed index: 0, Last appended: 0.0, Last appended by leader: 0, Current term: 1, Majority size: 2, State: 0, Mode: LEADER, active raft config: opid_index: -1 OBSOLETE_local: false peers { permanent_uuid: "89445da3b69744c093668f1730021736" member_type: VOTER last_known_addr { host: "127.11.121.132" port: 33833 } } peers { permanent_uuid: "3884539e5d7c4deda21c413a015acce5" member_type: VOTER last_known_addr { host: "127.11.121.129" port: 46871 } } peers { permanent_uuid: "c12e90aee62543cd9eb484c61a6201ab" member_type: VOTER last_known_addr { host: "127.11.121.131" port: 42625 } }
I20260608 10:05:45.953397 14882 raft_consensus.cc:3060] T d536302f68004504819c5d9c3eafd769 P c12e90aee62543cd9eb484c61a6201ab [term 0 FOLLOWER]: Advancing to term 1
I20260608 10:05:45.965202 14630 catalog_manager.cc:5696] T df1499d9bd974b3e9158a81ed4441be5 P 3884539e5d7c4deda21c413a015acce5 reported cstate change: term changed from 0 to 1, leader changed from <none> to 3884539e5d7c4deda21c413a015acce5 (127.11.121.129). New cstate: current_term: 1 leader_uuid: "3884539e5d7c4deda21c413a015acce5" committed_config { opid_index: -1 OBSOLETE_local: false peers { permanent_uuid: "c12e90aee62543cd9eb484c61a6201ab" member_type: VOTER last_known_addr { host: "127.11.121.131" port: 42625 } health_report { overall_health: UNKNOWN } } peers { permanent_uuid: "3884539e5d7c4deda21c413a015acce5" member_type: VOTER last_known_addr { host: "127.11.121.129" port: 46871 } health_report { overall_health: HEALTHY } } peers { permanent_uuid: "89445da3b69744c093668f1730021736" member_type: VOTER last_known_addr { host: "127.11.121.132" port: 33833 } health_report { overall_health: UNKNOWN } } }
I20260608 10:05:45.968469 15062 tablet_bootstrap.cc:492] T e04bb5cd576e4b649e599afb86ac9d2b P 3884539e5d7c4deda21c413a015acce5: No bootstrap required, opened a new log
I20260608 10:05:45.968475 15068 tablet_bootstrap.cc:492] T e04bb5cd576e4b649e599afb86ac9d2b P 89445da3b69744c093668f1730021736: No bootstrap required, opened a new log
I20260608 10:05:45.969274 15068 ts_tablet_manager.cc:1403] T e04bb5cd576e4b649e599afb86ac9d2b P 89445da3b69744c093668f1730021736: Time spent bootstrapping tablet: real 0.086s	user 0.012s	sys 0.004s
I20260608 10:05:45.969151 15062 ts_tablet_manager.cc:1403] T e04bb5cd576e4b649e599afb86ac9d2b P 3884539e5d7c4deda21c413a015acce5: Time spent bootstrapping tablet: real 0.061s	user 0.002s	sys 0.014s
I20260608 10:05:45.965230 15026 raft_consensus.cc:2468] T d536302f68004504819c5d9c3eafd769 P 89445da3b69744c093668f1730021736 [term 1 FOLLOWER]: Leader election vote request: Granting yes vote for candidate 9f0cd1b283ea40928f859c2db89da3f6 in term 1.
I20260608 10:05:45.971078 14775 leader_election.cc:304] T d536302f68004504819c5d9c3eafd769 P 9f0cd1b283ea40928f859c2db89da3f6 [CANDIDATE]: Term 1 election: Election decided. Result: candidate won. Election summary: received 2 responses out of 3 voters: 2 yes votes; 0 no votes. yes voters: 89445da3b69744c093668f1730021736, 9f0cd1b283ea40928f859c2db89da3f6; no voters: 
I20260608 10:05:45.971861 15121 raft_consensus.cc:2804] T d536302f68004504819c5d9c3eafd769 P 9f0cd1b283ea40928f859c2db89da3f6 [term 1 FOLLOWER]: Leader election won for term 1
I20260608 10:05:45.972332 15121 raft_consensus.cc:697] T d536302f68004504819c5d9c3eafd769 P 9f0cd1b283ea40928f859c2db89da3f6 [term 1 LEADER]: Becoming Leader. State: Replica: 9f0cd1b283ea40928f859c2db89da3f6, State: Running, Role: LEADER
I20260608 10:05:45.972610 15068 raft_consensus.cc:359] T e04bb5cd576e4b649e599afb86ac9d2b P 89445da3b69744c093668f1730021736 [term 0 FOLLOWER]: Replica starting. Triggering 0 pending ops. Active config: opid_index: -1 OBSOLETE_local: false peers { permanent_uuid: "9f0cd1b283ea40928f859c2db89da3f6" member_type: VOTER last_known_addr { host: "127.11.121.130" port: 44605 } } peers { permanent_uuid: "3884539e5d7c4deda21c413a015acce5" member_type: VOTER last_known_addr { host: "127.11.121.129" port: 46871 } } peers { permanent_uuid: "89445da3b69744c093668f1730021736" member_type: VOTER last_known_addr { host: "127.11.121.132" port: 33833 } }
I20260608 10:05:45.973337 15068 raft_consensus.cc:385] T e04bb5cd576e4b649e599afb86ac9d2b P 89445da3b69744c093668f1730021736 [term 0 FOLLOWER]: Consensus starting up: Expiring failure detector timer to make a prompt election more likely
I20260608 10:05:45.973145 15121 consensus_queue.cc:237] T d536302f68004504819c5d9c3eafd769 P 9f0cd1b283ea40928f859c2db89da3f6 [LEADER]: Queue going to LEADER mode. State: All replicated index: 0, Majority replicated index: 0, Committed index: 0, Last appended: 0.0, Last appended by leader: 0, Current term: 1, Majority size: 2, State: 0, Mode: LEADER, active raft config: opid_index: -1 OBSOLETE_local: false peers { permanent_uuid: "9f0cd1b283ea40928f859c2db89da3f6" member_type: VOTER last_known_addr { host: "127.11.121.130" port: 44605 } } peers { permanent_uuid: "89445da3b69744c093668f1730021736" member_type: VOTER last_known_addr { host: "127.11.121.132" port: 33833 } } peers { permanent_uuid: "c12e90aee62543cd9eb484c61a6201ab" member_type: VOTER last_known_addr { host: "127.11.121.131" port: 42625 } }
I20260608 10:05:45.973649 15068 raft_consensus.cc:740] T e04bb5cd576e4b649e599afb86ac9d2b P 89445da3b69744c093668f1730021736 [term 0 FOLLOWER]: Becoming Follower/Learner. State: Replica: 89445da3b69744c093668f1730021736, State: Initialized, Role: FOLLOWER
I20260608 10:05:45.974526 15068 consensus_queue.cc:260] T e04bb5cd576e4b649e599afb86ac9d2b P 89445da3b69744c093668f1730021736 [NON_LEADER]: Queue going to NON_LEADER mode. State: All replicated index: 0, Majority replicated index: 0, Committed index: 0, Last appended: 0.0, Last appended by leader: 0, Current term: 0, Majority size: -1, State: 0, Mode: NON_LEADER, active raft config: opid_index: -1 OBSOLETE_local: false peers { permanent_uuid: "9f0cd1b283ea40928f859c2db89da3f6" member_type: VOTER last_known_addr { host: "127.11.121.130" port: 44605 } } peers { permanent_uuid: "3884539e5d7c4deda21c413a015acce5" member_type: VOTER last_known_addr { host: "127.11.121.129" port: 46871 } } peers { permanent_uuid: "89445da3b69744c093668f1730021736" member_type: VOTER last_known_addr { host: "127.11.121.132" port: 33833 } }
I20260608 10:05:45.976718 15068 ts_tablet_manager.cc:1434] T e04bb5cd576e4b649e599afb86ac9d2b P 89445da3b69744c093668f1730021736: Time spent starting tablet: real 0.007s	user 0.001s	sys 0.003s
I20260608 10:05:45.978096 15068 tablet_bootstrap.cc:492] T 2412f9ba7c5141328f59ee13ce25b934 P 89445da3b69744c093668f1730021736: Bootstrap starting.
I20260608 10:05:45.979676 14882 raft_consensus.cc:2468] T d536302f68004504819c5d9c3eafd769 P c12e90aee62543cd9eb484c61a6201ab [term 1 FOLLOWER]: Leader election vote request: Granting yes vote for candidate 9f0cd1b283ea40928f859c2db89da3f6 in term 1.
I20260608 10:05:45.981899 15062 raft_consensus.cc:359] T e04bb5cd576e4b649e599afb86ac9d2b P 3884539e5d7c4deda21c413a015acce5 [term 0 FOLLOWER]: Replica starting. Triggering 0 pending ops. Active config: opid_index: -1 OBSOLETE_local: false peers { permanent_uuid: "9f0cd1b283ea40928f859c2db89da3f6" member_type: VOTER last_known_addr { host: "127.11.121.130" port: 44605 } } peers { permanent_uuid: "3884539e5d7c4deda21c413a015acce5" member_type: VOTER last_known_addr { host: "127.11.121.129" port: 46871 } } peers { permanent_uuid: "89445da3b69744c093668f1730021736" member_type: VOTER last_known_addr { host: "127.11.121.132" port: 33833 } }
I20260608 10:05:45.984011 15062 raft_consensus.cc:385] T e04bb5cd576e4b649e599afb86ac9d2b P 3884539e5d7c4deda21c413a015acce5 [term 0 FOLLOWER]: Consensus starting up: Expiring failure detector timer to make a prompt election more likely
I20260608 10:05:45.984437 15062 raft_consensus.cc:740] T e04bb5cd576e4b649e599afb86ac9d2b P 3884539e5d7c4deda21c413a015acce5 [term 0 FOLLOWER]: Becoming Follower/Learner. State: Replica: 3884539e5d7c4deda21c413a015acce5, State: Initialized, Role: FOLLOWER
I20260608 10:05:45.985210 15062 consensus_queue.cc:260] T e04bb5cd576e4b649e599afb86ac9d2b P 3884539e5d7c4deda21c413a015acce5 [NON_LEADER]: Queue going to NON_LEADER mode. State: All replicated index: 0, Majority replicated index: 0, Committed index: 0, Last appended: 0.0, Last appended by leader: 0, Current term: 0, Majority size: -1, State: 0, Mode: NON_LEADER, active raft config: opid_index: -1 OBSOLETE_local: false peers { permanent_uuid: "9f0cd1b283ea40928f859c2db89da3f6" member_type: VOTER last_known_addr { host: "127.11.121.130" port: 44605 } } peers { permanent_uuid: "3884539e5d7c4deda21c413a015acce5" member_type: VOTER last_known_addr { host: "127.11.121.129" port: 46871 } } peers { permanent_uuid: "89445da3b69744c093668f1730021736" member_type: VOTER last_known_addr { host: "127.11.121.132" port: 33833 } }
I20260608 10:05:45.985674 14629 catalog_manager.cc:5696] T d536302f68004504819c5d9c3eafd769 P 9f0cd1b283ea40928f859c2db89da3f6 reported cstate change: term changed from 0 to 1, leader changed from <none> to 9f0cd1b283ea40928f859c2db89da3f6 (127.11.121.130). New cstate: current_term: 1 leader_uuid: "9f0cd1b283ea40928f859c2db89da3f6" committed_config { opid_index: -1 OBSOLETE_local: false peers { permanent_uuid: "9f0cd1b283ea40928f859c2db89da3f6" member_type: VOTER last_known_addr { host: "127.11.121.130" port: 44605 } health_report { overall_health: HEALTHY } } peers { permanent_uuid: "89445da3b69744c093668f1730021736" member_type: VOTER last_known_addr { host: "127.11.121.132" port: 33833 } health_report { overall_health: UNKNOWN } } peers { permanent_uuid: "c12e90aee62543cd9eb484c61a6201ab" member_type: VOTER last_known_addr { host: "127.11.121.131" port: 42625 } health_report { overall_health: UNKNOWN } } }
I20260608 10:05:45.988266 15062 ts_tablet_manager.cc:1434] T e04bb5cd576e4b649e599afb86ac9d2b P 3884539e5d7c4deda21c413a015acce5: Time spent starting tablet: real 0.018s	user 0.004s	sys 0.001s
I20260608 10:05:45.997217 15068 tablet_bootstrap.cc:654] T 2412f9ba7c5141328f59ee13ce25b934 P 89445da3b69744c093668f1730021736: Neither blocks nor log segments found. Creating new log.
I20260608 10:05:45.998411 14630 catalog_manager.cc:5696] T 2412f9ba7c5141328f59ee13ce25b934 P 3884539e5d7c4deda21c413a015acce5 reported cstate change: term changed from 0 to 1, leader changed from <none> to 3884539e5d7c4deda21c413a015acce5 (127.11.121.129). New cstate: current_term: 1 leader_uuid: "3884539e5d7c4deda21c413a015acce5" committed_config { opid_index: -1 OBSOLETE_local: false peers { permanent_uuid: "89445da3b69744c093668f1730021736" member_type: VOTER last_known_addr { host: "127.11.121.132" port: 33833 } health_report { overall_health: UNKNOWN } } peers { permanent_uuid: "3884539e5d7c4deda21c413a015acce5" member_type: VOTER last_known_addr { host: "127.11.121.129" port: 46871 } health_report { overall_health: HEALTHY } } peers { permanent_uuid: "c12e90aee62543cd9eb484c61a6201ab" member_type: VOTER last_known_addr { host: "127.11.121.131" port: 42625 } health_report { overall_health: UNKNOWN } } }
I20260608 10:05:46.001523 15068 tablet_bootstrap.cc:492] T 2412f9ba7c5141328f59ee13ce25b934 P 89445da3b69744c093668f1730021736: No bootstrap required, opened a new log
I20260608 10:05:46.002007 15068 ts_tablet_manager.cc:1403] T 2412f9ba7c5141328f59ee13ce25b934 P 89445da3b69744c093668f1730021736: Time spent bootstrapping tablet: real 0.024s	user 0.010s	sys 0.000s
I20260608 10:05:46.004431 15068 raft_consensus.cc:359] T 2412f9ba7c5141328f59ee13ce25b934 P 89445da3b69744c093668f1730021736 [term 0 FOLLOWER]: Replica starting. Triggering 0 pending ops. Active config: opid_index: -1 OBSOLETE_local: false peers { permanent_uuid: "89445da3b69744c093668f1730021736" member_type: VOTER last_known_addr { host: "127.11.121.132" port: 33833 } } peers { permanent_uuid: "3884539e5d7c4deda21c413a015acce5" member_type: VOTER last_known_addr { host: "127.11.121.129" port: 46871 } } peers { permanent_uuid: "c12e90aee62543cd9eb484c61a6201ab" member_type: VOTER last_known_addr { host: "127.11.121.131" port: 42625 } }
I20260608 10:05:46.005024 15068 raft_consensus.cc:385] T 2412f9ba7c5141328f59ee13ce25b934 P 89445da3b69744c093668f1730021736 [term 0 FOLLOWER]: Consensus starting up: Expiring failure detector timer to make a prompt election more likely
I20260608 10:05:46.005228 15068 raft_consensus.cc:740] T 2412f9ba7c5141328f59ee13ce25b934 P 89445da3b69744c093668f1730021736 [term 0 FOLLOWER]: Becoming Follower/Learner. State: Replica: 89445da3b69744c093668f1730021736, State: Initialized, Role: FOLLOWER
I20260608 10:05:46.005772 15068 consensus_queue.cc:260] T 2412f9ba7c5141328f59ee13ce25b934 P 89445da3b69744c093668f1730021736 [NON_LEADER]: Queue going to NON_LEADER mode. State: All replicated index: 0, Majority replicated index: 0, Committed index: 0, Last appended: 0.0, Last appended by leader: 0, Current term: 0, Majority size: -1, State: 0, Mode: NON_LEADER, active raft config: opid_index: -1 OBSOLETE_local: false peers { permanent_uuid: "89445da3b69744c093668f1730021736" member_type: VOTER last_known_addr { host: "127.11.121.132" port: 33833 } } peers { permanent_uuid: "3884539e5d7c4deda21c413a015acce5" member_type: VOTER last_known_addr { host: "127.11.121.129" port: 46871 } } peers { permanent_uuid: "c12e90aee62543cd9eb484c61a6201ab" member_type: VOTER last_known_addr { host: "127.11.121.131" port: 42625 } }
I20260608 10:05:46.007819 15068 ts_tablet_manager.cc:1434] T 2412f9ba7c5141328f59ee13ce25b934 P 89445da3b69744c093668f1730021736: Time spent starting tablet: real 0.006s	user 0.001s	sys 0.003s
I20260608 10:05:46.030555 15124 raft_consensus.cc:493] T e04bb5cd576e4b649e599afb86ac9d2b P 3884539e5d7c4deda21c413a015acce5 [term 0 FOLLOWER]: Starting pre-election (no leader contacted us within the election timeout)
I20260608 10:05:46.030622 15121 consensus_queue.cc:1048] T 9864a445fcb34f4db4cf5ef4cdf0426f P 9f0cd1b283ea40928f859c2db89da3f6 [LEADER]: Connected to new peer: Peer: permanent_uuid: "89445da3b69744c093668f1730021736" member_type: VOTER last_known_addr { host: "127.11.121.132" port: 33833 }, Status: LMP_MISMATCH, Last received: 0.0, Next index: 1, Last known committed idx: 0, Time since last communication: 0.000s
I20260608 10:05:46.031179 15124 raft_consensus.cc:515] T e04bb5cd576e4b649e599afb86ac9d2b P 3884539e5d7c4deda21c413a015acce5 [term 0 FOLLOWER]: Starting pre-election with config: opid_index: -1 OBSOLETE_local: false peers { permanent_uuid: "9f0cd1b283ea40928f859c2db89da3f6" member_type: VOTER last_known_addr { host: "127.11.121.130" port: 44605 } } peers { permanent_uuid: "3884539e5d7c4deda21c413a015acce5" member_type: VOTER last_known_addr { host: "127.11.121.129" port: 46871 } } peers { permanent_uuid: "89445da3b69744c093668f1730021736" member_type: VOTER last_known_addr { host: "127.11.121.132" port: 33833 } }
I20260608 10:05:46.033030 15124 leader_election.cc:290] T e04bb5cd576e4b649e599afb86ac9d2b P 3884539e5d7c4deda21c413a015acce5 [CANDIDATE]: Term 1 pre-election: Requested pre-vote from peers 9f0cd1b283ea40928f859c2db89da3f6 (127.11.121.130:44605), 89445da3b69744c093668f1730021736 (127.11.121.132:33833)
I20260608 10:05:46.033625 14807 tablet_service.cc:1917] Received RequestConsensusVote() RPC: tablet_id: "e04bb5cd576e4b649e599afb86ac9d2b" candidate_uuid: "3884539e5d7c4deda21c413a015acce5" candidate_term: 1 candidate_status { last_received { term: 0 index: 0 } } ignore_live_leader: false dest_uuid: "9f0cd1b283ea40928f859c2db89da3f6" is_pre_election: true
I20260608 10:05:46.034158 15025 tablet_service.cc:1917] Received RequestConsensusVote() RPC: tablet_id: "e04bb5cd576e4b649e599afb86ac9d2b" candidate_uuid: "3884539e5d7c4deda21c413a015acce5" candidate_term: 1 candidate_status { last_received { term: 0 index: 0 } } ignore_live_leader: false dest_uuid: "89445da3b69744c093668f1730021736" is_pre_election: true
I20260608 10:05:46.034351 14807 raft_consensus.cc:2468] T e04bb5cd576e4b649e599afb86ac9d2b P 9f0cd1b283ea40928f859c2db89da3f6 [term 0 FOLLOWER]: Leader pre-election vote request: Granting yes vote for candidate 3884539e5d7c4deda21c413a015acce5 in term 0.
I20260608 10:05:46.034789 15025 raft_consensus.cc:2468] T e04bb5cd576e4b649e599afb86ac9d2b P 89445da3b69744c093668f1730021736 [term 0 FOLLOWER]: Leader pre-election vote request: Granting yes vote for candidate 3884539e5d7c4deda21c413a015acce5 in term 0.
I20260608 10:05:46.035745 14701 leader_election.cc:304] T e04bb5cd576e4b649e599afb86ac9d2b P 3884539e5d7c4deda21c413a015acce5 [CANDIDATE]: Term 1 pre-election: Election decided. Result: candidate won. Election summary: received 2 responses out of 3 voters: 2 yes votes; 0 no votes. yes voters: 3884539e5d7c4deda21c413a015acce5, 9f0cd1b283ea40928f859c2db89da3f6; no voters: 
I20260608 10:05:46.036597 15124 raft_consensus.cc:2804] T e04bb5cd576e4b649e599afb86ac9d2b P 3884539e5d7c4deda21c413a015acce5 [term 0 FOLLOWER]: Leader pre-election won for term 1
I20260608 10:05:46.036968 15124 raft_consensus.cc:493] T e04bb5cd576e4b649e599afb86ac9d2b P 3884539e5d7c4deda21c413a015acce5 [term 0 FOLLOWER]: Starting leader election (no leader contacted us within the election timeout)
I20260608 10:05:46.037314 15124 raft_consensus.cc:3060] T e04bb5cd576e4b649e599afb86ac9d2b P 3884539e5d7c4deda21c413a015acce5 [term 0 FOLLOWER]: Advancing to term 1
I20260608 10:05:46.045764 15124 raft_consensus.cc:515] T e04bb5cd576e4b649e599afb86ac9d2b P 3884539e5d7c4deda21c413a015acce5 [term 1 FOLLOWER]: Starting leader election with config: opid_index: -1 OBSOLETE_local: false peers { permanent_uuid: "9f0cd1b283ea40928f859c2db89da3f6" member_type: VOTER last_known_addr { host: "127.11.121.130" port: 44605 } } peers { permanent_uuid: "3884539e5d7c4deda21c413a015acce5" member_type: VOTER last_known_addr { host: "127.11.121.129" port: 46871 } } peers { permanent_uuid: "89445da3b69744c093668f1730021736" member_type: VOTER last_known_addr { host: "127.11.121.132" port: 33833 } }
I20260608 10:05:46.047855 15124 leader_election.cc:290] T e04bb5cd576e4b649e599afb86ac9d2b P 3884539e5d7c4deda21c413a015acce5 [CANDIDATE]: Term 1 election: Requested vote from peers 9f0cd1b283ea40928f859c2db89da3f6 (127.11.121.130:44605), 89445da3b69744c093668f1730021736 (127.11.121.132:33833)
I20260608 10:05:46.048985 15026 tablet_service.cc:1917] Received RequestConsensusVote() RPC: tablet_id: "e04bb5cd576e4b649e599afb86ac9d2b" candidate_uuid: "3884539e5d7c4deda21c413a015acce5" candidate_term: 1 candidate_status { last_received { term: 0 index: 0 } } ignore_live_leader: false dest_uuid: "89445da3b69744c093668f1730021736"
I20260608 10:05:46.049391 14807 tablet_service.cc:1917] Received RequestConsensusVote() RPC: tablet_id: "e04bb5cd576e4b649e599afb86ac9d2b" candidate_uuid: "3884539e5d7c4deda21c413a015acce5" candidate_term: 1 candidate_status { last_received { term: 0 index: 0 } } ignore_live_leader: false dest_uuid: "9f0cd1b283ea40928f859c2db89da3f6"
I20260608 10:05:46.049618 15026 raft_consensus.cc:3060] T e04bb5cd576e4b649e599afb86ac9d2b P 89445da3b69744c093668f1730021736 [term 0 FOLLOWER]: Advancing to term 1
I20260608 10:05:46.050032 14807 raft_consensus.cc:3060] T e04bb5cd576e4b649e599afb86ac9d2b P 9f0cd1b283ea40928f859c2db89da3f6 [term 0 FOLLOWER]: Advancing to term 1
I20260608 10:05:46.050335 14969 consensus_queue.cc:1048] T 9864a445fcb34f4db4cf5ef4cdf0426f P 9f0cd1b283ea40928f859c2db89da3f6 [LEADER]: Connected to new peer: Peer: permanent_uuid: "3884539e5d7c4deda21c413a015acce5" member_type: VOTER last_known_addr { host: "127.11.121.129" port: 46871 }, Status: LMP_MISMATCH, Last received: 0.0, Next index: 1, Last known committed idx: 0, Time since last communication: 0.000s
I20260608 10:05:46.056151 14807 raft_consensus.cc:2468] T e04bb5cd576e4b649e599afb86ac9d2b P 9f0cd1b283ea40928f859c2db89da3f6 [term 1 FOLLOWER]: Leader election vote request: Granting yes vote for candidate 3884539e5d7c4deda21c413a015acce5 in term 1.
I20260608 10:05:46.057231 14701 leader_election.cc:304] T e04bb5cd576e4b649e599afb86ac9d2b P 3884539e5d7c4deda21c413a015acce5 [CANDIDATE]: Term 1 election: Election decided. Result: candidate won. Election summary: received 2 responses out of 3 voters: 2 yes votes; 0 no votes. yes voters: 3884539e5d7c4deda21c413a015acce5, 9f0cd1b283ea40928f859c2db89da3f6; no voters: 
I20260608 10:05:46.058357 15123 raft_consensus.cc:2804] T e04bb5cd576e4b649e599afb86ac9d2b P 3884539e5d7c4deda21c413a015acce5 [term 1 FOLLOWER]: Leader election won for term 1
I20260608 10:05:46.058835 15123 raft_consensus.cc:697] T e04bb5cd576e4b649e599afb86ac9d2b P 3884539e5d7c4deda21c413a015acce5 [term 1 LEADER]: Becoming Leader. State: Replica: 3884539e5d7c4deda21c413a015acce5, State: Running, Role: LEADER
I20260608 10:05:46.059839 15026 raft_consensus.cc:2468] T e04bb5cd576e4b649e599afb86ac9d2b P 89445da3b69744c093668f1730021736 [term 1 FOLLOWER]: Leader election vote request: Granting yes vote for candidate 3884539e5d7c4deda21c413a015acce5 in term 1.
I20260608 10:05:46.059633 15123 consensus_queue.cc:237] T e04bb5cd576e4b649e599afb86ac9d2b P 3884539e5d7c4deda21c413a015acce5 [LEADER]: Queue going to LEADER mode. State: All replicated index: 0, Majority replicated index: 0, Committed index: 0, Last appended: 0.0, Last appended by leader: 0, Current term: 1, Majority size: 2, State: 0, Mode: LEADER, active raft config: opid_index: -1 OBSOLETE_local: false peers { permanent_uuid: "9f0cd1b283ea40928f859c2db89da3f6" member_type: VOTER last_known_addr { host: "127.11.121.130" port: 44605 } } peers { permanent_uuid: "3884539e5d7c4deda21c413a015acce5" member_type: VOTER last_known_addr { host: "127.11.121.129" port: 46871 } } peers { permanent_uuid: "89445da3b69744c093668f1730021736" member_type: VOTER last_known_addr { host: "127.11.121.132" port: 33833 } }
