I20260608 10:05:39.559689 11269 consensus_queue.cc:260] T 8a9ca863d967409e8a125f2e2f7824ce P e7590ab2cc3844909ed192b7f7ca6c10 [NON_LEADER]: Queue going to NON_LEADER mode. State: All replicated index: 0, Majority replicated index: 0, Committed index: 2, Last appended: 1.2, Last appended by leader: 2, Current term: 0, Majority size: -1, State: 0, Mode: NON_LEADER, active raft config: opid_index: 2 OBSOLETE_local: false peers { permanent_uuid: "c18522fba5e94f919cfa9ebbdb4b679a" member_type: VOTER last_known_addr { host: "127.7.163.130" port: 38509 } } peers { permanent_uuid: "8a09ce2f41bc403993399295ee7d90fa" member_type: VOTER last_known_addr { host: "127.7.163.129" port: 36447 } attrs { replace: true } } peers { permanent_uuid: "12dd9965658248f09da0ab53bbe0fc8c" member_type: VOTER last_known_addr { host: "127.7.163.131" port: 33659 } } peers { permanent_uuid: "e7590ab2cc3844909ed192b7f7ca6c10" member_type: NON_VOTER last_known_addr { host: "127.7.163.132" port: 40271 } attrs { promote: true } }
I20260608 10:05:39.561892 11269 ts_tablet_manager.cc:1434] T 8a9ca863d967409e8a125f2e2f7824ce P e7590ab2cc3844909ed192b7f7ca6c10: Time spent starting tablet: real 0.006s	user 0.004s	sys 0.000s
I20260608 10:05:39.563927 10877 tablet_copy_service.cc:342] P c18522fba5e94f919cfa9ebbdb4b679a: Request end of tablet copy session e7590ab2cc3844909ed192b7f7ca6c10-8a9ca863d967409e8a125f2e2f7824ce received from {username='slave'} at 127.0.0.1:46178
I20260608 10:05:39.564414 10877 tablet_copy_service.cc:434] P c18522fba5e94f919cfa9ebbdb4b679a: ending tablet copy session e7590ab2cc3844909ed192b7f7ca6c10-8a9ca863d967409e8a125f2e2f7824ce on tablet 8a9ca863d967409e8a125f2e2f7824ce with peer e7590ab2cc3844909ed192b7f7ca6c10
I20260608 10:05:39.576297 11269 ts_tablet_manager.cc:933] T 1ad78aaefcf045d0834b0b5115f32e08 P e7590ab2cc3844909ed192b7f7ca6c10: Initiating tablet copy from peer 8a09ce2f41bc403993399295ee7d90fa (127.7.163.129:36447)
I20260608 10:05:39.578047 11269 tablet_copy_client.cc:323] T 1ad78aaefcf045d0834b0b5115f32e08 P e7590ab2cc3844909ed192b7f7ca6c10: tablet copy: Beginning tablet copy session from remote peer at address 127.7.163.129:36447
I20260608 10:05:39.579900 10802 tablet_copy_service.cc:140] P 8a09ce2f41bc403993399295ee7d90fa: Received BeginTabletCopySession request for tablet 1ad78aaefcf045d0834b0b5115f32e08 from peer e7590ab2cc3844909ed192b7f7ca6c10 ({username='slave'} at 127.0.0.1:39760)
I20260608 10:05:39.580444 10802 tablet_copy_service.cc:161] P 8a09ce2f41bc403993399295ee7d90fa: Beginning new tablet copy session on tablet 1ad78aaefcf045d0834b0b5115f32e08 from peer e7590ab2cc3844909ed192b7f7ca6c10 at {username='slave'} at 127.0.0.1:39760: session id = e7590ab2cc3844909ed192b7f7ca6c10-1ad78aaefcf045d0834b0b5115f32e08
I20260608 10:05:39.586027 10802 tablet_copy_source_session.cc:215] T 1ad78aaefcf045d0834b0b5115f32e08 P 8a09ce2f41bc403993399295ee7d90fa: Tablet Copy: opened 0 blocks and 1 log segments
I20260608 10:05:39.589058 11269 data_dirs.cc:400] Could only allocate 1 dirs of requested 3 for tablet 1ad78aaefcf045d0834b0b5115f32e08. 1 dirs total, 0 dirs full, 0 dirs failed
I20260608 10:05:39.605760 11269 tablet_copy_client.cc:806] T 1ad78aaefcf045d0834b0b5115f32e08 P e7590ab2cc3844909ed192b7f7ca6c10: tablet copy: Starting download of 0 data blocks...
I20260608 10:05:39.606451 11269 tablet_copy_client.cc:670] T 1ad78aaefcf045d0834b0b5115f32e08 P e7590ab2cc3844909ed192b7f7ca6c10: tablet copy: Starting download of 1 WAL segments...
I20260608 10:05:39.610733 11269 tablet_copy_client.cc:538] T 1ad78aaefcf045d0834b0b5115f32e08 P e7590ab2cc3844909ed192b7f7ca6c10: tablet copy: Tablet Copy complete. Replacing tablet superblock.
I20260608 10:05:39.617480 11269 tablet_bootstrap.cc:492] T 1ad78aaefcf045d0834b0b5115f32e08 P e7590ab2cc3844909ed192b7f7ca6c10: Bootstrap starting.
I20260608 10:05:39.634452 11269 tablet_bootstrap.cc:492] T 1ad78aaefcf045d0834b0b5115f32e08 P e7590ab2cc3844909ed192b7f7ca6c10: Bootstrap replayed 1/1 log segments. Stats: ops{read=2 overwritten=0 applied=2 ignored=0} inserts{seen=0 ignored=0} mutations{seen=0 ignored=0} orphaned_commits=0. Pending: 0 replicates
I20260608 10:05:39.635295 11269 tablet_bootstrap.cc:492] T 1ad78aaefcf045d0834b0b5115f32e08 P e7590ab2cc3844909ed192b7f7ca6c10: Bootstrap complete.
I20260608 10:05:39.635872 11269 ts_tablet_manager.cc:1403] T 1ad78aaefcf045d0834b0b5115f32e08 P e7590ab2cc3844909ed192b7f7ca6c10: Time spent bootstrapping tablet: real 0.019s	user 0.014s	sys 0.005s
I20260608 10:05:39.638311 11269 raft_consensus.cc:359] T 1ad78aaefcf045d0834b0b5115f32e08 P e7590ab2cc3844909ed192b7f7ca6c10 [term 1 LEARNER]: Replica starting. Triggering 0 pending ops. Active config: opid_index: 2 OBSOLETE_local: false peers { permanent_uuid: "c18522fba5e94f919cfa9ebbdb4b679a" member_type: VOTER last_known_addr { host: "127.7.163.130" port: 38509 } attrs { replace: true } } peers { permanent_uuid: "8a09ce2f41bc403993399295ee7d90fa" member_type: VOTER last_known_addr { host: "127.7.163.129" port: 36447 } } peers { permanent_uuid: "12dd9965658248f09da0ab53bbe0fc8c" member_type: VOTER last_known_addr { host: "127.7.163.131" port: 33659 } } peers { permanent_uuid: "e7590ab2cc3844909ed192b7f7ca6c10" member_type: NON_VOTER last_known_addr { host: "127.7.163.132" port: 40271 } attrs { promote: true } }
I20260608 10:05:39.639021 11269 raft_consensus.cc:740] T 1ad78aaefcf045d0834b0b5115f32e08 P e7590ab2cc3844909ed192b7f7ca6c10 [term 1 LEARNER]: Becoming Follower/Learner. State: Replica: e7590ab2cc3844909ed192b7f7ca6c10, State: Initialized, Role: LEARNER
I20260608 10:05:39.639569 11269 consensus_queue.cc:260] T 1ad78aaefcf045d0834b0b5115f32e08 P e7590ab2cc3844909ed192b7f7ca6c10 [NON_LEADER]: Queue going to NON_LEADER mode. State: All replicated index: 0, Majority replicated index: 0, Committed index: 2, Last appended: 1.2, Last appended by leader: 2, Current term: 0, Majority size: -1, State: 0, Mode: NON_LEADER, active raft config: opid_index: 2 OBSOLETE_local: false peers { permanent_uuid: "c18522fba5e94f919cfa9ebbdb4b679a" member_type: VOTER last_known_addr { host: "127.7.163.130" port: 38509 } attrs { replace: true } } peers { permanent_uuid: "8a09ce2f41bc403993399295ee7d90fa" member_type: VOTER last_known_addr { host: "127.7.163.129" port: 36447 } } peers { permanent_uuid: "12dd9965658248f09da0ab53bbe0fc8c" member_type: VOTER last_known_addr { host: "127.7.163.131" port: 33659 } } peers { permanent_uuid: "e7590ab2cc3844909ed192b7f7ca6c10" member_type: NON_VOTER last_known_addr { host: "127.7.163.132" port: 40271 } attrs { promote: true } }
I20260608 10:05:39.641837 11269 ts_tablet_manager.cc:1434] T 1ad78aaefcf045d0834b0b5115f32e08 P e7590ab2cc3844909ed192b7f7ca6c10: Time spent starting tablet: real 0.006s	user 0.004s	sys 0.000s
I20260608 10:05:39.643833 10802 tablet_copy_service.cc:342] P 8a09ce2f41bc403993399295ee7d90fa: Request end of tablet copy session e7590ab2cc3844909ed192b7f7ca6c10-1ad78aaefcf045d0834b0b5115f32e08 received from {username='slave'} at 127.0.0.1:39760
I20260608 10:05:39.644294 10802 tablet_copy_service.cc:434] P 8a09ce2f41bc403993399295ee7d90fa: ending tablet copy session e7590ab2cc3844909ed192b7f7ca6c10-1ad78aaefcf045d0834b0b5115f32e08 on tablet 1ad78aaefcf045d0834b0b5115f32e08 with peer e7590ab2cc3844909ed192b7f7ca6c10
I20260608 10:05:39.656405 11269 ts_tablet_manager.cc:933] T 50f568d038f64263bc7ed2b464f3dc89 P e7590ab2cc3844909ed192b7f7ca6c10: Initiating tablet copy from peer c18522fba5e94f919cfa9ebbdb4b679a (127.7.163.130:38509)
I20260608 10:05:39.658265 11269 tablet_copy_client.cc:323] T 50f568d038f64263bc7ed2b464f3dc89 P e7590ab2cc3844909ed192b7f7ca6c10: tablet copy: Beginning tablet copy session from remote peer at address 127.7.163.130:38509
I20260608 10:05:39.660239 10877 tablet_copy_service.cc:140] P c18522fba5e94f919cfa9ebbdb4b679a: Received BeginTabletCopySession request for tablet 50f568d038f64263bc7ed2b464f3dc89 from peer e7590ab2cc3844909ed192b7f7ca6c10 ({username='slave'} at 127.0.0.1:46178)
I20260608 10:05:39.660740 10877 tablet_copy_service.cc:161] P c18522fba5e94f919cfa9ebbdb4b679a: Beginning new tablet copy session on tablet 50f568d038f64263bc7ed2b464f3dc89 from peer e7590ab2cc3844909ed192b7f7ca6c10 at {username='slave'} at 127.0.0.1:46178: session id = e7590ab2cc3844909ed192b7f7ca6c10-50f568d038f64263bc7ed2b464f3dc89
I20260608 10:05:39.666510 10877 tablet_copy_source_session.cc:215] T 50f568d038f64263bc7ed2b464f3dc89 P c18522fba5e94f919cfa9ebbdb4b679a: Tablet Copy: opened 0 blocks and 1 log segments
I20260608 10:05:39.669855 11269 data_dirs.cc:400] Could only allocate 1 dirs of requested 3 for tablet 50f568d038f64263bc7ed2b464f3dc89. 1 dirs total, 0 dirs full, 0 dirs failed
I20260608 10:05:39.684448 11275 ts_tablet_manager.cc:933] T 097d142d298f4da28673335cf6d2b08f P e7590ab2cc3844909ed192b7f7ca6c10: Initiating tablet copy from peer 12dd9965658248f09da0ab53bbe0fc8c (127.7.163.131:33659)
I20260608 10:05:39.685081 11269 tablet_copy_client.cc:806] T 50f568d038f64263bc7ed2b464f3dc89 P e7590ab2cc3844909ed192b7f7ca6c10: tablet copy: Starting download of 0 data blocks...
I20260608 10:05:39.685767 11269 tablet_copy_client.cc:670] T 50f568d038f64263bc7ed2b464f3dc89 P e7590ab2cc3844909ed192b7f7ca6c10: tablet copy: Starting download of 1 WAL segments...
I20260608 10:05:39.692615 11275 tablet_copy_client.cc:323] T 097d142d298f4da28673335cf6d2b08f P e7590ab2cc3844909ed192b7f7ca6c10: tablet copy: Beginning tablet copy session from remote peer at address 127.7.163.131:33659
I20260608 10:05:39.694181 11269 tablet_copy_client.cc:538] T 50f568d038f64263bc7ed2b464f3dc89 P e7590ab2cc3844909ed192b7f7ca6c10: tablet copy: Tablet Copy complete. Replacing tablet superblock.
I20260608 10:05:39.694778 10952 tablet_copy_service.cc:140] P 12dd9965658248f09da0ab53bbe0fc8c: Received BeginTabletCopySession request for tablet 097d142d298f4da28673335cf6d2b08f from peer e7590ab2cc3844909ed192b7f7ca6c10 ({username='slave'} at 127.0.0.1:34194)
I20260608 10:05:39.695580 10952 tablet_copy_service.cc:161] P 12dd9965658248f09da0ab53bbe0fc8c: Beginning new tablet copy session on tablet 097d142d298f4da28673335cf6d2b08f from peer e7590ab2cc3844909ed192b7f7ca6c10 at {username='slave'} at 127.0.0.1:34194: session id = e7590ab2cc3844909ed192b7f7ca6c10-097d142d298f4da28673335cf6d2b08f
I20260608 10:05:39.701345 10952 tablet_copy_source_session.cc:215] T 097d142d298f4da28673335cf6d2b08f P 12dd9965658248f09da0ab53bbe0fc8c: Tablet Copy: opened 0 blocks and 1 log segments
I20260608 10:05:39.703019 11269 tablet_bootstrap.cc:492] T 50f568d038f64263bc7ed2b464f3dc89 P e7590ab2cc3844909ed192b7f7ca6c10: Bootstrap starting.
I20260608 10:05:39.704290 11275 data_dirs.cc:400] Could only allocate 1 dirs of requested 3 for tablet 097d142d298f4da28673335cf6d2b08f. 1 dirs total, 0 dirs full, 0 dirs failed
I20260608 10:05:39.717555 11275 tablet_copy_client.cc:806] T 097d142d298f4da28673335cf6d2b08f P e7590ab2cc3844909ed192b7f7ca6c10: tablet copy: Starting download of 0 data blocks...
I20260608 10:05:39.718209 11275 tablet_copy_client.cc:670] T 097d142d298f4da28673335cf6d2b08f P e7590ab2cc3844909ed192b7f7ca6c10: tablet copy: Starting download of 1 WAL segments...
I20260608 10:05:39.722525 11275 tablet_copy_client.cc:538] T 097d142d298f4da28673335cf6d2b08f P e7590ab2cc3844909ed192b7f7ca6c10: tablet copy: Tablet Copy complete. Replacing tablet superblock.
I20260608 10:05:39.723685 11269 tablet_bootstrap.cc:492] T 50f568d038f64263bc7ed2b464f3dc89 P e7590ab2cc3844909ed192b7f7ca6c10: Bootstrap replayed 1/1 log segments. Stats: ops{read=2 overwritten=0 applied=2 ignored=0} inserts{seen=0 ignored=0} mutations{seen=0 ignored=0} orphaned_commits=0. Pending: 0 replicates
I20260608 10:05:39.724426 11269 tablet_bootstrap.cc:492] T 50f568d038f64263bc7ed2b464f3dc89 P e7590ab2cc3844909ed192b7f7ca6c10: Bootstrap complete.
I20260608 10:05:39.724983 11269 ts_tablet_manager.cc:1403] T 50f568d038f64263bc7ed2b464f3dc89 P e7590ab2cc3844909ed192b7f7ca6c10: Time spent bootstrapping tablet: real 0.022s	user 0.016s	sys 0.003s
I20260608 10:05:39.727218 11269 raft_consensus.cc:359] T 50f568d038f64263bc7ed2b464f3dc89 P e7590ab2cc3844909ed192b7f7ca6c10 [term 1 LEARNER]: Replica starting. Triggering 0 pending ops. Active config: opid_index: 2 OBSOLETE_local: false peers { permanent_uuid: "8a09ce2f41bc403993399295ee7d90fa" member_type: VOTER last_known_addr { host: "127.7.163.129" port: 36447 } } peers { permanent_uuid: "c18522fba5e94f919cfa9ebbdb4b679a" member_type: VOTER last_known_addr { host: "127.7.163.130" port: 38509 } } peers { permanent_uuid: "12dd9965658248f09da0ab53bbe0fc8c" member_type: VOTER last_known_addr { host: "127.7.163.131" port: 33659 } attrs { replace: true } } peers { permanent_uuid: "e7590ab2cc3844909ed192b7f7ca6c10" member_type: NON_VOTER last_known_addr { host: "127.7.163.132" port: 40271 } attrs { promote: true } }
I20260608 10:05:39.727836 11269 raft_consensus.cc:740] T 50f568d038f64263bc7ed2b464f3dc89 P e7590ab2cc3844909ed192b7f7ca6c10 [term 1 LEARNER]: Becoming Follower/Learner. State: Replica: e7590ab2cc3844909ed192b7f7ca6c10, State: Initialized, Role: LEARNER
I20260608 10:05:39.728432 11269 consensus_queue.cc:260] T 50f568d038f64263bc7ed2b464f3dc89 P e7590ab2cc3844909ed192b7f7ca6c10 [NON_LEADER]: Queue going to NON_LEADER mode. State: All replicated index: 0, Majority replicated index: 0, Committed index: 2, Last appended: 1.2, Last appended by leader: 2, Current term: 0, Majority size: -1, State: 0, Mode: NON_LEADER, active raft config: opid_index: 2 OBSOLETE_local: false peers { permanent_uuid: "8a09ce2f41bc403993399295ee7d90fa" member_type: VOTER last_known_addr { host: "127.7.163.129" port: 36447 } } peers { permanent_uuid: "c18522fba5e94f919cfa9ebbdb4b679a" member_type: VOTER last_known_addr { host: "127.7.163.130" port: 38509 } } peers { permanent_uuid: "12dd9965658248f09da0ab53bbe0fc8c" member_type: VOTER last_known_addr { host: "127.7.163.131" port: 33659 } attrs { replace: true } } peers { permanent_uuid: "e7590ab2cc3844909ed192b7f7ca6c10" member_type: NON_VOTER last_known_addr { host: "127.7.163.132" port: 40271 } attrs { promote: true } }
I20260608 10:05:39.730459 11269 ts_tablet_manager.cc:1434] T 50f568d038f64263bc7ed2b464f3dc89 P e7590ab2cc3844909ed192b7f7ca6c10: Time spent starting tablet: real 0.005s	user 0.006s	sys 0.000s
I20260608 10:05:39.732340 10877 tablet_copy_service.cc:342] P c18522fba5e94f919cfa9ebbdb4b679a: Request end of tablet copy session e7590ab2cc3844909ed192b7f7ca6c10-50f568d038f64263bc7ed2b464f3dc89 received from {username='slave'} at 127.0.0.1:46178
I20260608 10:05:39.732788 10877 tablet_copy_service.cc:434] P c18522fba5e94f919cfa9ebbdb4b679a: ending tablet copy session e7590ab2cc3844909ed192b7f7ca6c10-50f568d038f64263bc7ed2b464f3dc89 on tablet 50f568d038f64263bc7ed2b464f3dc89 with peer e7590ab2cc3844909ed192b7f7ca6c10
I20260608 10:05:39.735730 11275 tablet_bootstrap.cc:492] T 097d142d298f4da28673335cf6d2b08f P e7590ab2cc3844909ed192b7f7ca6c10: Bootstrap starting.
I20260608 10:05:39.754518 11275 tablet_bootstrap.cc:492] T 097d142d298f4da28673335cf6d2b08f P e7590ab2cc3844909ed192b7f7ca6c10: Bootstrap replayed 1/1 log segments. Stats: ops{read=2 overwritten=0 applied=2 ignored=0} inserts{seen=0 ignored=0} mutations{seen=0 ignored=0} orphaned_commits=0. Pending: 0 replicates
I20260608 10:05:39.755306 11275 tablet_bootstrap.cc:492] T 097d142d298f4da28673335cf6d2b08f P e7590ab2cc3844909ed192b7f7ca6c10: Bootstrap complete.
I20260608 10:05:39.755908 11275 ts_tablet_manager.cc:1403] T 097d142d298f4da28673335cf6d2b08f P e7590ab2cc3844909ed192b7f7ca6c10: Time spent bootstrapping tablet: real 0.020s	user 0.009s	sys 0.010s
I20260608 10:05:39.758214 11275 raft_consensus.cc:359] T 097d142d298f4da28673335cf6d2b08f P e7590ab2cc3844909ed192b7f7ca6c10 [term 1 LEARNER]: Replica starting. Triggering 0 pending ops. Active config: opid_index: 2 OBSOLETE_local: false peers { permanent_uuid: "8a09ce2f41bc403993399295ee7d90fa" member_type: VOTER last_known_addr { host: "127.7.163.129" port: 36447 } attrs { replace: true } } peers { permanent_uuid: "c18522fba5e94f919cfa9ebbdb4b679a" member_type: VOTER last_known_addr { host: "127.7.163.130" port: 38509 } } peers { permanent_uuid: "12dd9965658248f09da0ab53bbe0fc8c" member_type: VOTER last_known_addr { host: "127.7.163.131" port: 33659 } } peers { permanent_uuid: "e7590ab2cc3844909ed192b7f7ca6c10" member_type: NON_VOTER last_known_addr { host: "127.7.163.132" port: 40271 } attrs { promote: true } }
I20260608 10:05:39.758888 11275 raft_consensus.cc:740] T 097d142d298f4da28673335cf6d2b08f P e7590ab2cc3844909ed192b7f7ca6c10 [term 1 LEARNER]: Becoming Follower/Learner. State: Replica: e7590ab2cc3844909ed192b7f7ca6c10, State: Initialized, Role: LEARNER
I20260608 10:05:39.759421 11275 consensus_queue.cc:260] T 097d142d298f4da28673335cf6d2b08f P e7590ab2cc3844909ed192b7f7ca6c10 [NON_LEADER]: Queue going to NON_LEADER mode. State: All replicated index: 0, Majority replicated index: 0, Committed index: 2, Last appended: 1.2, Last appended by leader: 2, Current term: 0, Majority size: -1, State: 0, Mode: NON_LEADER, active raft config: opid_index: 2 OBSOLETE_local: false peers { permanent_uuid: "8a09ce2f41bc403993399295ee7d90fa" member_type: VOTER last_known_addr { host: "127.7.163.129" port: 36447 } attrs { replace: true } } peers { permanent_uuid: "c18522fba5e94f919cfa9ebbdb4b679a" member_type: VOTER last_known_addr { host: "127.7.163.130" port: 38509 } } peers { permanent_uuid: "12dd9965658248f09da0ab53bbe0fc8c" member_type: VOTER last_known_addr { host: "127.7.163.131" port: 33659 } } peers { permanent_uuid: "e7590ab2cc3844909ed192b7f7ca6c10" member_type: NON_VOTER last_known_addr { host: "127.7.163.132" port: 40271 } attrs { promote: true } }
I20260608 10:05:39.761323 11275 ts_tablet_manager.cc:1434] T 097d142d298f4da28673335cf6d2b08f P e7590ab2cc3844909ed192b7f7ca6c10: Time spent starting tablet: real 0.005s	user 0.004s	sys 0.000s
I20260608 10:05:39.763962 10952 tablet_copy_service.cc:342] P 12dd9965658248f09da0ab53bbe0fc8c: Request end of tablet copy session e7590ab2cc3844909ed192b7f7ca6c10-097d142d298f4da28673335cf6d2b08f received from {username='slave'} at 127.0.0.1:34194
I20260608 10:05:39.764426 10952 tablet_copy_service.cc:434] P 12dd9965658248f09da0ab53bbe0fc8c: ending tablet copy session e7590ab2cc3844909ed192b7f7ca6c10-097d142d298f4da28673335cf6d2b08f on tablet 097d142d298f4da28673335cf6d2b08f with peer e7590ab2cc3844909ed192b7f7ca6c10
I20260608 10:05:39.846359 10790 raft_consensus.cc:1275] T b11074ed8112479987992579b527847e P 8a09ce2f41bc403993399295ee7d90fa [term 2 FOLLOWER]: Refusing update from remote peer c18522fba5e94f919cfa9ebbdb4b679a: Log matching property violated. Preceding OpId in replica: term: 1 index: 1. Preceding OpId from leader: term: 2 index: 2. (index mismatch)
I20260608 10:05:39.847971 11236 consensus_queue.cc:1048] T b11074ed8112479987992579b527847e P c18522fba5e94f919cfa9ebbdb4b679a [LEADER]: Connected to new peer: Peer: permanent_uuid: "8a09ce2f41bc403993399295ee7d90fa" member_type: VOTER last_known_addr { host: "127.7.163.129" port: 36447 }, Status: LMP_MISMATCH, Last received: 0.0, Next index: 2, Last known committed idx: 1, Time since last communication: 0.000s
I20260608 10:05:39.862481 10941 raft_consensus.cc:1275] T b11074ed8112479987992579b527847e P 12dd9965658248f09da0ab53bbe0fc8c [term 2 FOLLOWER]: Refusing update from remote peer c18522fba5e94f919cfa9ebbdb4b679a: Log matching property violated. Preceding OpId in replica: term: 1 index: 1. Preceding OpId from leader: term: 2 index: 2. (index mismatch)
I20260608 10:05:39.866246 11244 consensus_queue.cc:1048] T b11074ed8112479987992579b527847e P c18522fba5e94f919cfa9ebbdb4b679a [LEADER]: Connected to new peer: Peer: permanent_uuid: "12dd9965658248f09da0ab53bbe0fc8c" member_type: VOTER last_known_addr { host: "127.7.163.131" port: 33659 }, Status: LMP_MISMATCH, Last received: 0.0, Next index: 2, Last known committed idx: 1, Time since last communication: 0.001s
I20260608 10:05:39.890255 10941 raft_consensus.cc:1275] T dc57531434ab41c19f2b3e68ce49ee03 P 12dd9965658248f09da0ab53bbe0fc8c [term 2 FOLLOWER]: Refusing update from remote peer e7590ab2cc3844909ed192b7f7ca6c10: Log matching property violated. Preceding OpId in replica: term: 1 index: 1. Preceding OpId from leader: term: 2 index: 2. (index mismatch)
I20260608 10:05:39.892449 11230 consensus_queue.cc:1048] T dc57531434ab41c19f2b3e68ce49ee03 P e7590ab2cc3844909ed192b7f7ca6c10 [LEADER]: Connected to new peer: Peer: permanent_uuid: "12dd9965658248f09da0ab53bbe0fc8c" member_type: VOTER last_known_addr { host: "127.7.163.131" port: 33659 }, Status: LMP_MISMATCH, Last received: 0.0, Next index: 2, Last known committed idx: 1, Time since last communication: 0.000s
I20260608 10:05:39.913759 10790 raft_consensus.cc:1275] T dc57531434ab41c19f2b3e68ce49ee03 P 8a09ce2f41bc403993399295ee7d90fa [term 2 FOLLOWER]: Refusing update from remote peer e7590ab2cc3844909ed192b7f7ca6c10: Log matching property violated. Preceding OpId in replica: term: 1 index: 1. Preceding OpId from leader: term: 2 index: 2. (index mismatch)
I20260608 10:05:39.931285 11287 consensus_queue.cc:1048] T dc57531434ab41c19f2b3e68ce49ee03 P e7590ab2cc3844909ed192b7f7ca6c10 [LEADER]: Connected to new peer: Peer: permanent_uuid: "8a09ce2f41bc403993399295ee7d90fa" member_type: VOTER last_known_addr { host: "127.7.163.129" port: 36447 }, Status: LMP_MISMATCH, Last received: 0.0, Next index: 2, Last known committed idx: 1, Time since last communication: 0.001s
I20260608 10:05:40.044154 11093 raft_consensus.cc:1217] T 8a9ca863d967409e8a125f2e2f7824ce P e7590ab2cc3844909ed192b7f7ca6c10 [term 1 LEARNER]: Deduplicated request from leader. Original: 1.1->[1.2-1.2]   Dedup: 1.2->[]
I20260608 10:05:40.054811 11093 raft_consensus.cc:1217] T 1ad78aaefcf045d0834b0b5115f32e08 P e7590ab2cc3844909ed192b7f7ca6c10 [term 1 LEARNER]: Deduplicated request from leader. Original: 1.1->[1.2-1.2]   Dedup: 1.2->[]
I20260608 10:05:40.200953 11093 raft_consensus.cc:1217] T 097d142d298f4da28673335cf6d2b08f P e7590ab2cc3844909ed192b7f7ca6c10 [term 1 LEARNER]: Deduplicated request from leader. Original: 1.1->[1.2-1.2]   Dedup: 1.2->[]
I20260608 10:05:40.242543 11093 raft_consensus.cc:1217] T 50f568d038f64263bc7ed2b464f3dc89 P e7590ab2cc3844909ed192b7f7ca6c10 [term 1 LEARNER]: Deduplicated request from leader. Original: 1.1->[1.2-1.2]   Dedup: 1.2->[]
I20260608 10:05:40.587054 11244 raft_consensus.cc:1064] T 8a9ca863d967409e8a125f2e2f7824ce P c18522fba5e94f919cfa9ebbdb4b679a: attempting to promote NON_VOTER e7590ab2cc3844909ed192b7f7ca6c10 to VOTER
I20260608 10:05:40.590342 11244 consensus_queue.cc:237] T 8a9ca863d967409e8a125f2e2f7824ce P c18522fba5e94f919cfa9ebbdb4b679a [LEADER]: Queue going to LEADER mode. State: All replicated index: 0, Majority replicated index: 2, Committed index: 2, Last appended: 1.2, Last appended by leader: 0, Current term: 1, Majority size: 3, State: 0, Mode: LEADER, active raft config: opid_index: 3 OBSOLETE_local: false peers { permanent_uuid: "c18522fba5e94f919cfa9ebbdb4b679a" member_type: VOTER last_known_addr { host: "127.7.163.130" port: 38509 } } peers { permanent_uuid: "8a09ce2f41bc403993399295ee7d90fa" member_type: VOTER last_known_addr { host: "127.7.163.129" port: 36447 } attrs { replace: true } } peers { permanent_uuid: "12dd9965658248f09da0ab53bbe0fc8c" member_type: VOTER last_known_addr { host: "127.7.163.131" port: 33659 } } peers { permanent_uuid: "e7590ab2cc3844909ed192b7f7ca6c10" member_type: VOTER last_known_addr { host: "127.7.163.132" port: 40271 } attrs { promote: false } }
I20260608 10:05:40.599035 11093 raft_consensus.cc:1275] T 8a9ca863d967409e8a125f2e2f7824ce P e7590ab2cc3844909ed192b7f7ca6c10 [term 1 LEARNER]: Refusing update from remote peer c18522fba5e94f919cfa9ebbdb4b679a: Log matching property violated. Preceding OpId in replica: term: 1 index: 2. Preceding OpId from leader: term: 1 index: 3. (index mismatch)
I20260608 10:05:40.601176 10790 raft_consensus.cc:1275] T 8a9ca863d967409e8a125f2e2f7824ce P 8a09ce2f41bc403993399295ee7d90fa [term 1 FOLLOWER]: Refusing update from remote peer c18522fba5e94f919cfa9ebbdb4b679a: Log matching property violated. Preceding OpId in replica: term: 1 index: 2. Preceding OpId from leader: term: 1 index: 3. (index mismatch)
I20260608 10:05:40.601691 10941 raft_consensus.cc:1275] T 8a9ca863d967409e8a125f2e2f7824ce P 12dd9965658248f09da0ab53bbe0fc8c [term 1 FOLLOWER]: Refusing update from remote peer c18522fba5e94f919cfa9ebbdb4b679a: Log matching property violated. Preceding OpId in replica: term: 1 index: 2. Preceding OpId from leader: term: 1 index: 3. (index mismatch)
I20260608 10:05:40.603142 11281 consensus_queue.cc:1048] T 8a9ca863d967409e8a125f2e2f7824ce P c18522fba5e94f919cfa9ebbdb4b679a [LEADER]: Connected to new peer: Peer: permanent_uuid: "8a09ce2f41bc403993399295ee7d90fa" member_type: VOTER last_known_addr { host: "127.7.163.129" port: 36447 } attrs { replace: true }, Status: LMP_MISMATCH, Last received: 0.0, Next index: 3, Last known committed idx: 2, Time since last communication: 0.001s
I20260608 10:05:40.604661 11244 consensus_queue.cc:1048] T 8a9ca863d967409e8a125f2e2f7824ce P c18522fba5e94f919cfa9ebbdb4b679a [LEADER]: Connected to new peer: Peer: permanent_uuid: "e7590ab2cc3844909ed192b7f7ca6c10" member_type: VOTER last_known_addr { host: "127.7.163.132" port: 40271 } attrs { promote: false }, Status: LMP_MISMATCH, Last received: 0.0, Next index: 3, Last known committed idx: 2, Time since last communication: 0.000s
I20260608 10:05:40.605683 11201 consensus_queue.cc:1048] T 8a9ca863d967409e8a125f2e2f7824ce P c18522fba5e94f919cfa9ebbdb4b679a [LEADER]: Connected to new peer: Peer: permanent_uuid: "12dd9965658248f09da0ab53bbe0fc8c" member_type: VOTER last_known_addr { host: "127.7.163.131" port: 33659 }, Status: LMP_MISMATCH, Last received: 0.0, Next index: 3, Last known committed idx: 2, Time since last communication: 0.000s
I20260608 10:05:40.628192 11244 raft_consensus.cc:2955] T 8a9ca863d967409e8a125f2e2f7824ce P c18522fba5e94f919cfa9ebbdb4b679a [term 1 LEADER]: Committing config change with OpId 1.3: config changed from index 2 to 3, e7590ab2cc3844909ed192b7f7ca6c10 (127.7.163.132) changed from NON_VOTER to VOTER. New config: { opid_index: 3 OBSOLETE_local: false peers { permanent_uuid: "c18522fba5e94f919cfa9ebbdb4b679a" member_type: VOTER last_known_addr { host: "127.7.163.130" port: 38509 } } peers { permanent_uuid: "8a09ce2f41bc403993399295ee7d90fa" member_type: VOTER last_known_addr { host: "127.7.163.129" port: 36447 } attrs { replace: true } } peers { permanent_uuid: "12dd9965658248f09da0ab53bbe0fc8c" member_type: VOTER last_known_addr { host: "127.7.163.131" port: 33659 } } peers { permanent_uuid: "e7590ab2cc3844909ed192b7f7ca6c10" member_type: VOTER last_known_addr { host: "127.7.163.132" port: 40271 } attrs { promote: false } } }
I20260608 10:05:40.634075 10941 raft_consensus.cc:2955] T 8a9ca863d967409e8a125f2e2f7824ce P 12dd9965658248f09da0ab53bbe0fc8c [term 1 FOLLOWER]: Committing config change with OpId 1.3: config changed from index 2 to 3, e7590ab2cc3844909ed192b7f7ca6c10 (127.7.163.132) changed from NON_VOTER to VOTER. New config: { opid_index: 3 OBSOLETE_local: false peers { permanent_uuid: "c18522fba5e94f919cfa9ebbdb4b679a" member_type: VOTER last_known_addr { host: "127.7.163.130" port: 38509 } } peers { permanent_uuid: "8a09ce2f41bc403993399295ee7d90fa" member_type: VOTER last_known_addr { host: "127.7.163.129" port: 36447 } attrs { replace: true } } peers { permanent_uuid: "12dd9965658248f09da0ab53bbe0fc8c" member_type: VOTER last_known_addr { host: "127.7.163.131" port: 33659 } } peers { permanent_uuid: "e7590ab2cc3844909ed192b7f7ca6c10" member_type: VOTER last_known_addr { host: "127.7.163.132" port: 40271 } attrs { promote: false } } }
I20260608 10:05:40.637797 10790 raft_consensus.cc:2955] T 8a9ca863d967409e8a125f2e2f7824ce P 8a09ce2f41bc403993399295ee7d90fa [term 1 FOLLOWER]: Committing config change with OpId 1.3: config changed from index 2 to 3, e7590ab2cc3844909ed192b7f7ca6c10 (127.7.163.132) changed from NON_VOTER to VOTER. New config: { opid_index: 3 OBSOLETE_local: false peers { permanent_uuid: "c18522fba5e94f919cfa9ebbdb4b679a" member_type: VOTER last_known_addr { host: "127.7.163.130" port: 38509 } } peers { permanent_uuid: "8a09ce2f41bc403993399295ee7d90fa" member_type: VOTER last_known_addr { host: "127.7.163.129" port: 36447 } attrs { replace: true } } peers { permanent_uuid: "12dd9965658248f09da0ab53bbe0fc8c" member_type: VOTER last_known_addr { host: "127.7.163.131" port: 33659 } } peers { permanent_uuid: "e7590ab2cc3844909ed192b7f7ca6c10" member_type: VOTER last_known_addr { host: "127.7.163.132" port: 40271 } attrs { promote: false } } }
I20260608 10:05:40.640272 11093 raft_consensus.cc:2955] T 8a9ca863d967409e8a125f2e2f7824ce P e7590ab2cc3844909ed192b7f7ca6c10 [term 1 FOLLOWER]: Committing config change with OpId 1.3: config changed from index 2 to 3, e7590ab2cc3844909ed192b7f7ca6c10 (127.7.163.132) changed from NON_VOTER to VOTER. New config: { opid_index: 3 OBSOLETE_local: false peers { permanent_uuid: "c18522fba5e94f919cfa9ebbdb4b679a" member_type: VOTER last_known_addr { host: "127.7.163.130" port: 38509 } } peers { permanent_uuid: "8a09ce2f41bc403993399295ee7d90fa" member_type: VOTER last_known_addr { host: "127.7.163.129" port: 36447 } attrs { replace: true } } peers { permanent_uuid: "12dd9965658248f09da0ab53bbe0fc8c" member_type: VOTER last_known_addr { host: "127.7.163.131" port: 33659 } } peers { permanent_uuid: "e7590ab2cc3844909ed192b7f7ca6c10" member_type: VOTER last_known_addr { host: "127.7.163.132" port: 40271 } attrs { promote: false } } }
I20260608 10:05:40.647298 10685 catalog_manager.cc:5696] T 8a9ca863d967409e8a125f2e2f7824ce P c18522fba5e94f919cfa9ebbdb4b679a reported cstate change: config changed from index 2 to 3, e7590ab2cc3844909ed192b7f7ca6c10 (127.7.163.132) changed from NON_VOTER to VOTER. New cstate: current_term: 1 leader_uuid: "c18522fba5e94f919cfa9ebbdb4b679a" committed_config { opid_index: 3 OBSOLETE_local: false peers { permanent_uuid: "c18522fba5e94f919cfa9ebbdb4b679a" member_type: VOTER last_known_addr { host: "127.7.163.130" port: 38509 } health_report { overall_health: HEALTHY } } peers { permanent_uuid: "8a09ce2f41bc403993399295ee7d90fa" member_type: VOTER last_known_addr { host: "127.7.163.129" port: 36447 } attrs { replace: true } health_report { overall_health: HEALTHY } } peers { permanent_uuid: "12dd9965658248f09da0ab53bbe0fc8c" member_type: VOTER last_known_addr { host: "127.7.163.131" port: 33659 } health_report { overall_health: HEALTHY } } peers { permanent_uuid: "e7590ab2cc3844909ed192b7f7ca6c10" member_type: VOTER last_known_addr { host: "127.7.163.132" port: 40271 } attrs { promote: false } health_report { overall_health: HEALTHY } } }
I20260608 10:05:40.694602 11227 raft_consensus.cc:1064] T 1ad78aaefcf045d0834b0b5115f32e08 P 8a09ce2f41bc403993399295ee7d90fa: attempting to promote NON_VOTER e7590ab2cc3844909ed192b7f7ca6c10 to VOTER
I20260608 10:05:40.697419 11227 consensus_queue.cc:237] T 1ad78aaefcf045d0834b0b5115f32e08 P 8a09ce2f41bc403993399295ee7d90fa [LEADER]: Queue going to LEADER mode. State: All replicated index: 0, Majority replicated index: 2, Committed index: 2, Last appended: 1.2, Last appended by leader: 0, Current term: 1, Majority size: 3, State: 0, Mode: LEADER, active raft config: opid_index: 3 OBSOLETE_local: false peers { permanent_uuid: "c18522fba5e94f919cfa9ebbdb4b679a" member_type: VOTER last_known_addr { host: "127.7.163.130" port: 38509 } attrs { replace: true } } peers { permanent_uuid: "8a09ce2f41bc403993399295ee7d90fa" member_type: VOTER last_known_addr { host: "127.7.163.129" port: 36447 } } peers { permanent_uuid: "12dd9965658248f09da0ab53bbe0fc8c" member_type: VOTER last_known_addr { host: "127.7.163.131" port: 33659 } } peers { permanent_uuid: "e7590ab2cc3844909ed192b7f7ca6c10" member_type: VOTER last_known_addr { host: "127.7.163.132" port: 40271 } attrs { promote: false } }
I20260608 10:05:40.707967 10866 consensus_queue.cc:237] T 8a9ca863d967409e8a125f2e2f7824ce P c18522fba5e94f919cfa9ebbdb4b679a [LEADER]: Queue going to LEADER mode. State: All replicated index: 0, Majority replicated index: 3, Committed index: 3, Last appended: 1.3, Last appended by leader: 0, Current term: 1, Majority size: 2, State: 0, Mode: LEADER, active raft config: opid_index: 4 OBSOLETE_local: false peers { permanent_uuid: "c18522fba5e94f919cfa9ebbdb4b679a" member_type: VOTER last_known_addr { host: "127.7.163.130" port: 38509 } } peers { permanent_uuid: "12dd9965658248f09da0ab53bbe0fc8c" member_type: VOTER last_known_addr { host: "127.7.163.131" port: 33659 } } peers { permanent_uuid: "e7590ab2cc3844909ed192b7f7ca6c10" member_type: VOTER last_known_addr { host: "127.7.163.132" port: 40271 } attrs { promote: false } }
I20260608 10:05:40.719838 11259 raft_consensus.cc:1064] T 097d142d298f4da28673335cf6d2b08f P 12dd9965658248f09da0ab53bbe0fc8c: attempting to promote NON_VOTER e7590ab2cc3844909ed192b7f7ca6c10 to VOTER
I20260608 10:05:40.722536 11259 consensus_queue.cc:237] T 097d142d298f4da28673335cf6d2b08f P 12dd9965658248f09da0ab53bbe0fc8c [LEADER]: Queue going to LEADER mode. State: All replicated index: 0, Majority replicated index: 2, Committed index: 2, Last appended: 1.2, Last appended by leader: 0, Current term: 1, Majority size: 3, State: 0, Mode: LEADER, active raft config: opid_index: 3 OBSOLETE_local: false peers { permanent_uuid: "8a09ce2f41bc403993399295ee7d90fa" member_type: VOTER last_known_addr { host: "127.7.163.129" port: 36447 } attrs { replace: true } } peers { permanent_uuid: "c18522fba5e94f919cfa9ebbdb4b679a" member_type: VOTER last_known_addr { host: "127.7.163.130" port: 38509 } } peers { permanent_uuid: "12dd9965658248f09da0ab53bbe0fc8c" member_type: VOTER last_known_addr { host: "127.7.163.131" port: 33659 } } peers { permanent_uuid: "e7590ab2cc3844909ed192b7f7ca6c10" member_type: VOTER last_known_addr { host: "127.7.163.132" port: 40271 } attrs { promote: false } }
I20260608 10:05:40.723774 11093 raft_consensus.cc:1275] T 8a9ca863d967409e8a125f2e2f7824ce P e7590ab2cc3844909ed192b7f7ca6c10 [term 1 FOLLOWER]: Refusing update from remote peer c18522fba5e94f919cfa9ebbdb4b679a: Log matching property violated. Preceding OpId in replica: term: 1 index: 3. Preceding OpId from leader: term: 1 index: 4. (index mismatch)
I20260608 10:05:40.727372 11244 consensus_queue.cc:1048] T 8a9ca863d967409e8a125f2e2f7824ce P c18522fba5e94f919cfa9ebbdb4b679a [LEADER]: Connected to new peer: Peer: permanent_uuid: "e7590ab2cc3844909ed192b7f7ca6c10" member_type: VOTER last_known_addr { host: "127.7.163.132" port: 40271 } attrs { promote: false }, Status: LMP_MISMATCH, Last received: 0.0, Next index: 4, Last known committed idx: 3, Time since last communication: 0.000s
I20260608 10:05:40.742280 10866 raft_consensus.cc:1275] T 1ad78aaefcf045d0834b0b5115f32e08 P c18522fba5e94f919cfa9ebbdb4b679a [term 1 FOLLOWER]: Refusing update from remote peer 8a09ce2f41bc403993399295ee7d90fa: Log matching property violated. Preceding OpId in replica: term: 1 index: 2. Preceding OpId from leader: term: 1 index: 3. (index mismatch)
I20260608 10:05:40.744427 11281 raft_consensus.cc:2955] T 8a9ca863d967409e8a125f2e2f7824ce P c18522fba5e94f919cfa9ebbdb4b679a [term 1 LEADER]: Committing config change with OpId 1.4: config changed from index 3 to 4, VOTER 8a09ce2f41bc403993399295ee7d90fa (127.7.163.129) evicted. New config: { opid_index: 4 OBSOLETE_local: false peers { permanent_uuid: "c18522fba5e94f919cfa9ebbdb4b679a" member_type: VOTER last_known_addr { host: "127.7.163.130" port: 38509 } } peers { permanent_uuid: "12dd9965658248f09da0ab53bbe0fc8c" member_type: VOTER last_known_addr { host: "127.7.163.131" port: 33659 } } peers { permanent_uuid: "e7590ab2cc3844909ed192b7f7ca6c10" member_type: VOTER last_known_addr { host: "127.7.163.132" port: 40271 } attrs { promote: false } } }
I20260608 10:05:40.746506 11201 raft_consensus.cc:1064] T 50f568d038f64263bc7ed2b464f3dc89 P c18522fba5e94f919cfa9ebbdb4b679a: attempting to promote NON_VOTER e7590ab2cc3844909ed192b7f7ca6c10 to VOTER
I20260608 10:05:40.749116 11201 consensus_queue.cc:237] T 50f568d038f64263bc7ed2b464f3dc89 P c18522fba5e94f919cfa9ebbdb4b679a [LEADER]: Queue going to LEADER mode. State: All replicated index: 0, Majority replicated index: 2, Committed index: 2, Last appended: 1.2, Last appended by leader: 0, Current term: 1, Majority size: 3, State: 0, Mode: LEADER, active raft config: opid_index: 3 OBSOLETE_local: false peers { permanent_uuid: "8a09ce2f41bc403993399295ee7d90fa" member_type: VOTER last_known_addr { host: "127.7.163.129" port: 36447 } } peers { permanent_uuid: "c18522fba5e94f919cfa9ebbdb4b679a" member_type: VOTER last_known_addr { host: "127.7.163.130" port: 38509 } } peers { permanent_uuid: "12dd9965658248f09da0ab53bbe0fc8c" member_type: VOTER last_known_addr { host: "127.7.163.131" port: 33659 } attrs { replace: true } } peers { permanent_uuid: "e7590ab2cc3844909ed192b7f7ca6c10" member_type: VOTER last_known_addr { host: "127.7.163.132" port: 40271 } attrs { promote: false } }
I20260608 10:05:40.752173 10940 raft_consensus.cc:1275] T 1ad78aaefcf045d0834b0b5115f32e08 P 12dd9965658248f09da0ab53bbe0fc8c [term 1 FOLLOWER]: Refusing update from remote peer 8a09ce2f41bc403993399295ee7d90fa: Log matching property violated. Preceding OpId in replica: term: 1 index: 2. Preceding OpId from leader: term: 1 index: 3. (index mismatch)
I20260608 10:05:40.751907 11094 raft_consensus.cc:2955] T 8a9ca863d967409e8a125f2e2f7824ce P e7590ab2cc3844909ed192b7f7ca6c10 [term 1 FOLLOWER]: Committing config change with OpId 1.4: config changed from index 3 to 4, VOTER 8a09ce2f41bc403993399295ee7d90fa (127.7.163.129) evicted. New config: { opid_index: 4 OBSOLETE_local: false peers { permanent_uuid: "c18522fba5e94f919cfa9ebbdb4b679a" member_type: VOTER last_known_addr { host: "127.7.163.130" port: 38509 } } peers { permanent_uuid: "12dd9965658248f09da0ab53bbe0fc8c" member_type: VOTER last_known_addr { host: "127.7.163.131" port: 33659 } } peers { permanent_uuid: "e7590ab2cc3844909ed192b7f7ca6c10" member_type: VOTER last_known_addr { host: "127.7.163.132" port: 40271 } attrs { promote: false } } }
I20260608 10:05:40.754160 11091 raft_consensus.cc:1275] T 1ad78aaefcf045d0834b0b5115f32e08 P e7590ab2cc3844909ed192b7f7ca6c10 [term 1 LEARNER]: Refusing update from remote peer 8a09ce2f41bc403993399295ee7d90fa: Log matching property violated. Preceding OpId in replica: term: 1 index: 2. Preceding OpId from leader: term: 1 index: 3. (index mismatch)
I20260608 10:05:40.753911 11300 consensus_queue.cc:1048] T 1ad78aaefcf045d0834b0b5115f32e08 P 8a09ce2f41bc403993399295ee7d90fa [LEADER]: Connected to new peer: Peer: permanent_uuid: "c18522fba5e94f919cfa9ebbdb4b679a" member_type: VOTER last_known_addr { host: "127.7.163.130" port: 38509 } attrs { replace: true }, Status: LMP_MISMATCH, Last received: 0.0, Next index: 3, Last known committed idx: 2, Time since last communication: 0.000s
I20260608 10:05:40.756634 11300 consensus_queue.cc:1048] T 1ad78aaefcf045d0834b0b5115f32e08 P 8a09ce2f41bc403993399295ee7d90fa [LEADER]: Connected to new peer: Peer: permanent_uuid: "12dd9965658248f09da0ab53bbe0fc8c" member_type: VOTER last_known_addr { host: "127.7.163.131" port: 33659 }, Status: LMP_MISMATCH, Last received: 0.0, Next index: 3, Last known committed idx: 2, Time since last communication: 0.000s
I20260608 10:05:40.767215 11307 consensus_queue.cc:1048] T 1ad78aaefcf045d0834b0b5115f32e08 P 8a09ce2f41bc403993399295ee7d90fa [LEADER]: Connected to new peer: Peer: permanent_uuid: "e7590ab2cc3844909ed192b7f7ca6c10" member_type: VOTER last_known_addr { host: "127.7.163.132" port: 40271 } attrs { promote: false }, Status: LMP_MISMATCH, Last received: 0.0, Next index: 3, Last known committed idx: 2, Time since last communication: 0.000s
I20260608 10:05:40.768343 10685 catalog_manager.cc:5696] T 8a9ca863d967409e8a125f2e2f7824ce P e7590ab2cc3844909ed192b7f7ca6c10 reported cstate change: config changed from index 3 to 4, VOTER 8a09ce2f41bc403993399295ee7d90fa (127.7.163.129) evicted. New cstate: current_term: 1 leader_uuid: "c18522fba5e94f919cfa9ebbdb4b679a" committed_config { opid_index: 4 OBSOLETE_local: false peers { permanent_uuid: "c18522fba5e94f919cfa9ebbdb4b679a" member_type: VOTER last_known_addr { host: "127.7.163.130" port: 38509 } } peers { permanent_uuid: "12dd9965658248f09da0ab53bbe0fc8c" member_type: VOTER last_known_addr { host: "127.7.163.131" port: 33659 } } peers { permanent_uuid: "e7590ab2cc3844909ed192b7f7ca6c10" member_type: VOTER last_known_addr { host: "127.7.163.132" port: 40271 } attrs { promote: false } } }
I20260608 10:05:40.781014 11091 raft_consensus.cc:1275] T 097d142d298f4da28673335cf6d2b08f P e7590ab2cc3844909ed192b7f7ca6c10 [term 1 LEARNER]: Refusing update from remote peer 12dd9965658248f09da0ab53bbe0fc8c: Log matching property violated. Preceding OpId in replica: term: 1 index: 2. Preceding OpId from leader: term: 1 index: 3. (index mismatch)
I20260608 10:05:40.783489 10779 tablet_service.cc:1558] Processing DeleteTablet for tablet 8a9ca863d967409e8a125f2e2f7824ce with delete_type TABLET_DATA_TOMBSTONED (TS 8a09ce2f41bc403993399295ee7d90fa not found in new config with opid_index 4) from {username='slave'} at 127.0.0.1:39732
I20260608 10:05:40.784197 10672 catalog_manager.cc:5209] ChangeConfig:REMOVE_PEER RPC for tablet 8a9ca863d967409e8a125f2e2f7824ce with cas_config_opid_index 3: ChangeConfig:REMOVE_PEER succeeded (attempt 1)
I20260608 10:05:40.782353 10942 raft_consensus.cc:1275] T 8a9ca863d967409e8a125f2e2f7824ce P 12dd9965658248f09da0ab53bbe0fc8c [term 1 FOLLOWER]: Refusing update from remote peer c18522fba5e94f919cfa9ebbdb4b679a: Log matching property violated. Preceding OpId in replica: term: 1 index: 3. Preceding OpId from leader: term: 1 index: 4. (index mismatch)
I20260608 10:05:40.804605 10792 raft_consensus.cc:1275] T 097d142d298f4da28673335cf6d2b08f P 8a09ce2f41bc403993399295ee7d90fa [term 1 FOLLOWER]: Refusing update from remote peer 12dd9965658248f09da0ab53bbe0fc8c: Log matching property violated. Preceding OpId in replica: term: 1 index: 2. Preceding OpId from leader: term: 1 index: 3. (index mismatch)
I20260608 10:05:40.809551 10867 raft_consensus.cc:1275] T 097d142d298f4da28673335cf6d2b08f P c18522fba5e94f919cfa9ebbdb4b679a [term 1 FOLLOWER]: Refusing update from remote peer 12dd9965658248f09da0ab53bbe0fc8c: Log matching property violated. Preceding OpId in replica: term: 1 index: 2. Preceding OpId from leader: term: 1 index: 3. (index mismatch)
I20260608 10:05:40.811123 11281 consensus_queue.cc:1048] T 8a9ca863d967409e8a125f2e2f7824ce P c18522fba5e94f919cfa9ebbdb4b679a [LEADER]: Connected to new peer: Peer: permanent_uuid: "12dd9965658248f09da0ab53bbe0fc8c" member_type: VOTER last_known_addr { host: "127.7.163.131" port: 33659 }, Status: LMP_MISMATCH, Last received: 0.0, Next index: 4, Last known committed idx: 3, Time since last communication: 0.000s
I20260608 10:05:40.819622 11301 raft_consensus.cc:2955] T 1ad78aaefcf045d0834b0b5115f32e08 P 8a09ce2f41bc403993399295ee7d90fa [term 1 LEADER]: Committing config change with OpId 1.3: config changed from index 2 to 3, e7590ab2cc3844909ed192b7f7ca6c10 (127.7.163.132) changed from NON_VOTER to VOTER. New config: { opid_index: 3 OBSOLETE_local: false peers { permanent_uuid: "c18522fba5e94f919cfa9ebbdb4b679a" member_type: VOTER last_known_addr { host: "127.7.163.130" port: 38509 } attrs { replace: true } } peers { permanent_uuid: "8a09ce2f41bc403993399295ee7d90fa" member_type: VOTER last_known_addr { host: "127.7.163.129" port: 36447 } } peers { permanent_uuid: "12dd9965658248f09da0ab53bbe0fc8c" member_type: VOTER last_known_addr { host: "127.7.163.131" port: 33659 } } peers { permanent_uuid: "e7590ab2cc3844909ed192b7f7ca6c10" member_type: VOTER last_known_addr { host: "127.7.163.132" port: 40271 } attrs { promote: false } } }
I20260608 10:05:40.815362 11293 consensus_queue.cc:1048] T 097d142d298f4da28673335cf6d2b08f P 12dd9965658248f09da0ab53bbe0fc8c [LEADER]: Connected to new peer: Peer: permanent_uuid: "8a09ce2f41bc403993399295ee7d90fa" member_type: VOTER last_known_addr { host: "127.7.163.129" port: 36447 } attrs { replace: true }, Status: LMP_MISMATCH, Last received: 0.0, Next index: 3, Last known committed idx: 2, Time since last communication: 0.011s
I20260608 10:05:40.830938 11091 raft_consensus.cc:1275] T 50f568d038f64263bc7ed2b464f3dc89 P e7590ab2cc3844909ed192b7f7ca6c10 [term 1 LEARNER]: Refusing update from remote peer c18522fba5e94f919cfa9ebbdb4b679a: Log matching property violated. Preceding OpId in replica: term: 1 index: 2. Preceding OpId from leader: term: 1 index: 3. (index mismatch)
I20260608 10:05:40.833750 10790 raft_consensus.cc:1275] T 50f568d038f64263bc7ed2b464f3dc89 P 8a09ce2f41bc403993399295ee7d90fa [term 1 FOLLOWER]: Refusing update from remote peer c18522fba5e94f919cfa9ebbdb4b679a: Log matching property violated. Preceding OpId in replica: term: 1 index: 2. Preceding OpId from leader: term: 1 index: 3. (index mismatch)
I20260608 10:05:40.837093 10940 raft_consensus.cc:2955] T 8a9ca863d967409e8a125f2e2f7824ce P 12dd9965658248f09da0ab53bbe0fc8c [term 1 FOLLOWER]: Committing config change with OpId 1.4: config changed from index 3 to 4, VOTER 8a09ce2f41bc403993399295ee7d90fa (127.7.163.129) evicted. New config: { opid_index: 4 OBSOLETE_local: false peers { permanent_uuid: "c18522fba5e94f919cfa9ebbdb4b679a" member_type: VOTER last_known_addr { host: "127.7.163.130" port: 38509 } } peers { permanent_uuid: "12dd9965658248f09da0ab53bbe0fc8c" member_type: VOTER last_known_addr { host: "127.7.163.131" port: 33659 } } peers { permanent_uuid: "e7590ab2cc3844909ed192b7f7ca6c10" member_type: VOTER last_known_addr { host: "127.7.163.132" port: 40271 } attrs { promote: false } } }
I20260608 10:05:40.839756 11259 consensus_queue.cc:1048] T 097d142d298f4da28673335cf6d2b08f P 12dd9965658248f09da0ab53bbe0fc8c [LEADER]: Connected to new peer: Peer: permanent_uuid: "c18522fba5e94f919cfa9ebbdb4b679a" member_type: VOTER last_known_addr { host: "127.7.163.130" port: 38509 }, Status: LMP_MISMATCH, Last received: 0.0, Next index: 3, Last known committed idx: 2, Time since last communication: 0.001s
I20260608 10:05:40.842851 10942 raft_consensus.cc:1275] T 50f568d038f64263bc7ed2b464f3dc89 P 12dd9965658248f09da0ab53bbe0fc8c [term 1 FOLLOWER]: Refusing update from remote peer c18522fba5e94f919cfa9ebbdb4b679a: Log matching property violated. Preceding OpId in replica: term: 1 index: 2. Preceding OpId from leader: term: 1 index: 3. (index mismatch)
I20260608 10:05:40.844115 10941 raft_consensus.cc:2955] T 1ad78aaefcf045d0834b0b5115f32e08 P 12dd9965658248f09da0ab53bbe0fc8c [term 1 FOLLOWER]: Committing config change with OpId 1.3: config changed from index 2 to 3, e7590ab2cc3844909ed192b7f7ca6c10 (127.7.163.132) changed from NON_VOTER to VOTER. New config: { opid_index: 3 OBSOLETE_local: false peers { permanent_uuid: "c18522fba5e94f919cfa9ebbdb4b679a" member_type: VOTER last_known_addr { host: "127.7.163.130" port: 38509 } attrs { replace: true } } peers { permanent_uuid: "8a09ce2f41bc403993399295ee7d90fa" member_type: VOTER last_known_addr { host: "127.7.163.129" port: 36447 } } peers { permanent_uuid: "12dd9965658248f09da0ab53bbe0fc8c" member_type: VOTER last_known_addr { host: "127.7.163.131" port: 33659 } } peers { permanent_uuid: "e7590ab2cc3844909ed192b7f7ca6c10" member_type: VOTER last_known_addr { host: "127.7.163.132" port: 40271 } attrs { promote: false } } }
I20260608 10:05:40.847642 10742 auto_leader_rebalancer.cc:140] leader rebalance for table range_aware_rebalance_new_range
I20260608 10:05:40.846899 10867 raft_consensus.cc:2955] T 1ad78aaefcf045d0834b0b5115f32e08 P c18522fba5e94f919cfa9ebbdb4b679a [term 1 FOLLOWER]: Committing config change with OpId 1.3: config changed from index 2 to 3, e7590ab2cc3844909ed192b7f7ca6c10 (127.7.163.132) changed from NON_VOTER to VOTER. New config: { opid_index: 3 OBSOLETE_local: false peers { permanent_uuid: "c18522fba5e94f919cfa9ebbdb4b679a" member_type: VOTER last_known_addr { host: "127.7.163.130" port: 38509 } attrs { replace: true } } peers { permanent_uuid: "8a09ce2f41bc403993399295ee7d90fa" member_type: VOTER last_known_addr { host: "127.7.163.129" port: 36447 } } peers { permanent_uuid: "12dd9965658248f09da0ab53bbe0fc8c" member_type: VOTER last_known_addr { host: "127.7.163.131" port: 33659 } } peers { permanent_uuid: "e7590ab2cc3844909ed192b7f7ca6c10" member_type: VOTER last_known_addr { host: "127.7.163.132" port: 40271 } attrs { promote: false } } }
I20260608 10:05:40.854261 11292 consensus_queue.cc:1048] T 097d142d298f4da28673335cf6d2b08f P 12dd9965658248f09da0ab53bbe0fc8c [LEADER]: Connected to new peer: Peer: permanent_uuid: "e7590ab2cc3844909ed192b7f7ca6c10" member_type: VOTER last_known_addr { host: "127.7.163.132" port: 40271 } attrs { promote: false }, Status: LMP_MISMATCH, Last received: 0.0, Next index: 3, Last known committed idx: 2, Time since last communication: 0.001s
I20260608 10:05:40.867120 11281 consensus_queue.cc:1048] T 50f568d038f64263bc7ed2b464f3dc89 P c18522fba5e94f919cfa9ebbdb4b679a [LEADER]: Connected to new peer: Peer: permanent_uuid: "e7590ab2cc3844909ed192b7f7ca6c10" member_type: VOTER last_known_addr { host: "127.7.163.132" port: 40271 } attrs { promote: false }, Status: LMP_MISMATCH, Last received: 0.0, Next index: 3, Last known committed idx: 2, Time since last communication: 0.008s
I20260608 10:05:40.881518 11314 tablet_replica.cc:333] T 8a9ca863d967409e8a125f2e2f7824ce P 8a09ce2f41bc403993399295ee7d90fa: stopping tablet replica
