I20260608 10:05:32.420114 25968 tablet_bootstrap.cc:492] T 074a83f3b7034dda9ac4bd79bbc54a49 P 596e527cf5624ee48b245556cf593953: Bootstrap starting.
I20260608 10:05:32.421813 25848 tablet_service.cc:1917] Received RequestConsensusVote() RPC: tablet_id: "71ac6a7214b74178ac69c4806e69c013" candidate_uuid: "596e527cf5624ee48b245556cf593953" candidate_term: 1 candidate_status { last_received { term: 0 index: 0 } } ignore_live_leader: false dest_uuid: "76be0b432f3d49c8af174e07d83df42e"
I20260608 10:05:32.422670 25848 raft_consensus.cc:3060] T 71ac6a7214b74178ac69c4806e69c013 P 76be0b432f3d49c8af174e07d83df42e [term 0 FOLLOWER]: Advancing to term 1
I20260608 10:05:32.427706 25968 tablet_bootstrap.cc:654] T 074a83f3b7034dda9ac4bd79bbc54a49 P 596e527cf5624ee48b245556cf593953: Neither blocks nor log segments found. Creating new log.
I20260608 10:05:32.429675 25922 tablet_service.cc:1917] Received RequestConsensusVote() RPC: tablet_id: "71ac6a7214b74178ac69c4806e69c013" candidate_uuid: "596e527cf5624ee48b245556cf593953" candidate_term: 1 candidate_status { last_received { term: 0 index: 0 } } ignore_live_leader: false dest_uuid: "65b4b5ad44e64302bb1ce3c455d5facd" is_pre_election: true
I20260608 10:05:32.430385 25922 raft_consensus.cc:2468] T 71ac6a7214b74178ac69c4806e69c013 P 65b4b5ad44e64302bb1ce3c455d5facd [term 0 FOLLOWER]: Leader pre-election vote request: Granting yes vote for candidate 596e527cf5624ee48b245556cf593953 in term 0.
I20260608 10:05:32.431461 25967 tablet_bootstrap.cc:492] T 12c6f15c244f45319310240ca8196ff7 P 65b4b5ad44e64302bb1ce3c455d5facd: No bootstrap required, opened a new log
I20260608 10:05:32.431914 25848 raft_consensus.cc:2468] T 71ac6a7214b74178ac69c4806e69c013 P 76be0b432f3d49c8af174e07d83df42e [term 1 FOLLOWER]: Leader election vote request: Granting yes vote for candidate 596e527cf5624ee48b245556cf593953 in term 1.
I20260608 10:05:32.432272 25967 ts_tablet_manager.cc:1403] T 12c6f15c244f45319310240ca8196ff7 P 65b4b5ad44e64302bb1ce3c455d5facd: Time spent bootstrapping tablet: real 0.028s	user 0.012s	sys 0.012s
I20260608 10:05:32.433342 25736 leader_election.cc:304] T 71ac6a7214b74178ac69c4806e69c013 P 596e527cf5624ee48b245556cf593953 [CANDIDATE]: Term 1 election: Election decided. Result: candidate won. Election summary: received 2 responses out of 3 voters: 2 yes votes; 0 no votes. yes voters: 596e527cf5624ee48b245556cf593953, 76be0b432f3d49c8af174e07d83df42e; no voters: 
I20260608 10:05:32.434304 25972 raft_consensus.cc:2804] T 71ac6a7214b74178ac69c4806e69c013 P 596e527cf5624ee48b245556cf593953 [term 1 FOLLOWER]: Leader election won for term 1
I20260608 10:05:32.435065 25922 tablet_service.cc:1917] Received RequestConsensusVote() RPC: tablet_id: "a6168ad8886343848da131728f654832" candidate_uuid: "76be0b432f3d49c8af174e07d83df42e" candidate_term: 1 candidate_status { last_received { term: 0 index: 0 } } ignore_live_leader: false dest_uuid: "65b4b5ad44e64302bb1ce3c455d5facd" is_pre_election: true
W20260608 10:05:32.436909 25812 leader_election.cc:343] T a6168ad8886343848da131728f654832 P 76be0b432f3d49c8af174e07d83df42e [CANDIDATE]: Term 1 pre-election: Tablet error from VoteRequest() call to peer 65b4b5ad44e64302bb1ce3c455d5facd (127.22.74.3:46479): Illegal state: must be running to vote when last-logged opid is not known
I20260608 10:05:32.436792 25967 raft_consensus.cc:359] T 12c6f15c244f45319310240ca8196ff7 P 65b4b5ad44e64302bb1ce3c455d5facd [term 0 FOLLOWER]: Replica starting. Triggering 0 pending ops. Active config: opid_index: -1 OBSOLETE_local: false peers { permanent_uuid: "596e527cf5624ee48b245556cf593953" member_type: VOTER last_known_addr { host: "127.22.74.1" port: 36093 } } peers { permanent_uuid: "65b4b5ad44e64302bb1ce3c455d5facd" member_type: VOTER last_known_addr { host: "127.22.74.3" port: 46479 } } peers { permanent_uuid: "76be0b432f3d49c8af174e07d83df42e" member_type: VOTER last_known_addr { host: "127.22.74.2" port: 33901 } }
I20260608 10:05:32.437976 25967 raft_consensus.cc:385] T 12c6f15c244f45319310240ca8196ff7 P 65b4b5ad44e64302bb1ce3c455d5facd [term 0 FOLLOWER]: Consensus starting up: Expiring failure detector timer to make a prompt election more likely
I20260608 10:05:32.438388 25967 raft_consensus.cc:740] T 12c6f15c244f45319310240ca8196ff7 P 65b4b5ad44e64302bb1ce3c455d5facd [term 0 FOLLOWER]: Becoming Follower/Learner. State: Replica: 65b4b5ad44e64302bb1ce3c455d5facd, State: Initialized, Role: FOLLOWER
I20260608 10:05:32.439458 25967 consensus_queue.cc:260] T 12c6f15c244f45319310240ca8196ff7 P 65b4b5ad44e64302bb1ce3c455d5facd [NON_LEADER]: Queue going to NON_LEADER mode. State: All replicated index: 0, Majority replicated index: 0, Committed index: 0, Last appended: 0.0, Last appended by leader: 0, Current term: 0, Majority size: -1, State: 0, Mode: NON_LEADER, active raft config: opid_index: -1 OBSOLETE_local: false peers { permanent_uuid: "596e527cf5624ee48b245556cf593953" member_type: VOTER last_known_addr { host: "127.22.74.1" port: 36093 } } peers { permanent_uuid: "65b4b5ad44e64302bb1ce3c455d5facd" member_type: VOTER last_known_addr { host: "127.22.74.3" port: 46479 } } peers { permanent_uuid: "76be0b432f3d49c8af174e07d83df42e" member_type: VOTER last_known_addr { host: "127.22.74.2" port: 33901 } }
I20260608 10:05:32.440992 25773 tablet_service.cc:1917] Received RequestConsensusVote() RPC: tablet_id: "a6168ad8886343848da131728f654832" candidate_uuid: "76be0b432f3d49c8af174e07d83df42e" candidate_term: 1 candidate_status { last_received { term: 0 index: 0 } } ignore_live_leader: false dest_uuid: "596e527cf5624ee48b245556cf593953" is_pre_election: true
I20260608 10:05:32.441866 25773 raft_consensus.cc:2468] T a6168ad8886343848da131728f654832 P 596e527cf5624ee48b245556cf593953 [term 0 FOLLOWER]: Leader pre-election vote request: Granting yes vote for candidate 76be0b432f3d49c8af174e07d83df42e in term 0.
I20260608 10:05:32.442286 25967 ts_tablet_manager.cc:1434] T 12c6f15c244f45319310240ca8196ff7 P 65b4b5ad44e64302bb1ce3c455d5facd: Time spent starting tablet: real 0.010s	user 0.009s	sys 0.000s
I20260608 10:05:32.443665 25967 tablet_bootstrap.cc:492] T 074a83f3b7034dda9ac4bd79bbc54a49 P 65b4b5ad44e64302bb1ce3c455d5facd: Bootstrap starting.
I20260608 10:05:32.443959 25811 leader_election.cc:304] T a6168ad8886343848da131728f654832 P 76be0b432f3d49c8af174e07d83df42e [CANDIDATE]: Term 1 pre-election: Election decided. Result: candidate won. Election summary: received 3 responses out of 3 voters: 2 yes votes; 1 no votes. yes voters: 596e527cf5624ee48b245556cf593953, 76be0b432f3d49c8af174e07d83df42e; no voters: 65b4b5ad44e64302bb1ce3c455d5facd
I20260608 10:05:32.445156 25975 raft_consensus.cc:2804] T a6168ad8886343848da131728f654832 P 76be0b432f3d49c8af174e07d83df42e [term 0 FOLLOWER]: Leader pre-election won for term 1
I20260608 10:05:32.445662 25975 raft_consensus.cc:493] T a6168ad8886343848da131728f654832 P 76be0b432f3d49c8af174e07d83df42e [term 0 FOLLOWER]: Starting leader election (no leader contacted us within the election timeout)
I20260608 10:05:32.446058 25975 raft_consensus.cc:3060] T a6168ad8886343848da131728f654832 P 76be0b432f3d49c8af174e07d83df42e [term 0 FOLLOWER]: Advancing to term 1
I20260608 10:05:32.446493 25972 raft_consensus.cc:697] T 71ac6a7214b74178ac69c4806e69c013 P 596e527cf5624ee48b245556cf593953 [term 1 LEADER]: Becoming Leader. State: Replica: 596e527cf5624ee48b245556cf593953, State: Running, Role: LEADER
I20260608 10:05:32.447474 25972 consensus_queue.cc:237] T 71ac6a7214b74178ac69c4806e69c013 P 596e527cf5624ee48b245556cf593953 [LEADER]: Queue going to LEADER mode. State: All replicated index: 0, Majority replicated index: 0, Committed index: 0, Last appended: 0.0, Last appended by leader: 0, Current term: 1, Majority size: 2, State: 0, Mode: LEADER, active raft config: opid_index: -1 OBSOLETE_local: false peers { permanent_uuid: "596e527cf5624ee48b245556cf593953" member_type: VOTER last_known_addr { host: "127.22.74.1" port: 36093 } } peers { permanent_uuid: "76be0b432f3d49c8af174e07d83df42e" member_type: VOTER last_known_addr { host: "127.22.74.2" port: 33901 } } peers { permanent_uuid: "65b4b5ad44e64302bb1ce3c455d5facd" member_type: VOTER last_known_addr { host: "127.22.74.3" port: 46479 } }
I20260608 10:05:32.450037 25967 tablet_bootstrap.cc:654] T 074a83f3b7034dda9ac4bd79bbc54a49 P 65b4b5ad44e64302bb1ce3c455d5facd: Neither blocks nor log segments found. Creating new log.
I20260608 10:05:32.454713 25975 raft_consensus.cc:515] T a6168ad8886343848da131728f654832 P 76be0b432f3d49c8af174e07d83df42e [term 1 FOLLOWER]: Starting leader election with config: opid_index: -1 OBSOLETE_local: false peers { permanent_uuid: "596e527cf5624ee48b245556cf593953" member_type: VOTER last_known_addr { host: "127.22.74.1" port: 36093 } } peers { permanent_uuid: "76be0b432f3d49c8af174e07d83df42e" member_type: VOTER last_known_addr { host: "127.22.74.2" port: 33901 } } peers { permanent_uuid: "65b4b5ad44e64302bb1ce3c455d5facd" member_type: VOTER last_known_addr { host: "127.22.74.3" port: 46479 } }
I20260608 10:05:32.457978 25773 tablet_service.cc:1917] Received RequestConsensusVote() RPC: tablet_id: "a6168ad8886343848da131728f654832" candidate_uuid: "76be0b432f3d49c8af174e07d83df42e" candidate_term: 1 candidate_status { last_received { term: 0 index: 0 } } ignore_live_leader: false dest_uuid: "596e527cf5624ee48b245556cf593953"
I20260608 10:05:32.458602 25773 raft_consensus.cc:3060] T a6168ad8886343848da131728f654832 P 596e527cf5624ee48b245556cf593953 [term 0 FOLLOWER]: Advancing to term 1
I20260608 10:05:32.460942 25671 catalog_manager.cc:5696] T 71ac6a7214b74178ac69c4806e69c013 P 596e527cf5624ee48b245556cf593953 reported cstate change: term changed from 0 to 1, leader changed from <none> to 596e527cf5624ee48b245556cf593953 (127.22.74.1). New cstate: current_term: 1 leader_uuid: "596e527cf5624ee48b245556cf593953" committed_config { opid_index: -1 OBSOLETE_local: false peers { permanent_uuid: "596e527cf5624ee48b245556cf593953" member_type: VOTER last_known_addr { host: "127.22.74.1" port: 36093 } health_report { overall_health: HEALTHY } } peers { permanent_uuid: "76be0b432f3d49c8af174e07d83df42e" member_type: VOTER last_known_addr { host: "127.22.74.2" port: 33901 } health_report { overall_health: UNKNOWN } } peers { permanent_uuid: "65b4b5ad44e64302bb1ce3c455d5facd" member_type: VOTER last_known_addr { host: "127.22.74.3" port: 46479 } health_report { overall_health: UNKNOWN } } }
I20260608 10:05:32.463410 25974 raft_consensus.cc:493] T 12c6f15c244f45319310240ca8196ff7 P 65b4b5ad44e64302bb1ce3c455d5facd [term 0 FOLLOWER]: Starting pre-election (no leader contacted us within the election timeout)
I20260608 10:05:32.464113 25974 raft_consensus.cc:515] T 12c6f15c244f45319310240ca8196ff7 P 65b4b5ad44e64302bb1ce3c455d5facd [term 0 FOLLOWER]: Starting pre-election with config: opid_index: -1 OBSOLETE_local: false peers { permanent_uuid: "596e527cf5624ee48b245556cf593953" member_type: VOTER last_known_addr { host: "127.22.74.1" port: 36093 } } peers { permanent_uuid: "65b4b5ad44e64302bb1ce3c455d5facd" member_type: VOTER last_known_addr { host: "127.22.74.3" port: 46479 } } peers { permanent_uuid: "76be0b432f3d49c8af174e07d83df42e" member_type: VOTER last_known_addr { host: "127.22.74.2" port: 33901 } }
I20260608 10:05:32.466490 25773 raft_consensus.cc:2468] T a6168ad8886343848da131728f654832 P 596e527cf5624ee48b245556cf593953 [term 1 FOLLOWER]: Leader election vote request: Granting yes vote for candidate 76be0b432f3d49c8af174e07d83df42e in term 1.
I20260608 10:05:32.471136 25974 leader_election.cc:290] T 12c6f15c244f45319310240ca8196ff7 P 65b4b5ad44e64302bb1ce3c455d5facd [CANDIDATE]: Term 1 pre-election: Requested pre-vote from peers 596e527cf5624ee48b245556cf593953 (127.22.74.1:36093), 76be0b432f3d49c8af174e07d83df42e (127.22.74.2:33901)
I20260608 10:05:32.472715 25980 leader_election.cc:290] T 71ac6a7214b74178ac69c4806e69c013 P 596e527cf5624ee48b245556cf593953 [CANDIDATE]: Term 1 election: Requested vote from peers 76be0b432f3d49c8af174e07d83df42e (127.22.74.2:33901), 65b4b5ad44e64302bb1ce3c455d5facd (127.22.74.3:46479)
I20260608 10:05:32.474045 25922 tablet_service.cc:1917] Received RequestConsensusVote() RPC: tablet_id: "71ac6a7214b74178ac69c4806e69c013" candidate_uuid: "596e527cf5624ee48b245556cf593953" candidate_term: 1 candidate_status { last_received { term: 0 index: 0 } } ignore_live_leader: false dest_uuid: "65b4b5ad44e64302bb1ce3c455d5facd"
I20260608 10:05:32.474699 25922 raft_consensus.cc:3060] T 71ac6a7214b74178ac69c4806e69c013 P 65b4b5ad44e64302bb1ce3c455d5facd [term 0 FOLLOWER]: Advancing to term 1
I20260608 10:05:32.475255 25970 tablet_bootstrap.cc:492] T 16a8b129314646cf9629ba9cd4f28fe7 P 76be0b432f3d49c8af174e07d83df42e: No bootstrap required, opened a new log
I20260608 10:05:32.475651 25975 leader_election.cc:290] T a6168ad8886343848da131728f654832 P 76be0b432f3d49c8af174e07d83df42e [CANDIDATE]: Term 1 election: Requested vote from peers 596e527cf5624ee48b245556cf593953 (127.22.74.1:36093), 65b4b5ad44e64302bb1ce3c455d5facd (127.22.74.3:46479)
I20260608 10:05:32.475931 25970 ts_tablet_manager.cc:1403] T 16a8b129314646cf9629ba9cd4f28fe7 P 76be0b432f3d49c8af174e07d83df42e: Time spent bootstrapping tablet: real 0.154s	user 0.025s	sys 0.060s
I20260608 10:05:32.481801 25970 raft_consensus.cc:359] T 16a8b129314646cf9629ba9cd4f28fe7 P 76be0b432f3d49c8af174e07d83df42e [term 0 FOLLOWER]: Replica starting. Triggering 0 pending ops. Active config: opid_index: -1 OBSOLETE_local: false peers { permanent_uuid: "76be0b432f3d49c8af174e07d83df42e" member_type: VOTER last_known_addr { host: "127.22.74.2" port: 33901 } } peers { permanent_uuid: "596e527cf5624ee48b245556cf593953" member_type: VOTER last_known_addr { host: "127.22.74.1" port: 36093 } } peers { permanent_uuid: "65b4b5ad44e64302bb1ce3c455d5facd" member_type: VOTER last_known_addr { host: "127.22.74.3" port: 46479 } }
I20260608 10:05:32.482827 25970 raft_consensus.cc:385] T 16a8b129314646cf9629ba9cd4f28fe7 P 76be0b432f3d49c8af174e07d83df42e [term 0 FOLLOWER]: Consensus starting up: Expiring failure detector timer to make a prompt election more likely
I20260608 10:05:32.483139 25970 raft_consensus.cc:740] T 16a8b129314646cf9629ba9cd4f28fe7 P 76be0b432f3d49c8af174e07d83df42e [term 0 FOLLOWER]: Becoming Follower/Learner. State: Replica: 76be0b432f3d49c8af174e07d83df42e, State: Initialized, Role: FOLLOWER
I20260608 10:05:32.477429 25811 leader_election.cc:304] T a6168ad8886343848da131728f654832 P 76be0b432f3d49c8af174e07d83df42e [CANDIDATE]: Term 1 election: Election decided. Result: candidate won. Election summary: received 2 responses out of 3 voters: 2 yes votes; 0 no votes. yes voters: 596e527cf5624ee48b245556cf593953, 76be0b432f3d49c8af174e07d83df42e; no voters: 
I20260608 10:05:32.484105 25970 consensus_queue.cc:260] T 16a8b129314646cf9629ba9cd4f28fe7 P 76be0b432f3d49c8af174e07d83df42e [NON_LEADER]: Queue going to NON_LEADER mode. State: All replicated index: 0, Majority replicated index: 0, Committed index: 0, Last appended: 0.0, Last appended by leader: 0, Current term: 0, Majority size: -1, State: 0, Mode: NON_LEADER, active raft config: opid_index: -1 OBSOLETE_local: false peers { permanent_uuid: "76be0b432f3d49c8af174e07d83df42e" member_type: VOTER last_known_addr { host: "127.22.74.2" port: 33901 } } peers { permanent_uuid: "596e527cf5624ee48b245556cf593953" member_type: VOTER last_known_addr { host: "127.22.74.1" port: 36093 } } peers { permanent_uuid: "65b4b5ad44e64302bb1ce3c455d5facd" member_type: VOTER last_known_addr { host: "127.22.74.3" port: 46479 } }
I20260608 10:05:32.484823 25975 raft_consensus.cc:2804] T a6168ad8886343848da131728f654832 P 76be0b432f3d49c8af174e07d83df42e [term 1 FOLLOWER]: Leader election won for term 1
I20260608 10:05:32.477995 25967 tablet_bootstrap.cc:492] T 074a83f3b7034dda9ac4bd79bbc54a49 P 65b4b5ad44e64302bb1ce3c455d5facd: No bootstrap required, opened a new log
I20260608 10:05:32.486123 25967 ts_tablet_manager.cc:1403] T 074a83f3b7034dda9ac4bd79bbc54a49 P 65b4b5ad44e64302bb1ce3c455d5facd: Time spent bootstrapping tablet: real 0.043s	user 0.016s	sys 0.013s
I20260608 10:05:32.488994 25968 tablet_bootstrap.cc:492] T 074a83f3b7034dda9ac4bd79bbc54a49 P 596e527cf5624ee48b245556cf593953: No bootstrap required, opened a new log
I20260608 10:05:32.488730 25922 raft_consensus.cc:2468] T 71ac6a7214b74178ac69c4806e69c013 P 65b4b5ad44e64302bb1ce3c455d5facd [term 1 FOLLOWER]: Leader election vote request: Granting yes vote for candidate 596e527cf5624ee48b245556cf593953 in term 1.
I20260608 10:05:32.489517 25968 ts_tablet_manager.cc:1403] T 074a83f3b7034dda9ac4bd79bbc54a49 P 596e527cf5624ee48b245556cf593953: Time spent bootstrapping tablet: real 0.070s	user 0.021s	sys 0.004s
I20260608 10:05:32.490352 25967 raft_consensus.cc:359] T 074a83f3b7034dda9ac4bd79bbc54a49 P 65b4b5ad44e64302bb1ce3c455d5facd [term 0 FOLLOWER]: Replica starting. Triggering 0 pending ops. Active config: opid_index: -1 OBSOLETE_local: false peers { permanent_uuid: "76be0b432f3d49c8af174e07d83df42e" member_type: VOTER last_known_addr { host: "127.22.74.2" port: 33901 } } peers { permanent_uuid: "596e527cf5624ee48b245556cf593953" member_type: VOTER last_known_addr { host: "127.22.74.1" port: 36093 } } peers { permanent_uuid: "65b4b5ad44e64302bb1ce3c455d5facd" member_type: VOTER last_known_addr { host: "127.22.74.3" port: 46479 } }
I20260608 10:05:32.491096 25967 raft_consensus.cc:385] T 074a83f3b7034dda9ac4bd79bbc54a49 P 65b4b5ad44e64302bb1ce3c455d5facd [term 0 FOLLOWER]: Consensus starting up: Expiring failure detector timer to make a prompt election more likely
I20260608 10:05:32.491433 25967 raft_consensus.cc:740] T 074a83f3b7034dda9ac4bd79bbc54a49 P 65b4b5ad44e64302bb1ce3c455d5facd [term 0 FOLLOWER]: Becoming Follower/Learner. State: Replica: 65b4b5ad44e64302bb1ce3c455d5facd, State: Initialized, Role: FOLLOWER
I20260608 10:05:32.497117 25975 raft_consensus.cc:697] T a6168ad8886343848da131728f654832 P 76be0b432f3d49c8af174e07d83df42e [term 1 LEADER]: Becoming Leader. State: Replica: 76be0b432f3d49c8af174e07d83df42e, State: Running, Role: LEADER
I20260608 10:05:32.499094 25922 tablet_service.cc:1917] Received RequestConsensusVote() RPC: tablet_id: "a6168ad8886343848da131728f654832" candidate_uuid: "76be0b432f3d49c8af174e07d83df42e" candidate_term: 1 candidate_status { last_received { term: 0 index: 0 } } ignore_live_leader: false dest_uuid: "65b4b5ad44e64302bb1ce3c455d5facd"
I20260608 10:05:32.498942 25975 consensus_queue.cc:237] T a6168ad8886343848da131728f654832 P 76be0b432f3d49c8af174e07d83df42e [LEADER]: Queue going to LEADER mode. State: All replicated index: 0, Majority replicated index: 0, Committed index: 0, Last appended: 0.0, Last appended by leader: 0, Current term: 1, Majority size: 2, State: 0, Mode: LEADER, active raft config: opid_index: -1 OBSOLETE_local: false peers { permanent_uuid: "596e527cf5624ee48b245556cf593953" member_type: VOTER last_known_addr { host: "127.22.74.1" port: 36093 } } peers { permanent_uuid: "76be0b432f3d49c8af174e07d83df42e" member_type: VOTER last_known_addr { host: "127.22.74.2" port: 33901 } } peers { permanent_uuid: "65b4b5ad44e64302bb1ce3c455d5facd" member_type: VOTER last_known_addr { host: "127.22.74.3" port: 46479 } }
W20260608 10:05:32.500469 25812 leader_election.cc:343] T a6168ad8886343848da131728f654832 P 76be0b432f3d49c8af174e07d83df42e [CANDIDATE]: Term 1 election: Tablet error from VoteRequest() call to peer 65b4b5ad44e64302bb1ce3c455d5facd (127.22.74.3:46479): Illegal state: must be running to vote when last-logged opid is not known
I20260608 10:05:32.502242 25724 auto_leader_rebalancer.cc:140] leader rebalance for table range_aware_rebalance_new_range
W20260608 10:05:32.503226 25724 auto_leader_rebalancer.cc:460] the master instance isn't leader: Service unavailable: Tablet not running
I20260608 10:05:32.506472 25773 tablet_service.cc:1917] Received RequestConsensusVote() RPC: tablet_id: "12c6f15c244f45319310240ca8196ff7" candidate_uuid: "65b4b5ad44e64302bb1ce3c455d5facd" candidate_term: 1 candidate_status { last_received { term: 0 index: 0 } } ignore_live_leader: false dest_uuid: "596e527cf5624ee48b245556cf593953" is_pre_election: true
W20260608 10:05:32.507067 25719 auto_rebalancer.cc:259] Could not retrieve cluster info: Service unavailable: Tablet not running
I20260608 10:05:32.492727 25968 raft_consensus.cc:359] T 074a83f3b7034dda9ac4bd79bbc54a49 P 596e527cf5624ee48b245556cf593953 [term 0 FOLLOWER]: Replica starting. Triggering 0 pending ops. Active config: opid_index: -1 OBSOLETE_local: false peers { permanent_uuid: "76be0b432f3d49c8af174e07d83df42e" member_type: VOTER last_known_addr { host: "127.22.74.2" port: 33901 } } peers { permanent_uuid: "596e527cf5624ee48b245556cf593953" member_type: VOTER last_known_addr { host: "127.22.74.1" port: 36093 } } peers { permanent_uuid: "65b4b5ad44e64302bb1ce3c455d5facd" member_type: VOTER last_known_addr { host: "127.22.74.3" port: 46479 } }
I20260608 10:05:32.509116 25968 raft_consensus.cc:385] T 074a83f3b7034dda9ac4bd79bbc54a49 P 596e527cf5624ee48b245556cf593953 [term 0 FOLLOWER]: Consensus starting up: Expiring failure detector timer to make a prompt election more likely
I20260608 10:05:32.509438 25968 raft_consensus.cc:740] T 074a83f3b7034dda9ac4bd79bbc54a49 P 596e527cf5624ee48b245556cf593953 [term 0 FOLLOWER]: Becoming Follower/Learner. State: Replica: 596e527cf5624ee48b245556cf593953, State: Initialized, Role: FOLLOWER
W20260608 10:05:32.510149 25885 leader_election.cc:343] T 12c6f15c244f45319310240ca8196ff7 P 65b4b5ad44e64302bb1ce3c455d5facd [CANDIDATE]: Term 1 pre-election: Tablet error from VoteRequest() call to peer 596e527cf5624ee48b245556cf593953 (127.22.74.1:36093): Illegal state: must be running to vote when last-logged opid is not known
I20260608 10:05:32.511919 25970 ts_tablet_manager.cc:1434] T 16a8b129314646cf9629ba9cd4f28fe7 P 76be0b432f3d49c8af174e07d83df42e: Time spent starting tablet: real 0.033s	user 0.010s	sys 0.002s
I20260608 10:05:32.513274 25970 tablet_bootstrap.cc:492] T 29505f5659ca489f861ecbda9ab6dad1 P 76be0b432f3d49c8af174e07d83df42e: Bootstrap starting.
I20260608 10:05:32.514153 25968 consensus_queue.cc:260] T 074a83f3b7034dda9ac4bd79bbc54a49 P 596e527cf5624ee48b245556cf593953 [NON_LEADER]: Queue going to NON_LEADER mode. State: All replicated index: 0, Majority replicated index: 0, Committed index: 0, Last appended: 0.0, Last appended by leader: 0, Current term: 0, Majority size: -1, State: 0, Mode: NON_LEADER, active raft config: opid_index: -1 OBSOLETE_local: false peers { permanent_uuid: "76be0b432f3d49c8af174e07d83df42e" member_type: VOTER last_known_addr { host: "127.22.74.2" port: 33901 } } peers { permanent_uuid: "596e527cf5624ee48b245556cf593953" member_type: VOTER last_known_addr { host: "127.22.74.1" port: 36093 } } peers { permanent_uuid: "65b4b5ad44e64302bb1ce3c455d5facd" member_type: VOTER last_known_addr { host: "127.22.74.3" port: 46479 } }
I20260608 10:05:32.492276 25967 consensus_queue.cc:260] T 074a83f3b7034dda9ac4bd79bbc54a49 P 65b4b5ad44e64302bb1ce3c455d5facd [NON_LEADER]: Queue going to NON_LEADER mode. State: All replicated index: 0, Majority replicated index: 0, Committed index: 0, Last appended: 0.0, Last appended by leader: 0, Current term: 0, Majority size: -1, State: 0, Mode: NON_LEADER, active raft config: opid_index: -1 OBSOLETE_local: false peers { permanent_uuid: "76be0b432f3d49c8af174e07d83df42e" member_type: VOTER last_known_addr { host: "127.22.74.2" port: 33901 } } peers { permanent_uuid: "596e527cf5624ee48b245556cf593953" member_type: VOTER last_known_addr { host: "127.22.74.1" port: 36093 } } peers { permanent_uuid: "65b4b5ad44e64302bb1ce3c455d5facd" member_type: VOTER last_known_addr { host: "127.22.74.3" port: 46479 } }
I20260608 10:05:32.516747 25967 ts_tablet_manager.cc:1434] T 074a83f3b7034dda9ac4bd79bbc54a49 P 65b4b5ad44e64302bb1ce3c455d5facd: Time spent starting tablet: real 0.030s	user 0.002s	sys 0.004s
I20260608 10:05:32.517910 25671 catalog_manager.cc:5696] T a6168ad8886343848da131728f654832 P 76be0b432f3d49c8af174e07d83df42e reported cstate change: term changed from 0 to 1, leader changed from <none> to 76be0b432f3d49c8af174e07d83df42e (127.22.74.2). New cstate: current_term: 1 leader_uuid: "76be0b432f3d49c8af174e07d83df42e" committed_config { opid_index: -1 OBSOLETE_local: false peers { permanent_uuid: "596e527cf5624ee48b245556cf593953" member_type: VOTER last_known_addr { host: "127.22.74.1" port: 36093 } health_report { overall_health: UNKNOWN } } peers { permanent_uuid: "76be0b432f3d49c8af174e07d83df42e" member_type: VOTER last_known_addr { host: "127.22.74.2" port: 33901 } health_report { overall_health: HEALTHY } } peers { permanent_uuid: "65b4b5ad44e64302bb1ce3c455d5facd" member_type: VOTER last_known_addr { host: "127.22.74.3" port: 46479 } health_report { overall_health: UNKNOWN } } }
I20260608 10:05:32.519456 25967 tablet_bootstrap.cc:492] T 29505f5659ca489f861ecbda9ab6dad1 P 65b4b5ad44e64302bb1ce3c455d5facd: Bootstrap starting.
I20260608 10:05:32.523352 25968 ts_tablet_manager.cc:1434] T 074a83f3b7034dda9ac4bd79bbc54a49 P 596e527cf5624ee48b245556cf593953: Time spent starting tablet: real 0.033s	user 0.007s	sys 0.000s
I20260608 10:05:32.524380 25968 tablet_bootstrap.cc:492] T 29505f5659ca489f861ecbda9ab6dad1 P 596e527cf5624ee48b245556cf593953: Bootstrap starting.
I20260608 10:05:32.528435 25970 tablet_bootstrap.cc:654] T 29505f5659ca489f861ecbda9ab6dad1 P 76be0b432f3d49c8af174e07d83df42e: Neither blocks nor log segments found. Creating new log.
I20260608 10:05:32.528872 25967 tablet_bootstrap.cc:654] T 29505f5659ca489f861ecbda9ab6dad1 P 65b4b5ad44e64302bb1ce3c455d5facd: Neither blocks nor log segments found. Creating new log.
I20260608 10:05:32.534817 25848 tablet_service.cc:1917] Received RequestConsensusVote() RPC: tablet_id: "12c6f15c244f45319310240ca8196ff7" candidate_uuid: "65b4b5ad44e64302bb1ce3c455d5facd" candidate_term: 1 candidate_status { last_received { term: 0 index: 0 } } ignore_live_leader: false dest_uuid: "76be0b432f3d49c8af174e07d83df42e" is_pre_election: true
W20260608 10:05:32.536309 25885 leader_election.cc:343] T 12c6f15c244f45319310240ca8196ff7 P 65b4b5ad44e64302bb1ce3c455d5facd [CANDIDATE]: Term 1 pre-election: Tablet error from VoteRequest() call to peer 76be0b432f3d49c8af174e07d83df42e (127.22.74.2:33901): Illegal state: must be running to vote when last-logged opid is not known
I20260608 10:05:32.536778 25885 leader_election.cc:304] T 12c6f15c244f45319310240ca8196ff7 P 65b4b5ad44e64302bb1ce3c455d5facd [CANDIDATE]: Term 1 pre-election: Election decided. Result: candidate lost. Election summary: received 3 responses out of 3 voters: 1 yes votes; 2 no votes. yes voters: 65b4b5ad44e64302bb1ce3c455d5facd; no voters: 596e527cf5624ee48b245556cf593953, 76be0b432f3d49c8af174e07d83df42e
I20260608 10:05:32.538015 25974 raft_consensus.cc:2749] T 12c6f15c244f45319310240ca8196ff7 P 65b4b5ad44e64302bb1ce3c455d5facd [term 0 FOLLOWER]: Leader pre-election lost for term 1. Reason: could not achieve majority
I20260608 10:05:32.546741 25967 tablet_bootstrap.cc:492] T 29505f5659ca489f861ecbda9ab6dad1 P 65b4b5ad44e64302bb1ce3c455d5facd: No bootstrap required, opened a new log
I20260608 10:05:32.546963 25968 tablet_bootstrap.cc:654] T 29505f5659ca489f861ecbda9ab6dad1 P 596e527cf5624ee48b245556cf593953: Neither blocks nor log segments found. Creating new log.
I20260608 10:05:32.547271 25967 ts_tablet_manager.cc:1403] T 29505f5659ca489f861ecbda9ab6dad1 P 65b4b5ad44e64302bb1ce3c455d5facd: Time spent bootstrapping tablet: real 0.028s	user 0.010s	sys 0.013s
I20260608 10:05:32.547339 25970 tablet_bootstrap.cc:492] T 29505f5659ca489f861ecbda9ab6dad1 P 76be0b432f3d49c8af174e07d83df42e: No bootstrap required, opened a new log
I20260608 10:05:32.547930 25970 ts_tablet_manager.cc:1403] T 29505f5659ca489f861ecbda9ab6dad1 P 76be0b432f3d49c8af174e07d83df42e: Time spent bootstrapping tablet: real 0.035s	user 0.010s	sys 0.013s
I20260608 10:05:32.549870 25967 raft_consensus.cc:359] T 29505f5659ca489f861ecbda9ab6dad1 P 65b4b5ad44e64302bb1ce3c455d5facd [term 0 FOLLOWER]: Replica starting. Triggering 0 pending ops. Active config: opid_index: -1 OBSOLETE_local: false peers { permanent_uuid: "596e527cf5624ee48b245556cf593953" member_type: VOTER last_known_addr { host: "127.22.74.1" port: 36093 } } peers { permanent_uuid: "76be0b432f3d49c8af174e07d83df42e" member_type: VOTER last_known_addr { host: "127.22.74.2" port: 33901 } } peers { permanent_uuid: "65b4b5ad44e64302bb1ce3c455d5facd" member_type: VOTER last_known_addr { host: "127.22.74.3" port: 46479 } }
I20260608 10:05:32.550549 25967 raft_consensus.cc:385] T 29505f5659ca489f861ecbda9ab6dad1 P 65b4b5ad44e64302bb1ce3c455d5facd [term 0 FOLLOWER]: Consensus starting up: Expiring failure detector timer to make a prompt election more likely
I20260608 10:05:32.550894 25967 raft_consensus.cc:740] T 29505f5659ca489f861ecbda9ab6dad1 P 65b4b5ad44e64302bb1ce3c455d5facd [term 0 FOLLOWER]: Becoming Follower/Learner. State: Replica: 65b4b5ad44e64302bb1ce3c455d5facd, State: Initialized, Role: FOLLOWER
I20260608 10:05:32.551265 25970 raft_consensus.cc:359] T 29505f5659ca489f861ecbda9ab6dad1 P 76be0b432f3d49c8af174e07d83df42e [term 0 FOLLOWER]: Replica starting. Triggering 0 pending ops. Active config: opid_index: -1 OBSOLETE_local: false peers { permanent_uuid: "596e527cf5624ee48b245556cf593953" member_type: VOTER last_known_addr { host: "127.22.74.1" port: 36093 } } peers { permanent_uuid: "76be0b432f3d49c8af174e07d83df42e" member_type: VOTER last_known_addr { host: "127.22.74.2" port: 33901 } } peers { permanent_uuid: "65b4b5ad44e64302bb1ce3c455d5facd" member_type: VOTER last_known_addr { host: "127.22.74.3" port: 46479 } }
I20260608 10:05:32.551709 25967 consensus_queue.cc:260] T 29505f5659ca489f861ecbda9ab6dad1 P 65b4b5ad44e64302bb1ce3c455d5facd [NON_LEADER]: Queue going to NON_LEADER mode. State: All replicated index: 0, Majority replicated index: 0, Committed index: 0, Last appended: 0.0, Last appended by leader: 0, Current term: 0, Majority size: -1, State: 0, Mode: NON_LEADER, active raft config: opid_index: -1 OBSOLETE_local: false peers { permanent_uuid: "596e527cf5624ee48b245556cf593953" member_type: VOTER last_known_addr { host: "127.22.74.1" port: 36093 } } peers { permanent_uuid: "76be0b432f3d49c8af174e07d83df42e" member_type: VOTER last_known_addr { host: "127.22.74.2" port: 33901 } } peers { permanent_uuid: "65b4b5ad44e64302bb1ce3c455d5facd" member_type: VOTER last_known_addr { host: "127.22.74.3" port: 46479 } }
I20260608 10:05:32.552001 25970 raft_consensus.cc:385] T 29505f5659ca489f861ecbda9ab6dad1 P 76be0b432f3d49c8af174e07d83df42e [term 0 FOLLOWER]: Consensus starting up: Expiring failure detector timer to make a prompt election more likely
I20260608 10:05:32.552444 25970 raft_consensus.cc:740] T 29505f5659ca489f861ecbda9ab6dad1 P 76be0b432f3d49c8af174e07d83df42e [term 0 FOLLOWER]: Becoming Follower/Learner. State: Replica: 76be0b432f3d49c8af174e07d83df42e, State: Initialized, Role: FOLLOWER
I20260608 10:05:32.553349 25968 tablet_bootstrap.cc:492] T 29505f5659ca489f861ecbda9ab6dad1 P 596e527cf5624ee48b245556cf593953: No bootstrap required, opened a new log
I20260608 10:05:32.553313 25970 consensus_queue.cc:260] T 29505f5659ca489f861ecbda9ab6dad1 P 76be0b432f3d49c8af174e07d83df42e [NON_LEADER]: Queue going to NON_LEADER mode. State: All replicated index: 0, Majority replicated index: 0, Committed index: 0, Last appended: 0.0, Last appended by leader: 0, Current term: 0, Majority size: -1, State: 0, Mode: NON_LEADER, active raft config: opid_index: -1 OBSOLETE_local: false peers { permanent_uuid: "596e527cf5624ee48b245556cf593953" member_type: VOTER last_known_addr { host: "127.22.74.1" port: 36093 } } peers { permanent_uuid: "76be0b432f3d49c8af174e07d83df42e" member_type: VOTER last_known_addr { host: "127.22.74.2" port: 33901 } } peers { permanent_uuid: "65b4b5ad44e64302bb1ce3c455d5facd" member_type: VOTER last_known_addr { host: "127.22.74.3" port: 46479 } }
I20260608 10:05:32.553963 25968 ts_tablet_manager.cc:1403] T 29505f5659ca489f861ecbda9ab6dad1 P 596e527cf5624ee48b245556cf593953: Time spent bootstrapping tablet: real 0.030s	user 0.007s	sys 0.006s
I20260608 10:05:32.554041 25967 ts_tablet_manager.cc:1434] T 29505f5659ca489f861ecbda9ab6dad1 P 65b4b5ad44e64302bb1ce3c455d5facd: Time spent starting tablet: real 0.006s	user 0.004s	sys 0.004s
I20260608 10:05:32.555096 25967 tablet_bootstrap.cc:492] T 16a8b129314646cf9629ba9cd4f28fe7 P 65b4b5ad44e64302bb1ce3c455d5facd: Bootstrap starting.
I20260608 10:05:32.556169 25970 ts_tablet_manager.cc:1434] T 29505f5659ca489f861ecbda9ab6dad1 P 76be0b432f3d49c8af174e07d83df42e: Time spent starting tablet: real 0.008s	user 0.008s	sys 0.001s
I20260608 10:05:32.557243 25970 tablet_bootstrap.cc:492] T 93ab5b292bbb4fecad42284e19871132 P 76be0b432f3d49c8af174e07d83df42e: Bootstrap starting.
I20260608 10:05:32.561885 25967 tablet_bootstrap.cc:654] T 16a8b129314646cf9629ba9cd4f28fe7 P 65b4b5ad44e64302bb1ce3c455d5facd: Neither blocks nor log segments found. Creating new log.
I20260608 10:05:32.561546 25968 raft_consensus.cc:359] T 29505f5659ca489f861ecbda9ab6dad1 P 596e527cf5624ee48b245556cf593953 [term 0 FOLLOWER]: Replica starting. Triggering 0 pending ops. Active config: opid_index: -1 OBSOLETE_local: false peers { permanent_uuid: "596e527cf5624ee48b245556cf593953" member_type: VOTER last_known_addr { host: "127.22.74.1" port: 36093 } } peers { permanent_uuid: "76be0b432f3d49c8af174e07d83df42e" member_type: VOTER last_known_addr { host: "127.22.74.2" port: 33901 } } peers { permanent_uuid: "65b4b5ad44e64302bb1ce3c455d5facd" member_type: VOTER last_known_addr { host: "127.22.74.3" port: 46479 } }
I20260608 10:05:32.562290 25968 raft_consensus.cc:385] T 29505f5659ca489f861ecbda9ab6dad1 P 596e527cf5624ee48b245556cf593953 [term 0 FOLLOWER]: Consensus starting up: Expiring failure detector timer to make a prompt election more likely
I20260608 10:05:32.562587 25968 raft_consensus.cc:740] T 29505f5659ca489f861ecbda9ab6dad1 P 596e527cf5624ee48b245556cf593953 [term 0 FOLLOWER]: Becoming Follower/Learner. State: Replica: 596e527cf5624ee48b245556cf593953, State: Initialized, Role: FOLLOWER
I20260608 10:05:32.563534 25968 consensus_queue.cc:260] T 29505f5659ca489f861ecbda9ab6dad1 P 596e527cf5624ee48b245556cf593953 [NON_LEADER]: Queue going to NON_LEADER mode. State: All replicated index: 0, Majority replicated index: 0, Committed index: 0, Last appended: 0.0, Last appended by leader: 0, Current term: 0, Majority size: -1, State: 0, Mode: NON_LEADER, active raft config: opid_index: -1 OBSOLETE_local: false peers { permanent_uuid: "596e527cf5624ee48b245556cf593953" member_type: VOTER last_known_addr { host: "127.22.74.1" port: 36093 } } peers { permanent_uuid: "76be0b432f3d49c8af174e07d83df42e" member_type: VOTER last_known_addr { host: "127.22.74.2" port: 33901 } } peers { permanent_uuid: "65b4b5ad44e64302bb1ce3c455d5facd" member_type: VOTER last_known_addr { host: "127.22.74.3" port: 46479 } }
I20260608 10:05:32.565647 25970 tablet_bootstrap.cc:654] T 93ab5b292bbb4fecad42284e19871132 P 76be0b432f3d49c8af174e07d83df42e: Neither blocks nor log segments found. Creating new log.
I20260608 10:05:32.566275 25968 ts_tablet_manager.cc:1434] T 29505f5659ca489f861ecbda9ab6dad1 P 596e527cf5624ee48b245556cf593953: Time spent starting tablet: real 0.012s	user 0.007s	sys 0.000s
I20260608 10:05:32.567348 25968 tablet_bootstrap.cc:492] T 12c6f15c244f45319310240ca8196ff7 P 596e527cf5624ee48b245556cf593953: Bootstrap starting.
I20260608 10:05:32.572151 25975 raft_consensus.cc:493] T 16a8b129314646cf9629ba9cd4f28fe7 P 76be0b432f3d49c8af174e07d83df42e [term 0 FOLLOWER]: Starting pre-election (no leader contacted us within the election timeout)
I20260608 10:05:32.572901 25975 raft_consensus.cc:515] T 16a8b129314646cf9629ba9cd4f28fe7 P 76be0b432f3d49c8af174e07d83df42e [term 0 FOLLOWER]: Starting pre-election with config: opid_index: -1 OBSOLETE_local: false peers { permanent_uuid: "76be0b432f3d49c8af174e07d83df42e" member_type: VOTER last_known_addr { host: "127.22.74.2" port: 33901 } } peers { permanent_uuid: "596e527cf5624ee48b245556cf593953" member_type: VOTER last_known_addr { host: "127.22.74.1" port: 36093 } } peers { permanent_uuid: "65b4b5ad44e64302bb1ce3c455d5facd" member_type: VOTER last_known_addr { host: "127.22.74.3" port: 46479 } }
I20260608 10:05:32.576869 25773 tablet_service.cc:1917] Received RequestConsensusVote() RPC: tablet_id: "16a8b129314646cf9629ba9cd4f28fe7" candidate_uuid: "76be0b432f3d49c8af174e07d83df42e" candidate_term: 1 candidate_status { last_received { term: 0 index: 0 } } ignore_live_leader: false dest_uuid: "596e527cf5624ee48b245556cf593953" is_pre_election: true
I20260608 10:05:32.578053 25922 tablet_service.cc:1917] Received RequestConsensusVote() RPC: tablet_id: "16a8b129314646cf9629ba9cd4f28fe7" candidate_uuid: "76be0b432f3d49c8af174e07d83df42e" candidate_term: 1 candidate_status { last_received { term: 0 index: 0 } } ignore_live_leader: false dest_uuid: "65b4b5ad44e64302bb1ce3c455d5facd" is_pre_election: true
W20260608 10:05:32.579210 25811 leader_election.cc:343] T 16a8b129314646cf9629ba9cd4f28fe7 P 76be0b432f3d49c8af174e07d83df42e [CANDIDATE]: Term 1 pre-election: Tablet error from VoteRequest() call to peer 596e527cf5624ee48b245556cf593953 (127.22.74.1:36093): Illegal state: must be running to vote when last-logged opid is not known
I20260608 10:05:32.572072 25974 raft_consensus.cc:493] T e8e07e8dfef84412a171e9d6c2c69ba8 P 65b4b5ad44e64302bb1ce3c455d5facd [term 0 FOLLOWER]: Starting pre-election (no leader contacted us within the election timeout)
W20260608 10:05:32.581100 25812 leader_election.cc:343] T 16a8b129314646cf9629ba9cd4f28fe7 P 76be0b432f3d49c8af174e07d83df42e [CANDIDATE]: Term 1 pre-election: Tablet error from VoteRequest() call to peer 65b4b5ad44e64302bb1ce3c455d5facd (127.22.74.3:46479): Illegal state: must be running to vote when last-logged opid is not known
I20260608 10:05:32.581290 25974 raft_consensus.cc:515] T e8e07e8dfef84412a171e9d6c2c69ba8 P 65b4b5ad44e64302bb1ce3c455d5facd [term 0 FOLLOWER]: Starting pre-election with config: opid_index: -1 OBSOLETE_local: false peers { permanent_uuid: "76be0b432f3d49c8af174e07d83df42e" member_type: VOTER last_known_addr { host: "127.22.74.2" port: 33901 } } peers { permanent_uuid: "596e527cf5624ee48b245556cf593953" member_type: VOTER last_known_addr { host: "127.22.74.1" port: 36093 } } peers { permanent_uuid: "65b4b5ad44e64302bb1ce3c455d5facd" member_type: VOTER last_known_addr { host: "127.22.74.3" port: 46479 } }
I20260608 10:05:32.584928 25848 tablet_service.cc:1917] Received RequestConsensusVote() RPC: tablet_id: "e8e07e8dfef84412a171e9d6c2c69ba8" candidate_uuid: "65b4b5ad44e64302bb1ce3c455d5facd" candidate_term: 1 candidate_status { last_received { term: 0 index: 0 } } ignore_live_leader: false dest_uuid: "76be0b432f3d49c8af174e07d83df42e" is_pre_election: true
I20260608 10:05:32.585635 25848 raft_consensus.cc:2468] T e8e07e8dfef84412a171e9d6c2c69ba8 P 76be0b432f3d49c8af174e07d83df42e [term 0 FOLLOWER]: Leader pre-election vote request: Granting yes vote for candidate 65b4b5ad44e64302bb1ce3c455d5facd in term 0.
I20260608 10:05:32.583730 25974 leader_election.cc:290] T e8e07e8dfef84412a171e9d6c2c69ba8 P 65b4b5ad44e64302bb1ce3c455d5facd [CANDIDATE]: Term 1 pre-election: Requested pre-vote from peers 76be0b432f3d49c8af174e07d83df42e (127.22.74.2:33901), 596e527cf5624ee48b245556cf593953 (127.22.74.1:36093)
I20260608 10:05:32.586849 25885 leader_election.cc:304] T e8e07e8dfef84412a171e9d6c2c69ba8 P 65b4b5ad44e64302bb1ce3c455d5facd [CANDIDATE]: Term 1 pre-election: Election decided. Result: candidate won. Election summary: received 2 responses out of 3 voters: 2 yes votes; 0 no votes. yes voters: 65b4b5ad44e64302bb1ce3c455d5facd, 76be0b432f3d49c8af174e07d83df42e; no voters: 
I20260608 10:05:32.584928 25773 tablet_service.cc:1917] Received RequestConsensusVote() RPC: tablet_id: "e8e07e8dfef84412a171e9d6c2c69ba8" candidate_uuid: "65b4b5ad44e64302bb1ce3c455d5facd" candidate_term: 1 candidate_status { last_received { term: 0 index: 0 } } ignore_live_leader: false dest_uuid: "596e527cf5624ee48b245556cf593953" is_pre_election: true
I20260608 10:05:32.584993 25812 leader_election.cc:304] T 16a8b129314646cf9629ba9cd4f28fe7 P 76be0b432f3d49c8af174e07d83df42e [CANDIDATE]: Term 1 pre-election: Election decided. Result: candidate lost. Election summary: received 3 responses out of 3 voters: 1 yes votes; 2 no votes. yes voters: 76be0b432f3d49c8af174e07d83df42e; no voters: 596e527cf5624ee48b245556cf593953, 65b4b5ad44e64302bb1ce3c455d5facd
I20260608 10:05:32.587942 25773 raft_consensus.cc:2468] T e8e07e8dfef84412a171e9d6c2c69ba8 P 596e527cf5624ee48b245556cf593953 [term 0 FOLLOWER]: Leader pre-election vote request: Granting yes vote for candidate 65b4b5ad44e64302bb1ce3c455d5facd in term 0.
I20260608 10:05:32.588606 25997 raft_consensus.cc:2749] T 16a8b129314646cf9629ba9cd4f28fe7 P 76be0b432f3d49c8af174e07d83df42e [term 0 FOLLOWER]: Leader pre-election lost for term 1. Reason: could not achieve majority
I20260608 10:05:32.589584 25974 raft_consensus.cc:2804] T e8e07e8dfef84412a171e9d6c2c69ba8 P 65b4b5ad44e64302bb1ce3c455d5facd [term 0 FOLLOWER]: Leader pre-election won for term 1
I20260608 10:05:32.589970 25974 raft_consensus.cc:493] T e8e07e8dfef84412a171e9d6c2c69ba8 P 65b4b5ad44e64302bb1ce3c455d5facd [term 0 FOLLOWER]: Starting leader election (no leader contacted us within the election timeout)
I20260608 10:05:32.590322 25974 raft_consensus.cc:3060] T e8e07e8dfef84412a171e9d6c2c69ba8 P 65b4b5ad44e64302bb1ce3c455d5facd [term 0 FOLLOWER]: Advancing to term 1
I20260608 10:05:32.576884 25975 leader_election.cc:290] T 16a8b129314646cf9629ba9cd4f28fe7 P 76be0b432f3d49c8af174e07d83df42e [CANDIDATE]: Term 1 pre-election: Requested pre-vote from peers 596e527cf5624ee48b245556cf593953 (127.22.74.1:36093), 65b4b5ad44e64302bb1ce3c455d5facd (127.22.74.3:46479)
I20260608 10:05:32.594806 25980 raft_consensus.cc:493] T 29505f5659ca489f861ecbda9ab6dad1 P 596e527cf5624ee48b245556cf593953 [term 0 FOLLOWER]: Starting pre-election (no leader contacted us within the election timeout)
I20260608 10:05:32.595283 25980 raft_consensus.cc:515] T 29505f5659ca489f861ecbda9ab6dad1 P 596e527cf5624ee48b245556cf593953 [term 0 FOLLOWER]: Starting pre-election with config: opid_index: -1 OBSOLETE_local: false peers { permanent_uuid: "596e527cf5624ee48b245556cf593953" member_type: VOTER last_known_addr { host: "127.22.74.1" port: 36093 } } peers { permanent_uuid: "76be0b432f3d49c8af174e07d83df42e" member_type: VOTER last_known_addr { host: "127.22.74.2" port: 33901 } } peers { permanent_uuid: "65b4b5ad44e64302bb1ce3c455d5facd" member_type: VOTER last_known_addr { host: "127.22.74.3" port: 46479 } }
I20260608 10:05:32.597134 25980 leader_election.cc:290] T 29505f5659ca489f861ecbda9ab6dad1 P 596e527cf5624ee48b245556cf593953 [CANDIDATE]: Term 1 pre-election: Requested pre-vote from peers 76be0b432f3d49c8af174e07d83df42e (127.22.74.2:33901), 65b4b5ad44e64302bb1ce3c455d5facd (127.22.74.3:46479)
I20260608 10:05:32.597970 25848 tablet_service.cc:1917] Received RequestConsensusVote() RPC: tablet_id: "29505f5659ca489f861ecbda9ab6dad1" candidate_uuid: "596e527cf5624ee48b245556cf593953" candidate_term: 1 candidate_status { last_received { term: 0 index: 0 } } ignore_live_leader: false dest_uuid: "76be0b432f3d49c8af174e07d83df42e" is_pre_election: true
I20260608 10:05:32.598608 25848 raft_consensus.cc:2468] T 29505f5659ca489f861ecbda9ab6dad1 P 76be0b432f3d49c8af174e07d83df42e [term 0 FOLLOWER]: Leader pre-election vote request: Granting yes vote for candidate 596e527cf5624ee48b245556cf593953 in term 0.
I20260608 10:05:32.598742 25922 tablet_service.cc:1917] Received RequestConsensusVote() RPC: tablet_id: "29505f5659ca489f861ecbda9ab6dad1" candidate_uuid: "596e527cf5624ee48b245556cf593953" candidate_term: 1 candidate_status { last_received { term: 0 index: 0 } } ignore_live_leader: false dest_uuid: "65b4b5ad44e64302bb1ce3c455d5facd" is_pre_election: true
I20260608 10:05:32.599320 25922 raft_consensus.cc:2468] T 29505f5659ca489f861ecbda9ab6dad1 P 65b4b5ad44e64302bb1ce3c455d5facd [term 0 FOLLOWER]: Leader pre-election vote request: Granting yes vote for candidate 596e527cf5624ee48b245556cf593953 in term 0.
I20260608 10:05:32.600031 25736 leader_election.cc:304] T 29505f5659ca489f861ecbda9ab6dad1 P 596e527cf5624ee48b245556cf593953 [CANDIDATE]: Term 1 pre-election: Election decided. Result: candidate won. Election summary: received 2 responses out of 3 voters: 2 yes votes; 0 no votes. yes voters: 596e527cf5624ee48b245556cf593953, 76be0b432f3d49c8af174e07d83df42e; no voters: 
I20260608 10:05:32.600843 25980 raft_consensus.cc:2804] T 29505f5659ca489f861ecbda9ab6dad1 P 596e527cf5624ee48b245556cf593953 [term 0 FOLLOWER]: Leader pre-election won for term 1
I20260608 10:05:32.601227 25980 raft_consensus.cc:493] T 29505f5659ca489f861ecbda9ab6dad1 P 596e527cf5624ee48b245556cf593953 [term 0 FOLLOWER]: Starting leader election (no leader contacted us within the election timeout)
I20260608 10:05:32.601536 25980 raft_consensus.cc:3060] T 29505f5659ca489f861ecbda9ab6dad1 P 596e527cf5624ee48b245556cf593953 [term 0 FOLLOWER]: Advancing to term 1
I20260608 10:05:32.608155 25980 raft_consensus.cc:515] T 29505f5659ca489f861ecbda9ab6dad1 P 596e527cf5624ee48b245556cf593953 [term 1 FOLLOWER]: Starting leader election with config: opid_index: -1 OBSOLETE_local: false peers { permanent_uuid: "596e527cf5624ee48b245556cf593953" member_type: VOTER last_known_addr { host: "127.22.74.1" port: 36093 } } peers { permanent_uuid: "76be0b432f3d49c8af174e07d83df42e" member_type: VOTER last_known_addr { host: "127.22.74.2" port: 33901 } } peers { permanent_uuid: "65b4b5ad44e64302bb1ce3c455d5facd" member_type: VOTER last_known_addr { host: "127.22.74.3" port: 46479 } }
I20260608 10:05:32.613837 25848 tablet_service.cc:1917] Received RequestConsensusVote() RPC: tablet_id: "29505f5659ca489f861ecbda9ab6dad1" candidate_uuid: "596e527cf5624ee48b245556cf593953" candidate_term: 1 candidate_status { last_received { term: 0 index: 0 } } ignore_live_leader: false dest_uuid: "76be0b432f3d49c8af174e07d83df42e"
I20260608 10:05:32.614449 25848 raft_consensus.cc:3060] T 29505f5659ca489f861ecbda9ab6dad1 P 76be0b432f3d49c8af174e07d83df42e [term 0 FOLLOWER]: Advancing to term 1
I20260608 10:05:32.614491 25974 raft_consensus.cc:515] T e8e07e8dfef84412a171e9d6c2c69ba8 P 65b4b5ad44e64302bb1ce3c455d5facd [term 1 FOLLOWER]: Starting leader election with config: opid_index: -1 OBSOLETE_local: false peers { permanent_uuid: "76be0b432f3d49c8af174e07d83df42e" member_type: VOTER last_known_addr { host: "127.22.74.2" port: 33901 } } peers { permanent_uuid: "596e527cf5624ee48b245556cf593953" member_type: VOTER last_known_addr { host: "127.22.74.1" port: 36093 } } peers { permanent_uuid: "65b4b5ad44e64302bb1ce3c455d5facd" member_type: VOTER last_known_addr { host: "127.22.74.3" port: 46479 } }
I20260608 10:05:32.617707 25968 tablet_bootstrap.cc:654] T 12c6f15c244f45319310240ca8196ff7 P 596e527cf5624ee48b245556cf593953: Neither blocks nor log segments found. Creating new log.
I20260608 10:05:32.620874 25967 tablet_bootstrap.cc:492] T 16a8b129314646cf9629ba9cd4f28fe7 P 65b4b5ad44e64302bb1ce3c455d5facd: No bootstrap required, opened a new log
I20260608 10:05:32.621543 25967 ts_tablet_manager.cc:1403] T 16a8b129314646cf9629ba9cd4f28fe7 P 65b4b5ad44e64302bb1ce3c455d5facd: Time spent bootstrapping tablet: real 0.067s	user 0.030s	sys 0.036s
I20260608 10:05:32.622041 25847 tablet_service.cc:1917] Received RequestConsensusVote() RPC: tablet_id: "e8e07e8dfef84412a171e9d6c2c69ba8" candidate_uuid: "65b4b5ad44e64302bb1ce3c455d5facd" candidate_term: 1 candidate_status { last_received { term: 0 index: 0 } } ignore_live_leader: false dest_uuid: "76be0b432f3d49c8af174e07d83df42e"
I20260608 10:05:32.622692 25848 raft_consensus.cc:2468] T 29505f5659ca489f861ecbda9ab6dad1 P 76be0b432f3d49c8af174e07d83df42e [term 1 FOLLOWER]: Leader election vote request: Granting yes vote for candidate 596e527cf5624ee48b245556cf593953 in term 1.
I20260608 10:05:32.622777 25847 raft_consensus.cc:3060] T e8e07e8dfef84412a171e9d6c2c69ba8 P 76be0b432f3d49c8af174e07d83df42e [term 0 FOLLOWER]: Advancing to term 1
I20260608 10:05:32.624078 25773 tablet_service.cc:1917] Received RequestConsensusVote() RPC: tablet_id: "e8e07e8dfef84412a171e9d6c2c69ba8" candidate_uuid: "65b4b5ad44e64302bb1ce3c455d5facd" candidate_term: 1 candidate_status { last_received { term: 0 index: 0 } } ignore_live_leader: false dest_uuid: "596e527cf5624ee48b245556cf593953"
I20260608 10:05:32.624869 25773 raft_consensus.cc:3060] T e8e07e8dfef84412a171e9d6c2c69ba8 P 596e527cf5624ee48b245556cf593953 [term 0 FOLLOWER]: Advancing to term 1
I20260608 10:05:32.626700 25967 raft_consensus.cc:359] T 16a8b129314646cf9629ba9cd4f28fe7 P 65b4b5ad44e64302bb1ce3c455d5facd [term 0 FOLLOWER]: Replica starting. Triggering 0 pending ops. Active config: opid_index: -1 OBSOLETE_local: false peers { permanent_uuid: "76be0b432f3d49c8af174e07d83df42e" member_type: VOTER last_known_addr { host: "127.22.74.2" port: 33901 } } peers { permanent_uuid: "596e527cf5624ee48b245556cf593953" member_type: VOTER last_known_addr { host: "127.22.74.1" port: 36093 } } peers { permanent_uuid: "65b4b5ad44e64302bb1ce3c455d5facd" member_type: VOTER last_known_addr { host: "127.22.74.3" port: 46479 } }
I20260608 10:05:32.627517 25967 raft_consensus.cc:385] T 16a8b129314646cf9629ba9cd4f28fe7 P 65b4b5ad44e64302bb1ce3c455d5facd [term 0 FOLLOWER]: Consensus starting up: Expiring failure detector timer to make a prompt election more likely
I20260608 10:05:32.627869 25967 raft_consensus.cc:740] T 16a8b129314646cf9629ba9cd4f28fe7 P 65b4b5ad44e64302bb1ce3c455d5facd [term 0 FOLLOWER]: Becoming Follower/Learner. State: Replica: 65b4b5ad44e64302bb1ce3c455d5facd, State: Initialized, Role: FOLLOWER
