I20260608 10:05:40.613445 28352 consensus_queue.cc:237] T c53b2f78abdd459e980ad69fca7f7fde P baf1a43fe7c040e39d0ee538ab60d7a8 [LEADER]: Queue going to LEADER mode. State: All replicated index: 0, Majority replicated index: 0, Committed index: 0, Last appended: 0.0, Last appended by leader: 0, Current term: 1, Majority size: 2, State: 0, Mode: LEADER, active raft config: opid_index: -1 OBSOLETE_local: false peers { permanent_uuid: "b92fc98288d24570a41104e14e13bb10" member_type: VOTER last_known_addr { host: "127.24.128.65" port: 39429 } } peers { permanent_uuid: "5877df87af6e4acb80f102ea4a7f25f1" member_type: VOTER last_known_addr { host: "127.24.128.66" port: 43531 } } peers { permanent_uuid: "baf1a43fe7c040e39d0ee538ab60d7a8" member_type: VOTER last_known_addr { host: "127.24.128.67" port: 33297 } }
I20260608 10:05:40.613826 28006 catalog_manager.cc:5696] T c6921d491694452bb79940c582c640f1 P 5877df87af6e4acb80f102ea4a7f25f1 reported cstate change: term changed from 0 to 1, leader changed from <none> to 5877df87af6e4acb80f102ea4a7f25f1 (127.24.128.66). New cstate: current_term: 1 leader_uuid: "5877df87af6e4acb80f102ea4a7f25f1" committed_config { opid_index: -1 OBSOLETE_local: false peers { permanent_uuid: "5877df87af6e4acb80f102ea4a7f25f1" member_type: VOTER last_known_addr { host: "127.24.128.66" port: 43531 } health_report { overall_health: HEALTHY } } peers { permanent_uuid: "b92fc98288d24570a41104e14e13bb10" member_type: VOTER last_known_addr { host: "127.24.128.65" port: 39429 } health_report { overall_health: UNKNOWN } } peers { permanent_uuid: "baf1a43fe7c040e39d0ee538ab60d7a8" member_type: VOTER last_known_addr { host: "127.24.128.67" port: 33297 } health_report { overall_health: UNKNOWN } } }
I20260608 10:05:40.621800 28005 catalog_manager.cc:5696] T c53b2f78abdd459e980ad69fca7f7fde P baf1a43fe7c040e39d0ee538ab60d7a8 reported cstate change: term changed from 0 to 1, leader changed from <none> to baf1a43fe7c040e39d0ee538ab60d7a8 (127.24.128.67). New cstate: current_term: 1 leader_uuid: "baf1a43fe7c040e39d0ee538ab60d7a8" committed_config { opid_index: -1 OBSOLETE_local: false peers { permanent_uuid: "b92fc98288d24570a41104e14e13bb10" member_type: VOTER last_known_addr { host: "127.24.128.65" port: 39429 } health_report { overall_health: UNKNOWN } } peers { permanent_uuid: "5877df87af6e4acb80f102ea4a7f25f1" member_type: VOTER last_known_addr { host: "127.24.128.66" port: 43531 } health_report { overall_health: UNKNOWN } } peers { permanent_uuid: "baf1a43fe7c040e39d0ee538ab60d7a8" member_type: VOTER last_known_addr { host: "127.24.128.67" port: 33297 } health_report { overall_health: HEALTHY } } }
I20260608 10:05:40.674297 25089 file_cache.cc:492] Constructed file cache file cache with capacity 419430
W20260608 10:05:40.680878 28358 instance_detector.cc:116] could not retrieve AWS instance metadata: Network error: curl error: HTTP response code said error: The requested URL returned error: 404
W20260608 10:05:40.683182 28359 instance_detector.cc:116] could not retrieve Azure instance metadata: Network error: curl error: HTTP response code said error: The requested URL returned error: 404
I20260608 10:05:40.683748 28325 consensus_queue.cc:1048] T f5d19ff4eeb343f9b8c46b44a92d85c1 P 5877df87af6e4acb80f102ea4a7f25f1 [LEADER]: Connected to new peer: Peer: permanent_uuid: "b92fc98288d24570a41104e14e13bb10" member_type: VOTER last_known_addr { host: "127.24.128.65" port: 39429 }, Status: LMP_MISMATCH, Last received: 0.0, Next index: 1, Last known committed idx: 0, Time since last communication: 0.001s
W20260608 10:05:40.686049 28361 instance_detector.cc:116] could not retrieve OpenStack instance metadata: Network error: curl error: HTTP response code said error: The requested URL returned error: 404
I20260608 10:05:40.686703 25089 server_base.cc:1061] running on GCE node
I20260608 10:05:40.687898 25089 hybrid_clock.cc:584] initializing the hybrid clock with 'system_unsync' time source
W20260608 10:05:40.688180 25089 system_unsync_time.cc:38] NTP support is disabled. Clock error bounds will not be accurate. This configuration is not suitable for distributed clusters.
I20260608 10:05:40.688414 25089 hybrid_clock.cc:648] HybridClock initialized: now 1780913140688392 us; error 0 us; skew 500 ppm
I20260608 10:05:40.689401 25089 server_base.cc:861] Flag tcmalloc_max_total_thread_cache_bytes is not working since tcmalloc is not enabled.
I20260608 10:05:40.700974 25089 webserver.cc:533] Webserver started at http://127.24.128.68:36495/ using document root <none> and password file <none>
I20260608 10:05:40.701841 25089 fs_manager.cc:362] Metadata directory not provided
I20260608 10:05:40.700959 28366 consensus_queue.cc:1048] T f5d19ff4eeb343f9b8c46b44a92d85c1 P 5877df87af6e4acb80f102ea4a7f25f1 [LEADER]: Connected to new peer: Peer: permanent_uuid: "baf1a43fe7c040e39d0ee538ab60d7a8" member_type: VOTER last_known_addr { host: "127.24.128.67" port: 33297 }, Status: LMP_MISMATCH, Last received: 0.0, Next index: 1, Last known committed idx: 0, Time since last communication: 0.001s
I20260608 10:05:40.702275 25089 fs_manager.cc:368] Using write-ahead log directory (fs_wal_dir) as metadata directory
I20260608 10:05:40.702736 25089 server_base.cc:909] This appears to be a new deployment of Kudu; creating new FS layout
I20260608 10:05:40.704406 25089 fs_manager.cc:1068] Generated new instance metadata in path /tmp/dist-test-taskwG7r3S/test-tmp/auto_rebalancer-test.0.AutoRebalancerTest.RangeAwareRebalancesNewRangeReplicas.1780913054725343-25089-0/minicluster-data/ts-3-root/instance:
uuid: "4f5a1638752e48278d911f3bc22a2572"
format_stamp: "Formatted at 2026-06-08 10:05:40 on dist-test-slave-3nwg"
I20260608 10:05:40.712568 25089 fs_manager.cc:696] Time spent creating directory manager: real 0.007s	user 0.003s	sys 0.004s
I20260608 10:05:40.714993 28311 consensus_queue.cc:1048] T 6d7c24b030544467a6f46977262bdf2c P b92fc98288d24570a41104e14e13bb10 [LEADER]: Connected to new peer: Peer: permanent_uuid: "5877df87af6e4acb80f102ea4a7f25f1" member_type: VOTER last_known_addr { host: "127.24.128.66" port: 43531 }, Status: LMP_MISMATCH, Last received: 0.0, Next index: 1, Last known committed idx: 0, Time since last communication: 0.000s
I20260608 10:05:40.718369 28369 log_block_manager.cc:4031] Time spent loading block containers with low live blocks: real 0.000s	user 0.000s	sys 0.000s
I20260608 10:05:40.719502 25089 fs_manager.cc:730] Time spent opening block manager: real 0.004s	user 0.001s	sys 0.000s
I20260608 10:05:40.719920 25089 fs_manager.cc:647] Opened local filesystem: /tmp/dist-test-taskwG7r3S/test-tmp/auto_rebalancer-test.0.AutoRebalancerTest.RangeAwareRebalancesNewRangeReplicas.1780913054725343-25089-0/minicluster-data/ts-3-root
uuid: "4f5a1638752e48278d911f3bc22a2572"
format_stamp: "Formatted at 2026-06-08 10:05:40 on dist-test-slave-3nwg"
I20260608 10:05:40.720300 25089 fs_report.cc:389] FS layout report
--------------------
wal directory: /tmp/dist-test-taskwG7r3S/test-tmp/auto_rebalancer-test.0.AutoRebalancerTest.RangeAwareRebalancesNewRangeReplicas.1780913054725343-25089-0/minicluster-data/ts-3-root
metadata directory: /tmp/dist-test-taskwG7r3S/test-tmp/auto_rebalancer-test.0.AutoRebalancerTest.RangeAwareRebalancesNewRangeReplicas.1780913054725343-25089-0/minicluster-data/ts-3-root
1 data directories: /tmp/dist-test-taskwG7r3S/test-tmp/auto_rebalancer-test.0.AutoRebalancerTest.RangeAwareRebalancesNewRangeReplicas.1780913054725343-25089-0/minicluster-data/ts-3-root/data
Total live blocks: 0
Total live bytes: 0
Total live bytes (after alignment): 0
Total number of LBM containers: 0 (0 full)
Did not check for missing blocks
Did not check for orphaned blocks
Total full LBM containers with extra space: 0 (0 repaired)
Total full LBM container extra space in bytes: 0 (0 repaired)
Total incomplete LBM containers: 0 (0 repaired)
Total LBM partial records: 0 (0 repaired)
Total corrupted LBM metadata records in RocksDB: 0 (0 repaired)
I20260608 10:05:40.734580 28312 consensus_queue.cc:1048] T 6d7c24b030544467a6f46977262bdf2c P b92fc98288d24570a41104e14e13bb10 [LEADER]: Connected to new peer: Peer: permanent_uuid: "baf1a43fe7c040e39d0ee538ab60d7a8" member_type: VOTER last_known_addr { host: "127.24.128.67" port: 33297 }, Status: LMP_MISMATCH, Last received: 0.0, Next index: 1, Last known committed idx: 0, Time since last communication: 0.001s
I20260608 10:05:40.759096 25089 rpc_server.cc:225] running with OpenSSL 1.1.1  11 Sep 2018
I20260608 10:05:40.760545 25089 kserver.cc:163] Server-wide thread pool size limit: 3276
I20260608 10:05:40.761844 25089 txn_system_client.cc:432] TxnSystemClient initialization is disabled...
I20260608 10:05:40.764170 25089 ts_tablet_manager.cc:585] Loaded tablet metadata (0 total tablets, 0 live tablets)
I20260608 10:05:40.764381 25089 ts_tablet_manager.cc:531] Time spent load tablet metadata: real 0.000s	user 0.000s	sys 0.000s
I20260608 10:05:40.764652 25089 ts_tablet_manager.cc:616] Registered 0 tablets
I20260608 10:05:40.764834 25089 ts_tablet_manager.cc:595] Time spent register tablets: real 0.000s	user 0.000s	sys 0.000s
I20260608 10:05:40.803275 28312 consensus_queue.cc:1048] T 64228d6a3d514295a5f0811009d8f406 P b92fc98288d24570a41104e14e13bb10 [LEADER]: Connected to new peer: Peer: permanent_uuid: "baf1a43fe7c040e39d0ee538ab60d7a8" member_type: VOTER last_known_addr { host: "127.24.128.67" port: 33297 }, Status: LMP_MISMATCH, Last received: 0.0, Next index: 1, Last known committed idx: 0, Time since last communication: 0.000s
I20260608 10:05:40.818029 28330 consensus_queue.cc:1048] T 64228d6a3d514295a5f0811009d8f406 P b92fc98288d24570a41104e14e13bb10 [LEADER]: Connected to new peer: Peer: permanent_uuid: "5877df87af6e4acb80f102ea4a7f25f1" member_type: VOTER last_known_addr { host: "127.24.128.66" port: 43531 }, Status: LMP_MISMATCH, Last received: 0.0, Next index: 1, Last known committed idx: 0, Time since last communication: 0.000s
I20260608 10:05:40.839927 25089 rpc_server.cc:307] RPC server started. Bound to: 127.24.128.68:45407
I20260608 10:05:40.840088 28436 acceptor_pool.cc:272] collecting diagnostics on the listening RPC socket 127.24.128.68:45407 every 8 connection(s)
I20260608 10:05:40.848179 28005 catalog_manager.cc:3569] Servicing AlterTable request from {username='slave'} at 127.0.0.1:46668:
table { table_name: "range_aware_rebalance_new_range" } alter_schema_steps { type: ADD_RANGE_PARTITION add_range_partition { range_bounds { rows: "\006\001\n\000\000\000\007\001\024\000\000\000""\006\001\n\000\000\000\007\001\024\000\000\000" indirect_data: """" } } } schema { columns { name: "key" type: INT32 is_key: true is_nullable: false encoding: AUTO_ENCODING compression: DEFAULT_COMPRESSION cfile_block_size: 0 immutable: false } } modify_external_catalogs: true
I20260608 10:05:40.863098 28437 heartbeater.cc:344] Connected to a master server at 127.24.128.126:33765
I20260608 10:05:40.863651 28437 heartbeater.cc:461] Registering TS with master...
I20260608 10:05:40.864753 28437 heartbeater.cc:507] Master 127.24.128.126:33765 requested a full tablet report, sending...
I20260608 10:05:40.865379 28366 consensus_queue.cc:1048] T d78037e58d0d4cdc8e3fc99309d3e3fb P 5877df87af6e4acb80f102ea4a7f25f1 [LEADER]: Connected to new peer: Peer: permanent_uuid: "b92fc98288d24570a41104e14e13bb10" member_type: VOTER last_known_addr { host: "127.24.128.65" port: 39429 }, Status: LMP_MISMATCH, Last received: 0.0, Next index: 1, Last known committed idx: 0, Time since last communication: 0.000s
I20260608 10:05:40.867292 28006 ts_manager.cc:194] Registered new tserver with Master: 4f5a1638752e48278d911f3bc22a2572 (127.24.128.68:45407)
I20260608 10:05:40.869320 28006 master_service.cc:502] Signed X509 certificate for tserver {username='slave'} at 127.0.0.1:46672
W20260608 10:05:40.880844 28005 catalog_manager.cc:5956] Failed to send alter table request: Not found: failed to reset TS proxy: No leader found: Tablet cc58fc882c084f5aae312c373e3df987 has no consensus state
W20260608 10:05:40.882597 28005 catalog_manager.cc:5956] Failed to send alter table request: Not found: failed to reset TS proxy: No leader found: Tablet 243005b4b9e14390b1f9387ab1d06b4d has no consensus state
I20260608 10:05:40.882665 28366 consensus_queue.cc:1048] T d78037e58d0d4cdc8e3fc99309d3e3fb P 5877df87af6e4acb80f102ea4a7f25f1 [LEADER]: Connected to new peer: Peer: permanent_uuid: "baf1a43fe7c040e39d0ee538ab60d7a8" member_type: VOTER last_known_addr { host: "127.24.128.67" port: 33297 }, Status: LMP_MISMATCH, Last received: 0.0, Next index: 1, Last known committed idx: 0, Time since last communication: 0.001s
W20260608 10:05:40.884227 28005 catalog_manager.cc:5956] Failed to send alter table request: Not found: failed to reset TS proxy: No leader found: Tablet 6c50ab0b8c2b4106bb7a65e18b018ec5 has no consensus state
W20260608 10:05:40.885807 28005 catalog_manager.cc:5956] Failed to send alter table request: Not found: failed to reset TS proxy: No leader found: Tablet dfda977d70d4494caabc621817aa296c has no consensus state
I20260608 10:05:40.887130 28430 consensus_queue.cc:1048] T a971ca88733442d09e9239084867ccf3 P b92fc98288d24570a41104e14e13bb10 [LEADER]: Connected to new peer: Peer: permanent_uuid: "baf1a43fe7c040e39d0ee538ab60d7a8" member_type: VOTER last_known_addr { host: "127.24.128.67" port: 33297 }, Status: LMP_MISMATCH, Last received: 0.0, Next index: 1, Last known committed idx: 0, Time since last communication: 0.001s
W20260608 10:05:40.889109 28005 catalog_manager.cc:5956] Failed to send alter table request: Not found: failed to reset TS proxy: No leader found: Tablet 5744908f37e64a748c2d22e755d46628 has no consensus state
W20260608 10:05:40.890667 28005 catalog_manager.cc:5956] Failed to send alter table request: Not found: failed to reset TS proxy: No leader found: Tablet f98c5879dc014c7bbad43ded6842134c has no consensus state
W20260608 10:05:40.892354 28005 catalog_manager.cc:5956] Failed to send alter table request: Not found: failed to reset TS proxy: No leader found: Tablet 8a0ede2f760e43a0abce9571bfe66e30 has no consensus state
W20260608 10:05:40.894045 28005 catalog_manager.cc:5956] Failed to send alter table request: Not found: failed to reset TS proxy: No leader found: Tablet 4fd1e58c5e6d4486b174245143290a76 has no consensus state
W20260608 10:05:40.905049 27994 catalog_manager.cc:4809] Async tablet task AlterTable RPC for tablet 6c50ab0b8c2b4106bb7a65e18b018ec5 (table range_aware_rebalance_new_range [id=c6f51bab374e4c09aa680090bef728a6], current schema version=0) failed: Not found: failed to reset TS proxy: No leader found: Tablet 6c50ab0b8c2b4106bb7a65e18b018ec5 has no consensus state
I20260608 10:05:40.913901 28311 consensus_queue.cc:1048] T a971ca88733442d09e9239084867ccf3 P b92fc98288d24570a41104e14e13bb10 [LEADER]: Connected to new peer: Peer: permanent_uuid: "5877df87af6e4acb80f102ea4a7f25f1" member_type: VOTER last_known_addr { host: "127.24.128.66" port: 43531 }, Status: LMP_MISMATCH, Last received: 0.0, Next index: 1, Last known committed idx: 0, Time since last communication: 0.000s
I20260608 10:05:40.940526 28098 tablet_service.cc:1511] Processing CreateTablet for tablet cc58fc882c084f5aae312c373e3df987 (DEFAULT_TABLE table=range_aware_rebalance_new_range [id=c6f51bab374e4c09aa680090bef728a6]), partition=HASH (key) PARTITION 0, RANGE (key) PARTITION 10 <= VALUES < 20
I20260608 10:05:40.942190 28098 data_dirs.cc:400] Could only allocate 1 dirs of requested 3 for tablet cc58fc882c084f5aae312c373e3df987. 1 dirs total, 0 dirs full, 0 dirs failed
I20260608 10:05:40.944450 28174 tablet_service.cc:1511] Processing CreateTablet for tablet cc58fc882c084f5aae312c373e3df987 (DEFAULT_TABLE table=range_aware_rebalance_new_range [id=c6f51bab374e4c09aa680090bef728a6]), partition=HASH (key) PARTITION 0, RANGE (key) PARTITION 10 <= VALUES < 20
I20260608 10:05:40.945950 28174 data_dirs.cc:400] Could only allocate 1 dirs of requested 3 for tablet cc58fc882c084f5aae312c373e3df987. 1 dirs total, 0 dirs full, 0 dirs failed
I20260608 10:05:40.948526 28246 tablet_service.cc:1511] Processing CreateTablet for tablet 243005b4b9e14390b1f9387ab1d06b4d (DEFAULT_TABLE table=range_aware_rebalance_new_range [id=c6f51bab374e4c09aa680090bef728a6]), partition=HASH (key) PARTITION 1, RANGE (key) PARTITION 10 <= VALUES < 20
I20260608 10:05:40.950476 28246 data_dirs.cc:400] Could only allocate 1 dirs of requested 3 for tablet 243005b4b9e14390b1f9387ab1d06b4d. 1 dirs total, 0 dirs full, 0 dirs failed
I20260608 10:05:40.959872 28306 tablet_bootstrap.cc:492] T cc58fc882c084f5aae312c373e3df987 P b92fc98288d24570a41104e14e13bb10: Bootstrap starting.
I20260608 10:05:40.966032 28248 tablet_service.cc:1511] Processing CreateTablet for tablet 6c50ab0b8c2b4106bb7a65e18b018ec5 (DEFAULT_TABLE table=range_aware_rebalance_new_range [id=c6f51bab374e4c09aa680090bef728a6]), partition=HASH (key) PARTITION 2, RANGE (key) PARTITION 10 <= VALUES < 20
I20260608 10:05:40.966652 28306 tablet_bootstrap.cc:654] T cc58fc882c084f5aae312c373e3df987 P b92fc98288d24570a41104e14e13bb10: Neither blocks nor log segments found. Creating new log.
I20260608 10:05:40.967581 28248 data_dirs.cc:400] Could only allocate 1 dirs of requested 3 for tablet 6c50ab0b8c2b4106bb7a65e18b018ec5. 1 dirs total, 0 dirs full, 0 dirs failed
I20260608 10:05:40.974656 28098 tablet_service.cc:1511] Processing CreateTablet for tablet 243005b4b9e14390b1f9387ab1d06b4d (DEFAULT_TABLE table=range_aware_rebalance_new_range [id=c6f51bab374e4c09aa680090bef728a6]), partition=HASH (key) PARTITION 1, RANGE (key) PARTITION 10 <= VALUES < 20
I20260608 10:05:40.976174 28098 data_dirs.cc:400] Could only allocate 1 dirs of requested 3 for tablet 243005b4b9e14390b1f9387ab1d06b4d. 1 dirs total, 0 dirs full, 0 dirs failed
I20260608 10:05:40.983059 28172 tablet_service.cc:1511] Processing CreateTablet for tablet 6c50ab0b8c2b4106bb7a65e18b018ec5 (DEFAULT_TABLE table=range_aware_rebalance_new_range [id=c6f51bab374e4c09aa680090bef728a6]), partition=HASH (key) PARTITION 2, RANGE (key) PARTITION 10 <= VALUES < 20
I20260608 10:05:40.984562 28172 data_dirs.cc:400] Could only allocate 1 dirs of requested 3 for tablet 6c50ab0b8c2b4106bb7a65e18b018ec5. 1 dirs total, 0 dirs full, 0 dirs failed
I20260608 10:05:40.995760 28306 tablet_bootstrap.cc:492] T cc58fc882c084f5aae312c373e3df987 P b92fc98288d24570a41104e14e13bb10: No bootstrap required, opened a new log
I20260608 10:05:40.996318 28306 ts_tablet_manager.cc:1403] T cc58fc882c084f5aae312c373e3df987 P b92fc98288d24570a41104e14e13bb10: Time spent bootstrapping tablet: real 0.037s	user 0.008s	sys 0.006s
I20260608 10:05:40.999218 28306 raft_consensus.cc:359] T cc58fc882c084f5aae312c373e3df987 P b92fc98288d24570a41104e14e13bb10 [term 0 FOLLOWER]: Replica starting. Triggering 0 pending ops. Active config: opid_index: -1 OBSOLETE_local: false peers { permanent_uuid: "b92fc98288d24570a41104e14e13bb10" member_type: VOTER last_known_addr { host: "127.24.128.65" port: 39429 } } peers { permanent_uuid: "4f5a1638752e48278d911f3bc22a2572" member_type: VOTER last_known_addr { host: "127.24.128.68" port: 45407 } } peers { permanent_uuid: "5877df87af6e4acb80f102ea4a7f25f1" member_type: VOTER last_known_addr { host: "127.24.128.66" port: 43531 } }
I20260608 10:05:41.000028 28306 raft_consensus.cc:385] T cc58fc882c084f5aae312c373e3df987 P b92fc98288d24570a41104e14e13bb10 [term 0 FOLLOWER]: Consensus starting up: Expiring failure detector timer to make a prompt election more likely
I20260608 10:05:41.000321 28306 raft_consensus.cc:740] T cc58fc882c084f5aae312c373e3df987 P b92fc98288d24570a41104e14e13bb10 [term 0 FOLLOWER]: Becoming Follower/Learner. State: Replica: b92fc98288d24570a41104e14e13bb10, State: Initialized, Role: FOLLOWER
I20260608 10:05:41.003512 28306 consensus_queue.cc:260] T cc58fc882c084f5aae312c373e3df987 P b92fc98288d24570a41104e14e13bb10 [NON_LEADER]: Queue going to NON_LEADER mode. State: All replicated index: 0, Majority replicated index: 0, Committed index: 0, Last appended: 0.0, Last appended by leader: 0, Current term: 0, Majority size: -1, State: 0, Mode: NON_LEADER, active raft config: opid_index: -1 OBSOLETE_local: false peers { permanent_uuid: "b92fc98288d24570a41104e14e13bb10" member_type: VOTER last_known_addr { host: "127.24.128.65" port: 39429 } } peers { permanent_uuid: "4f5a1638752e48278d911f3bc22a2572" member_type: VOTER last_known_addr { host: "127.24.128.68" port: 45407 } } peers { permanent_uuid: "5877df87af6e4acb80f102ea4a7f25f1" member_type: VOTER last_known_addr { host: "127.24.128.66" port: 43531 } }
I20260608 10:05:41.005815 28306 ts_tablet_manager.cc:1434] T cc58fc882c084f5aae312c373e3df987 P b92fc98288d24570a41104e14e13bb10: Time spent starting tablet: real 0.009s	user 0.005s	sys 0.000s
I20260608 10:05:41.007629 28399 tablet_service.cc:1511] Processing CreateTablet for tablet cc58fc882c084f5aae312c373e3df987 (DEFAULT_TABLE table=range_aware_rebalance_new_range [id=c6f51bab374e4c09aa680090bef728a6]), partition=HASH (key) PARTITION 0, RANGE (key) PARTITION 10 <= VALUES < 20
I20260608 10:05:41.009511 28398 tablet_service.cc:1511] Processing CreateTablet for tablet 243005b4b9e14390b1f9387ab1d06b4d (DEFAULT_TABLE table=range_aware_rebalance_new_range [id=c6f51bab374e4c09aa680090bef728a6]), partition=HASH (key) PARTITION 1, RANGE (key) PARTITION 10 <= VALUES < 20
I20260608 10:05:41.010092 28399 data_dirs.cc:400] Could only allocate 1 dirs of requested 3 for tablet cc58fc882c084f5aae312c373e3df987. 1 dirs total, 0 dirs full, 0 dirs failed
I20260608 10:05:41.010970 28398 data_dirs.cc:400] Could only allocate 1 dirs of requested 3 for tablet 243005b4b9e14390b1f9387ab1d06b4d. 1 dirs total, 0 dirs full, 0 dirs failed
I20260608 10:05:41.015273 28352 consensus_queue.cc:1048] T c53b2f78abdd459e980ad69fca7f7fde P baf1a43fe7c040e39d0ee538ab60d7a8 [LEADER]: Connected to new peer: Peer: permanent_uuid: "b92fc98288d24570a41104e14e13bb10" member_type: VOTER last_known_addr { host: "127.24.128.65" port: 39429 }, Status: LMP_MISMATCH, Last received: 0.0, Next index: 1, Last known committed idx: 0, Time since last communication: 0.000s
I20260608 10:05:41.008405 28448 tablet_bootstrap.cc:492] T cc58fc882c084f5aae312c373e3df987 P 5877df87af6e4acb80f102ea4a7f25f1: Bootstrap starting.
I20260608 10:05:41.019374 28397 tablet_service.cc:1511] Processing CreateTablet for tablet 6c50ab0b8c2b4106bb7a65e18b018ec5 (DEFAULT_TABLE table=range_aware_rebalance_new_range [id=c6f51bab374e4c09aa680090bef728a6]), partition=HASH (key) PARTITION 2, RANGE (key) PARTITION 10 <= VALUES < 20
I20260608 10:05:41.021014 28397 data_dirs.cc:400] Could only allocate 1 dirs of requested 3 for tablet 6c50ab0b8c2b4106bb7a65e18b018ec5. 1 dirs total, 0 dirs full, 0 dirs failed
I20260608 10:05:41.022428 28396 tablet_service.cc:1511] Processing CreateTablet for tablet dfda977d70d4494caabc621817aa296c (DEFAULT_TABLE table=range_aware_rebalance_new_range [id=c6f51bab374e4c09aa680090bef728a6]), partition=HASH (key) PARTITION 3, RANGE (key) PARTITION 10 <= VALUES < 20
I20260608 10:05:41.024573 28396 data_dirs.cc:400] Could only allocate 1 dirs of requested 3 for tablet dfda977d70d4494caabc621817aa296c. 1 dirs total, 0 dirs full, 0 dirs failed
I20260608 10:05:41.006776 28306 tablet_bootstrap.cc:492] T 243005b4b9e14390b1f9387ab1d06b4d P b92fc98288d24570a41104e14e13bb10: Bootstrap starting.
I20260608 10:05:41.034598 28174 tablet_service.cc:1511] Processing CreateTablet for tablet dfda977d70d4494caabc621817aa296c (DEFAULT_TABLE table=range_aware_rebalance_new_range [id=c6f51bab374e4c09aa680090bef728a6]), partition=HASH (key) PARTITION 3, RANGE (key) PARTITION 10 <= VALUES < 20
I20260608 10:05:41.036171 28174 data_dirs.cc:400] Could only allocate 1 dirs of requested 3 for tablet dfda977d70d4494caabc621817aa296c. 1 dirs total, 0 dirs full, 0 dirs failed
I20260608 10:05:41.036875 28098 tablet_service.cc:1511] Processing CreateTablet for tablet dfda977d70d4494caabc621817aa296c (DEFAULT_TABLE table=range_aware_rebalance_new_range [id=c6f51bab374e4c09aa680090bef728a6]), partition=HASH (key) PARTITION 3, RANGE (key) PARTITION 10 <= VALUES < 20
I20260608 10:05:41.038295 28098 data_dirs.cc:400] Could only allocate 1 dirs of requested 3 for tablet dfda977d70d4494caabc621817aa296c. 1 dirs total, 0 dirs full, 0 dirs failed
I20260608 10:05:41.038184 28100 tablet_service.cc:1511] Processing CreateTablet for tablet 5744908f37e64a748c2d22e755d46628 (DEFAULT_TABLE table=range_aware_rebalance_new_range [id=c6f51bab374e4c09aa680090bef728a6]), partition=HASH (key) PARTITION 4, RANGE (key) PARTITION 10 <= VALUES < 20
I20260608 10:05:41.039608 28100 data_dirs.cc:400] Could only allocate 1 dirs of requested 3 for tablet 5744908f37e64a748c2d22e755d46628. 1 dirs total, 0 dirs full, 0 dirs failed
I20260608 10:05:41.042603 28247 tablet_service.cc:1511] Processing CreateTablet for tablet 5744908f37e64a748c2d22e755d46628 (DEFAULT_TABLE table=range_aware_rebalance_new_range [id=c6f51bab374e4c09aa680090bef728a6]), partition=HASH (key) PARTITION 4, RANGE (key) PARTITION 10 <= VALUES < 20
I20260608 10:05:41.044095 28247 data_dirs.cc:400] Could only allocate 1 dirs of requested 3 for tablet 5744908f37e64a748c2d22e755d46628. 1 dirs total, 0 dirs full, 0 dirs failed
I20260608 10:05:41.049834 28173 tablet_service.cc:1511] Processing CreateTablet for tablet f98c5879dc014c7bbad43ded6842134c (DEFAULT_TABLE table=range_aware_rebalance_new_range [id=c6f51bab374e4c09aa680090bef728a6]), partition=HASH (key) PARTITION 5, RANGE (key) PARTITION 10 <= VALUES < 20
I20260608 10:05:41.050477 28395 tablet_service.cc:1511] Processing CreateTablet for tablet 5744908f37e64a748c2d22e755d46628 (DEFAULT_TABLE table=range_aware_rebalance_new_range [id=c6f51bab374e4c09aa680090bef728a6]), partition=HASH (key) PARTITION 4, RANGE (key) PARTITION 10 <= VALUES < 20
I20260608 10:05:41.051406 28173 data_dirs.cc:400] Could only allocate 1 dirs of requested 3 for tablet f98c5879dc014c7bbad43ded6842134c. 1 dirs total, 0 dirs full, 0 dirs failed
I20260608 10:05:41.052083 28395 data_dirs.cc:400] Could only allocate 1 dirs of requested 3 for tablet 5744908f37e64a748c2d22e755d46628. 1 dirs total, 0 dirs full, 0 dirs failed
I20260608 10:05:41.063477 28394 tablet_service.cc:1511] Processing CreateTablet for tablet f98c5879dc014c7bbad43ded6842134c (DEFAULT_TABLE table=range_aware_rebalance_new_range [id=c6f51bab374e4c09aa680090bef728a6]), partition=HASH (key) PARTITION 5, RANGE (key) PARTITION 10 <= VALUES < 20
I20260608 10:05:41.064990 28448 tablet_bootstrap.cc:654] T cc58fc882c084f5aae312c373e3df987 P 5877df87af6e4acb80f102ea4a7f25f1: Neither blocks nor log segments found. Creating new log.
I20260608 10:05:41.065119 28394 data_dirs.cc:400] Could only allocate 1 dirs of requested 3 for tablet f98c5879dc014c7bbad43ded6842134c. 1 dirs total, 0 dirs full, 0 dirs failed
I20260608 10:05:41.069618 28306 tablet_bootstrap.cc:654] T 243005b4b9e14390b1f9387ab1d06b4d P b92fc98288d24570a41104e14e13bb10: Neither blocks nor log segments found. Creating new log.
I20260608 10:05:41.075184 28246 tablet_service.cc:1511] Processing CreateTablet for tablet f98c5879dc014c7bbad43ded6842134c (DEFAULT_TABLE table=range_aware_rebalance_new_range [id=c6f51bab374e4c09aa680090bef728a6]), partition=HASH (key) PARTITION 5, RANGE (key) PARTITION 10 <= VALUES < 20
I20260608 10:05:41.076798 28246 data_dirs.cc:400] Could only allocate 1 dirs of requested 3 for tablet f98c5879dc014c7bbad43ded6842134c. 1 dirs total, 0 dirs full, 0 dirs failed
I20260608 10:05:41.087301 28099 tablet_service.cc:1511] Processing CreateTablet for tablet 8a0ede2f760e43a0abce9571bfe66e30 (DEFAULT_TABLE table=range_aware_rebalance_new_range [id=c6f51bab374e4c09aa680090bef728a6]), partition=HASH (key) PARTITION 6, RANGE (key) PARTITION 10 <= VALUES < 20
I20260608 10:05:41.089206 28099 data_dirs.cc:400] Could only allocate 1 dirs of requested 3 for tablet 8a0ede2f760e43a0abce9571bfe66e30. 1 dirs total, 0 dirs full, 0 dirs failed
I20260608 10:05:41.102031 28356 consensus_queue.cc:1048] T c53b2f78abdd459e980ad69fca7f7fde P baf1a43fe7c040e39d0ee538ab60d7a8 [LEADER]: Connected to new peer: Peer: permanent_uuid: "5877df87af6e4acb80f102ea4a7f25f1" member_type: VOTER last_known_addr { host: "127.24.128.66" port: 43531 }, Status: LMP_MISMATCH, Last received: 0.0, Next index: 1, Last known committed idx: 0, Time since last communication: 0.001s
I20260608 10:05:41.105758 28366 consensus_queue.cc:1048] T c6921d491694452bb79940c582c640f1 P 5877df87af6e4acb80f102ea4a7f25f1 [LEADER]: Connected to new peer: Peer: permanent_uuid: "baf1a43fe7c040e39d0ee538ab60d7a8" member_type: VOTER last_known_addr { host: "127.24.128.67" port: 33297 }, Status: LMP_MISMATCH, Last received: 0.0, Next index: 1, Last known committed idx: 0, Time since last communication: 0.000s
I20260608 10:05:41.120105 28399 tablet_service.cc:1511] Processing CreateTablet for tablet 8a0ede2f760e43a0abce9571bfe66e30 (DEFAULT_TABLE table=range_aware_rebalance_new_range [id=c6f51bab374e4c09aa680090bef728a6]), partition=HASH (key) PARTITION 6, RANGE (key) PARTITION 10 <= VALUES < 20
I20260608 10:05:41.122077 28399 data_dirs.cc:400] Could only allocate 1 dirs of requested 3 for tablet 8a0ede2f760e43a0abce9571bfe66e30. 1 dirs total, 0 dirs full, 0 dirs failed
I20260608 10:05:41.119561 28448 tablet_bootstrap.cc:492] T cc58fc882c084f5aae312c373e3df987 P 5877df87af6e4acb80f102ea4a7f25f1: No bootstrap required, opened a new log
I20260608 10:05:41.133206 28173 tablet_service.cc:1511] Processing CreateTablet for tablet 8a0ede2f760e43a0abce9571bfe66e30 (DEFAULT_TABLE table=range_aware_rebalance_new_range [id=c6f51bab374e4c09aa680090bef728a6]), partition=HASH (key) PARTITION 6, RANGE (key) PARTITION 10 <= VALUES < 20
I20260608 10:05:41.131749 28448 ts_tablet_manager.cc:1403] T cc58fc882c084f5aae312c373e3df987 P 5877df87af6e4acb80f102ea4a7f25f1: Time spent bootstrapping tablet: real 0.124s	user 0.008s	sys 0.007s
I20260608 10:05:41.134812 28173 data_dirs.cc:400] Could only allocate 1 dirs of requested 3 for tablet 8a0ede2f760e43a0abce9571bfe66e30. 1 dirs total, 0 dirs full, 0 dirs failed
I20260608 10:05:41.145324 28448 raft_consensus.cc:359] T cc58fc882c084f5aae312c373e3df987 P 5877df87af6e4acb80f102ea4a7f25f1 [term 0 FOLLOWER]: Replica starting. Triggering 0 pending ops. Active config: opid_index: -1 OBSOLETE_local: false peers { permanent_uuid: "b92fc98288d24570a41104e14e13bb10" member_type: VOTER last_known_addr { host: "127.24.128.65" port: 39429 } } peers { permanent_uuid: "4f5a1638752e48278d911f3bc22a2572" member_type: VOTER last_known_addr { host: "127.24.128.68" port: 45407 } } peers { permanent_uuid: "5877df87af6e4acb80f102ea4a7f25f1" member_type: VOTER last_known_addr { host: "127.24.128.66" port: 43531 } }
I20260608 10:05:41.148619 28448 raft_consensus.cc:385] T cc58fc882c084f5aae312c373e3df987 P 5877df87af6e4acb80f102ea4a7f25f1 [term 0 FOLLOWER]: Consensus starting up: Expiring failure detector timer to make a prompt election more likely
I20260608 10:05:41.149446 28448 raft_consensus.cc:740] T cc58fc882c084f5aae312c373e3df987 P 5877df87af6e4acb80f102ea4a7f25f1 [term 0 FOLLOWER]: Becoming Follower/Learner. State: Replica: 5877df87af6e4acb80f102ea4a7f25f1, State: Initialized, Role: FOLLOWER
I20260608 10:05:41.150738 28448 consensus_queue.cc:260] T cc58fc882c084f5aae312c373e3df987 P 5877df87af6e4acb80f102ea4a7f25f1 [NON_LEADER]: Queue going to NON_LEADER mode. State: All replicated index: 0, Majority replicated index: 0, Committed index: 0, Last appended: 0.0, Last appended by leader: 0, Current term: 0, Majority size: -1, State: 0, Mode: NON_LEADER, active raft config: opid_index: -1 OBSOLETE_local: false peers { permanent_uuid: "b92fc98288d24570a41104e14e13bb10" member_type: VOTER last_known_addr { host: "127.24.128.65" port: 39429 } } peers { permanent_uuid: "4f5a1638752e48278d911f3bc22a2572" member_type: VOTER last_known_addr { host: "127.24.128.68" port: 45407 } } peers { permanent_uuid: "5877df87af6e4acb80f102ea4a7f25f1" member_type: VOTER last_known_addr { host: "127.24.128.66" port: 43531 } }
I20260608 10:05:41.155881 28448 ts_tablet_manager.cc:1434] T cc58fc882c084f5aae312c373e3df987 P 5877df87af6e4acb80f102ea4a7f25f1: Time spent starting tablet: real 0.020s	user 0.006s	sys 0.002s
I20260608 10:05:41.158229 28448 tablet_bootstrap.cc:492] T 6c50ab0b8c2b4106bb7a65e18b018ec5 P 5877df87af6e4acb80f102ea4a7f25f1: Bootstrap starting.
I20260608 10:05:41.175534 28451 tablet_bootstrap.cc:492] T 6c50ab0b8c2b4106bb7a65e18b018ec5 P 4f5a1638752e48278d911f3bc22a2572: Bootstrap starting.
I20260608 10:05:41.180663 28306 tablet_bootstrap.cc:492] T 243005b4b9e14390b1f9387ab1d06b4d P b92fc98288d24570a41104e14e13bb10: No bootstrap required, opened a new log
I20260608 10:05:41.181154 28306 ts_tablet_manager.cc:1403] T 243005b4b9e14390b1f9387ab1d06b4d P b92fc98288d24570a41104e14e13bb10: Time spent bootstrapping tablet: real 0.175s	user 0.008s	sys 0.004s
I20260608 10:05:41.186442 28306 raft_consensus.cc:359] T 243005b4b9e14390b1f9387ab1d06b4d P b92fc98288d24570a41104e14e13bb10 [term 0 FOLLOWER]: Replica starting. Triggering 0 pending ops. Active config: opid_index: -1 OBSOLETE_local: false peers { permanent_uuid: "4f5a1638752e48278d911f3bc22a2572" member_type: VOTER last_known_addr { host: "127.24.128.68" port: 45407 } } peers { permanent_uuid: "baf1a43fe7c040e39d0ee538ab60d7a8" member_type: VOTER last_known_addr { host: "127.24.128.67" port: 33297 } } peers { permanent_uuid: "b92fc98288d24570a41104e14e13bb10" member_type: VOTER last_known_addr { host: "127.24.128.65" port: 39429 } }
I20260608 10:05:41.187146 28306 raft_consensus.cc:385] T 243005b4b9e14390b1f9387ab1d06b4d P b92fc98288d24570a41104e14e13bb10 [term 0 FOLLOWER]: Consensus starting up: Expiring failure detector timer to make a prompt election more likely
I20260608 10:05:41.187420 28306 raft_consensus.cc:740] T 243005b4b9e14390b1f9387ab1d06b4d P b92fc98288d24570a41104e14e13bb10 [term 0 FOLLOWER]: Becoming Follower/Learner. State: Replica: b92fc98288d24570a41104e14e13bb10, State: Initialized, Role: FOLLOWER
I20260608 10:05:41.188237 28450 tablet_bootstrap.cc:492] T 6c50ab0b8c2b4106bb7a65e18b018ec5 P baf1a43fe7c040e39d0ee538ab60d7a8: Bootstrap starting.
I20260608 10:05:41.190647 28306 consensus_queue.cc:260] T 243005b4b9e14390b1f9387ab1d06b4d P b92fc98288d24570a41104e14e13bb10 [NON_LEADER]: Queue going to NON_LEADER mode. State: All replicated index: 0, Majority replicated index: 0, Committed index: 0, Last appended: 0.0, Last appended by leader: 0, Current term: 0, Majority size: -1, State: 0, Mode: NON_LEADER, active raft config: opid_index: -1 OBSOLETE_local: false peers { permanent_uuid: "4f5a1638752e48278d911f3bc22a2572" member_type: VOTER last_known_addr { host: "127.24.128.68" port: 45407 } } peers { permanent_uuid: "baf1a43fe7c040e39d0ee538ab60d7a8" member_type: VOTER last_known_addr { host: "127.24.128.67" port: 33297 } } peers { permanent_uuid: "b92fc98288d24570a41104e14e13bb10" member_type: VOTER last_known_addr { host: "127.24.128.65" port: 39429 } }
I20260608 10:05:41.193778 28098 tablet_service.cc:1511] Processing CreateTablet for tablet 4fd1e58c5e6d4486b174245143290a76 (DEFAULT_TABLE table=range_aware_rebalance_new_range [id=c6f51bab374e4c09aa680090bef728a6]), partition=HASH (key) PARTITION 7, RANGE (key) PARTITION 10 <= VALUES < 20
I20260608 10:05:41.197260 28248 tablet_service.cc:1511] Processing CreateTablet for tablet 4fd1e58c5e6d4486b174245143290a76 (DEFAULT_TABLE table=range_aware_rebalance_new_range [id=c6f51bab374e4c09aa680090bef728a6]), partition=HASH (key) PARTITION 7, RANGE (key) PARTITION 10 <= VALUES < 20
I20260608 10:05:41.198777 28098 data_dirs.cc:400] Could only allocate 1 dirs of requested 3 for tablet 4fd1e58c5e6d4486b174245143290a76. 1 dirs total, 0 dirs full, 0 dirs failed
I20260608 10:05:41.202358 28451 tablet_bootstrap.cc:654] T 6c50ab0b8c2b4106bb7a65e18b018ec5 P 4f5a1638752e48278d911f3bc22a2572: Neither blocks nor log segments found. Creating new log.
I20260608 10:05:41.204720 28248 data_dirs.cc:400] Could only allocate 1 dirs of requested 3 for tablet 4fd1e58c5e6d4486b174245143290a76. 1 dirs total, 0 dirs full, 0 dirs failed
I20260608 10:05:41.209762 28331 consensus_queue.cc:1048] T c6921d491694452bb79940c582c640f1 P 5877df87af6e4acb80f102ea4a7f25f1 [LEADER]: Connected to new peer: Peer: permanent_uuid: "b92fc98288d24570a41104e14e13bb10" member_type: VOTER last_known_addr { host: "127.24.128.65" port: 39429 }, Status: LMP_MISMATCH, Last received: 0.0, Next index: 1, Last known committed idx: 0, Time since last communication: 0.000s
I20260608 10:05:41.216393 28395 tablet_service.cc:1511] Processing CreateTablet for tablet 4fd1e58c5e6d4486b174245143290a76 (DEFAULT_TABLE table=range_aware_rebalance_new_range [id=c6f51bab374e4c09aa680090bef728a6]), partition=HASH (key) PARTITION 7, RANGE (key) PARTITION 10 <= VALUES < 20
I20260608 10:05:41.221000 28306 ts_tablet_manager.cc:1434] T 243005b4b9e14390b1f9387ab1d06b4d P b92fc98288d24570a41104e14e13bb10: Time spent starting tablet: real 0.040s	user 0.007s	sys 0.001s
I20260608 10:05:41.222513 28448 tablet_bootstrap.cc:654] T 6c50ab0b8c2b4106bb7a65e18b018ec5 P 5877df87af6e4acb80f102ea4a7f25f1: Neither blocks nor log segments found. Creating new log.
I20260608 10:05:41.219712 28395 data_dirs.cc:400] Could only allocate 1 dirs of requested 3 for tablet 4fd1e58c5e6d4486b174245143290a76. 1 dirs total, 0 dirs full, 0 dirs failed
I20260608 10:05:41.223626 28306 tablet_bootstrap.cc:492] T dfda977d70d4494caabc621817aa296c P b92fc98288d24570a41104e14e13bb10: Bootstrap starting.
W20260608 10:05:41.224959 28056 auto_rebalancer.cc:259] Could not retrieve cluster info: Service unavailable: Tablet not running
I20260608 10:05:41.235059 28450 tablet_bootstrap.cc:654] T 6c50ab0b8c2b4106bb7a65e18b018ec5 P baf1a43fe7c040e39d0ee538ab60d7a8: Neither blocks nor log segments found. Creating new log.
I20260608 10:05:41.236857 28451 tablet_bootstrap.cc:492] T 6c50ab0b8c2b4106bb7a65e18b018ec5 P 4f5a1638752e48278d911f3bc22a2572: No bootstrap required, opened a new log
I20260608 10:05:41.237422 28451 ts_tablet_manager.cc:1403] T 6c50ab0b8c2b4106bb7a65e18b018ec5 P 4f5a1638752e48278d911f3bc22a2572: Time spent bootstrapping tablet: real 0.062s	user 0.013s	sys 0.017s
I20260608 10:05:41.248061 28306 tablet_bootstrap.cc:654] T dfda977d70d4494caabc621817aa296c P b92fc98288d24570a41104e14e13bb10: Neither blocks nor log segments found. Creating new log.
I20260608 10:05:41.252554 28451 raft_consensus.cc:359] T 6c50ab0b8c2b4106bb7a65e18b018ec5 P 4f5a1638752e48278d911f3bc22a2572 [term 0 FOLLOWER]: Replica starting. Triggering 0 pending ops. Active config: opid_index: -1 OBSOLETE_local: false peers { permanent_uuid: "4f5a1638752e48278d911f3bc22a2572" member_type: VOTER last_known_addr { host: "127.24.128.68" port: 45407 } } peers { permanent_uuid: "baf1a43fe7c040e39d0ee538ab60d7a8" member_type: VOTER last_known_addr { host: "127.24.128.67" port: 33297 } } peers { permanent_uuid: "5877df87af6e4acb80f102ea4a7f25f1" member_type: VOTER last_known_addr { host: "127.24.128.66" port: 43531 } }
I20260608 10:05:41.253350 28451 raft_consensus.cc:385] T 6c50ab0b8c2b4106bb7a65e18b018ec5 P 4f5a1638752e48278d911f3bc22a2572 [term 0 FOLLOWER]: Consensus starting up: Expiring failure detector timer to make a prompt election more likely
I20260608 10:05:41.253659 28451 raft_consensus.cc:740] T 6c50ab0b8c2b4106bb7a65e18b018ec5 P 4f5a1638752e48278d911f3bc22a2572 [term 0 FOLLOWER]: Becoming Follower/Learner. State: Replica: 4f5a1638752e48278d911f3bc22a2572, State: Initialized, Role: FOLLOWER
I20260608 10:05:41.254540 28451 consensus_queue.cc:260] T 6c50ab0b8c2b4106bb7a65e18b018ec5 P 4f5a1638752e48278d911f3bc22a2572 [NON_LEADER]: Queue going to NON_LEADER mode. State: All replicated index: 0, Majority replicated index: 0, Committed index: 0, Last appended: 0.0, Last appended by leader: 0, Current term: 0, Majority size: -1, State: 0, Mode: NON_LEADER, active raft config: opid_index: -1 OBSOLETE_local: false peers { permanent_uuid: "4f5a1638752e48278d911f3bc22a2572" member_type: VOTER last_known_addr { host: "127.24.128.68" port: 45407 } } peers { permanent_uuid: "baf1a43fe7c040e39d0ee538ab60d7a8" member_type: VOTER last_known_addr { host: "127.24.128.67" port: 33297 } } peers { permanent_uuid: "5877df87af6e4acb80f102ea4a7f25f1" member_type: VOTER last_known_addr { host: "127.24.128.66" port: 43531 } }
I20260608 10:05:41.263265 28450 tablet_bootstrap.cc:492] T 6c50ab0b8c2b4106bb7a65e18b018ec5 P baf1a43fe7c040e39d0ee538ab60d7a8: No bootstrap required, opened a new log
I20260608 10:05:41.263835 28450 ts_tablet_manager.cc:1403] T 6c50ab0b8c2b4106bb7a65e18b018ec5 P baf1a43fe7c040e39d0ee538ab60d7a8: Time spent bootstrapping tablet: real 0.081s	user 0.020s	sys 0.000s
I20260608 10:05:41.270154 28450 raft_consensus.cc:359] T 6c50ab0b8c2b4106bb7a65e18b018ec5 P baf1a43fe7c040e39d0ee538ab60d7a8 [term 0 FOLLOWER]: Replica starting. Triggering 0 pending ops. Active config: opid_index: -1 OBSOLETE_local: false peers { permanent_uuid: "4f5a1638752e48278d911f3bc22a2572" member_type: VOTER last_known_addr { host: "127.24.128.68" port: 45407 } } peers { permanent_uuid: "baf1a43fe7c040e39d0ee538ab60d7a8" member_type: VOTER last_known_addr { host: "127.24.128.67" port: 33297 } } peers { permanent_uuid: "5877df87af6e4acb80f102ea4a7f25f1" member_type: VOTER last_known_addr { host: "127.24.128.66" port: 43531 } }
I20260608 10:05:41.270903 28450 raft_consensus.cc:385] T 6c50ab0b8c2b4106bb7a65e18b018ec5 P baf1a43fe7c040e39d0ee538ab60d7a8 [term 0 FOLLOWER]: Consensus starting up: Expiring failure detector timer to make a prompt election more likely
I20260608 10:05:41.276489 28450 raft_consensus.cc:740] T 6c50ab0b8c2b4106bb7a65e18b018ec5 P baf1a43fe7c040e39d0ee538ab60d7a8 [term 0 FOLLOWER]: Becoming Follower/Learner. State: Replica: baf1a43fe7c040e39d0ee538ab60d7a8, State: Initialized, Role: FOLLOWER
I20260608 10:05:41.277329 28450 consensus_queue.cc:260] T 6c50ab0b8c2b4106bb7a65e18b018ec5 P baf1a43fe7c040e39d0ee538ab60d7a8 [NON_LEADER]: Queue going to NON_LEADER mode. State: All replicated index: 0, Majority replicated index: 0, Committed index: 0, Last appended: 0.0, Last appended by leader: 0, Current term: 0, Majority size: -1, State: 0, Mode: NON_LEADER, active raft config: opid_index: -1 OBSOLETE_local: false peers { permanent_uuid: "4f5a1638752e48278d911f3bc22a2572" member_type: VOTER last_known_addr { host: "127.24.128.68" port: 45407 } } peers { permanent_uuid: "baf1a43fe7c040e39d0ee538ab60d7a8" member_type: VOTER last_known_addr { host: "127.24.128.67" port: 33297 } } peers { permanent_uuid: "5877df87af6e4acb80f102ea4a7f25f1" member_type: VOTER last_known_addr { host: "127.24.128.66" port: 43531 } }
I20260608 10:05:41.280975 28451 ts_tablet_manager.cc:1434] T 6c50ab0b8c2b4106bb7a65e18b018ec5 P 4f5a1638752e48278d911f3bc22a2572: Time spent starting tablet: real 0.043s	user 0.006s	sys 0.003s
I20260608 10:05:41.281800 28437 heartbeater.cc:499] Master 127.24.128.126:33765 was elected leader, sending a full tablet report...
I20260608 10:05:41.282094 28451 tablet_bootstrap.cc:492] T cc58fc882c084f5aae312c373e3df987 P 4f5a1638752e48278d911f3bc22a2572: Bootstrap starting.
I20260608 10:05:41.286226 28450 ts_tablet_manager.cc:1434] T 6c50ab0b8c2b4106bb7a65e18b018ec5 P baf1a43fe7c040e39d0ee538ab60d7a8: Time spent starting tablet: real 0.016s	user 0.005s	sys 0.000s
I20260608 10:05:41.287930 28450 tablet_bootstrap.cc:492] T 243005b4b9e14390b1f9387ab1d06b4d P baf1a43fe7c040e39d0ee538ab60d7a8: Bootstrap starting.
I20260608 10:05:41.288131 28312 raft_consensus.cc:493] T cc58fc882c084f5aae312c373e3df987 P b92fc98288d24570a41104e14e13bb10 [term 0 FOLLOWER]: Starting pre-election (no leader contacted us within the election timeout)
I20260608 10:05:41.288729 28312 raft_consensus.cc:515] T cc58fc882c084f5aae312c373e3df987 P b92fc98288d24570a41104e14e13bb10 [term 0 FOLLOWER]: Starting pre-election with config: opid_index: -1 OBSOLETE_local: false peers { permanent_uuid: "b92fc98288d24570a41104e14e13bb10" member_type: VOTER last_known_addr { host: "127.24.128.65" port: 39429 } } peers { permanent_uuid: "4f5a1638752e48278d911f3bc22a2572" member_type: VOTER last_known_addr { host: "127.24.128.68" port: 45407 } } peers { permanent_uuid: "5877df87af6e4acb80f102ea4a7f25f1" member_type: VOTER last_known_addr { host: "127.24.128.66" port: 43531 } }
I20260608 10:05:41.291702 28312 leader_election.cc:290] T cc58fc882c084f5aae312c373e3df987 P b92fc98288d24570a41104e14e13bb10 [CANDIDATE]: Term 1 pre-election: Requested pre-vote from peers 4f5a1638752e48278d911f3bc22a2572 (127.24.128.68:45407), 5877df87af6e4acb80f102ea4a7f25f1 (127.24.128.66:43531)
I20260608 10:05:41.298182 28184 tablet_service.cc:1917] Received RequestConsensusVote() RPC: tablet_id: "cc58fc882c084f5aae312c373e3df987" candidate_uuid: "b92fc98288d24570a41104e14e13bb10" candidate_term: 1 candidate_status { last_received { term: 0 index: 0 } } ignore_live_leader: false dest_uuid: "5877df87af6e4acb80f102ea4a7f25f1" is_pre_election: true
I20260608 10:05:41.300768 28459 raft_consensus.cc:493] T 6c50ab0b8c2b4106bb7a65e18b018ec5 P 4f5a1638752e48278d911f3bc22a2572 [term 0 FOLLOWER]: Starting pre-election (no leader contacted us within the election timeout)
I20260608 10:05:41.302565 28184 raft_consensus.cc:2468] T cc58fc882c084f5aae312c373e3df987 P 5877df87af6e4acb80f102ea4a7f25f1 [term 0 FOLLOWER]: Leader pre-election vote request: Granting yes vote for candidate b92fc98288d24570a41104e14e13bb10 in term 0.
I20260608 10:05:41.304859 28074 leader_election.cc:304] T cc58fc882c084f5aae312c373e3df987 P b92fc98288d24570a41104e14e13bb10 [CANDIDATE]: Term 1 pre-election: Election decided. Result: candidate won. Election summary: received 2 responses out of 3 voters: 2 yes votes; 0 no votes. yes voters: 5877df87af6e4acb80f102ea4a7f25f1, b92fc98288d24570a41104e14e13bb10; no voters: 
I20260608 10:05:41.306049 28448 tablet_bootstrap.cc:492] T 6c50ab0b8c2b4106bb7a65e18b018ec5 P 5877df87af6e4acb80f102ea4a7f25f1: No bootstrap required, opened a new log
I20260608 10:05:41.306381 28312 raft_consensus.cc:2804] T cc58fc882c084f5aae312c373e3df987 P b92fc98288d24570a41104e14e13bb10 [term 0 FOLLOWER]: Leader pre-election won for term 1
I20260608 10:05:41.306577 28448 ts_tablet_manager.cc:1403] T 6c50ab0b8c2b4106bb7a65e18b018ec5 P 5877df87af6e4acb80f102ea4a7f25f1: Time spent bootstrapping tablet: real 0.149s	user 0.007s	sys 0.017s
I20260608 10:05:41.306854 28312 raft_consensus.cc:493] T cc58fc882c084f5aae312c373e3df987 P b92fc98288d24570a41104e14e13bb10 [term 0 FOLLOWER]: Starting leader election (no leader contacted us within the election timeout)
I20260608 10:05:41.307277 28312 raft_consensus.cc:3060] T cc58fc882c084f5aae312c373e3df987 P b92fc98288d24570a41104e14e13bb10 [term 0 FOLLOWER]: Advancing to term 1
I20260608 10:05:41.314088 28451 tablet_bootstrap.cc:654] T cc58fc882c084f5aae312c373e3df987 P 4f5a1638752e48278d911f3bc22a2572: Neither blocks nor log segments found. Creating new log.
I20260608 10:05:41.314845 28459 raft_consensus.cc:515] T 6c50ab0b8c2b4106bb7a65e18b018ec5 P 4f5a1638752e48278d911f3bc22a2572 [term 0 FOLLOWER]: Starting pre-election with config: opid_index: -1 OBSOLETE_local: false peers { permanent_uuid: "4f5a1638752e48278d911f3bc22a2572" member_type: VOTER last_known_addr { host: "127.24.128.68" port: 45407 } } peers { permanent_uuid: "baf1a43fe7c040e39d0ee538ab60d7a8" member_type: VOTER last_known_addr { host: "127.24.128.67" port: 33297 } } peers { permanent_uuid: "5877df87af6e4acb80f102ea4a7f25f1" member_type: VOTER last_known_addr { host: "127.24.128.66" port: 43531 } }
I20260608 10:05:41.315707 28312 raft_consensus.cc:515] T cc58fc882c084f5aae312c373e3df987 P b92fc98288d24570a41104e14e13bb10 [term 1 FOLLOWER]: Starting leader election with config: opid_index: -1 OBSOLETE_local: false peers { permanent_uuid: "b92fc98288d24570a41104e14e13bb10" member_type: VOTER last_known_addr { host: "127.24.128.65" port: 39429 } } peers { permanent_uuid: "4f5a1638752e48278d911f3bc22a2572" member_type: VOTER last_known_addr { host: "127.24.128.68" port: 45407 } } peers { permanent_uuid: "5877df87af6e4acb80f102ea4a7f25f1" member_type: VOTER last_known_addr { host: "127.24.128.66" port: 43531 } }
I20260608 10:05:41.319639 28184 tablet_service.cc:1917] Received RequestConsensusVote() RPC: tablet_id: "cc58fc882c084f5aae312c373e3df987" candidate_uuid: "b92fc98288d24570a41104e14e13bb10" candidate_term: 1 candidate_status { last_received { term: 0 index: 0 } } ignore_live_leader: false dest_uuid: "5877df87af6e4acb80f102ea4a7f25f1"
I20260608 10:05:41.320399 28184 raft_consensus.cc:3060] T cc58fc882c084f5aae312c373e3df987 P 5877df87af6e4acb80f102ea4a7f25f1 [term 0 FOLLOWER]: Advancing to term 1
I20260608 10:05:41.324134 28450 tablet_bootstrap.cc:654] T 243005b4b9e14390b1f9387ab1d06b4d P baf1a43fe7c040e39d0ee538ab60d7a8: Neither blocks nor log segments found. Creating new log.
I20260608 10:05:41.327746 28448 raft_consensus.cc:359] T 6c50ab0b8c2b4106bb7a65e18b018ec5 P 5877df87af6e4acb80f102ea4a7f25f1 [term 0 FOLLOWER]: Replica starting. Triggering 0 pending ops. Active config: opid_index: -1 OBSOLETE_local: false peers { permanent_uuid: "4f5a1638752e48278d911f3bc22a2572" member_type: VOTER last_known_addr { host: "127.24.128.68" port: 45407 } } peers { permanent_uuid: "baf1a43fe7c040e39d0ee538ab60d7a8" member_type: VOTER last_known_addr { host: "127.24.128.67" port: 33297 } } peers { permanent_uuid: "5877df87af6e4acb80f102ea4a7f25f1" member_type: VOTER last_known_addr { host: "127.24.128.66" port: 43531 } }
I20260608 10:05:41.328712 28448 raft_consensus.cc:385] T 6c50ab0b8c2b4106bb7a65e18b018ec5 P 5877df87af6e4acb80f102ea4a7f25f1 [term 0 FOLLOWER]: Consensus starting up: Expiring failure detector timer to make a prompt election more likely
I20260608 10:05:41.328539 28184 raft_consensus.cc:2468] T cc58fc882c084f5aae312c373e3df987 P 5877df87af6e4acb80f102ea4a7f25f1 [term 1 FOLLOWER]: Leader election vote request: Granting yes vote for candidate b92fc98288d24570a41104e14e13bb10 in term 1.
