I20260608 10:04:19.203799 24457 hybrid_clock.cc:584] initializing the hybrid clock with 'system_unsync' time source
W20260608 10:04:19.204005 24457 system_unsync_time.cc:38] NTP support is disabled. Clock error bounds will not be accurate. This configuration is not suitable for distributed clusters.
I20260608 10:04:19.204140 24457 hybrid_clock.cc:648] HybridClock initialized: now 1780913059204127 us; error 0 us; skew 500 ppm
I20260608 10:04:19.204833 24457 server_base.cc:861] Flag tcmalloc_max_total_thread_cache_bytes is not working since tcmalloc is not enabled.
I20260608 10:04:19.208063 24457 webserver.cc:533] Webserver started at http://127.23.226.126:41589/ using document root <none> and password file <none>
I20260608 10:04:19.208662 24457 fs_manager.cc:362] Metadata directory not provided
I20260608 10:04:19.208851 24457 fs_manager.cc:368] Using write-ahead log directory (fs_wal_dir) as metadata directory
I20260608 10:04:19.209084 24457 server_base.cc:909] This appears to be a new deployment of Kudu; creating new FS layout
I20260608 10:04:19.210125 24457 fs_manager.cc:1068] Generated new instance metadata in path /tmp/dist-test-taskuTqUwd/test-tmp/auto_rebalancer-test.0.AutoRebalancerTest.AutoRebalancingTurnOffAndOn.1780913053318496-24457-0/minicluster-data/master-0-root/instance:
uuid: "e2b89773590e4060bea32fea39dece39"
format_stamp: "Formatted at 2026-06-08 10:04:19 on dist-test-slave-5chz"
I20260608 10:04:19.216289 24457 fs_manager.cc:696] Time spent creating directory manager: real 0.005s	user 0.005s	sys 0.002s
I20260608 10:04:19.222012 25005 log_block_manager.cc:4031] Time spent loading block containers with low live blocks: real 0.000s	user 0.000s	sys 0.000s
I20260608 10:04:19.223206 24457 fs_manager.cc:730] Time spent opening block manager: real 0.004s	user 0.004s	sys 0.001s
I20260608 10:04:19.223706 24457 fs_manager.cc:647] Opened local filesystem: /tmp/dist-test-taskuTqUwd/test-tmp/auto_rebalancer-test.0.AutoRebalancerTest.AutoRebalancingTurnOffAndOn.1780913053318496-24457-0/minicluster-data/master-0-root
uuid: "e2b89773590e4060bea32fea39dece39"
format_stamp: "Formatted at 2026-06-08 10:04:19 on dist-test-slave-5chz"
I20260608 10:04:19.224067 24457 fs_report.cc:389] FS layout report
--------------------
wal directory: /tmp/dist-test-taskuTqUwd/test-tmp/auto_rebalancer-test.0.AutoRebalancerTest.AutoRebalancingTurnOffAndOn.1780913053318496-24457-0/minicluster-data/master-0-root
metadata directory: /tmp/dist-test-taskuTqUwd/test-tmp/auto_rebalancer-test.0.AutoRebalancerTest.AutoRebalancingTurnOffAndOn.1780913053318496-24457-0/minicluster-data/master-0-root
1 data directories: /tmp/dist-test-taskuTqUwd/test-tmp/auto_rebalancer-test.0.AutoRebalancerTest.AutoRebalancingTurnOffAndOn.1780913053318496-24457-0/minicluster-data/master-0-root/data
Total live blocks: 0
Total live bytes: 0
Total live bytes (after alignment): 0
Total number of LBM containers: 0 (0 full)
Did not check for missing blocks
Did not check for orphaned blocks
Total full LBM containers with extra space: 0 (0 repaired)
Total full LBM container extra space in bytes: 0 (0 repaired)
Total incomplete LBM containers: 0 (0 repaired)
Total LBM partial records: 0 (0 repaired)
Total corrupted LBM metadata records in RocksDB: 0 (0 repaired)
I20260608 10:04:19.293641 24457 rpc_server.cc:225] running with OpenSSL 1.1.1  11 Sep 2018
I20260608 10:04:19.294965 24457 kserver.cc:163] Server-wide thread pool size limit: 3276
I20260608 10:04:19.366178 24457 rpc_server.cc:307] RPC server started. Bound to: 127.23.226.126:36413
I20260608 10:04:19.366278 25056 acceptor_pool.cc:272] collecting diagnostics on the listening RPC socket 127.23.226.126:36413 every 8 connection(s)
I20260608 10:04:19.371738 25057 data_dirs.cc:400] Could only allocate 1 dirs of requested 3 for tablet 00000000000000000000000000000000. 1 dirs total, 0 dirs full, 0 dirs failed
I20260608 10:04:19.382226 25057 tablet_bootstrap.cc:492] T 00000000000000000000000000000000 P e2b89773590e4060bea32fea39dece39: Bootstrap starting.
I20260608 10:04:19.386739 25057 tablet_bootstrap.cc:654] T 00000000000000000000000000000000 P e2b89773590e4060bea32fea39dece39: Neither blocks nor log segments found. Creating new log.
I20260608 10:04:19.392969 25057 tablet_bootstrap.cc:492] T 00000000000000000000000000000000 P e2b89773590e4060bea32fea39dece39: No bootstrap required, opened a new log
I20260608 10:04:19.396879 25057 raft_consensus.cc:359] T 00000000000000000000000000000000 P e2b89773590e4060bea32fea39dece39 [term 0 FOLLOWER]: Replica starting. Triggering 0 pending ops. Active config: opid_index: -1 OBSOLETE_local: true peers { permanent_uuid: "e2b89773590e4060bea32fea39dece39" member_type: VOTER }
I20260608 10:04:19.397360 25057 raft_consensus.cc:385] T 00000000000000000000000000000000 P e2b89773590e4060bea32fea39dece39 [term 0 FOLLOWER]: Consensus starting up: Expiring failure detector timer to make a prompt election more likely
I20260608 10:04:19.398051 25057 raft_consensus.cc:740] T 00000000000000000000000000000000 P e2b89773590e4060bea32fea39dece39 [term 0 FOLLOWER]: Becoming Follower/Learner. State: Replica: e2b89773590e4060bea32fea39dece39, State: Initialized, Role: FOLLOWER
I20260608 10:04:19.399255 25057 consensus_queue.cc:260] T 00000000000000000000000000000000 P e2b89773590e4060bea32fea39dece39 [NON_LEADER]: Queue going to NON_LEADER mode. State: All replicated index: 0, Majority replicated index: 0, Committed index: 0, Last appended: 0.0, Last appended by leader: 0, Current term: 0, Majority size: -1, State: 0, Mode: NON_LEADER, active raft config: opid_index: -1 OBSOLETE_local: true peers { permanent_uuid: "e2b89773590e4060bea32fea39dece39" member_type: VOTER }
I20260608 10:04:19.399740 25057 raft_consensus.cc:399] T 00000000000000000000000000000000 P e2b89773590e4060bea32fea39dece39 [term 0 FOLLOWER]: Only one voter in the Raft config. Triggering election immediately
I20260608 10:04:19.399968 25057 raft_consensus.cc:493] T 00000000000000000000000000000000 P e2b89773590e4060bea32fea39dece39 [term 0 FOLLOWER]: Starting leader election (initial election of a single-replica configuration)
I20260608 10:04:19.400199 25057 raft_consensus.cc:3060] T 00000000000000000000000000000000 P e2b89773590e4060bea32fea39dece39 [term 0 FOLLOWER]: Advancing to term 1
I20260608 10:04:19.405211 25057 raft_consensus.cc:515] T 00000000000000000000000000000000 P e2b89773590e4060bea32fea39dece39 [term 1 FOLLOWER]: Starting leader election with config: opid_index: -1 OBSOLETE_local: true peers { permanent_uuid: "e2b89773590e4060bea32fea39dece39" member_type: VOTER }
I20260608 10:04:19.405886 25057 leader_election.cc:304] T 00000000000000000000000000000000 P e2b89773590e4060bea32fea39dece39 [CANDIDATE]: Term 1 election: Election decided. Result: candidate won. Election summary: received 1 responses out of 1 voters: 1 yes votes; 0 no votes. yes voters: e2b89773590e4060bea32fea39dece39; no voters: 
I20260608 10:04:19.407742 25057 leader_election.cc:290] T 00000000000000000000000000000000 P e2b89773590e4060bea32fea39dece39 [CANDIDATE]: Term 1 election: Requested vote from peers 
I20260608 10:04:19.409647 25060 raft_consensus.cc:2804] T 00000000000000000000000000000000 P e2b89773590e4060bea32fea39dece39 [term 1 FOLLOWER]: Leader election won for term 1
I20260608 10:04:19.411309 25060 raft_consensus.cc:697] T 00000000000000000000000000000000 P e2b89773590e4060bea32fea39dece39 [term 1 LEADER]: Becoming Leader. State: Replica: e2b89773590e4060bea32fea39dece39, State: Running, Role: LEADER
I20260608 10:04:19.411993 25057 sys_catalog.cc:565] T 00000000000000000000000000000000 P e2b89773590e4060bea32fea39dece39 [sys.catalog]: configured and running, proceeding with master startup.
I20260608 10:04:19.412015 25060 consensus_queue.cc:237] T 00000000000000000000000000000000 P e2b89773590e4060bea32fea39dece39 [LEADER]: Queue going to LEADER mode. State: All replicated index: 0, Majority replicated index: 0, Committed index: 0, Last appended: 0.0, Last appended by leader: 0, Current term: 1, Majority size: 1, State: 0, Mode: LEADER, active raft config: opid_index: -1 OBSOLETE_local: true peers { permanent_uuid: "e2b89773590e4060bea32fea39dece39" member_type: VOTER }
I20260608 10:04:19.416805 25062 sys_catalog.cc:455] T 00000000000000000000000000000000 P e2b89773590e4060bea32fea39dece39 [sys.catalog]: SysCatalogTable state changed. Reason: New leader e2b89773590e4060bea32fea39dece39. Latest consensus state: current_term: 1 leader_uuid: "e2b89773590e4060bea32fea39dece39" committed_config { opid_index: -1 OBSOLETE_local: true peers { permanent_uuid: "e2b89773590e4060bea32fea39dece39" member_type: VOTER } }
I20260608 10:04:19.416914 25061 sys_catalog.cc:455] T 00000000000000000000000000000000 P e2b89773590e4060bea32fea39dece39 [sys.catalog]: SysCatalogTable state changed. Reason: RaftConsensus started. Latest consensus state: current_term: 1 leader_uuid: "e2b89773590e4060bea32fea39dece39" committed_config { opid_index: -1 OBSOLETE_local: true peers { permanent_uuid: "e2b89773590e4060bea32fea39dece39" member_type: VOTER } }
I20260608 10:04:19.417534 25062 sys_catalog.cc:458] T 00000000000000000000000000000000 P e2b89773590e4060bea32fea39dece39 [sys.catalog]: This master's current role is: LEADER
I20260608 10:04:19.417548 25061 sys_catalog.cc:458] T 00000000000000000000000000000000 P e2b89773590e4060bea32fea39dece39 [sys.catalog]: This master's current role is: LEADER
I20260608 10:04:19.426098 25068 catalog_manager.cc:1510] Loading table and tablet metadata into memory...
I20260608 10:04:19.432811 25068 catalog_manager.cc:1519] Initializing Kudu cluster ID...
I20260608 10:04:19.437278 24457 internal_mini_cluster.cc:184] Waiting to initialize catalog manager on master 0
I20260608 10:04:19.445497 25068 catalog_manager.cc:1382] Generated new cluster ID: 77567d9182554aae9d381c1ec90d6695
I20260608 10:04:19.445833 25068 catalog_manager.cc:1530] Initializing Kudu internal certificate authority...
I20260608 10:04:19.471908 25068 catalog_manager.cc:1405] Generated new certificate authority record
I20260608 10:04:19.473353 25068 catalog_manager.cc:1539] Loading token signing keys...
I20260608 10:04:19.491037 25068 catalog_manager.cc:6069] T 00000000000000000000000000000000 P e2b89773590e4060bea32fea39dece39: Generated new TSK 0
I20260608 10:04:19.491703 25068 catalog_manager.cc:1549] Initializing in-progress tserver states...
I20260608 10:04:19.505463 24457 file_cache.cc:492] Constructed file cache file cache with capacity 419430
W20260608 10:04:19.513275 25078 instance_detector.cc:116] could not retrieve AWS instance metadata: Network error: curl error: HTTP response code said error: The requested URL returned error: 404
W20260608 10:04:19.513954 25079 instance_detector.cc:116] could not retrieve Azure instance metadata: Network error: curl error: HTTP response code said error: The requested URL returned error: 404
W20260608 10:04:19.515347 25081 instance_detector.cc:116] could not retrieve OpenStack instance metadata: Network error: curl error: HTTP response code said error: The requested URL returned error: 404
I20260608 10:04:19.517657 24457 server_base.cc:1061] running on GCE node
I20260608 10:04:19.518908 24457 hybrid_clock.cc:584] initializing the hybrid clock with 'system_unsync' time source
W20260608 10:04:19.519374 24457 system_unsync_time.cc:38] NTP support is disabled. Clock error bounds will not be accurate. This configuration is not suitable for distributed clusters.
I20260608 10:04:19.519634 24457 hybrid_clock.cc:648] HybridClock initialized: now 1780913059519614 us; error 0 us; skew 500 ppm
I20260608 10:04:19.520327 24457 server_base.cc:861] Flag tcmalloc_max_total_thread_cache_bytes is not working since tcmalloc is not enabled.
I20260608 10:04:19.524077 24457 webserver.cc:533] Webserver started at http://127.23.226.65:41317/ using document root <none> and password file <none>
I20260608 10:04:19.524838 24457 fs_manager.cc:362] Metadata directory not provided
I20260608 10:04:19.525086 24457 fs_manager.cc:368] Using write-ahead log directory (fs_wal_dir) as metadata directory
I20260608 10:04:19.525419 24457 server_base.cc:909] This appears to be a new deployment of Kudu; creating new FS layout
I20260608 10:04:19.526628 24457 fs_manager.cc:1068] Generated new instance metadata in path /tmp/dist-test-taskuTqUwd/test-tmp/auto_rebalancer-test.0.AutoRebalancerTest.AutoRebalancingTurnOffAndOn.1780913053318496-24457-0/minicluster-data/ts-0-root/instance:
uuid: "a728f02985e34e28804d123dc978d086"
format_stamp: "Formatted at 2026-06-08 10:04:19 on dist-test-slave-5chz"
I20260608 10:04:19.532263 24457 fs_manager.cc:696] Time spent creating directory manager: real 0.005s	user 0.002s	sys 0.005s
I20260608 10:04:19.536761 25086 log_block_manager.cc:4031] Time spent loading block containers with low live blocks: real 0.000s	user 0.000s	sys 0.000s
I20260608 10:04:19.537966 24457 fs_manager.cc:730] Time spent opening block manager: real 0.003s	user 0.004s	sys 0.000s
I20260608 10:04:19.538503 24457 fs_manager.cc:647] Opened local filesystem: /tmp/dist-test-taskuTqUwd/test-tmp/auto_rebalancer-test.0.AutoRebalancerTest.AutoRebalancingTurnOffAndOn.1780913053318496-24457-0/minicluster-data/ts-0-root
uuid: "a728f02985e34e28804d123dc978d086"
format_stamp: "Formatted at 2026-06-08 10:04:19 on dist-test-slave-5chz"
I20260608 10:04:19.538897 24457 fs_report.cc:389] FS layout report
--------------------
wal directory: /tmp/dist-test-taskuTqUwd/test-tmp/auto_rebalancer-test.0.AutoRebalancerTest.AutoRebalancingTurnOffAndOn.1780913053318496-24457-0/minicluster-data/ts-0-root
metadata directory: /tmp/dist-test-taskuTqUwd/test-tmp/auto_rebalancer-test.0.AutoRebalancerTest.AutoRebalancingTurnOffAndOn.1780913053318496-24457-0/minicluster-data/ts-0-root
1 data directories: /tmp/dist-test-taskuTqUwd/test-tmp/auto_rebalancer-test.0.AutoRebalancerTest.AutoRebalancingTurnOffAndOn.1780913053318496-24457-0/minicluster-data/ts-0-root/data
Total live blocks: 0
Total live bytes: 0
Total live bytes (after alignment): 0
Total number of LBM containers: 0 (0 full)
Did not check for missing blocks
Did not check for orphaned blocks
Total full LBM containers with extra space: 0 (0 repaired)
Total full LBM container extra space in bytes: 0 (0 repaired)
Total incomplete LBM containers: 0 (0 repaired)
Total LBM partial records: 0 (0 repaired)
Total corrupted LBM metadata records in RocksDB: 0 (0 repaired)
I20260608 10:04:19.549862 24457 rpc_server.cc:225] running with OpenSSL 1.1.1  11 Sep 2018
I20260608 10:04:19.550969 24457 kserver.cc:163] Server-wide thread pool size limit: 3276
I20260608 10:04:19.553009 24457 txn_system_client.cc:432] TxnSystemClient initialization is disabled...
I20260608 10:04:19.556263 24457 ts_tablet_manager.cc:585] Loaded tablet metadata (0 total tablets, 0 live tablets)
I20260608 10:04:19.556628 24457 ts_tablet_manager.cc:531] Time spent load tablet metadata: real 0.000s	user 0.001s	sys 0.000s
I20260608 10:04:19.556921 24457 ts_tablet_manager.cc:616] Registered 0 tablets
I20260608 10:04:19.557111 24457 ts_tablet_manager.cc:595] Time spent register tablets: real 0.000s	user 0.000s	sys 0.000s
I20260608 10:04:19.607967 24457 rpc_server.cc:307] RPC server started. Bound to: 127.23.226.65:40515
I20260608 10:04:19.608078 25149 acceptor_pool.cc:272] collecting diagnostics on the listening RPC socket 127.23.226.65:40515 every 8 connection(s)
I20260608 10:04:19.614691 24457 file_cache.cc:492] Constructed file cache file cache with capacity 419430
W20260608 10:04:19.626753 25154 instance_detector.cc:116] could not retrieve AWS instance metadata: Network error: curl error: HTTP response code said error: The requested URL returned error: 404
W20260608 10:04:19.629382 25157 instance_detector.cc:116] could not retrieve OpenStack instance metadata: Network error: curl error: HTTP response code said error: The requested URL returned error: 404
W20260608 10:04:19.628973 25155 instance_detector.cc:116] could not retrieve Azure instance metadata: Network error: curl error: HTTP response code said error: The requested URL returned error: 404
I20260608 10:04:19.635015 24457 server_base.cc:1061] running on GCE node
I20260608 10:04:19.636257 25150 heartbeater.cc:344] Connected to a master server at 127.23.226.126:36413
I20260608 10:04:19.636281 24457 hybrid_clock.cc:584] initializing the hybrid clock with 'system_unsync' time source
W20260608 10:04:19.636897 24457 system_unsync_time.cc:38] NTP support is disabled. Clock error bounds will not be accurate. This configuration is not suitable for distributed clusters.
I20260608 10:04:19.637001 25150 heartbeater.cc:461] Registering TS with master...
I20260608 10:04:19.637176 24457 hybrid_clock.cc:648] HybridClock initialized: now 1780913059637152 us; error 0 us; skew 500 ppm
I20260608 10:04:19.638199 24457 server_base.cc:861] Flag tcmalloc_max_total_thread_cache_bytes is not working since tcmalloc is not enabled.
I20260608 10:04:19.638096 25150 heartbeater.cc:507] Master 127.23.226.126:36413 requested a full tablet report, sending...
I20260608 10:04:19.642084 25022 ts_manager.cc:194] Registered new tserver with Master: a728f02985e34e28804d123dc978d086 (127.23.226.65:40515)
I20260608 10:04:19.642673 24457 webserver.cc:533] Webserver started at http://127.23.226.66:33439/ using document root <none> and password file <none>
I20260608 10:04:19.643471 24457 fs_manager.cc:362] Metadata directory not provided
I20260608 10:04:19.643705 24457 fs_manager.cc:368] Using write-ahead log directory (fs_wal_dir) as metadata directory
I20260608 10:04:19.643993 24457 server_base.cc:909] This appears to be a new deployment of Kudu; creating new FS layout
I20260608 10:04:19.644243 25022 master_service.cc:502] Signed X509 certificate for tserver {username='slave'} at 127.0.0.1:33970
I20260608 10:04:19.645449 24457 fs_manager.cc:1068] Generated new instance metadata in path /tmp/dist-test-taskuTqUwd/test-tmp/auto_rebalancer-test.0.AutoRebalancerTest.AutoRebalancingTurnOffAndOn.1780913053318496-24457-0/minicluster-data/ts-1-root/instance:
uuid: "1a0e352ec92b46089346fbb747f497f3"
format_stamp: "Formatted at 2026-06-08 10:04:19 on dist-test-slave-5chz"
I20260608 10:04:19.651219 24457 fs_manager.cc:696] Time spent creating directory manager: real 0.005s	user 0.003s	sys 0.003s
I20260608 10:04:19.655866 25162 log_block_manager.cc:4031] Time spent loading block containers with low live blocks: real 0.000s	user 0.000s	sys 0.000s
I20260608 10:04:19.657728 24457 fs_manager.cc:730] Time spent opening block manager: real 0.004s	user 0.000s	sys 0.003s
I20260608 10:04:19.658052 24457 fs_manager.cc:647] Opened local filesystem: /tmp/dist-test-taskuTqUwd/test-tmp/auto_rebalancer-test.0.AutoRebalancerTest.AutoRebalancingTurnOffAndOn.1780913053318496-24457-0/minicluster-data/ts-1-root
uuid: "1a0e352ec92b46089346fbb747f497f3"
format_stamp: "Formatted at 2026-06-08 10:04:19 on dist-test-slave-5chz"
I20260608 10:04:19.658440 24457 fs_report.cc:389] FS layout report
--------------------
wal directory: /tmp/dist-test-taskuTqUwd/test-tmp/auto_rebalancer-test.0.AutoRebalancerTest.AutoRebalancingTurnOffAndOn.1780913053318496-24457-0/minicluster-data/ts-1-root
metadata directory: /tmp/dist-test-taskuTqUwd/test-tmp/auto_rebalancer-test.0.AutoRebalancerTest.AutoRebalancingTurnOffAndOn.1780913053318496-24457-0/minicluster-data/ts-1-root
1 data directories: /tmp/dist-test-taskuTqUwd/test-tmp/auto_rebalancer-test.0.AutoRebalancerTest.AutoRebalancingTurnOffAndOn.1780913053318496-24457-0/minicluster-data/ts-1-root/data
Total live blocks: 0
Total live bytes: 0
Total live bytes (after alignment): 0
Total number of LBM containers: 0 (0 full)
Did not check for missing blocks
Did not check for orphaned blocks
Total full LBM containers with extra space: 0 (0 repaired)
Total full LBM container extra space in bytes: 0 (0 repaired)
Total incomplete LBM containers: 0 (0 repaired)
Total LBM partial records: 0 (0 repaired)
Total corrupted LBM metadata records in RocksDB: 0 (0 repaired)
I20260608 10:04:19.681245 24457 rpc_server.cc:225] running with OpenSSL 1.1.1  11 Sep 2018
I20260608 10:04:19.682374 24457 kserver.cc:163] Server-wide thread pool size limit: 3276
I20260608 10:04:19.683769 24457 txn_system_client.cc:432] TxnSystemClient initialization is disabled...
I20260608 10:04:19.686334 24457 ts_tablet_manager.cc:585] Loaded tablet metadata (0 total tablets, 0 live tablets)
I20260608 10:04:19.686573 24457 ts_tablet_manager.cc:531] Time spent load tablet metadata: real 0.000s	user 0.000s	sys 0.000s
I20260608 10:04:19.686841 24457 ts_tablet_manager.cc:616] Registered 0 tablets
I20260608 10:04:19.687037 24457 ts_tablet_manager.cc:595] Time spent register tablets: real 0.000s	user 0.000s	sys 0.000s
I20260608 10:04:19.748924 24457 rpc_server.cc:307] RPC server started. Bound to: 127.23.226.66:42825
I20260608 10:04:19.749117 25224 acceptor_pool.cc:272] collecting diagnostics on the listening RPC socket 127.23.226.66:42825 every 8 connection(s)
I20260608 10:04:19.755642 24457 file_cache.cc:492] Constructed file cache file cache with capacity 419430
W20260608 10:04:19.764564 25228 instance_detector.cc:116] could not retrieve AWS instance metadata: Network error: curl error: HTTP response code said error: The requested URL returned error: 404
W20260608 10:04:19.766419 25229 instance_detector.cc:116] could not retrieve Azure instance metadata: Network error: curl error: HTTP response code said error: The requested URL returned error: 404
I20260608 10:04:19.769305 25225 heartbeater.cc:344] Connected to a master server at 127.23.226.126:36413
I20260608 10:04:19.770272 25225 heartbeater.cc:461] Registering TS with master...
I20260608 10:04:19.770741 24457 server_base.cc:1061] running on GCE node
I20260608 10:04:19.771462 25225 heartbeater.cc:507] Master 127.23.226.126:36413 requested a full tablet report, sending...
W20260608 10:04:19.773146 25231 instance_detector.cc:116] could not retrieve OpenStack instance metadata: Network error: curl error: HTTP response code said error: The requested URL returned error: 404
I20260608 10:04:19.774281 24457 hybrid_clock.cc:584] initializing the hybrid clock with 'system_unsync' time source
I20260608 10:04:19.774394 25022 ts_manager.cc:194] Registered new tserver with Master: 1a0e352ec92b46089346fbb747f497f3 (127.23.226.66:42825)
W20260608 10:04:19.774554 24457 system_unsync_time.cc:38] NTP support is disabled. Clock error bounds will not be accurate. This configuration is not suitable for distributed clusters.
I20260608 10:04:19.774775 24457 hybrid_clock.cc:648] HybridClock initialized: now 1780913059774760 us; error 0 us; skew 500 ppm
I20260608 10:04:19.775784 24457 server_base.cc:861] Flag tcmalloc_max_total_thread_cache_bytes is not working since tcmalloc is not enabled.
I20260608 10:04:19.776629 25022 master_service.cc:502] Signed X509 certificate for tserver {username='slave'} at 127.0.0.1:33974
I20260608 10:04:19.778740 24457 webserver.cc:533] Webserver started at http://127.23.226.67:40371/ using document root <none> and password file <none>
I20260608 10:04:19.779347 24457 fs_manager.cc:362] Metadata directory not provided
I20260608 10:04:19.779572 24457 fs_manager.cc:368] Using write-ahead log directory (fs_wal_dir) as metadata directory
I20260608 10:04:19.779862 24457 server_base.cc:909] This appears to be a new deployment of Kudu; creating new FS layout
I20260608 10:04:19.781122 24457 fs_manager.cc:1068] Generated new instance metadata in path /tmp/dist-test-taskuTqUwd/test-tmp/auto_rebalancer-test.0.AutoRebalancerTest.AutoRebalancingTurnOffAndOn.1780913053318496-24457-0/minicluster-data/ts-2-root/instance:
uuid: "81f940af3bfc41008b0be31c43d129a1"
format_stamp: "Formatted at 2026-06-08 10:04:19 on dist-test-slave-5chz"
I20260608 10:04:19.789945 24457 fs_manager.cc:696] Time spent creating directory manager: real 0.007s	user 0.005s	sys 0.004s
I20260608 10:04:19.794245 25236 log_block_manager.cc:4031] Time spent loading block containers with low live blocks: real 0.000s	user 0.000s	sys 0.000s
I20260608 10:04:19.795321 24457 fs_manager.cc:730] Time spent opening block manager: real 0.003s	user 0.004s	sys 0.000s
I20260608 10:04:19.795701 24457 fs_manager.cc:647] Opened local filesystem: /tmp/dist-test-taskuTqUwd/test-tmp/auto_rebalancer-test.0.AutoRebalancerTest.AutoRebalancingTurnOffAndOn.1780913053318496-24457-0/minicluster-data/ts-2-root
uuid: "81f940af3bfc41008b0be31c43d129a1"
format_stamp: "Formatted at 2026-06-08 10:04:19 on dist-test-slave-5chz"
I20260608 10:04:19.796054 24457 fs_report.cc:389] FS layout report
--------------------
wal directory: /tmp/dist-test-taskuTqUwd/test-tmp/auto_rebalancer-test.0.AutoRebalancerTest.AutoRebalancingTurnOffAndOn.1780913053318496-24457-0/minicluster-data/ts-2-root
metadata directory: /tmp/dist-test-taskuTqUwd/test-tmp/auto_rebalancer-test.0.AutoRebalancerTest.AutoRebalancingTurnOffAndOn.1780913053318496-24457-0/minicluster-data/ts-2-root
1 data directories: /tmp/dist-test-taskuTqUwd/test-tmp/auto_rebalancer-test.0.AutoRebalancerTest.AutoRebalancingTurnOffAndOn.1780913053318496-24457-0/minicluster-data/ts-2-root/data
Total live blocks: 0
Total live bytes: 0
Total live bytes (after alignment): 0
Total number of LBM containers: 0 (0 full)
Did not check for missing blocks
Did not check for orphaned blocks
Total full LBM containers with extra space: 0 (0 repaired)
Total full LBM container extra space in bytes: 0 (0 repaired)
Total incomplete LBM containers: 0 (0 repaired)
Total LBM partial records: 0 (0 repaired)
Total corrupted LBM metadata records in RocksDB: 0 (0 repaired)
I20260608 10:04:19.810257 24457 rpc_server.cc:225] running with OpenSSL 1.1.1  11 Sep 2018
I20260608 10:04:19.811408 24457 kserver.cc:163] Server-wide thread pool size limit: 3276
I20260608 10:04:19.812951 24457 txn_system_client.cc:432] TxnSystemClient initialization is disabled...
I20260608 10:04:19.815680 24457 ts_tablet_manager.cc:585] Loaded tablet metadata (0 total tablets, 0 live tablets)
I20260608 10:04:19.815943 24457 ts_tablet_manager.cc:531] Time spent load tablet metadata: real 0.000s	user 0.000s	sys 0.000s
I20260608 10:04:19.816207 24457 ts_tablet_manager.cc:616] Registered 0 tablets
I20260608 10:04:19.816437 24457 ts_tablet_manager.cc:595] Time spent register tablets: real 0.000s	user 0.000s	sys 0.000s
I20260608 10:04:19.876729 24457 rpc_server.cc:307] RPC server started. Bound to: 127.23.226.67:33163
I20260608 10:04:19.876842 25298 acceptor_pool.cc:272] collecting diagnostics on the listening RPC socket 127.23.226.67:33163 every 8 connection(s)
I20260608 10:04:19.897008 25299 heartbeater.cc:344] Connected to a master server at 127.23.226.126:36413
I20260608 10:04:19.897462 25299 heartbeater.cc:461] Registering TS with master...
I20260608 10:04:19.898805 25299 heartbeater.cc:507] Master 127.23.226.126:36413 requested a full tablet report, sending...
I20260608 10:04:19.901870 25022 ts_manager.cc:194] Registered new tserver with Master: 81f940af3bfc41008b0be31c43d129a1 (127.23.226.67:33163)
I20260608 10:04:19.901973 24457 internal_mini_cluster.cc:371] 3 TS(s) registered with all masters after 0.021572514s
I20260608 10:04:19.903363 25022 master_service.cc:502] Signed X509 certificate for tserver {username='slave'} at 127.0.0.1:33988
I20260608 10:04:20.647601 25150 heartbeater.cc:499] Master 127.23.226.126:36413 was elected leader, sending a full tablet report...
I20260608 10:04:20.780179 25225 heartbeater.cc:499] Master 127.23.226.126:36413 was elected leader, sending a full tablet report...
I20260608 10:04:20.907763 25299 heartbeater.cc:499] Master 127.23.226.126:36413 was elected leader, sending a full tablet report...
I20260608 10:04:20.977134 25022 catalog_manager.cc:2282] Servicing CreateTable request from {username='slave'} at 127.0.0.1:33994:
name: "test-workload"
schema {
  columns {
    name: "key"
    type: INT32
    is_key: true
    is_nullable: false
    encoding: AUTO_ENCODING
    compression: DEFAULT_COMPRESSION
    cfile_block_size: 0
    immutable: false
  }
  columns {
    name: "int_val"
    type: INT32
    is_key: false
    is_nullable: false
    encoding: AUTO_ENCODING
    compression: DEFAULT_COMPRESSION
    cfile_block_size: 0
    immutable: false
  }
  columns {
    name: "string_val"
    type: STRING
    is_key: false
    is_nullable: true
    encoding: AUTO_ENCODING
    compression: DEFAULT_COMPRESSION
    cfile_block_size: 0
    immutable: false
  }
}
num_replicas: 3
split_rows_range_bounds {
  rows: "\004\001\000\377\377\377\017\004\001\000\376\377\377\037\004\001\000\375\377\377/\004\001\000\374\377\377?\004\001\000\373\377\377O\004\001\000\372\377\377_\004\001\000\371\377\377o""\004\001\000\377\377\377\017\004\001\000\376\377\377\037\004\001\000\375\377\377/\004\001\000\374\377\377?\004\001\000\373\377\377O\004\001\000\372\377\377_\004\001\000\371\377\377o"
  indirect_data: """"
}
partition_schema {
  range_schema {
    columns {
      name: "key"
    }
  }
}
W20260608 10:04:20.982000 25022 catalog_manager.cc:7076] The number of live tablet servers is not enough to re-replicate a tablet replica of the newly created table test-workload in case of a server failure: 4 tablet servers would be needed, 3 are available. Consider bringing up more tablet servers.
I20260608 10:04:21.107362 25264 tablet_service.cc:1511] Processing CreateTablet for tablet 575e495b4a464cf9ba0689d3079b3ec3 (DEFAULT_TABLE table=test-workload [id=93e78ed2ffe14e06b9ba676da39cc5e3]), partition=RANGE (key) PARTITION VALUES < 268435455
I20260608 10:04:21.109386 25264 data_dirs.cc:400] Could only allocate 1 dirs of requested 3 for tablet 575e495b4a464cf9ba0689d3079b3ec3. 1 dirs total, 0 dirs full, 0 dirs failed
I20260608 10:04:21.110458 25114 tablet_service.cc:1511] Processing CreateTablet for tablet 575e495b4a464cf9ba0689d3079b3ec3 (DEFAULT_TABLE table=test-workload [id=93e78ed2ffe14e06b9ba676da39cc5e3]), partition=RANGE (key) PARTITION VALUES < 268435455
I20260608 10:04:21.111594 25113 tablet_service.cc:1511] Processing CreateTablet for tablet ab47f7326944479098491ca33757633e (DEFAULT_TABLE table=test-workload [id=93e78ed2ffe14e06b9ba676da39cc5e3]), partition=RANGE (key) PARTITION 268435455 <= VALUES < 536870910
I20260608 10:04:21.112057 25114 data_dirs.cc:400] Could only allocate 1 dirs of requested 3 for tablet 575e495b4a464cf9ba0689d3079b3ec3. 1 dirs total, 0 dirs full, 0 dirs failed
I20260608 10:04:21.113009 25113 data_dirs.cc:400] Could only allocate 1 dirs of requested 3 for tablet ab47f7326944479098491ca33757633e. 1 dirs total, 0 dirs full, 0 dirs failed
I20260608 10:04:21.115535 25263 tablet_service.cc:1511] Processing CreateTablet for tablet ab47f7326944479098491ca33757633e (DEFAULT_TABLE table=test-workload [id=93e78ed2ffe14e06b9ba676da39cc5e3]), partition=RANGE (key) PARTITION 268435455 <= VALUES < 536870910
I20260608 10:04:21.117063 25263 data_dirs.cc:400] Could only allocate 1 dirs of requested 3 for tablet ab47f7326944479098491ca33757633e. 1 dirs total, 0 dirs full, 0 dirs failed
I20260608 10:04:21.130177 25112 tablet_service.cc:1511] Processing CreateTablet for tablet 70776513cc19488a92705cbd76335de5 (DEFAULT_TABLE table=test-workload [id=93e78ed2ffe14e06b9ba676da39cc5e3]), partition=RANGE (key) PARTITION 536870910 <= VALUES < 805306365
I20260608 10:04:21.131906 25112 data_dirs.cc:400] Could only allocate 1 dirs of requested 3 for tablet 70776513cc19488a92705cbd76335de5. 1 dirs total, 0 dirs full, 0 dirs failed
I20260608 10:04:21.130165 25262 tablet_service.cc:1511] Processing CreateTablet for tablet 70776513cc19488a92705cbd76335de5 (DEFAULT_TABLE table=test-workload [id=93e78ed2ffe14e06b9ba676da39cc5e3]), partition=RANGE (key) PARTITION 536870910 <= VALUES < 805306365
I20260608 10:04:21.132951 25261 tablet_service.cc:1511] Processing CreateTablet for tablet 60cd55ab706f45bca257d5f715d1ac92 (DEFAULT_TABLE table=test-workload [id=93e78ed2ffe14e06b9ba676da39cc5e3]), partition=RANGE (key) PARTITION 805306365 <= VALUES < 1073741820
I20260608 10:04:21.134147 25262 data_dirs.cc:400] Could only allocate 1 dirs of requested 3 for tablet 70776513cc19488a92705cbd76335de5. 1 dirs total, 0 dirs full, 0 dirs failed
I20260608 10:04:21.134871 25261 data_dirs.cc:400] Could only allocate 1 dirs of requested 3 for tablet 60cd55ab706f45bca257d5f715d1ac92. 1 dirs total, 0 dirs full, 0 dirs failed
I20260608 10:04:21.153728 25319 tablet_bootstrap.cc:492] T 575e495b4a464cf9ba0689d3079b3ec3 P a728f02985e34e28804d123dc978d086: Bootstrap starting.
I20260608 10:04:21.154604 25188 tablet_service.cc:1511] Processing CreateTablet for tablet 70776513cc19488a92705cbd76335de5 (DEFAULT_TABLE table=test-workload [id=93e78ed2ffe14e06b9ba676da39cc5e3]), partition=RANGE (key) PARTITION 536870910 <= VALUES < 805306365
I20260608 10:04:21.157742 25189 tablet_service.cc:1511] Processing CreateTablet for tablet ab47f7326944479098491ca33757633e (DEFAULT_TABLE table=test-workload [id=93e78ed2ffe14e06b9ba676da39cc5e3]), partition=RANGE (key) PARTITION 268435455 <= VALUES < 536870910
I20260608 10:04:21.165755 25113 tablet_service.cc:1511] Processing CreateTablet for tablet 60cd55ab706f45bca257d5f715d1ac92 (DEFAULT_TABLE table=test-workload [id=93e78ed2ffe14e06b9ba676da39cc5e3]), partition=RANGE (key) PARTITION 805306365 <= VALUES < 1073741820
I20260608 10:04:21.156234 25188 data_dirs.cc:400] Could only allocate 1 dirs of requested 3 for tablet 70776513cc19488a92705cbd76335de5. 1 dirs total, 0 dirs full, 0 dirs failed
I20260608 10:04:21.168205 25113 data_dirs.cc:400] Could only allocate 1 dirs of requested 3 for tablet 60cd55ab706f45bca257d5f715d1ac92. 1 dirs total, 0 dirs full, 0 dirs failed
I20260608 10:04:21.168994 25189 data_dirs.cc:400] Could only allocate 1 dirs of requested 3 for tablet ab47f7326944479098491ca33757633e. 1 dirs total, 0 dirs full, 0 dirs failed
I20260608 10:04:21.169648 25114 tablet_service.cc:1511] Processing CreateTablet for tablet 1e6d0343246b4472bb8fe1d507350057 (DEFAULT_TABLE table=test-workload [id=93e78ed2ffe14e06b9ba676da39cc5e3]), partition=RANGE (key) PARTITION 1073741820 <= VALUES < 1342177275
I20260608 10:04:21.175645 25187 tablet_service.cc:1511] Processing CreateTablet for tablet 60cd55ab706f45bca257d5f715d1ac92 (DEFAULT_TABLE table=test-workload [id=93e78ed2ffe14e06b9ba676da39cc5e3]), partition=RANGE (key) PARTITION 805306365 <= VALUES < 1073741820
I20260608 10:04:21.176110 25260 tablet_service.cc:1511] Processing CreateTablet for tablet 1e6d0343246b4472bb8fe1d507350057 (DEFAULT_TABLE table=test-workload [id=93e78ed2ffe14e06b9ba676da39cc5e3]), partition=RANGE (key) PARTITION 1073741820 <= VALUES < 1342177275
I20260608 10:04:21.177549 25187 data_dirs.cc:400] Could only allocate 1 dirs of requested 3 for tablet 60cd55ab706f45bca257d5f715d1ac92. 1 dirs total, 0 dirs full, 0 dirs failed
I20260608 10:04:21.177881 25260 data_dirs.cc:400] Could only allocate 1 dirs of requested 3 for tablet 1e6d0343246b4472bb8fe1d507350057. 1 dirs total, 0 dirs full, 0 dirs failed
I20260608 10:04:21.178726 25319 tablet_bootstrap.cc:654] T 575e495b4a464cf9ba0689d3079b3ec3 P a728f02985e34e28804d123dc978d086: Neither blocks nor log segments found. Creating new log.
I20260608 10:04:21.178422 25186 tablet_service.cc:1511] Processing CreateTablet for tablet 1e6d0343246b4472bb8fe1d507350057 (DEFAULT_TABLE table=test-workload [id=93e78ed2ffe14e06b9ba676da39cc5e3]), partition=RANGE (key) PARTITION 1073741820 <= VALUES < 1342177275
I20260608 10:04:21.181999 25186 data_dirs.cc:400] Could only allocate 1 dirs of requested 3 for tablet 1e6d0343246b4472bb8fe1d507350057. 1 dirs total, 0 dirs full, 0 dirs failed
I20260608 10:04:21.175992 25114 data_dirs.cc:400] Could only allocate 1 dirs of requested 3 for tablet 1e6d0343246b4472bb8fe1d507350057. 1 dirs total, 0 dirs full, 0 dirs failed
I20260608 10:04:21.174165 25190 tablet_service.cc:1511] Processing CreateTablet for tablet 575e495b4a464cf9ba0689d3079b3ec3 (DEFAULT_TABLE table=test-workload [id=93e78ed2ffe14e06b9ba676da39cc5e3]), partition=RANGE (key) PARTITION VALUES < 268435455
I20260608 10:04:21.193883 25190 data_dirs.cc:400] Could only allocate 1 dirs of requested 3 for tablet 575e495b4a464cf9ba0689d3079b3ec3. 1 dirs total, 0 dirs full, 0 dirs failed
I20260608 10:04:21.193632 25111 tablet_service.cc:1511] Processing CreateTablet for tablet 81ae2c93ccc44c199c58cca7542df29b (DEFAULT_TABLE table=test-workload [id=93e78ed2ffe14e06b9ba676da39cc5e3]), partition=RANGE (key) PARTITION 1342177275 <= VALUES < 1610612730
I20260608 10:04:21.195256 25111 data_dirs.cc:400] Could only allocate 1 dirs of requested 3 for tablet 81ae2c93ccc44c199c58cca7542df29b. 1 dirs total, 0 dirs full, 0 dirs failed
I20260608 10:04:21.199111 25185 tablet_service.cc:1511] Processing CreateTablet for tablet 81ae2c93ccc44c199c58cca7542df29b (DEFAULT_TABLE table=test-workload [id=93e78ed2ffe14e06b9ba676da39cc5e3]), partition=RANGE (key) PARTITION 1342177275 <= VALUES < 1610612730
I20260608 10:04:21.203667 25185 data_dirs.cc:400] Could only allocate 1 dirs of requested 3 for tablet 81ae2c93ccc44c199c58cca7542df29b. 1 dirs total, 0 dirs full, 0 dirs failed
I20260608 10:04:21.221812 25259 tablet_service.cc:1511] Processing CreateTablet for tablet 81ae2c93ccc44c199c58cca7542df29b (DEFAULT_TABLE table=test-workload [id=93e78ed2ffe14e06b9ba676da39cc5e3]), partition=RANGE (key) PARTITION 1342177275 <= VALUES < 1610612730
I20260608 10:04:21.223958 25259 data_dirs.cc:400] Could only allocate 1 dirs of requested 3 for tablet 81ae2c93ccc44c199c58cca7542df29b. 1 dirs total, 0 dirs full, 0 dirs failed
I20260608 10:04:21.237344 25110 tablet_service.cc:1511] Processing CreateTablet for tablet cfdc9ae5fcce44eca169a055e96b5346 (DEFAULT_TABLE table=test-workload [id=93e78ed2ffe14e06b9ba676da39cc5e3]), partition=RANGE (key) PARTITION 1610612730 <= VALUES < 1879048185
I20260608 10:04:21.241825 25184 tablet_service.cc:1511] Processing CreateTablet for tablet cfdc9ae5fcce44eca169a055e96b5346 (DEFAULT_TABLE table=test-workload [id=93e78ed2ffe14e06b9ba676da39cc5e3]), partition=RANGE (key) PARTITION 1610612730 <= VALUES < 1879048185
I20260608 10:04:21.246120 25110 data_dirs.cc:400] Could only allocate 1 dirs of requested 3 for tablet cfdc9ae5fcce44eca169a055e96b5346. 1 dirs total, 0 dirs full, 0 dirs failed
I20260608 10:04:21.246714 25184 data_dirs.cc:400] Could only allocate 1 dirs of requested 3 for tablet cfdc9ae5fcce44eca169a055e96b5346. 1 dirs total, 0 dirs full, 0 dirs failed
I20260608 10:04:21.247866 25320 tablet_bootstrap.cc:492] T 575e495b4a464cf9ba0689d3079b3ec3 P 81f940af3bfc41008b0be31c43d129a1: Bootstrap starting.
I20260608 10:04:21.285812 25263 tablet_service.cc:1511] Processing CreateTablet for tablet cfdc9ae5fcce44eca169a055e96b5346 (DEFAULT_TABLE table=test-workload [id=93e78ed2ffe14e06b9ba676da39cc5e3]), partition=RANGE (key) PARTITION 1610612730 <= VALUES < 1879048185
I20260608 10:04:21.294126 25319 tablet_bootstrap.cc:492] T 575e495b4a464cf9ba0689d3079b3ec3 P a728f02985e34e28804d123dc978d086: No bootstrap required, opened a new log
I20260608 10:04:21.295859 25109 tablet_service.cc:1511] Processing CreateTablet for tablet 6826bb8b0fb24fe1a2fd585c1ef930ca (DEFAULT_TABLE table=test-workload [id=93e78ed2ffe14e06b9ba676da39cc5e3]), partition=RANGE (key) PARTITION 1879048185 <= VALUES
I20260608 10:04:21.298000 25319 ts_tablet_manager.cc:1403] T 575e495b4a464cf9ba0689d3079b3ec3 P a728f02985e34e28804d123dc978d086: Time spent bootstrapping tablet: real 0.145s	user 0.008s	sys 0.009s
I20260608 10:04:21.298552 25109 data_dirs.cc:400] Could only allocate 1 dirs of requested 3 for tablet 6826bb8b0fb24fe1a2fd585c1ef930ca. 1 dirs total, 0 dirs full, 0 dirs failed
I20260608 10:04:21.288260 25263 data_dirs.cc:400] Could only allocate 1 dirs of requested 3 for tablet cfdc9ae5fcce44eca169a055e96b5346. 1 dirs total, 0 dirs full, 0 dirs failed
I20260608 10:04:21.302814 25319 raft_consensus.cc:359] T 575e495b4a464cf9ba0689d3079b3ec3 P a728f02985e34e28804d123dc978d086 [term 0 FOLLOWER]: Replica starting. Triggering 0 pending ops. Active config: opid_index: -1 OBSOLETE_local: false peers { permanent_uuid: "81f940af3bfc41008b0be31c43d129a1" member_type: VOTER last_known_addr { host: "127.23.226.67" port: 33163 } } peers { permanent_uuid: "1a0e352ec92b46089346fbb747f497f3" member_type: VOTER last_known_addr { host: "127.23.226.66" port: 42825 } } peers { permanent_uuid: "a728f02985e34e28804d123dc978d086" member_type: VOTER last_known_addr { host: "127.23.226.65" port: 40515 } }
I20260608 10:04:21.303640 25319 raft_consensus.cc:385] T 575e495b4a464cf9ba0689d3079b3ec3 P a728f02985e34e28804d123dc978d086 [term 0 FOLLOWER]: Consensus starting up: Expiring failure detector timer to make a prompt election more likely
I20260608 10:04:21.304016 25319 raft_consensus.cc:740] T 575e495b4a464cf9ba0689d3079b3ec3 P a728f02985e34e28804d123dc978d086 [term 0 FOLLOWER]: Becoming Follower/Learner. State: Replica: a728f02985e34e28804d123dc978d086, State: Initialized, Role: FOLLOWER
I20260608 10:04:21.305666 25319 consensus_queue.cc:260] T 575e495b4a464cf9ba0689d3079b3ec3 P a728f02985e34e28804d123dc978d086 [NON_LEADER]: Queue going to NON_LEADER mode. State: All replicated index: 0, Majority replicated index: 0, Committed index: 0, Last appended: 0.0, Last appended by leader: 0, Current term: 0, Majority size: -1, State: 0, Mode: NON_LEADER, active raft config: opid_index: -1 OBSOLETE_local: false peers { permanent_uuid: "81f940af3bfc41008b0be31c43d129a1" member_type: VOTER last_known_addr { host: "127.23.226.67" port: 33163 } } peers { permanent_uuid: "1a0e352ec92b46089346fbb747f497f3" member_type: VOTER last_known_addr { host: "127.23.226.66" port: 42825 } } peers { permanent_uuid: "a728f02985e34e28804d123dc978d086" member_type: VOTER last_known_addr { host: "127.23.226.65" port: 40515 } }
I20260608 10:04:21.318058 25261 tablet_service.cc:1511] Processing CreateTablet for tablet 6826bb8b0fb24fe1a2fd585c1ef930ca (DEFAULT_TABLE table=test-workload [id=93e78ed2ffe14e06b9ba676da39cc5e3]), partition=RANGE (key) PARTITION 1879048185 <= VALUES
I20260608 10:04:21.319429 25320 tablet_bootstrap.cc:654] T 575e495b4a464cf9ba0689d3079b3ec3 P 81f940af3bfc41008b0be31c43d129a1: Neither blocks nor log segments found. Creating new log.
I20260608 10:04:21.319576 25261 data_dirs.cc:400] Could only allocate 1 dirs of requested 3 for tablet 6826bb8b0fb24fe1a2fd585c1ef930ca. 1 dirs total, 0 dirs full, 0 dirs failed
I20260608 10:04:21.330134 25322 tablet_bootstrap.cc:492] T 70776513cc19488a92705cbd76335de5 P 1a0e352ec92b46089346fbb747f497f3: Bootstrap starting.
I20260608 10:04:21.327692 25187 tablet_service.cc:1511] Processing CreateTablet for tablet 6826bb8b0fb24fe1a2fd585c1ef930ca (DEFAULT_TABLE table=test-workload [id=93e78ed2ffe14e06b9ba676da39cc5e3]), partition=RANGE (key) PARTITION 1879048185 <= VALUES
I20260608 10:04:21.329753 25319 ts_tablet_manager.cc:1434] T 575e495b4a464cf9ba0689d3079b3ec3 P a728f02985e34e28804d123dc978d086: Time spent starting tablet: real 0.031s	user 0.009s	sys 0.003s
I20260608 10:04:21.339609 25319 tablet_bootstrap.cc:492] T ab47f7326944479098491ca33757633e P a728f02985e34e28804d123dc978d086: Bootstrap starting.
I20260608 10:04:21.352792 25319 tablet_bootstrap.cc:654] T ab47f7326944479098491ca33757633e P a728f02985e34e28804d123dc978d086: Neither blocks nor log segments found. Creating new log.
I20260608 10:04:21.339171 25187 data_dirs.cc:400] Could only allocate 1 dirs of requested 3 for tablet 6826bb8b0fb24fe1a2fd585c1ef930ca. 1 dirs total, 0 dirs full, 0 dirs failed
I20260608 10:04:21.370290 25322 tablet_bootstrap.cc:654] T 70776513cc19488a92705cbd76335de5 P 1a0e352ec92b46089346fbb747f497f3: Neither blocks nor log segments found. Creating new log.
I20260608 10:04:21.368193 25320 tablet_bootstrap.cc:492] T 575e495b4a464cf9ba0689d3079b3ec3 P 81f940af3bfc41008b0be31c43d129a1: No bootstrap required, opened a new log
I20260608 10:04:21.384707 25320 ts_tablet_manager.cc:1403] T 575e495b4a464cf9ba0689d3079b3ec3 P 81f940af3bfc41008b0be31c43d129a1: Time spent bootstrapping tablet: real 0.137s	user 0.022s	sys 0.022s
I20260608 10:04:21.386334 25319 tablet_bootstrap.cc:492] T ab47f7326944479098491ca33757633e P a728f02985e34e28804d123dc978d086: No bootstrap required, opened a new log
I20260608 10:04:21.387458 25319 ts_tablet_manager.cc:1403] T ab47f7326944479098491ca33757633e P a728f02985e34e28804d123dc978d086: Time spent bootstrapping tablet: real 0.048s	user 0.025s	sys 0.009s
I20260608 10:04:21.392089 25320 raft_consensus.cc:359] T 575e495b4a464cf9ba0689d3079b3ec3 P 81f940af3bfc41008b0be31c43d129a1 [term 0 FOLLOWER]: Replica starting. Triggering 0 pending ops. Active config: opid_index: -1 OBSOLETE_local: false peers { permanent_uuid: "81f940af3bfc41008b0be31c43d129a1" member_type: VOTER last_known_addr { host: "127.23.226.67" port: 33163 } } peers { permanent_uuid: "1a0e352ec92b46089346fbb747f497f3" member_type: VOTER last_known_addr { host: "127.23.226.66" port: 42825 } } peers { permanent_uuid: "a728f02985e34e28804d123dc978d086" member_type: VOTER last_known_addr { host: "127.23.226.65" port: 40515 } }
I20260608 10:04:21.395279 25320 raft_consensus.cc:385] T 575e495b4a464cf9ba0689d3079b3ec3 P 81f940af3bfc41008b0be31c43d129a1 [term 0 FOLLOWER]: Consensus starting up: Expiring failure detector timer to make a prompt election more likely
I20260608 10:04:21.395624 25320 raft_consensus.cc:740] T 575e495b4a464cf9ba0689d3079b3ec3 P 81f940af3bfc41008b0be31c43d129a1 [term 0 FOLLOWER]: Becoming Follower/Learner. State: Replica: 81f940af3bfc41008b0be31c43d129a1, State: Initialized, Role: FOLLOWER
I20260608 10:04:21.396642 25322 tablet_bootstrap.cc:492] T 70776513cc19488a92705cbd76335de5 P 1a0e352ec92b46089346fbb747f497f3: No bootstrap required, opened a new log
I20260608 10:04:21.396466 25320 consensus_queue.cc:260] T 575e495b4a464cf9ba0689d3079b3ec3 P 81f940af3bfc41008b0be31c43d129a1 [NON_LEADER]: Queue going to NON_LEADER mode. State: All replicated index: 0, Majority replicated index: 0, Committed index: 0, Last appended: 0.0, Last appended by leader: 0, Current term: 0, Majority size: -1, State: 0, Mode: NON_LEADER, active raft config: opid_index: -1 OBSOLETE_local: false peers { permanent_uuid: "81f940af3bfc41008b0be31c43d129a1" member_type: VOTER last_known_addr { host: "127.23.226.67" port: 33163 } } peers { permanent_uuid: "1a0e352ec92b46089346fbb747f497f3" member_type: VOTER last_known_addr { host: "127.23.226.66" port: 42825 } } peers { permanent_uuid: "a728f02985e34e28804d123dc978d086" member_type: VOTER last_known_addr { host: "127.23.226.65" port: 40515 } }
I20260608 10:04:21.397153 25322 ts_tablet_manager.cc:1403] T 70776513cc19488a92705cbd76335de5 P 1a0e352ec92b46089346fbb747f497f3: Time spent bootstrapping tablet: real 0.069s	user 0.017s	sys 0.017s
I20260608 10:04:21.397822 25319 raft_consensus.cc:359] T ab47f7326944479098491ca33757633e P a728f02985e34e28804d123dc978d086 [term 0 FOLLOWER]: Replica starting. Triggering 0 pending ops. Active config: opid_index: -1 OBSOLETE_local: false peers { permanent_uuid: "a728f02985e34e28804d123dc978d086" member_type: VOTER last_known_addr { host: "127.23.226.65" port: 40515 } } peers { permanent_uuid: "1a0e352ec92b46089346fbb747f497f3" member_type: VOTER last_known_addr { host: "127.23.226.66" port: 42825 } } peers { permanent_uuid: "81f940af3bfc41008b0be31c43d129a1" member_type: VOTER last_known_addr { host: "127.23.226.67" port: 33163 } }
I20260608 10:04:21.398667 25319 raft_consensus.cc:385] T ab47f7326944479098491ca33757633e P a728f02985e34e28804d123dc978d086 [term 0 FOLLOWER]: Consensus starting up: Expiring failure detector timer to make a prompt election more likely
I20260608 10:04:21.399052 25319 raft_consensus.cc:740] T ab47f7326944479098491ca33757633e P a728f02985e34e28804d123dc978d086 [term 0 FOLLOWER]: Becoming Follower/Learner. State: Replica: a728f02985e34e28804d123dc978d086, State: Initialized, Role: FOLLOWER
I20260608 10:04:21.400051 25319 consensus_queue.cc:260] T ab47f7326944479098491ca33757633e P a728f02985e34e28804d123dc978d086 [NON_LEADER]: Queue going to NON_LEADER mode. State: All replicated index: 0, Majority replicated index: 0, Committed index: 0, Last appended: 0.0, Last appended by leader: 0, Current term: 0, Majority size: -1, State: 0, Mode: NON_LEADER, active raft config: opid_index: -1 OBSOLETE_local: false peers { permanent_uuid: "a728f02985e34e28804d123dc978d086" member_type: VOTER last_known_addr { host: "127.23.226.65" port: 40515 } } peers { permanent_uuid: "1a0e352ec92b46089346fbb747f497f3" member_type: VOTER last_known_addr { host: "127.23.226.66" port: 42825 } } peers { permanent_uuid: "81f940af3bfc41008b0be31c43d129a1" member_type: VOTER last_known_addr { host: "127.23.226.67" port: 33163 } }
I20260608 10:04:21.403573 25319 ts_tablet_manager.cc:1434] T ab47f7326944479098491ca33757633e P a728f02985e34e28804d123dc978d086: Time spent starting tablet: real 0.015s	user 0.007s	sys 0.000s
I20260608 10:04:21.403970 25322 raft_consensus.cc:359] T 70776513cc19488a92705cbd76335de5 P 1a0e352ec92b46089346fbb747f497f3 [term 0 FOLLOWER]: Replica starting. Triggering 0 pending ops. Active config: opid_index: -1 OBSOLETE_local: false peers { permanent_uuid: "a728f02985e34e28804d123dc978d086" member_type: VOTER last_known_addr { host: "127.23.226.65" port: 40515 } } peers { permanent_uuid: "1a0e352ec92b46089346fbb747f497f3" member_type: VOTER last_known_addr { host: "127.23.226.66" port: 42825 } } peers { permanent_uuid: "81f940af3bfc41008b0be31c43d129a1" member_type: VOTER last_known_addr { host: "127.23.226.67" port: 33163 } }
I20260608 10:04:21.405037 25322 raft_consensus.cc:385] T 70776513cc19488a92705cbd76335de5 P 1a0e352ec92b46089346fbb747f497f3 [term 0 FOLLOWER]: Consensus starting up: Expiring failure detector timer to make a prompt election more likely
I20260608 10:04:21.405339 25319 tablet_bootstrap.cc:492] T 70776513cc19488a92705cbd76335de5 P a728f02985e34e28804d123dc978d086: Bootstrap starting.
