I20260608 09:48:45.855489 32100 tablet_service.cc:1917] Received RequestConsensusVote() RPC: tablet_id: "730a688d705b44938acfce876d8ba452" candidate_uuid: "d826e5bd7f534d0b8008753176f469ff" candidate_term: 1 candidate_status { last_received { term: 0 index: 0 } } ignore_live_leader: false dest_uuid: "2963501136ab453eaea6ee7c2bab373d" is_pre_election: true
W20260608 09:48:45.861712 31912 leader_election.cc:343] T 730a688d705b44938acfce876d8ba452 P d826e5bd7f534d0b8008753176f469ff [CANDIDATE]: Term 1 pre-election: Tablet error from VoteRequest() call to peer 2963501136ab453eaea6ee7c2bab373d (127.28.26.4:40251): Illegal state: must be running to vote when last-logged opid is not known
I20260608 09:48:45.866786 31998 consensus_queue.cc:1048] T dfc5b5f1d928418d809892cb53a39d54 P 6a042dd9e21c480ea9eb6943fa0091b2 [LEADER]: Connected to new peer: Peer: permanent_uuid: "d826e5bd7f534d0b8008753176f469ff" member_type: VOTER last_known_addr { host: "127.28.26.3" port: 40159 }, Status: LMP_MISMATCH, Last received: 0.0, Next index: 1, Last known committed idx: 0, Time since last communication: 0.005s
I20260608 09:48:45.870920 32173 raft_consensus.cc:515] T 730a688d705b44938acfce876d8ba452 P d826e5bd7f534d0b8008753176f469ff [term 1 FOLLOWER]: Starting leader election with config: opid_index: -1 OBSOLETE_local: false peers { permanent_uuid: "2963501136ab453eaea6ee7c2bab373d" member_type: VOTER last_known_addr { host: "127.28.26.4" port: 40251 } } peers { permanent_uuid: "d826e5bd7f534d0b8008753176f469ff" member_type: VOTER last_known_addr { host: "127.28.26.3" port: 40159 } } peers { permanent_uuid: "6a042dd9e21c480ea9eb6943fa0091b2" member_type: VOTER last_known_addr { host: "127.28.26.1" port: 40767 } }
I20260608 09:48:45.879760 32100 tablet_service.cc:1917] Received RequestConsensusVote() RPC: tablet_id: "730a688d705b44938acfce876d8ba452" candidate_uuid: "d826e5bd7f534d0b8008753176f469ff" candidate_term: 1 candidate_status { last_received { term: 0 index: 0 } } ignore_live_leader: false dest_uuid: "2963501136ab453eaea6ee7c2bab373d"
W20260608 09:48:45.881402 31912 leader_election.cc:343] T 730a688d705b44938acfce876d8ba452 P d826e5bd7f534d0b8008753176f469ff [CANDIDATE]: Term 1 election: Tablet error from VoteRequest() call to peer 2963501136ab453eaea6ee7c2bab373d (127.28.26.4:40251): Illegal state: must be running to vote when last-logged opid is not known
I20260608 09:48:45.885507 32144 tablet_bootstrap.cc:492] T 730a688d705b44938acfce876d8ba452 P 2963501136ab453eaea6ee7c2bab373d: No bootstrap required, opened a new log
I20260608 09:48:45.888149 31796 tablet_service.cc:1917] Received RequestConsensusVote() RPC: tablet_id: "730a688d705b44938acfce876d8ba452" candidate_uuid: "d826e5bd7f534d0b8008753176f469ff" candidate_term: 1 candidate_status { last_received { term: 0 index: 0 } } ignore_live_leader: false dest_uuid: "6a042dd9e21c480ea9eb6943fa0091b2"
I20260608 09:48:45.888818 31796 raft_consensus.cc:3060] T 730a688d705b44938acfce876d8ba452 P 6a042dd9e21c480ea9eb6943fa0091b2 [term 0 FOLLOWER]: Advancing to term 1
I20260608 09:48:45.892757 31695 catalog_manager.cc:5696] T 3cfbf2db1dc646eea6ddbd146a02fc58 P 44e257f518294074bae172c708679c3c reported cstate change: term changed from 0 to 1, leader changed from <none> to 44e257f518294074bae172c708679c3c (127.28.26.2). New cstate: current_term: 1 leader_uuid: "44e257f518294074bae172c708679c3c" committed_config { opid_index: -1 OBSOLETE_local: false peers { permanent_uuid: "2963501136ab453eaea6ee7c2bab373d" member_type: VOTER last_known_addr { host: "127.28.26.4" port: 40251 } health_report { overall_health: UNKNOWN } } peers { permanent_uuid: "6a042dd9e21c480ea9eb6943fa0091b2" member_type: VOTER last_known_addr { host: "127.28.26.1" port: 40767 } health_report { overall_health: UNKNOWN } } peers { permanent_uuid: "44e257f518294074bae172c708679c3c" member_type: VOTER last_known_addr { host: "127.28.26.2" port: 44967 } health_report { overall_health: HEALTHY } } }
I20260608 09:48:45.895094 31796 raft_consensus.cc:2468] T 730a688d705b44938acfce876d8ba452 P 6a042dd9e21c480ea9eb6943fa0091b2 [term 1 FOLLOWER]: Leader election vote request: Granting yes vote for candidate d826e5bd7f534d0b8008753176f469ff in term 1.
I20260608 09:48:45.895967 32173 leader_election.cc:290] T 730a688d705b44938acfce876d8ba452 P d826e5bd7f534d0b8008753176f469ff [CANDIDATE]: Term 1 election: Requested vote from peers 2963501136ab453eaea6ee7c2bab373d (127.28.26.4:40251), 6a042dd9e21c480ea9eb6943fa0091b2 (127.28.26.1:40767)
I20260608 09:48:45.896524 32144 ts_tablet_manager.cc:1403] T 730a688d705b44938acfce876d8ba452 P 2963501136ab453eaea6ee7c2bab373d: Time spent bootstrapping tablet: real 0.109s	user 0.016s	sys 0.011s
I20260608 09:48:45.896534 31913 leader_election.cc:304] T 730a688d705b44938acfce876d8ba452 P d826e5bd7f534d0b8008753176f469ff [CANDIDATE]: Term 1 election: Election decided. Result: candidate won. Election summary: received 3 responses out of 3 voters: 2 yes votes; 1 no votes. yes voters: 6a042dd9e21c480ea9eb6943fa0091b2, d826e5bd7f534d0b8008753176f469ff; no voters: 2963501136ab453eaea6ee7c2bab373d
I20260608 09:48:45.898103 32173 raft_consensus.cc:2804] T 730a688d705b44938acfce876d8ba452 P d826e5bd7f534d0b8008753176f469ff [term 1 FOLLOWER]: Leader election won for term 1
I20260608 09:48:45.898667 32173 raft_consensus.cc:697] T 730a688d705b44938acfce876d8ba452 P d826e5bd7f534d0b8008753176f469ff [term 1 LEADER]: Becoming Leader. State: Replica: d826e5bd7f534d0b8008753176f469ff, State: Running, Role: LEADER
I20260608 09:48:45.899600 32144 raft_consensus.cc:359] T 730a688d705b44938acfce876d8ba452 P 2963501136ab453eaea6ee7c2bab373d [term 0 FOLLOWER]: Replica starting. Triggering 0 pending ops. Active config: opid_index: -1 OBSOLETE_local: false peers { permanent_uuid: "2963501136ab453eaea6ee7c2bab373d" member_type: VOTER last_known_addr { host: "127.28.26.4" port: 40251 } } peers { permanent_uuid: "d826e5bd7f534d0b8008753176f469ff" member_type: VOTER last_known_addr { host: "127.28.26.3" port: 40159 } } peers { permanent_uuid: "6a042dd9e21c480ea9eb6943fa0091b2" member_type: VOTER last_known_addr { host: "127.28.26.1" port: 40767 } }
I20260608 09:48:45.899523 32173 consensus_queue.cc:237] T 730a688d705b44938acfce876d8ba452 P d826e5bd7f534d0b8008753176f469ff [LEADER]: Queue going to LEADER mode. State: All replicated index: 0, Majority replicated index: 0, Committed index: 0, Last appended: 0.0, Last appended by leader: 0, Current term: 1, Majority size: 2, State: 0, Mode: LEADER, active raft config: opid_index: -1 OBSOLETE_local: false peers { permanent_uuid: "2963501136ab453eaea6ee7c2bab373d" member_type: VOTER last_known_addr { host: "127.28.26.4" port: 40251 } } peers { permanent_uuid: "d826e5bd7f534d0b8008753176f469ff" member_type: VOTER last_known_addr { host: "127.28.26.3" port: 40159 } } peers { permanent_uuid: "6a042dd9e21c480ea9eb6943fa0091b2" member_type: VOTER last_known_addr { host: "127.28.26.1" port: 40767 } }
I20260608 09:48:45.900312 32144 raft_consensus.cc:385] T 730a688d705b44938acfce876d8ba452 P 2963501136ab453eaea6ee7c2bab373d [term 0 FOLLOWER]: Consensus starting up: Expiring failure detector timer to make a prompt election more likely
I20260608 09:48:45.900626 32144 raft_consensus.cc:740] T 730a688d705b44938acfce876d8ba452 P 2963501136ab453eaea6ee7c2bab373d [term 0 FOLLOWER]: Becoming Follower/Learner. State: Replica: 2963501136ab453eaea6ee7c2bab373d, State: Initialized, Role: FOLLOWER
I20260608 09:48:45.901315 32144 consensus_queue.cc:260] T 730a688d705b44938acfce876d8ba452 P 2963501136ab453eaea6ee7c2bab373d [NON_LEADER]: Queue going to NON_LEADER mode. State: All replicated index: 0, Majority replicated index: 0, Committed index: 0, Last appended: 0.0, Last appended by leader: 0, Current term: 0, Majority size: -1, State: 0, Mode: NON_LEADER, active raft config: opid_index: -1 OBSOLETE_local: false peers { permanent_uuid: "2963501136ab453eaea6ee7c2bab373d" member_type: VOTER last_known_addr { host: "127.28.26.4" port: 40251 } } peers { permanent_uuid: "d826e5bd7f534d0b8008753176f469ff" member_type: VOTER last_known_addr { host: "127.28.26.3" port: 40159 } } peers { permanent_uuid: "6a042dd9e21c480ea9eb6943fa0091b2" member_type: VOTER last_known_addr { host: "127.28.26.1" port: 40767 } }
I20260608 09:48:45.903448 32144 ts_tablet_manager.cc:1434] T 730a688d705b44938acfce876d8ba452 P 2963501136ab453eaea6ee7c2bab373d: Time spent starting tablet: real 0.006s	user 0.005s	sys 0.000s
I20260608 09:48:45.919694 32202 consensus_queue.cc:1048] T dfc5b5f1d928418d809892cb53a39d54 P 6a042dd9e21c480ea9eb6943fa0091b2 [LEADER]: Connected to new peer: Peer: permanent_uuid: "2963501136ab453eaea6ee7c2bab373d" member_type: VOTER last_known_addr { host: "127.28.26.4" port: 40251 }, Status: LMP_MISMATCH, Last received: 0.0, Next index: 1, Last known committed idx: 0, Time since last communication: 0.001s
I20260608 09:48:45.922863 31694 catalog_manager.cc:5696] T 730a688d705b44938acfce876d8ba452 P d826e5bd7f534d0b8008753176f469ff reported cstate change: term changed from 0 to 1, leader changed from <none> to d826e5bd7f534d0b8008753176f469ff (127.28.26.3). New cstate: current_term: 1 leader_uuid: "d826e5bd7f534d0b8008753176f469ff" committed_config { opid_index: -1 OBSOLETE_local: false peers { permanent_uuid: "2963501136ab453eaea6ee7c2bab373d" member_type: VOTER last_known_addr { host: "127.28.26.4" port: 40251 } health_report { overall_health: UNKNOWN } } peers { permanent_uuid: "d826e5bd7f534d0b8008753176f469ff" member_type: VOTER last_known_addr { host: "127.28.26.3" port: 40159 } health_report { overall_health: HEALTHY } } peers { permanent_uuid: "6a042dd9e21c480ea9eb6943fa0091b2" member_type: VOTER last_known_addr { host: "127.28.26.1" port: 40767 } health_report { overall_health: UNKNOWN } } }
I20260608 09:48:46.134734 32195 raft_consensus.cc:493] T fd8d5b0186c04526909db9bc84eca68d P 2963501136ab453eaea6ee7c2bab373d [term 0 FOLLOWER]: Starting pre-election (no leader contacted us within the election timeout)
I20260608 09:48:46.135332 32195 raft_consensus.cc:515] T fd8d5b0186c04526909db9bc84eca68d P 2963501136ab453eaea6ee7c2bab373d [term 0 FOLLOWER]: Starting pre-election with config: opid_index: -1 OBSOLETE_local: false peers { permanent_uuid: "d826e5bd7f534d0b8008753176f469ff" member_type: VOTER last_known_addr { host: "127.28.26.3" port: 40159 } } peers { permanent_uuid: "2963501136ab453eaea6ee7c2bab373d" member_type: VOTER last_known_addr { host: "127.28.26.4" port: 40251 } } peers { permanent_uuid: "44e257f518294074bae172c708679c3c" member_type: VOTER last_known_addr { host: "127.28.26.2" port: 44967 } }
I20260608 09:48:46.136997 32195 leader_election.cc:290] T fd8d5b0186c04526909db9bc84eca68d P 2963501136ab453eaea6ee7c2bab373d [CANDIDATE]: Term 1 pre-election: Requested pre-vote from peers d826e5bd7f534d0b8008753176f469ff (127.28.26.3:40159), 44e257f518294074bae172c708679c3c (127.28.26.2:44967)
I20260608 09:48:46.138018 31946 tablet_service.cc:1917] Received RequestConsensusVote() RPC: tablet_id: "fd8d5b0186c04526909db9bc84eca68d" candidate_uuid: "2963501136ab453eaea6ee7c2bab373d" candidate_term: 1 candidate_status { last_received { term: 0 index: 0 } } ignore_live_leader: false dest_uuid: "d826e5bd7f534d0b8008753176f469ff" is_pre_election: true
I20260608 09:48:46.138304 31871 tablet_service.cc:1917] Received RequestConsensusVote() RPC: tablet_id: "fd8d5b0186c04526909db9bc84eca68d" candidate_uuid: "2963501136ab453eaea6ee7c2bab373d" candidate_term: 1 candidate_status { last_received { term: 0 index: 0 } } ignore_live_leader: false dest_uuid: "44e257f518294074bae172c708679c3c" is_pre_election: true
I20260608 09:48:46.138685 31946 raft_consensus.cc:2393] T fd8d5b0186c04526909db9bc84eca68d P d826e5bd7f534d0b8008753176f469ff [term 1 FOLLOWER]: Leader pre-election vote request: Denying vote to candidate 2963501136ab453eaea6ee7c2bab373d in current term 1: Already voted for candidate 44e257f518294074bae172c708679c3c in this term.
I20260608 09:48:46.139998 32066 leader_election.cc:304] T fd8d5b0186c04526909db9bc84eca68d P 2963501136ab453eaea6ee7c2bab373d [CANDIDATE]: Term 1 pre-election: Election decided. Result: candidate lost. Election summary: received 3 responses out of 3 voters: 1 yes votes; 2 no votes. yes voters: 2963501136ab453eaea6ee7c2bab373d; no voters: 44e257f518294074bae172c708679c3c, d826e5bd7f534d0b8008753176f469ff
I20260608 09:48:46.140715 32195 raft_consensus.cc:3060] T fd8d5b0186c04526909db9bc84eca68d P 2963501136ab453eaea6ee7c2bab373d [term 0 FOLLOWER]: Advancing to term 1
I20260608 09:48:46.145328 32195 raft_consensus.cc:2749] T fd8d5b0186c04526909db9bc84eca68d P 2963501136ab453eaea6ee7c2bab373d [term 1 FOLLOWER]: Leader pre-election lost for term 1. Reason: could not achieve majority
I20260608 09:48:46.190559 32099 raft_consensus.cc:3060] T 9e3f89aef12f480683104ca0aa40a23d P 2963501136ab453eaea6ee7c2bab373d [term 0 FOLLOWER]: Advancing to term 1
I20260608 09:48:46.196527 32173 consensus_queue.cc:1048] T 9e3f89aef12f480683104ca0aa40a23d P d826e5bd7f534d0b8008753176f469ff [LEADER]: Connected to new peer: Peer: permanent_uuid: "2963501136ab453eaea6ee7c2bab373d" member_type: VOTER last_known_addr { host: "127.28.26.4" port: 40251 }, Status: LMP_MISMATCH, Last received: 0.0, Next index: 1, Last known committed idx: 0, Time since last communication: 0.000s
I20260608 09:48:46.209694 32195 raft_consensus.cc:493] T 730a688d705b44938acfce876d8ba452 P 2963501136ab453eaea6ee7c2bab373d [term 0 FOLLOWER]: Starting pre-election (no leader contacted us within the election timeout)
I20260608 09:48:46.210367 32195 raft_consensus.cc:515] T 730a688d705b44938acfce876d8ba452 P 2963501136ab453eaea6ee7c2bab373d [term 0 FOLLOWER]: Starting pre-election with config: opid_index: -1 OBSOLETE_local: false peers { permanent_uuid: "2963501136ab453eaea6ee7c2bab373d" member_type: VOTER last_known_addr { host: "127.28.26.4" port: 40251 } } peers { permanent_uuid: "d826e5bd7f534d0b8008753176f469ff" member_type: VOTER last_known_addr { host: "127.28.26.3" port: 40159 } } peers { permanent_uuid: "6a042dd9e21c480ea9eb6943fa0091b2" member_type: VOTER last_known_addr { host: "127.28.26.1" port: 40767 } }
I20260608 09:48:46.212353 32173 consensus_queue.cc:1048] T 9e3f89aef12f480683104ca0aa40a23d P d826e5bd7f534d0b8008753176f469ff [LEADER]: Connected to new peer: Peer: permanent_uuid: "44e257f518294074bae172c708679c3c" member_type: VOTER last_known_addr { host: "127.28.26.2" port: 44967 }, Status: LMP_MISMATCH, Last received: 0.0, Next index: 1, Last known committed idx: 0, Time since last communication: 0.000s
I20260608 09:48:46.213128 32195 leader_election.cc:290] T 730a688d705b44938acfce876d8ba452 P 2963501136ab453eaea6ee7c2bab373d [CANDIDATE]: Term 1 pre-election: Requested pre-vote from peers d826e5bd7f534d0b8008753176f469ff (127.28.26.3:40159), 6a042dd9e21c480ea9eb6943fa0091b2 (127.28.26.1:40767)
I20260608 09:48:46.213346 31946 tablet_service.cc:1917] Received RequestConsensusVote() RPC: tablet_id: "730a688d705b44938acfce876d8ba452" candidate_uuid: "2963501136ab453eaea6ee7c2bab373d" candidate_term: 1 candidate_status { last_received { term: 0 index: 0 } } ignore_live_leader: false dest_uuid: "d826e5bd7f534d0b8008753176f469ff" is_pre_election: true
I20260608 09:48:46.214419 31796 tablet_service.cc:1917] Received RequestConsensusVote() RPC: tablet_id: "730a688d705b44938acfce876d8ba452" candidate_uuid: "2963501136ab453eaea6ee7c2bab373d" candidate_term: 1 candidate_status { last_received { term: 0 index: 0 } } ignore_live_leader: false dest_uuid: "6a042dd9e21c480ea9eb6943fa0091b2" is_pre_election: true
I20260608 09:48:46.215269 31796 raft_consensus.cc:2393] T 730a688d705b44938acfce876d8ba452 P 6a042dd9e21c480ea9eb6943fa0091b2 [term 1 FOLLOWER]: Leader pre-election vote request: Denying vote to candidate 2963501136ab453eaea6ee7c2bab373d in current term 1: Already voted for candidate d826e5bd7f534d0b8008753176f469ff in this term.
I20260608 09:48:46.216593 32068 leader_election.cc:304] T 730a688d705b44938acfce876d8ba452 P 2963501136ab453eaea6ee7c2bab373d [CANDIDATE]: Term 1 pre-election: Election decided. Result: candidate lost. Election summary: received 3 responses out of 3 voters: 1 yes votes; 2 no votes. yes voters: 2963501136ab453eaea6ee7c2bab373d; no voters: 6a042dd9e21c480ea9eb6943fa0091b2, d826e5bd7f534d0b8008753176f469ff
I20260608 09:48:46.217763 32195 raft_consensus.cc:3060] T 730a688d705b44938acfce876d8ba452 P 2963501136ab453eaea6ee7c2bab373d [term 0 FOLLOWER]: Advancing to term 1
I20260608 09:48:46.218214 32016 consensus_queue.cc:1048] T 3cfbf2db1dc646eea6ddbd146a02fc58 P 44e257f518294074bae172c708679c3c [LEADER]: Connected to new peer: Peer: permanent_uuid: "6a042dd9e21c480ea9eb6943fa0091b2" member_type: VOTER last_known_addr { host: "127.28.26.1" port: 40767 }, Status: LMP_MISMATCH, Last received: 0.0, Next index: 1, Last known committed idx: 0, Time since last communication: 0.000s
I20260608 09:48:46.231550 32195 raft_consensus.cc:2749] T 730a688d705b44938acfce876d8ba452 P 2963501136ab453eaea6ee7c2bab373d [term 1 FOLLOWER]: Leader pre-election lost for term 1. Reason: could not achieve majority
I20260608 09:48:46.234053 32188 consensus_queue.cc:1048] T 3cfbf2db1dc646eea6ddbd146a02fc58 P 44e257f518294074bae172c708679c3c [LEADER]: Connected to new peer: Peer: permanent_uuid: "2963501136ab453eaea6ee7c2bab373d" member_type: VOTER last_known_addr { host: "127.28.26.4" port: 40251 }, Status: LMP_MISMATCH, Last received: 0.0, Next index: 1, Last known committed idx: 0, Time since last communication: 0.000s
I20260608 09:48:46.261695 31999 consensus_queue.cc:1048] T fd8d5b0186c04526909db9bc84eca68d P 44e257f518294074bae172c708679c3c [LEADER]: Connected to new peer: Peer: permanent_uuid: "d826e5bd7f534d0b8008753176f469ff" member_type: VOTER last_known_addr { host: "127.28.26.3" port: 40159 }, Status: LMP_MISMATCH, Last received: 0.0, Next index: 1, Last known committed idx: 0, Time since last communication: 0.000s
I20260608 09:48:46.265806 32202 consensus_queue.cc:1048] T 6f98cf8468e144b7a23aeb71f2fea488 P 6a042dd9e21c480ea9eb6943fa0091b2 [LEADER]: Connected to new peer: Peer: permanent_uuid: "d826e5bd7f534d0b8008753176f469ff" member_type: VOTER last_known_addr { host: "127.28.26.3" port: 40159 }, Status: LMP_MISMATCH, Last received: 0.0, Next index: 1, Last known committed idx: 0, Time since last communication: 0.000s
I20260608 09:48:46.296286 32202 consensus_queue.cc:1048] T 6f98cf8468e144b7a23aeb71f2fea488 P 6a042dd9e21c480ea9eb6943fa0091b2 [LEADER]: Connected to new peer: Peer: permanent_uuid: "2963501136ab453eaea6ee7c2bab373d" member_type: VOTER last_known_addr { host: "127.28.26.4" port: 40251 }, Status: LMP_MISMATCH, Last received: 0.0, Next index: 1, Last known committed idx: 0, Time since last communication: 0.001s
I20260608 09:48:46.301375 32016 consensus_queue.cc:1048] T fd8d5b0186c04526909db9bc84eca68d P 44e257f518294074bae172c708679c3c [LEADER]: Connected to new peer: Peer: permanent_uuid: "2963501136ab453eaea6ee7c2bab373d" member_type: VOTER last_known_addr { host: "127.28.26.4" port: 40251 }, Status: LMP_MISMATCH, Last received: 0.0, Next index: 1, Last known committed idx: 0, Time since last communication: 0.001s
I20260608 09:48:46.339462 32211 consensus_queue.cc:1048] T 730a688d705b44938acfce876d8ba452 P d826e5bd7f534d0b8008753176f469ff [LEADER]: Connected to new peer: Peer: permanent_uuid: "2963501136ab453eaea6ee7c2bab373d" member_type: VOTER last_known_addr { host: "127.28.26.4" port: 40251 }, Status: LMP_MISMATCH, Last received: 0.0, Next index: 1, Last known committed idx: 0, Time since last communication: 0.001s
I20260608 09:48:46.372174 32024 consensus_queue.cc:1048] T 730a688d705b44938acfce876d8ba452 P d826e5bd7f534d0b8008753176f469ff [LEADER]: Connected to new peer: Peer: permanent_uuid: "6a042dd9e21c480ea9eb6943fa0091b2" member_type: VOTER last_known_addr { host: "127.28.26.1" port: 40767 }, Status: LMP_MISMATCH, Last received: 0.0, Next index: 1, Last known committed idx: 0, Time since last communication: 0.001s
I20260608 09:48:46.791838 31871 consensus_queue.cc:237] T b884e4348f314498ad0f2c35761ac6c6 P 44e257f518294074bae172c708679c3c [LEADER]: Queue going to LEADER mode. State: All replicated index: 0, Majority replicated index: 1, Committed index: 1, Last appended: 1.1, Last appended by leader: 0, Current term: 1, Majority size: 2, State: 0, Mode: LEADER, active raft config: opid_index: 2 OBSOLETE_local: false peers { permanent_uuid: "44e257f518294074bae172c708679c3c" member_type: VOTER last_known_addr { host: "127.28.26.2" port: 44967 } } peers { permanent_uuid: "6a042dd9e21c480ea9eb6943fa0091b2" member_type: VOTER last_known_addr { host: "127.28.26.1" port: 40767 } attrs { replace: true } } peers { permanent_uuid: "d826e5bd7f534d0b8008753176f469ff" member_type: VOTER last_known_addr { host: "127.28.26.3" port: 40159 } } peers { permanent_uuid: "2963501136ab453eaea6ee7c2bab373d" member_type: NON_VOTER last_known_addr { host: "127.28.26.4" port: 40251 } attrs { promote: true } }
I20260608 09:48:46.799273 31798 raft_consensus.cc:1275] T b884e4348f314498ad0f2c35761ac6c6 P 6a042dd9e21c480ea9eb6943fa0091b2 [term 1 FOLLOWER]: Refusing update from remote peer 44e257f518294074bae172c708679c3c: Log matching property violated. Preceding OpId in replica: term: 1 index: 1. Preceding OpId from leader: term: 1 index: 2. (index mismatch)
I20260608 09:48:46.799299 31946 raft_consensus.cc:1275] T b884e4348f314498ad0f2c35761ac6c6 P d826e5bd7f534d0b8008753176f469ff [term 1 FOLLOWER]: Refusing update from remote peer 44e257f518294074bae172c708679c3c: Log matching property violated. Preceding OpId in replica: term: 1 index: 1. Preceding OpId from leader: term: 1 index: 2. (index mismatch)
W20260608 09:48:46.800118 31838 consensus_peers.cc:597] T b884e4348f314498ad0f2c35761ac6c6 P 44e257f518294074bae172c708679c3c -> Peer 2963501136ab453eaea6ee7c2bab373d (127.28.26.4:40251): Couldn't send request to peer 2963501136ab453eaea6ee7c2bab373d. Error code: TABLET_NOT_FOUND (6). Status: Not found: Tablet not found: b884e4348f314498ad0f2c35761ac6c6. This is attempt 1: this message will repeat every 5th retry.
I20260608 09:48:46.801024 32193 consensus_queue.cc:1048] T b884e4348f314498ad0f2c35761ac6c6 P 44e257f518294074bae172c708679c3c [LEADER]: Connected to new peer: Peer: permanent_uuid: "6a042dd9e21c480ea9eb6943fa0091b2" member_type: VOTER last_known_addr { host: "127.28.26.1" port: 40767 } attrs { replace: true }, Status: LMP_MISMATCH, Last received: 0.0, Next index: 2, Last known committed idx: 1, Time since last communication: 0.000s
I20260608 09:48:46.802170 31999 consensus_queue.cc:1048] T b884e4348f314498ad0f2c35761ac6c6 P 44e257f518294074bae172c708679c3c [LEADER]: Connected to new peer: Peer: permanent_uuid: "d826e5bd7f534d0b8008753176f469ff" member_type: VOTER last_known_addr { host: "127.28.26.3" port: 40159 }, Status: LMP_MISMATCH, Last received: 0.0, Next index: 2, Last known committed idx: 1, Time since last communication: 0.000s
I20260608 09:48:46.811024 32193 raft_consensus.cc:2955] T b884e4348f314498ad0f2c35761ac6c6 P 44e257f518294074bae172c708679c3c [term 1 LEADER]: Committing config change with OpId 1.2: config changed from index -1 to 2, NON_VOTER 2963501136ab453eaea6ee7c2bab373d (127.28.26.4) added. New config: { opid_index: 2 OBSOLETE_local: false peers { permanent_uuid: "44e257f518294074bae172c708679c3c" member_type: VOTER last_known_addr { host: "127.28.26.2" port: 44967 } } peers { permanent_uuid: "6a042dd9e21c480ea9eb6943fa0091b2" member_type: VOTER last_known_addr { host: "127.28.26.1" port: 40767 } attrs { replace: true } } peers { permanent_uuid: "d826e5bd7f534d0b8008753176f469ff" member_type: VOTER last_known_addr { host: "127.28.26.3" port: 40159 } } peers { permanent_uuid: "2963501136ab453eaea6ee7c2bab373d" member_type: NON_VOTER last_known_addr { host: "127.28.26.4" port: 40251 } attrs { promote: true } } }
I20260608 09:48:46.813212 31798 raft_consensus.cc:2955] T b884e4348f314498ad0f2c35761ac6c6 P 6a042dd9e21c480ea9eb6943fa0091b2 [term 1 FOLLOWER]: Committing config change with OpId 1.2: config changed from index -1 to 2, NON_VOTER 2963501136ab453eaea6ee7c2bab373d (127.28.26.4) added. New config: { opid_index: 2 OBSOLETE_local: false peers { permanent_uuid: "44e257f518294074bae172c708679c3c" member_type: VOTER last_known_addr { host: "127.28.26.2" port: 44967 } } peers { permanent_uuid: "6a042dd9e21c480ea9eb6943fa0091b2" member_type: VOTER last_known_addr { host: "127.28.26.1" port: 40767 } attrs { replace: true } } peers { permanent_uuid: "d826e5bd7f534d0b8008753176f469ff" member_type: VOTER last_known_addr { host: "127.28.26.3" port: 40159 } } peers { permanent_uuid: "2963501136ab453eaea6ee7c2bab373d" member_type: NON_VOTER last_known_addr { host: "127.28.26.4" port: 40251 } attrs { promote: true } } }
I20260608 09:48:46.813313 31946 raft_consensus.cc:2955] T b884e4348f314498ad0f2c35761ac6c6 P d826e5bd7f534d0b8008753176f469ff [term 1 FOLLOWER]: Committing config change with OpId 1.2: config changed from index -1 to 2, NON_VOTER 2963501136ab453eaea6ee7c2bab373d (127.28.26.4) added. New config: { opid_index: 2 OBSOLETE_local: false peers { permanent_uuid: "44e257f518294074bae172c708679c3c" member_type: VOTER last_known_addr { host: "127.28.26.2" port: 44967 } } peers { permanent_uuid: "6a042dd9e21c480ea9eb6943fa0091b2" member_type: VOTER last_known_addr { host: "127.28.26.1" port: 40767 } attrs { replace: true } } peers { permanent_uuid: "d826e5bd7f534d0b8008753176f469ff" member_type: VOTER last_known_addr { host: "127.28.26.3" port: 40159 } } peers { permanent_uuid: "2963501136ab453eaea6ee7c2bab373d" member_type: NON_VOTER last_known_addr { host: "127.28.26.4" port: 40251 } attrs { promote: true } } }
I20260608 09:48:46.828384 31692 catalog_manager.cc:5696] T b884e4348f314498ad0f2c35761ac6c6 P 44e257f518294074bae172c708679c3c reported cstate change: config changed from index -1 to 2, NON_VOTER 2963501136ab453eaea6ee7c2bab373d (127.28.26.4) added. New cstate: current_term: 1 leader_uuid: "44e257f518294074bae172c708679c3c" committed_config { opid_index: 2 OBSOLETE_local: false peers { permanent_uuid: "44e257f518294074bae172c708679c3c" member_type: VOTER last_known_addr { host: "127.28.26.2" port: 44967 } health_report { overall_health: HEALTHY } } peers { permanent_uuid: "6a042dd9e21c480ea9eb6943fa0091b2" member_type: VOTER last_known_addr { host: "127.28.26.1" port: 40767 } attrs { replace: true } health_report { overall_health: HEALTHY } } peers { permanent_uuid: "d826e5bd7f534d0b8008753176f469ff" member_type: VOTER last_known_addr { host: "127.28.26.3" port: 40159 } health_report { overall_health: HEALTHY } } peers { permanent_uuid: "2963501136ab453eaea6ee7c2bab373d" member_type: NON_VOTER last_known_addr { host: "127.28.26.4" port: 40251 } attrs { promote: true } health_report { overall_health: UNKNOWN } } }
I20260608 09:48:46.852669 31798 consensus_queue.cc:237] T 8f2d302ea5524a539a2d9456885c2990 P 6a042dd9e21c480ea9eb6943fa0091b2 [LEADER]: Queue going to LEADER mode. State: All replicated index: 0, Majority replicated index: 1, Committed index: 1, Last appended: 1.1, Last appended by leader: 0, Current term: 1, Majority size: 2, State: 0, Mode: LEADER, active raft config: opid_index: 2 OBSOLETE_local: false peers { permanent_uuid: "44e257f518294074bae172c708679c3c" member_type: VOTER last_known_addr { host: "127.28.26.2" port: 44967 } attrs { replace: true } } peers { permanent_uuid: "6a042dd9e21c480ea9eb6943fa0091b2" member_type: VOTER last_known_addr { host: "127.28.26.1" port: 40767 } } peers { permanent_uuid: "d826e5bd7f534d0b8008753176f469ff" member_type: VOTER last_known_addr { host: "127.28.26.3" port: 40159 } } peers { permanent_uuid: "2963501136ab453eaea6ee7c2bab373d" member_type: NON_VOTER last_known_addr { host: "127.28.26.4" port: 40251 } attrs { promote: true } }
W20260608 09:48:46.861440 31763 consensus_peers.cc:597] T 8f2d302ea5524a539a2d9456885c2990 P 6a042dd9e21c480ea9eb6943fa0091b2 -> Peer 2963501136ab453eaea6ee7c2bab373d (127.28.26.4:40251): Couldn't send request to peer 2963501136ab453eaea6ee7c2bab373d. Error code: TABLET_NOT_FOUND (6). Status: Not found: Tablet not found: 8f2d302ea5524a539a2d9456885c2990. This is attempt 1: this message will repeat every 5th retry.
I20260608 09:48:46.862401 31946 raft_consensus.cc:1275] T 8f2d302ea5524a539a2d9456885c2990 P d826e5bd7f534d0b8008753176f469ff [term 1 FOLLOWER]: Refusing update from remote peer 6a042dd9e21c480ea9eb6943fa0091b2: Log matching property violated. Preceding OpId in replica: term: 1 index: 1. Preceding OpId from leader: term: 1 index: 2. (index mismatch)
I20260608 09:48:46.863857 31871 raft_consensus.cc:1275] T 8f2d302ea5524a539a2d9456885c2990 P 44e257f518294074bae172c708679c3c [term 1 FOLLOWER]: Refusing update from remote peer 6a042dd9e21c480ea9eb6943fa0091b2: Log matching property violated. Preceding OpId in replica: term: 1 index: 1. Preceding OpId from leader: term: 1 index: 2. (index mismatch)
I20260608 09:48:46.866253 32031 consensus_queue.cc:1048] T 8f2d302ea5524a539a2d9456885c2990 P 6a042dd9e21c480ea9eb6943fa0091b2 [LEADER]: Connected to new peer: Peer: permanent_uuid: "d826e5bd7f534d0b8008753176f469ff" member_type: VOTER last_known_addr { host: "127.28.26.3" port: 40159 }, Status: LMP_MISMATCH, Last received: 0.0, Next index: 2, Last known committed idx: 1, Time since last communication: 0.001s
I20260608 09:48:46.869535 32031 consensus_queue.cc:1048] T 8f2d302ea5524a539a2d9456885c2990 P 6a042dd9e21c480ea9eb6943fa0091b2 [LEADER]: Connected to new peer: Peer: permanent_uuid: "44e257f518294074bae172c708679c3c" member_type: VOTER last_known_addr { host: "127.28.26.2" port: 44967 } attrs { replace: true }, Status: LMP_MISMATCH, Last received: 0.0, Next index: 2, Last known committed idx: 1, Time since last communication: 0.002s
I20260608 09:48:46.880525 32021 raft_consensus.cc:2955] T 8f2d302ea5524a539a2d9456885c2990 P 6a042dd9e21c480ea9eb6943fa0091b2 [term 1 LEADER]: Committing config change with OpId 1.2: config changed from index -1 to 2, NON_VOTER 2963501136ab453eaea6ee7c2bab373d (127.28.26.4) added. New config: { opid_index: 2 OBSOLETE_local: false peers { permanent_uuid: "44e257f518294074bae172c708679c3c" member_type: VOTER last_known_addr { host: "127.28.26.2" port: 44967 } attrs { replace: true } } peers { permanent_uuid: "6a042dd9e21c480ea9eb6943fa0091b2" member_type: VOTER last_known_addr { host: "127.28.26.1" port: 40767 } } peers { permanent_uuid: "d826e5bd7f534d0b8008753176f469ff" member_type: VOTER last_known_addr { host: "127.28.26.3" port: 40159 } } peers { permanent_uuid: "2963501136ab453eaea6ee7c2bab373d" member_type: NON_VOTER last_known_addr { host: "127.28.26.4" port: 40251 } attrs { promote: true } } }
I20260608 09:48:46.883267 31946 raft_consensus.cc:2955] T 8f2d302ea5524a539a2d9456885c2990 P d826e5bd7f534d0b8008753176f469ff [term 1 FOLLOWER]: Committing config change with OpId 1.2: config changed from index -1 to 2, NON_VOTER 2963501136ab453eaea6ee7c2bab373d (127.28.26.4) added. New config: { opid_index: 2 OBSOLETE_local: false peers { permanent_uuid: "44e257f518294074bae172c708679c3c" member_type: VOTER last_known_addr { host: "127.28.26.2" port: 44967 } attrs { replace: true } } peers { permanent_uuid: "6a042dd9e21c480ea9eb6943fa0091b2" member_type: VOTER last_known_addr { host: "127.28.26.1" port: 40767 } } peers { permanent_uuid: "d826e5bd7f534d0b8008753176f469ff" member_type: VOTER last_known_addr { host: "127.28.26.3" port: 40159 } } peers { permanent_uuid: "2963501136ab453eaea6ee7c2bab373d" member_type: NON_VOTER last_known_addr { host: "127.28.26.4" port: 40251 } attrs { promote: true } } }
I20260608 09:48:46.884753 31871 raft_consensus.cc:2955] T 8f2d302ea5524a539a2d9456885c2990 P 44e257f518294074bae172c708679c3c [term 1 FOLLOWER]: Committing config change with OpId 1.2: config changed from index -1 to 2, NON_VOTER 2963501136ab453eaea6ee7c2bab373d (127.28.26.4) added. New config: { opid_index: 2 OBSOLETE_local: false peers { permanent_uuid: "44e257f518294074bae172c708679c3c" member_type: VOTER last_known_addr { host: "127.28.26.2" port: 44967 } attrs { replace: true } } peers { permanent_uuid: "6a042dd9e21c480ea9eb6943fa0091b2" member_type: VOTER last_known_addr { host: "127.28.26.1" port: 40767 } } peers { permanent_uuid: "d826e5bd7f534d0b8008753176f469ff" member_type: VOTER last_known_addr { host: "127.28.26.3" port: 40159 } } peers { permanent_uuid: "2963501136ab453eaea6ee7c2bab373d" member_type: NON_VOTER last_known_addr { host: "127.28.26.4" port: 40251 } attrs { promote: true } } }
I20260608 09:48:46.901786 31695 catalog_manager.cc:5696] T 8f2d302ea5524a539a2d9456885c2990 P d826e5bd7f534d0b8008753176f469ff reported cstate change: config changed from index -1 to 2, NON_VOTER 2963501136ab453eaea6ee7c2bab373d (127.28.26.4) added. New cstate: current_term: 1 leader_uuid: "6a042dd9e21c480ea9eb6943fa0091b2" committed_config { opid_index: 2 OBSOLETE_local: false peers { permanent_uuid: "44e257f518294074bae172c708679c3c" member_type: VOTER last_known_addr { host: "127.28.26.2" port: 44967 } attrs { replace: true } } peers { permanent_uuid: "6a042dd9e21c480ea9eb6943fa0091b2" member_type: VOTER last_known_addr { host: "127.28.26.1" port: 40767 } } peers { permanent_uuid: "d826e5bd7f534d0b8008753176f469ff" member_type: VOTER last_known_addr { host: "127.28.26.3" port: 40159 } } peers { permanent_uuid: "2963501136ab453eaea6ee7c2bab373d" member_type: NON_VOTER last_known_addr { host: "127.28.26.4" port: 40251 } attrs { promote: true } } }
I20260608 09:48:46.906893 31871 consensus_queue.cc:237] T 0ada025cba5947ee86da7a048a650ffd P 44e257f518294074bae172c708679c3c [LEADER]: Queue going to LEADER mode. State: All replicated index: 0, Majority replicated index: 1, Committed index: 1, Last appended: 1.1, Last appended by leader: 0, Current term: 1, Majority size: 2, State: 0, Mode: LEADER, active raft config: opid_index: 2 OBSOLETE_local: false peers { permanent_uuid: "6a042dd9e21c480ea9eb6943fa0091b2" member_type: VOTER last_known_addr { host: "127.28.26.1" port: 40767 } } peers { permanent_uuid: "44e257f518294074bae172c708679c3c" member_type: VOTER last_known_addr { host: "127.28.26.2" port: 44967 } } peers { permanent_uuid: "d826e5bd7f534d0b8008753176f469ff" member_type: VOTER last_known_addr { host: "127.28.26.3" port: 40159 } attrs { replace: true } } peers { permanent_uuid: "2963501136ab453eaea6ee7c2bab373d" member_type: NON_VOTER last_known_addr { host: "127.28.26.4" port: 40251 } attrs { promote: true } }
I20260608 09:48:46.915818 31946 raft_consensus.cc:1275] T 0ada025cba5947ee86da7a048a650ffd P d826e5bd7f534d0b8008753176f469ff [term 1 FOLLOWER]: Refusing update from remote peer 44e257f518294074bae172c708679c3c: Log matching property violated. Preceding OpId in replica: term: 1 index: 1. Preceding OpId from leader: term: 1 index: 2. (index mismatch)
W20260608 09:48:46.917101 31838 consensus_peers.cc:597] T 0ada025cba5947ee86da7a048a650ffd P 44e257f518294074bae172c708679c3c -> Peer 2963501136ab453eaea6ee7c2bab373d (127.28.26.4:40251): Couldn't send request to peer 2963501136ab453eaea6ee7c2bab373d. Error code: TABLET_NOT_FOUND (6). Status: Not found: Tablet not found: 0ada025cba5947ee86da7a048a650ffd. This is attempt 1: this message will repeat every 5th retry.
I20260608 09:48:46.917117 31798 raft_consensus.cc:1275] T 0ada025cba5947ee86da7a048a650ffd P 6a042dd9e21c480ea9eb6943fa0091b2 [term 1 FOLLOWER]: Refusing update from remote peer 44e257f518294074bae172c708679c3c: Log matching property violated. Preceding OpId in replica: term: 1 index: 1. Preceding OpId from leader: term: 1 index: 2. (index mismatch)
I20260608 09:48:46.918041 32193 consensus_queue.cc:1048] T 0ada025cba5947ee86da7a048a650ffd P 44e257f518294074bae172c708679c3c [LEADER]: Connected to new peer: Peer: permanent_uuid: "d826e5bd7f534d0b8008753176f469ff" member_type: VOTER last_known_addr { host: "127.28.26.3" port: 40159 } attrs { replace: true }, Status: LMP_MISMATCH, Last received: 0.0, Next index: 2, Last known committed idx: 1, Time since last communication: 0.000s
I20260608 09:48:46.919111 32016 consensus_queue.cc:1048] T 0ada025cba5947ee86da7a048a650ffd P 44e257f518294074bae172c708679c3c [LEADER]: Connected to new peer: Peer: permanent_uuid: "6a042dd9e21c480ea9eb6943fa0091b2" member_type: VOTER last_known_addr { host: "127.28.26.1" port: 40767 }, Status: LMP_MISMATCH, Last received: 0.0, Next index: 2, Last known committed idx: 1, Time since last communication: 0.000s
I20260608 09:48:46.927845 32193 raft_consensus.cc:2955] T 0ada025cba5947ee86da7a048a650ffd P 44e257f518294074bae172c708679c3c [term 1 LEADER]: Committing config change with OpId 1.2: config changed from index -1 to 2, NON_VOTER 2963501136ab453eaea6ee7c2bab373d (127.28.26.4) added. New config: { opid_index: 2 OBSOLETE_local: false peers { permanent_uuid: "6a042dd9e21c480ea9eb6943fa0091b2" member_type: VOTER last_known_addr { host: "127.28.26.1" port: 40767 } } peers { permanent_uuid: "44e257f518294074bae172c708679c3c" member_type: VOTER last_known_addr { host: "127.28.26.2" port: 44967 } } peers { permanent_uuid: "d826e5bd7f534d0b8008753176f469ff" member_type: VOTER last_known_addr { host: "127.28.26.3" port: 40159 } attrs { replace: true } } peers { permanent_uuid: "2963501136ab453eaea6ee7c2bab373d" member_type: NON_VOTER last_known_addr { host: "127.28.26.4" port: 40251 } attrs { promote: true } } }
I20260608 09:48:46.929927 31946 raft_consensus.cc:2955] T 0ada025cba5947ee86da7a048a650ffd P d826e5bd7f534d0b8008753176f469ff [term 1 FOLLOWER]: Committing config change with OpId 1.2: config changed from index -1 to 2, NON_VOTER 2963501136ab453eaea6ee7c2bab373d (127.28.26.4) added. New config: { opid_index: 2 OBSOLETE_local: false peers { permanent_uuid: "6a042dd9e21c480ea9eb6943fa0091b2" member_type: VOTER last_known_addr { host: "127.28.26.1" port: 40767 } } peers { permanent_uuid: "44e257f518294074bae172c708679c3c" member_type: VOTER last_known_addr { host: "127.28.26.2" port: 44967 } } peers { permanent_uuid: "d826e5bd7f534d0b8008753176f469ff" member_type: VOTER last_known_addr { host: "127.28.26.3" port: 40159 } attrs { replace: true } } peers { permanent_uuid: "2963501136ab453eaea6ee7c2bab373d" member_type: NON_VOTER last_known_addr { host: "127.28.26.4" port: 40251 } attrs { promote: true } } }
I20260608 09:48:46.935804 31798 raft_consensus.cc:2955] T 0ada025cba5947ee86da7a048a650ffd P 6a042dd9e21c480ea9eb6943fa0091b2 [term 1 FOLLOWER]: Committing config change with OpId 1.2: config changed from index -1 to 2, NON_VOTER 2963501136ab453eaea6ee7c2bab373d (127.28.26.4) added. New config: { opid_index: 2 OBSOLETE_local: false peers { permanent_uuid: "6a042dd9e21c480ea9eb6943fa0091b2" member_type: VOTER last_known_addr { host: "127.28.26.1" port: 40767 } } peers { permanent_uuid: "44e257f518294074bae172c708679c3c" member_type: VOTER last_known_addr { host: "127.28.26.2" port: 44967 } } peers { permanent_uuid: "d826e5bd7f534d0b8008753176f469ff" member_type: VOTER last_known_addr { host: "127.28.26.3" port: 40159 } attrs { replace: true } } peers { permanent_uuid: "2963501136ab453eaea6ee7c2bab373d" member_type: NON_VOTER last_known_addr { host: "127.28.26.4" port: 40251 } attrs { promote: true } } }
I20260608 09:48:46.941321 31692 catalog_manager.cc:5696] T 0ada025cba5947ee86da7a048a650ffd P 44e257f518294074bae172c708679c3c reported cstate change: config changed from index -1 to 2, NON_VOTER 2963501136ab453eaea6ee7c2bab373d (127.28.26.4) added. New cstate: current_term: 1 leader_uuid: "44e257f518294074bae172c708679c3c" committed_config { opid_index: 2 OBSOLETE_local: false peers { permanent_uuid: "6a042dd9e21c480ea9eb6943fa0091b2" member_type: VOTER last_known_addr { host: "127.28.26.1" port: 40767 } health_report { overall_health: HEALTHY } } peers { permanent_uuid: "44e257f518294074bae172c708679c3c" member_type: VOTER last_known_addr { host: "127.28.26.2" port: 44967 } health_report { overall_health: HEALTHY } } peers { permanent_uuid: "d826e5bd7f534d0b8008753176f469ff" member_type: VOTER last_known_addr { host: "127.28.26.3" port: 40159 } attrs { replace: true } health_report { overall_health: HEALTHY } } peers { permanent_uuid: "2963501136ab453eaea6ee7c2bab373d" member_type: NON_VOTER last_known_addr { host: "127.28.26.4" port: 40251 } attrs { promote: true } health_report { overall_health: UNKNOWN } } }
I20260608 09:48:46.958413 31946 consensus_queue.cc:237] T f2f3a96604cd4511926794fb29a9fec0 P d826e5bd7f534d0b8008753176f469ff [LEADER]: Queue going to LEADER mode. State: All replicated index: 0, Majority replicated index: 1, Committed index: 1, Last appended: 1.1, Last appended by leader: 0, Current term: 1, Majority size: 2, State: 0, Mode: LEADER, active raft config: opid_index: 2 OBSOLETE_local: false peers { permanent_uuid: "44e257f518294074bae172c708679c3c" member_type: VOTER last_known_addr { host: "127.28.26.2" port: 44967 } } peers { permanent_uuid: "6a042dd9e21c480ea9eb6943fa0091b2" member_type: VOTER last_known_addr { host: "127.28.26.1" port: 40767 } attrs { replace: true } } peers { permanent_uuid: "d826e5bd7f534d0b8008753176f469ff" member_type: VOTER last_known_addr { host: "127.28.26.3" port: 40159 } } peers { permanent_uuid: "2963501136ab453eaea6ee7c2bab373d" member_type: NON_VOTER last_known_addr { host: "127.28.26.4" port: 40251 } attrs { promote: true } }
I20260608 09:48:46.965564 31798 raft_consensus.cc:1275] T f2f3a96604cd4511926794fb29a9fec0 P 6a042dd9e21c480ea9eb6943fa0091b2 [term 1 FOLLOWER]: Refusing update from remote peer d826e5bd7f534d0b8008753176f469ff: Log matching property violated. Preceding OpId in replica: term: 1 index: 1. Preceding OpId from leader: term: 1 index: 2. (index mismatch)
I20260608 09:48:46.966899 31871 raft_consensus.cc:1275] T f2f3a96604cd4511926794fb29a9fec0 P 44e257f518294074bae172c708679c3c [term 1 FOLLOWER]: Refusing update from remote peer d826e5bd7f534d0b8008753176f469ff: Log matching property violated. Preceding OpId in replica: term: 1 index: 1. Preceding OpId from leader: term: 1 index: 2. (index mismatch)
W20260608 09:48:46.966907 31912 consensus_peers.cc:597] T f2f3a96604cd4511926794fb29a9fec0 P d826e5bd7f534d0b8008753176f469ff -> Peer 2963501136ab453eaea6ee7c2bab373d (127.28.26.4:40251): Couldn't send request to peer 2963501136ab453eaea6ee7c2bab373d. Error code: TABLET_NOT_FOUND (6). Status: Not found: Tablet not found: f2f3a96604cd4511926794fb29a9fec0. This is attempt 1: this message will repeat every 5th retry.
I20260608 09:48:46.967051 32211 consensus_queue.cc:1048] T f2f3a96604cd4511926794fb29a9fec0 P d826e5bd7f534d0b8008753176f469ff [LEADER]: Connected to new peer: Peer: permanent_uuid: "6a042dd9e21c480ea9eb6943fa0091b2" member_type: VOTER last_known_addr { host: "127.28.26.1" port: 40767 } attrs { replace: true }, Status: LMP_MISMATCH, Last received: 0.0, Next index: 2, Last known committed idx: 1, Time since last communication: 0.001s
I20260608 09:48:46.968526 32024 consensus_queue.cc:1048] T f2f3a96604cd4511926794fb29a9fec0 P d826e5bd7f534d0b8008753176f469ff [LEADER]: Connected to new peer: Peer: permanent_uuid: "44e257f518294074bae172c708679c3c" member_type: VOTER last_known_addr { host: "127.28.26.2" port: 44967 }, Status: LMP_MISMATCH, Last received: 0.0, Next index: 2, Last known committed idx: 1, Time since last communication: 0.000s
I20260608 09:48:46.975211 32211 raft_consensus.cc:2955] T f2f3a96604cd4511926794fb29a9fec0 P d826e5bd7f534d0b8008753176f469ff [term 1 LEADER]: Committing config change with OpId 1.2: config changed from index -1 to 2, NON_VOTER 2963501136ab453eaea6ee7c2bab373d (127.28.26.4) added. New config: { opid_index: 2 OBSOLETE_local: false peers { permanent_uuid: "44e257f518294074bae172c708679c3c" member_type: VOTER last_known_addr { host: "127.28.26.2" port: 44967 } } peers { permanent_uuid: "6a042dd9e21c480ea9eb6943fa0091b2" member_type: VOTER last_known_addr { host: "127.28.26.1" port: 40767 } attrs { replace: true } } peers { permanent_uuid: "d826e5bd7f534d0b8008753176f469ff" member_type: VOTER last_known_addr { host: "127.28.26.3" port: 40159 } } peers { permanent_uuid: "2963501136ab453eaea6ee7c2bab373d" member_type: NON_VOTER last_known_addr { host: "127.28.26.4" port: 40251 } attrs { promote: true } } }
I20260608 09:48:46.977308 31798 raft_consensus.cc:2955] T f2f3a96604cd4511926794fb29a9fec0 P 6a042dd9e21c480ea9eb6943fa0091b2 [term 1 FOLLOWER]: Committing config change with OpId 1.2: config changed from index -1 to 2, NON_VOTER 2963501136ab453eaea6ee7c2bab373d (127.28.26.4) added. New config: { opid_index: 2 OBSOLETE_local: false peers { permanent_uuid: "44e257f518294074bae172c708679c3c" member_type: VOTER last_known_addr { host: "127.28.26.2" port: 44967 } } peers { permanent_uuid: "6a042dd9e21c480ea9eb6943fa0091b2" member_type: VOTER last_known_addr { host: "127.28.26.1" port: 40767 } attrs { replace: true } } peers { permanent_uuid: "d826e5bd7f534d0b8008753176f469ff" member_type: VOTER last_known_addr { host: "127.28.26.3" port: 40159 } } peers { permanent_uuid: "2963501136ab453eaea6ee7c2bab373d" member_type: NON_VOTER last_known_addr { host: "127.28.26.4" port: 40251 } attrs { promote: true } } }
I20260608 09:48:46.978041 31871 raft_consensus.cc:2955] T f2f3a96604cd4511926794fb29a9fec0 P 44e257f518294074bae172c708679c3c [term 1 FOLLOWER]: Committing config change with OpId 1.2: config changed from index -1 to 2, NON_VOTER 2963501136ab453eaea6ee7c2bab373d (127.28.26.4) added. New config: { opid_index: 2 OBSOLETE_local: false peers { permanent_uuid: "44e257f518294074bae172c708679c3c" member_type: VOTER last_known_addr { host: "127.28.26.2" port: 44967 } } peers { permanent_uuid: "6a042dd9e21c480ea9eb6943fa0091b2" member_type: VOTER last_known_addr { host: "127.28.26.1" port: 40767 } attrs { replace: true } } peers { permanent_uuid: "d826e5bd7f534d0b8008753176f469ff" member_type: VOTER last_known_addr { host: "127.28.26.3" port: 40159 } } peers { permanent_uuid: "2963501136ab453eaea6ee7c2bab373d" member_type: NON_VOTER last_known_addr { host: "127.28.26.4" port: 40251 } attrs { promote: true } } }
I20260608 09:48:46.989691 31694 catalog_manager.cc:5696] T f2f3a96604cd4511926794fb29a9fec0 P 44e257f518294074bae172c708679c3c reported cstate change: config changed from index -1 to 2, NON_VOTER 2963501136ab453eaea6ee7c2bab373d (127.28.26.4) added. New cstate: current_term: 1 leader_uuid: "d826e5bd7f534d0b8008753176f469ff" committed_config { opid_index: 2 OBSOLETE_local: false peers { permanent_uuid: "44e257f518294074bae172c708679c3c" member_type: VOTER last_known_addr { host: "127.28.26.2" port: 44967 } } peers { permanent_uuid: "6a042dd9e21c480ea9eb6943fa0091b2" member_type: VOTER last_known_addr { host: "127.28.26.1" port: 40767 } attrs { replace: true } } peers { permanent_uuid: "d826e5bd7f534d0b8008753176f469ff" member_type: VOTER last_known_addr { host: "127.28.26.3" port: 40159 } } peers { permanent_uuid: "2963501136ab453eaea6ee7c2bab373d" member_type: NON_VOTER last_known_addr { host: "127.28.26.4" port: 40251 } attrs { promote: true } } }
I20260608 09:48:47.282589 32240 ts_tablet_manager.cc:933] T 8f2d302ea5524a539a2d9456885c2990 P 2963501136ab453eaea6ee7c2bab373d: Initiating tablet copy from peer 6a042dd9e21c480ea9eb6943fa0091b2 (127.28.26.1:40767)
I20260608 09:48:47.285591 32240 tablet_copy_client.cc:323] T 8f2d302ea5524a539a2d9456885c2990 P 2963501136ab453eaea6ee7c2bab373d: tablet copy: Beginning tablet copy session from remote peer at address 127.28.26.1:40767
I20260608 09:48:47.287940 31808 tablet_copy_service.cc:140] P 6a042dd9e21c480ea9eb6943fa0091b2: Received BeginTabletCopySession request for tablet 8f2d302ea5524a539a2d9456885c2990 from peer 2963501136ab453eaea6ee7c2bab373d ({username='slave'} at 127.0.0.1:38432)
I20260608 09:48:47.288609 31808 tablet_copy_service.cc:161] P 6a042dd9e21c480ea9eb6943fa0091b2: Beginning new tablet copy session on tablet 8f2d302ea5524a539a2d9456885c2990 from peer 2963501136ab453eaea6ee7c2bab373d at {username='slave'} at 127.0.0.1:38432: session id = 2963501136ab453eaea6ee7c2bab373d-8f2d302ea5524a539a2d9456885c2990
I20260608 09:48:47.294039 31808 tablet_copy_source_session.cc:215] T 8f2d302ea5524a539a2d9456885c2990 P 6a042dd9e21c480ea9eb6943fa0091b2: Tablet Copy: opened 0 blocks and 1 log segments
I20260608 09:48:47.296860 32240 data_dirs.cc:400] Could only allocate 1 dirs of requested 3 for tablet 8f2d302ea5524a539a2d9456885c2990. 1 dirs total, 0 dirs full, 0 dirs failed
I20260608 09:48:47.310708 32240 tablet_copy_client.cc:806] T 8f2d302ea5524a539a2d9456885c2990 P 2963501136ab453eaea6ee7c2bab373d: tablet copy: Starting download of 0 data blocks...
I20260608 09:48:47.311328 32240 tablet_copy_client.cc:670] T 8f2d302ea5524a539a2d9456885c2990 P 2963501136ab453eaea6ee7c2bab373d: tablet copy: Starting download of 1 WAL segments...
I20260608 09:48:47.315543 32240 tablet_copy_client.cc:538] T 8f2d302ea5524a539a2d9456885c2990 P 2963501136ab453eaea6ee7c2bab373d: tablet copy: Tablet Copy complete. Replacing tablet superblock.
I20260608 09:48:47.325076 32240 tablet_bootstrap.cc:492] T 8f2d302ea5524a539a2d9456885c2990 P 2963501136ab453eaea6ee7c2bab373d: Bootstrap starting.
I20260608 09:48:47.344310 32240 tablet_bootstrap.cc:492] T 8f2d302ea5524a539a2d9456885c2990 P 2963501136ab453eaea6ee7c2bab373d: Bootstrap replayed 1/1 log segments. Stats: ops{read=2 overwritten=0 applied=2 ignored=0} inserts{seen=0 ignored=0} mutations{seen=0 ignored=0} orphaned_commits=0. Pending: 0 replicates
I20260608 09:48:47.345069 32240 tablet_bootstrap.cc:492] T 8f2d302ea5524a539a2d9456885c2990 P 2963501136ab453eaea6ee7c2bab373d: Bootstrap complete.
I20260608 09:48:47.345659 32240 ts_tablet_manager.cc:1403] T 8f2d302ea5524a539a2d9456885c2990 P 2963501136ab453eaea6ee7c2bab373d: Time spent bootstrapping tablet: real 0.021s	user 0.011s	sys 0.008s
