I20260608 10:04:17.742723 18151 tablet_bootstrap.cc:654] T bd8dc7e0a6c64d8da2dcf3b3234dc87b P 5971711e49d24e88ad6fcc0ba7f0924f: Neither blocks nor log segments found. Creating new log.
I20260608 10:04:17.746047 18146 tablet_bootstrap.cc:492] T 1025e2c25563428e8d0ebd0708a4bcbb P 32292638db894acdba9f05ae5eca2245: No bootstrap required, opened a new log
I20260608 10:04:17.746731 18146 ts_tablet_manager.cc:1403] T 1025e2c25563428e8d0ebd0708a4bcbb P 32292638db894acdba9f05ae5eca2245: Time spent bootstrapping tablet: real 0.029s	user 0.018s	sys 0.009s
I20260608 10:04:17.749868 18146 raft_consensus.cc:359] T 1025e2c25563428e8d0ebd0708a4bcbb P 32292638db894acdba9f05ae5eca2245 [term 0 FOLLOWER]: Replica starting. Triggering 0 pending ops. Active config: opid_index: -1 OBSOLETE_local: false peers { permanent_uuid: "32292638db894acdba9f05ae5eca2245" member_type: VOTER last_known_addr { host: "127.16.224.129" port: 42529 } } peers { permanent_uuid: "2356b1638dd74fceaa6c9fb2fc33ac8c" member_type: VOTER last_known_addr { host: "127.16.224.130" port: 45059 } } peers { permanent_uuid: "5971711e49d24e88ad6fcc0ba7f0924f" member_type: VOTER last_known_addr { host: "127.16.224.131" port: 46835 } }
I20260608 10:04:17.750770 18146 raft_consensus.cc:385] T 1025e2c25563428e8d0ebd0708a4bcbb P 32292638db894acdba9f05ae5eca2245 [term 0 FOLLOWER]: Consensus starting up: Expiring failure detector timer to make a prompt election more likely
I20260608 10:04:17.750953 18151 tablet_bootstrap.cc:492] T bd8dc7e0a6c64d8da2dcf3b3234dc87b P 5971711e49d24e88ad6fcc0ba7f0924f: No bootstrap required, opened a new log
I20260608 10:04:17.751202 18146 raft_consensus.cc:740] T 1025e2c25563428e8d0ebd0708a4bcbb P 32292638db894acdba9f05ae5eca2245 [term 0 FOLLOWER]: Becoming Follower/Learner. State: Replica: 32292638db894acdba9f05ae5eca2245, State: Initialized, Role: FOLLOWER
I20260608 10:04:17.751578 18151 ts_tablet_manager.cc:1403] T bd8dc7e0a6c64d8da2dcf3b3234dc87b P 5971711e49d24e88ad6fcc0ba7f0924f: Time spent bootstrapping tablet: real 0.016s	user 0.011s	sys 0.004s
I20260608 10:04:17.752213 18146 consensus_queue.cc:260] T 1025e2c25563428e8d0ebd0708a4bcbb P 32292638db894acdba9f05ae5eca2245 [NON_LEADER]: Queue going to NON_LEADER mode. State: All replicated index: 0, Majority replicated index: 0, Committed index: 0, Last appended: 0.0, Last appended by leader: 0, Current term: 0, Majority size: -1, State: 0, Mode: NON_LEADER, active raft config: opid_index: -1 OBSOLETE_local: false peers { permanent_uuid: "32292638db894acdba9f05ae5eca2245" member_type: VOTER last_known_addr { host: "127.16.224.129" port: 42529 } } peers { permanent_uuid: "2356b1638dd74fceaa6c9fb2fc33ac8c" member_type: VOTER last_known_addr { host: "127.16.224.130" port: 45059 } } peers { permanent_uuid: "5971711e49d24e88ad6fcc0ba7f0924f" member_type: VOTER last_known_addr { host: "127.16.224.131" port: 46835 } }
I20260608 10:04:17.753214 18147 tablet_bootstrap.cc:492] T 1025e2c25563428e8d0ebd0708a4bcbb P 2356b1638dd74fceaa6c9fb2fc33ac8c: No bootstrap required, opened a new log
I20260608 10:04:17.753716 18147 ts_tablet_manager.cc:1403] T 1025e2c25563428e8d0ebd0708a4bcbb P 2356b1638dd74fceaa6c9fb2fc33ac8c: Time spent bootstrapping tablet: real 0.044s	user 0.003s	sys 0.019s
I20260608 10:04:17.754302 18146 ts_tablet_manager.cc:1434] T 1025e2c25563428e8d0ebd0708a4bcbb P 32292638db894acdba9f05ae5eca2245: Time spent starting tablet: real 0.007s	user 0.003s	sys 0.002s
I20260608 10:04:17.754563 18151 raft_consensus.cc:359] T bd8dc7e0a6c64d8da2dcf3b3234dc87b P 5971711e49d24e88ad6fcc0ba7f0924f [term 0 FOLLOWER]: Replica starting. Triggering 0 pending ops. Active config: opid_index: -1 OBSOLETE_local: false peers { permanent_uuid: "32292638db894acdba9f05ae5eca2245" member_type: VOTER last_known_addr { host: "127.16.224.129" port: 42529 } } peers { permanent_uuid: "2356b1638dd74fceaa6c9fb2fc33ac8c" member_type: VOTER last_known_addr { host: "127.16.224.130" port: 45059 } } peers { permanent_uuid: "5971711e49d24e88ad6fcc0ba7f0924f" member_type: VOTER last_known_addr { host: "127.16.224.131" port: 46835 } }
I20260608 10:04:17.755339 18146 tablet_bootstrap.cc:492] T cf903862d4034f2b8f06d52a844a8130 P 32292638db894acdba9f05ae5eca2245: Bootstrap starting.
I20260608 10:04:17.755316 18151 raft_consensus.cc:385] T bd8dc7e0a6c64d8da2dcf3b3234dc87b P 5971711e49d24e88ad6fcc0ba7f0924f [term 0 FOLLOWER]: Consensus starting up: Expiring failure detector timer to make a prompt election more likely
I20260608 10:04:17.755927 18151 raft_consensus.cc:740] T bd8dc7e0a6c64d8da2dcf3b3234dc87b P 5971711e49d24e88ad6fcc0ba7f0924f [term 0 FOLLOWER]: Becoming Follower/Learner. State: Replica: 5971711e49d24e88ad6fcc0ba7f0924f, State: Initialized, Role: FOLLOWER
I20260608 10:04:17.756538 18147 raft_consensus.cc:359] T 1025e2c25563428e8d0ebd0708a4bcbb P 2356b1638dd74fceaa6c9fb2fc33ac8c [term 0 FOLLOWER]: Replica starting. Triggering 0 pending ops. Active config: opid_index: -1 OBSOLETE_local: false peers { permanent_uuid: "32292638db894acdba9f05ae5eca2245" member_type: VOTER last_known_addr { host: "127.16.224.129" port: 42529 } } peers { permanent_uuid: "2356b1638dd74fceaa6c9fb2fc33ac8c" member_type: VOTER last_known_addr { host: "127.16.224.130" port: 45059 } } peers { permanent_uuid: "5971711e49d24e88ad6fcc0ba7f0924f" member_type: VOTER last_known_addr { host: "127.16.224.131" port: 46835 } }
I20260608 10:04:17.757279 18147 raft_consensus.cc:385] T 1025e2c25563428e8d0ebd0708a4bcbb P 2356b1638dd74fceaa6c9fb2fc33ac8c [term 0 FOLLOWER]: Consensus starting up: Expiring failure detector timer to make a prompt election more likely
I20260608 10:04:17.756868 18151 consensus_queue.cc:260] T bd8dc7e0a6c64d8da2dcf3b3234dc87b P 5971711e49d24e88ad6fcc0ba7f0924f [NON_LEADER]: Queue going to NON_LEADER mode. State: All replicated index: 0, Majority replicated index: 0, Committed index: 0, Last appended: 0.0, Last appended by leader: 0, Current term: 0, Majority size: -1, State: 0, Mode: NON_LEADER, active raft config: opid_index: -1 OBSOLETE_local: false peers { permanent_uuid: "32292638db894acdba9f05ae5eca2245" member_type: VOTER last_known_addr { host: "127.16.224.129" port: 42529 } } peers { permanent_uuid: "2356b1638dd74fceaa6c9fb2fc33ac8c" member_type: VOTER last_known_addr { host: "127.16.224.130" port: 45059 } } peers { permanent_uuid: "5971711e49d24e88ad6fcc0ba7f0924f" member_type: VOTER last_known_addr { host: "127.16.224.131" port: 46835 } }
I20260608 10:04:17.757613 18147 raft_consensus.cc:740] T 1025e2c25563428e8d0ebd0708a4bcbb P 2356b1638dd74fceaa6c9fb2fc33ac8c [term 0 FOLLOWER]: Becoming Follower/Learner. State: Replica: 2356b1638dd74fceaa6c9fb2fc33ac8c, State: Initialized, Role: FOLLOWER
I20260608 10:04:17.758764 18147 consensus_queue.cc:260] T 1025e2c25563428e8d0ebd0708a4bcbb P 2356b1638dd74fceaa6c9fb2fc33ac8c [NON_LEADER]: Queue going to NON_LEADER mode. State: All replicated index: 0, Majority replicated index: 0, Committed index: 0, Last appended: 0.0, Last appended by leader: 0, Current term: 0, Majority size: -1, State: 0, Mode: NON_LEADER, active raft config: opid_index: -1 OBSOLETE_local: false peers { permanent_uuid: "32292638db894acdba9f05ae5eca2245" member_type: VOTER last_known_addr { host: "127.16.224.129" port: 42529 } } peers { permanent_uuid: "2356b1638dd74fceaa6c9fb2fc33ac8c" member_type: VOTER last_known_addr { host: "127.16.224.130" port: 45059 } } peers { permanent_uuid: "5971711e49d24e88ad6fcc0ba7f0924f" member_type: VOTER last_known_addr { host: "127.16.224.131" port: 46835 } }
I20260608 10:04:17.761852 18146 tablet_bootstrap.cc:654] T cf903862d4034f2b8f06d52a844a8130 P 32292638db894acdba9f05ae5eca2245: Neither blocks nor log segments found. Creating new log.
I20260608 10:04:17.763082 18147 ts_tablet_manager.cc:1434] T 1025e2c25563428e8d0ebd0708a4bcbb P 2356b1638dd74fceaa6c9fb2fc33ac8c: Time spent starting tablet: real 0.009s	user 0.004s	sys 0.003s
I20260608 10:04:17.764109 18147 tablet_bootstrap.cc:492] T fb65780a7dde4770b8194b4d17d98fb9 P 2356b1638dd74fceaa6c9fb2fc33ac8c: Bootstrap starting.
I20260608 10:04:17.770187 18147 tablet_bootstrap.cc:654] T fb65780a7dde4770b8194b4d17d98fb9 P 2356b1638dd74fceaa6c9fb2fc33ac8c: Neither blocks nor log segments found. Creating new log.
I20260608 10:04:17.774051 18151 ts_tablet_manager.cc:1434] T bd8dc7e0a6c64d8da2dcf3b3234dc87b P 5971711e49d24e88ad6fcc0ba7f0924f: Time spent starting tablet: real 0.022s	user 0.006s	sys 0.000s
I20260608 10:04:17.775157 18151 tablet_bootstrap.cc:492] T 3d786a05c7bb4ab3972f45d040e18d89 P 5971711e49d24e88ad6fcc0ba7f0924f: Bootstrap starting.
I20260608 10:04:17.775435 18146 tablet_bootstrap.cc:492] T cf903862d4034f2b8f06d52a844a8130 P 32292638db894acdba9f05ae5eca2245: No bootstrap required, opened a new log
I20260608 10:04:17.775853 18146 ts_tablet_manager.cc:1403] T cf903862d4034f2b8f06d52a844a8130 P 32292638db894acdba9f05ae5eca2245: Time spent bootstrapping tablet: real 0.021s	user 0.012s	sys 0.006s
I20260608 10:04:17.778229 18146 raft_consensus.cc:359] T cf903862d4034f2b8f06d52a844a8130 P 32292638db894acdba9f05ae5eca2245 [term 0 FOLLOWER]: Replica starting. Triggering 0 pending ops. Active config: opid_index: -1 OBSOLETE_local: false peers { permanent_uuid: "32292638db894acdba9f05ae5eca2245" member_type: VOTER last_known_addr { host: "127.16.224.129" port: 42529 } } peers { permanent_uuid: "5971711e49d24e88ad6fcc0ba7f0924f" member_type: VOTER last_known_addr { host: "127.16.224.131" port: 46835 } } peers { permanent_uuid: "2356b1638dd74fceaa6c9fb2fc33ac8c" member_type: VOTER last_known_addr { host: "127.16.224.130" port: 45059 } }
I20260608 10:04:17.778808 18146 raft_consensus.cc:385] T cf903862d4034f2b8f06d52a844a8130 P 32292638db894acdba9f05ae5eca2245 [term 0 FOLLOWER]: Consensus starting up: Expiring failure detector timer to make a prompt election more likely
I20260608 10:04:17.779042 18146 raft_consensus.cc:740] T cf903862d4034f2b8f06d52a844a8130 P 32292638db894acdba9f05ae5eca2245 [term 0 FOLLOWER]: Becoming Follower/Learner. State: Replica: 32292638db894acdba9f05ae5eca2245, State: Initialized, Role: FOLLOWER
I20260608 10:04:17.779682 18146 consensus_queue.cc:260] T cf903862d4034f2b8f06d52a844a8130 P 32292638db894acdba9f05ae5eca2245 [NON_LEADER]: Queue going to NON_LEADER mode. State: All replicated index: 0, Majority replicated index: 0, Committed index: 0, Last appended: 0.0, Last appended by leader: 0, Current term: 0, Majority size: -1, State: 0, Mode: NON_LEADER, active raft config: opid_index: -1 OBSOLETE_local: false peers { permanent_uuid: "32292638db894acdba9f05ae5eca2245" member_type: VOTER last_known_addr { host: "127.16.224.129" port: 42529 } } peers { permanent_uuid: "5971711e49d24e88ad6fcc0ba7f0924f" member_type: VOTER last_known_addr { host: "127.16.224.131" port: 46835 } } peers { permanent_uuid: "2356b1638dd74fceaa6c9fb2fc33ac8c" member_type: VOTER last_known_addr { host: "127.16.224.130" port: 45059 } }
I20260608 10:04:17.780808 18151 tablet_bootstrap.cc:654] T 3d786a05c7bb4ab3972f45d040e18d89 P 5971711e49d24e88ad6fcc0ba7f0924f: Neither blocks nor log segments found. Creating new log.
I20260608 10:04:17.781636 18146 ts_tablet_manager.cc:1434] T cf903862d4034f2b8f06d52a844a8130 P 32292638db894acdba9f05ae5eca2245: Time spent starting tablet: real 0.006s	user 0.004s	sys 0.000s
I20260608 10:04:17.782567 18146 tablet_bootstrap.cc:492] T 2f9337a07992497fbd80f0b1b86a8032 P 32292638db894acdba9f05ae5eca2245: Bootstrap starting.
I20260608 10:04:17.784526 18147 tablet_bootstrap.cc:492] T fb65780a7dde4770b8194b4d17d98fb9 P 2356b1638dd74fceaa6c9fb2fc33ac8c: No bootstrap required, opened a new log
I20260608 10:04:17.785010 18147 ts_tablet_manager.cc:1403] T fb65780a7dde4770b8194b4d17d98fb9 P 2356b1638dd74fceaa6c9fb2fc33ac8c: Time spent bootstrapping tablet: real 0.021s	user 0.006s	sys 0.004s
I20260608 10:04:17.787858 18147 raft_consensus.cc:359] T fb65780a7dde4770b8194b4d17d98fb9 P 2356b1638dd74fceaa6c9fb2fc33ac8c [term 0 FOLLOWER]: Replica starting. Triggering 0 pending ops. Active config: opid_index: -1 OBSOLETE_local: false peers { permanent_uuid: "32292638db894acdba9f05ae5eca2245" member_type: VOTER last_known_addr { host: "127.16.224.129" port: 42529 } } peers { permanent_uuid: "2356b1638dd74fceaa6c9fb2fc33ac8c" member_type: VOTER last_known_addr { host: "127.16.224.130" port: 45059 } } peers { permanent_uuid: "5971711e49d24e88ad6fcc0ba7f0924f" member_type: VOTER last_known_addr { host: "127.16.224.131" port: 46835 } }
I20260608 10:04:17.788558 18147 raft_consensus.cc:385] T fb65780a7dde4770b8194b4d17d98fb9 P 2356b1638dd74fceaa6c9fb2fc33ac8c [term 0 FOLLOWER]: Consensus starting up: Expiring failure detector timer to make a prompt election more likely
I20260608 10:04:17.788846 18147 raft_consensus.cc:740] T fb65780a7dde4770b8194b4d17d98fb9 P 2356b1638dd74fceaa6c9fb2fc33ac8c [term 0 FOLLOWER]: Becoming Follower/Learner. State: Replica: 2356b1638dd74fceaa6c9fb2fc33ac8c, State: Initialized, Role: FOLLOWER
I20260608 10:04:17.789240 18146 tablet_bootstrap.cc:654] T 2f9337a07992497fbd80f0b1b86a8032 P 32292638db894acdba9f05ae5eca2245: Neither blocks nor log segments found. Creating new log.
I20260608 10:04:17.789700 18147 consensus_queue.cc:260] T fb65780a7dde4770b8194b4d17d98fb9 P 2356b1638dd74fceaa6c9fb2fc33ac8c [NON_LEADER]: Queue going to NON_LEADER mode. State: All replicated index: 0, Majority replicated index: 0, Committed index: 0, Last appended: 0.0, Last appended by leader: 0, Current term: 0, Majority size: -1, State: 0, Mode: NON_LEADER, active raft config: opid_index: -1 OBSOLETE_local: false peers { permanent_uuid: "32292638db894acdba9f05ae5eca2245" member_type: VOTER last_known_addr { host: "127.16.224.129" port: 42529 } } peers { permanent_uuid: "2356b1638dd74fceaa6c9fb2fc33ac8c" member_type: VOTER last_known_addr { host: "127.16.224.130" port: 45059 } } peers { permanent_uuid: "5971711e49d24e88ad6fcc0ba7f0924f" member_type: VOTER last_known_addr { host: "127.16.224.131" port: 46835 } }
I20260608 10:04:17.792325 18147 ts_tablet_manager.cc:1434] T fb65780a7dde4770b8194b4d17d98fb9 P 2356b1638dd74fceaa6c9fb2fc33ac8c: Time spent starting tablet: real 0.007s	user 0.008s	sys 0.000s
I20260608 10:04:17.793370 18147 tablet_bootstrap.cc:492] T bd8dc7e0a6c64d8da2dcf3b3234dc87b P 2356b1638dd74fceaa6c9fb2fc33ac8c: Bootstrap starting.
I20260608 10:04:17.794540 18151 tablet_bootstrap.cc:492] T 3d786a05c7bb4ab3972f45d040e18d89 P 5971711e49d24e88ad6fcc0ba7f0924f: No bootstrap required, opened a new log
I20260608 10:04:17.795176 18151 ts_tablet_manager.cc:1403] T 3d786a05c7bb4ab3972f45d040e18d89 P 5971711e49d24e88ad6fcc0ba7f0924f: Time spent bootstrapping tablet: real 0.020s	user 0.009s	sys 0.008s
I20260608 10:04:17.798272 18151 raft_consensus.cc:359] T 3d786a05c7bb4ab3972f45d040e18d89 P 5971711e49d24e88ad6fcc0ba7f0924f [term 0 FOLLOWER]: Replica starting. Triggering 0 pending ops. Active config: opid_index: -1 OBSOLETE_local: false peers { permanent_uuid: "32292638db894acdba9f05ae5eca2245" member_type: VOTER last_known_addr { host: "127.16.224.129" port: 42529 } } peers { permanent_uuid: "2356b1638dd74fceaa6c9fb2fc33ac8c" member_type: VOTER last_known_addr { host: "127.16.224.130" port: 45059 } } peers { permanent_uuid: "5971711e49d24e88ad6fcc0ba7f0924f" member_type: VOTER last_known_addr { host: "127.16.224.131" port: 46835 } }
I20260608 10:04:17.799063 18151 raft_consensus.cc:385] T 3d786a05c7bb4ab3972f45d040e18d89 P 5971711e49d24e88ad6fcc0ba7f0924f [term 0 FOLLOWER]: Consensus starting up: Expiring failure detector timer to make a prompt election more likely
I20260608 10:04:17.799010 18146 tablet_bootstrap.cc:492] T 2f9337a07992497fbd80f0b1b86a8032 P 32292638db894acdba9f05ae5eca2245: No bootstrap required, opened a new log
I20260608 10:04:17.799499 18151 raft_consensus.cc:740] T 3d786a05c7bb4ab3972f45d040e18d89 P 5971711e49d24e88ad6fcc0ba7f0924f [term 0 FOLLOWER]: Becoming Follower/Learner. State: Replica: 5971711e49d24e88ad6fcc0ba7f0924f, State: Initialized, Role: FOLLOWER
I20260608 10:04:17.799853 18146 ts_tablet_manager.cc:1403] T 2f9337a07992497fbd80f0b1b86a8032 P 32292638db894acdba9f05ae5eca2245: Time spent bootstrapping tablet: real 0.017s	user 0.008s	sys 0.005s
I20260608 10:04:17.799474 18147 tablet_bootstrap.cc:654] T bd8dc7e0a6c64d8da2dcf3b3234dc87b P 2356b1638dd74fceaa6c9fb2fc33ac8c: Neither blocks nor log segments found. Creating new log.
I20260608 10:04:17.800606 18151 consensus_queue.cc:260] T 3d786a05c7bb4ab3972f45d040e18d89 P 5971711e49d24e88ad6fcc0ba7f0924f [NON_LEADER]: Queue going to NON_LEADER mode. State: All replicated index: 0, Majority replicated index: 0, Committed index: 0, Last appended: 0.0, Last appended by leader: 0, Current term: 0, Majority size: -1, State: 0, Mode: NON_LEADER, active raft config: opid_index: -1 OBSOLETE_local: false peers { permanent_uuid: "32292638db894acdba9f05ae5eca2245" member_type: VOTER last_known_addr { host: "127.16.224.129" port: 42529 } } peers { permanent_uuid: "2356b1638dd74fceaa6c9fb2fc33ac8c" member_type: VOTER last_known_addr { host: "127.16.224.130" port: 45059 } } peers { permanent_uuid: "5971711e49d24e88ad6fcc0ba7f0924f" member_type: VOTER last_known_addr { host: "127.16.224.131" port: 46835 } }
I20260608 10:04:17.802876 18151 ts_tablet_manager.cc:1434] T 3d786a05c7bb4ab3972f45d040e18d89 P 5971711e49d24e88ad6fcc0ba7f0924f: Time spent starting tablet: real 0.007s	user 0.007s	sys 0.000s
I20260608 10:04:17.802963 18146 raft_consensus.cc:359] T 2f9337a07992497fbd80f0b1b86a8032 P 32292638db894acdba9f05ae5eca2245 [term 0 FOLLOWER]: Replica starting. Triggering 0 pending ops. Active config: opid_index: -1 OBSOLETE_local: false peers { permanent_uuid: "32292638db894acdba9f05ae5eca2245" member_type: VOTER last_known_addr { host: "127.16.224.129" port: 42529 } } peers { permanent_uuid: "2356b1638dd74fceaa6c9fb2fc33ac8c" member_type: VOTER last_known_addr { host: "127.16.224.130" port: 45059 } } peers { permanent_uuid: "5971711e49d24e88ad6fcc0ba7f0924f" member_type: VOTER last_known_addr { host: "127.16.224.131" port: 46835 } }
I20260608 10:04:17.803828 18146 raft_consensus.cc:385] T 2f9337a07992497fbd80f0b1b86a8032 P 32292638db894acdba9f05ae5eca2245 [term 0 FOLLOWER]: Consensus starting up: Expiring failure detector timer to make a prompt election more likely
I20260608 10:04:17.804059 18151 tablet_bootstrap.cc:492] T b20e544f1bef4417acbc0c2e133d77da P 5971711e49d24e88ad6fcc0ba7f0924f: Bootstrap starting.
I20260608 10:04:17.804209 18146 raft_consensus.cc:740] T 2f9337a07992497fbd80f0b1b86a8032 P 32292638db894acdba9f05ae5eca2245 [term 0 FOLLOWER]: Becoming Follower/Learner. State: Replica: 32292638db894acdba9f05ae5eca2245, State: Initialized, Role: FOLLOWER
I20260608 10:04:17.805416 18146 consensus_queue.cc:260] T 2f9337a07992497fbd80f0b1b86a8032 P 32292638db894acdba9f05ae5eca2245 [NON_LEADER]: Queue going to NON_LEADER mode. State: All replicated index: 0, Majority replicated index: 0, Committed index: 0, Last appended: 0.0, Last appended by leader: 0, Current term: 0, Majority size: -1, State: 0, Mode: NON_LEADER, active raft config: opid_index: -1 OBSOLETE_local: false peers { permanent_uuid: "32292638db894acdba9f05ae5eca2245" member_type: VOTER last_known_addr { host: "127.16.224.129" port: 42529 } } peers { permanent_uuid: "2356b1638dd74fceaa6c9fb2fc33ac8c" member_type: VOTER last_known_addr { host: "127.16.224.130" port: 45059 } } peers { permanent_uuid: "5971711e49d24e88ad6fcc0ba7f0924f" member_type: VOTER last_known_addr { host: "127.16.224.131" port: 46835 } }
I20260608 10:04:17.810202 18146 ts_tablet_manager.cc:1434] T 2f9337a07992497fbd80f0b1b86a8032 P 32292638db894acdba9f05ae5eca2245: Time spent starting tablet: real 0.010s	user 0.004s	sys 0.002s
I20260608 10:04:17.811462 18153 raft_consensus.cc:493] T 2f9337a07992497fbd80f0b1b86a8032 P 32292638db894acdba9f05ae5eca2245 [term 0 FOLLOWER]: Starting pre-election (no leader contacted us within the election timeout)
I20260608 10:04:17.812244 18151 tablet_bootstrap.cc:654] T b20e544f1bef4417acbc0c2e133d77da P 5971711e49d24e88ad6fcc0ba7f0924f: Neither blocks nor log segments found. Creating new log.
I20260608 10:04:17.812012 18153 raft_consensus.cc:515] T 2f9337a07992497fbd80f0b1b86a8032 P 32292638db894acdba9f05ae5eca2245 [term 0 FOLLOWER]: Starting pre-election with config: opid_index: -1 OBSOLETE_local: false peers { permanent_uuid: "32292638db894acdba9f05ae5eca2245" member_type: VOTER last_known_addr { host: "127.16.224.129" port: 42529 } } peers { permanent_uuid: "2356b1638dd74fceaa6c9fb2fc33ac8c" member_type: VOTER last_known_addr { host: "127.16.224.130" port: 45059 } } peers { permanent_uuid: "5971711e49d24e88ad6fcc0ba7f0924f" member_type: VOTER last_known_addr { host: "127.16.224.131" port: 46835 } }
I20260608 10:04:17.816692 18150 raft_consensus.cc:493] T cf903862d4034f2b8f06d52a844a8130 P 2356b1638dd74fceaa6c9fb2fc33ac8c [term 0 FOLLOWER]: Starting pre-election (no leader contacted us within the election timeout)
I20260608 10:04:17.817220 18150 raft_consensus.cc:515] T cf903862d4034f2b8f06d52a844a8130 P 2356b1638dd74fceaa6c9fb2fc33ac8c [term 0 FOLLOWER]: Starting pre-election with config: opid_index: -1 OBSOLETE_local: false peers { permanent_uuid: "32292638db894acdba9f05ae5eca2245" member_type: VOTER last_known_addr { host: "127.16.224.129" port: 42529 } } peers { permanent_uuid: "5971711e49d24e88ad6fcc0ba7f0924f" member_type: VOTER last_known_addr { host: "127.16.224.131" port: 46835 } } peers { permanent_uuid: "2356b1638dd74fceaa6c9fb2fc33ac8c" member_type: VOTER last_known_addr { host: "127.16.224.130" port: 45059 } }
I20260608 10:04:17.821307 18153 leader_election.cc:290] T 2f9337a07992497fbd80f0b1b86a8032 P 32292638db894acdba9f05ae5eca2245 [CANDIDATE]: Term 1 pre-election: Requested pre-vote from peers 2356b1638dd74fceaa6c9fb2fc33ac8c (127.16.224.130:45059), 5971711e49d24e88ad6fcc0ba7f0924f (127.16.224.131:46835)
I20260608 10:04:17.822531 18146 tablet_bootstrap.cc:492] T fb65780a7dde4770b8194b4d17d98fb9 P 32292638db894acdba9f05ae5eca2245: Bootstrap starting.
I20260608 10:04:17.829144 18146 tablet_bootstrap.cc:654] T fb65780a7dde4770b8194b4d17d98fb9 P 32292638db894acdba9f05ae5eca2245: Neither blocks nor log segments found. Creating new log.
I20260608 10:04:17.832319 18150 leader_election.cc:290] T cf903862d4034f2b8f06d52a844a8130 P 2356b1638dd74fceaa6c9fb2fc33ac8c [CANDIDATE]: Term 1 pre-election: Requested pre-vote from peers 32292638db894acdba9f05ae5eca2245 (127.16.224.129:42529), 5971711e49d24e88ad6fcc0ba7f0924f (127.16.224.131:46835)
I20260608 10:04:17.836354 18151 tablet_bootstrap.cc:492] T b20e544f1bef4417acbc0c2e133d77da P 5971711e49d24e88ad6fcc0ba7f0924f: No bootstrap required, opened a new log
I20260608 10:04:17.836944 18151 ts_tablet_manager.cc:1403] T b20e544f1bef4417acbc0c2e133d77da P 5971711e49d24e88ad6fcc0ba7f0924f: Time spent bootstrapping tablet: real 0.033s	user 0.006s	sys 0.012s
I20260608 10:04:17.839860 18151 raft_consensus.cc:359] T b20e544f1bef4417acbc0c2e133d77da P 5971711e49d24e88ad6fcc0ba7f0924f [term 0 FOLLOWER]: Replica starting. Triggering 0 pending ops. Active config: opid_index: -1 OBSOLETE_local: false peers { permanent_uuid: "32292638db894acdba9f05ae5eca2245" member_type: VOTER last_known_addr { host: "127.16.224.129" port: 42529 } } peers { permanent_uuid: "2356b1638dd74fceaa6c9fb2fc33ac8c" member_type: VOTER last_known_addr { host: "127.16.224.130" port: 45059 } } peers { permanent_uuid: "5971711e49d24e88ad6fcc0ba7f0924f" member_type: VOTER last_known_addr { host: "127.16.224.131" port: 46835 } }
I20260608 10:04:17.840391 18151 raft_consensus.cc:385] T b20e544f1bef4417acbc0c2e133d77da P 5971711e49d24e88ad6fcc0ba7f0924f [term 0 FOLLOWER]: Consensus starting up: Expiring failure detector timer to make a prompt election more likely
I20260608 10:04:17.840730 18151 raft_consensus.cc:740] T b20e544f1bef4417acbc0c2e133d77da P 5971711e49d24e88ad6fcc0ba7f0924f [term 0 FOLLOWER]: Becoming Follower/Learner. State: Replica: 5971711e49d24e88ad6fcc0ba7f0924f, State: Initialized, Role: FOLLOWER
I20260608 10:04:17.841527 18151 consensus_queue.cc:260] T b20e544f1bef4417acbc0c2e133d77da P 5971711e49d24e88ad6fcc0ba7f0924f [NON_LEADER]: Queue going to NON_LEADER mode. State: All replicated index: 0, Majority replicated index: 0, Committed index: 0, Last appended: 0.0, Last appended by leader: 0, Current term: 0, Majority size: -1, State: 0, Mode: NON_LEADER, active raft config: opid_index: -1 OBSOLETE_local: false peers { permanent_uuid: "32292638db894acdba9f05ae5eca2245" member_type: VOTER last_known_addr { host: "127.16.224.129" port: 42529 } } peers { permanent_uuid: "2356b1638dd74fceaa6c9fb2fc33ac8c" member_type: VOTER last_known_addr { host: "127.16.224.130" port: 45059 } } peers { permanent_uuid: "5971711e49d24e88ad6fcc0ba7f0924f" member_type: VOTER last_known_addr { host: "127.16.224.131" port: 46835 } }
I20260608 10:04:17.842554 18147 tablet_bootstrap.cc:492] T bd8dc7e0a6c64d8da2dcf3b3234dc87b P 2356b1638dd74fceaa6c9fb2fc33ac8c: No bootstrap required, opened a new log
I20260608 10:04:17.843041 18147 ts_tablet_manager.cc:1403] T bd8dc7e0a6c64d8da2dcf3b3234dc87b P 2356b1638dd74fceaa6c9fb2fc33ac8c: Time spent bootstrapping tablet: real 0.050s	user 0.009s	sys 0.015s
I20260608 10:04:17.845803 18147 raft_consensus.cc:359] T bd8dc7e0a6c64d8da2dcf3b3234dc87b P 2356b1638dd74fceaa6c9fb2fc33ac8c [term 0 FOLLOWER]: Replica starting. Triggering 0 pending ops. Active config: opid_index: -1 OBSOLETE_local: false peers { permanent_uuid: "32292638db894acdba9f05ae5eca2245" member_type: VOTER last_known_addr { host: "127.16.224.129" port: 42529 } } peers { permanent_uuid: "2356b1638dd74fceaa6c9fb2fc33ac8c" member_type: VOTER last_known_addr { host: "127.16.224.130" port: 45059 } } peers { permanent_uuid: "5971711e49d24e88ad6fcc0ba7f0924f" member_type: VOTER last_known_addr { host: "127.16.224.131" port: 46835 } }
I20260608 10:04:17.850710 18027 tablet_service.cc:1917] Received RequestConsensusVote() RPC: tablet_id: "2f9337a07992497fbd80f0b1b86a8032" candidate_uuid: "32292638db894acdba9f05ae5eca2245" candidate_term: 1 candidate_status { last_received { term: 0 index: 0 } } ignore_live_leader: false dest_uuid: "2356b1638dd74fceaa6c9fb2fc33ac8c" is_pre_election: true
I20260608 10:04:17.852257 18151 ts_tablet_manager.cc:1434] T b20e544f1bef4417acbc0c2e133d77da P 5971711e49d24e88ad6fcc0ba7f0924f: Time spent starting tablet: real 0.015s	user 0.005s	sys 0.001s
W20260608 10:04:17.855578 17918 leader_election.cc:343] T 2f9337a07992497fbd80f0b1b86a8032 P 32292638db894acdba9f05ae5eca2245 [CANDIDATE]: Term 1 pre-election: Tablet error from VoteRequest() call to peer 2356b1638dd74fceaa6c9fb2fc33ac8c (127.16.224.130:45059): Illegal state: must be running to vote when last-logged opid is not known
I20260608 10:04:17.846462 18147 raft_consensus.cc:385] T bd8dc7e0a6c64d8da2dcf3b3234dc87b P 2356b1638dd74fceaa6c9fb2fc33ac8c [term 0 FOLLOWER]: Consensus starting up: Expiring failure detector timer to make a prompt election more likely
I20260608 10:04:17.856572 18147 raft_consensus.cc:740] T bd8dc7e0a6c64d8da2dcf3b3234dc87b P 2356b1638dd74fceaa6c9fb2fc33ac8c [term 0 FOLLOWER]: Becoming Follower/Learner. State: Replica: 2356b1638dd74fceaa6c9fb2fc33ac8c, State: Initialized, Role: FOLLOWER
I20260608 10:04:17.857368 18147 consensus_queue.cc:260] T bd8dc7e0a6c64d8da2dcf3b3234dc87b P 2356b1638dd74fceaa6c9fb2fc33ac8c [NON_LEADER]: Queue going to NON_LEADER mode. State: All replicated index: 0, Majority replicated index: 0, Committed index: 0, Last appended: 0.0, Last appended by leader: 0, Current term: 0, Majority size: -1, State: 0, Mode: NON_LEADER, active raft config: opid_index: -1 OBSOLETE_local: false peers { permanent_uuid: "32292638db894acdba9f05ae5eca2245" member_type: VOTER last_known_addr { host: "127.16.224.129" port: 42529 } } peers { permanent_uuid: "2356b1638dd74fceaa6c9fb2fc33ac8c" member_type: VOTER last_known_addr { host: "127.16.224.130" port: 45059 } } peers { permanent_uuid: "5971711e49d24e88ad6fcc0ba7f0924f" member_type: VOTER last_known_addr { host: "127.16.224.131" port: 46835 } }
I20260608 10:04:17.859663 18147 ts_tablet_manager.cc:1434] T bd8dc7e0a6c64d8da2dcf3b3234dc87b P 2356b1638dd74fceaa6c9fb2fc33ac8c: Time spent starting tablet: real 0.016s	user 0.006s	sys 0.000s
I20260608 10:04:17.860057 18151 tablet_bootstrap.cc:492] T cf903862d4034f2b8f06d52a844a8130 P 5971711e49d24e88ad6fcc0ba7f0924f: Bootstrap starting.
I20260608 10:04:17.860605 18147 tablet_bootstrap.cc:492] T 3177ee26a3d048abbf4435f886c78b19 P 2356b1638dd74fceaa6c9fb2fc33ac8c: Bootstrap starting.
I20260608 10:04:17.871258 18146 tablet_bootstrap.cc:492] T fb65780a7dde4770b8194b4d17d98fb9 P 32292638db894acdba9f05ae5eca2245: No bootstrap required, opened a new log
I20260608 10:04:17.871861 18146 ts_tablet_manager.cc:1403] T fb65780a7dde4770b8194b4d17d98fb9 P 32292638db894acdba9f05ae5eca2245: Time spent bootstrapping tablet: real 0.050s	user 0.034s	sys 0.014s
I20260608 10:04:17.873930 18101 tablet_service.cc:1917] Received RequestConsensusVote() RPC: tablet_id: "2f9337a07992497fbd80f0b1b86a8032" candidate_uuid: "32292638db894acdba9f05ae5eca2245" candidate_term: 1 candidate_status { last_received { term: 0 index: 0 } } ignore_live_leader: false dest_uuid: "5971711e49d24e88ad6fcc0ba7f0924f" is_pre_election: true
I20260608 10:04:17.874411 18154 raft_consensus.cc:493] T 3d786a05c7bb4ab3972f45d040e18d89 P 5971711e49d24e88ad6fcc0ba7f0924f [term 0 FOLLOWER]: Starting pre-election (no leader contacted us within the election timeout)
I20260608 10:04:17.874696 18101 raft_consensus.cc:2468] T 2f9337a07992497fbd80f0b1b86a8032 P 5971711e49d24e88ad6fcc0ba7f0924f [term 0 FOLLOWER]: Leader pre-election vote request: Granting yes vote for candidate 32292638db894acdba9f05ae5eca2245 in term 0.
I20260608 10:04:17.875057 18154 raft_consensus.cc:515] T 3d786a05c7bb4ab3972f45d040e18d89 P 5971711e49d24e88ad6fcc0ba7f0924f [term 0 FOLLOWER]: Starting pre-election with config: opid_index: -1 OBSOLETE_local: false peers { permanent_uuid: "32292638db894acdba9f05ae5eca2245" member_type: VOTER last_known_addr { host: "127.16.224.129" port: 42529 } } peers { permanent_uuid: "2356b1638dd74fceaa6c9fb2fc33ac8c" member_type: VOTER last_known_addr { host: "127.16.224.130" port: 45059 } } peers { permanent_uuid: "5971711e49d24e88ad6fcc0ba7f0924f" member_type: VOTER last_known_addr { host: "127.16.224.131" port: 46835 } }
I20260608 10:04:17.874876 18147 tablet_bootstrap.cc:654] T 3177ee26a3d048abbf4435f886c78b19 P 2356b1638dd74fceaa6c9fb2fc33ac8c: Neither blocks nor log segments found. Creating new log.
I20260608 10:04:17.876111 18146 raft_consensus.cc:359] T fb65780a7dde4770b8194b4d17d98fb9 P 32292638db894acdba9f05ae5eca2245 [term 0 FOLLOWER]: Replica starting. Triggering 0 pending ops. Active config: opid_index: -1 OBSOLETE_local: false peers { permanent_uuid: "32292638db894acdba9f05ae5eca2245" member_type: VOTER last_known_addr { host: "127.16.224.129" port: 42529 } } peers { permanent_uuid: "2356b1638dd74fceaa6c9fb2fc33ac8c" member_type: VOTER last_known_addr { host: "127.16.224.130" port: 45059 } } peers { permanent_uuid: "5971711e49d24e88ad6fcc0ba7f0924f" member_type: VOTER last_known_addr { host: "127.16.224.131" port: 46835 } }
I20260608 10:04:17.876976 18146 raft_consensus.cc:385] T fb65780a7dde4770b8194b4d17d98fb9 P 32292638db894acdba9f05ae5eca2245 [term 0 FOLLOWER]: Consensus starting up: Expiring failure detector timer to make a prompt election more likely
I20260608 10:04:17.876865 17915 leader_election.cc:304] T 2f9337a07992497fbd80f0b1b86a8032 P 32292638db894acdba9f05ae5eca2245 [CANDIDATE]: Term 1 pre-election: Election decided. Result: candidate won. Election summary: received 3 responses out of 3 voters: 2 yes votes; 1 no votes. yes voters: 32292638db894acdba9f05ae5eca2245, 5971711e49d24e88ad6fcc0ba7f0924f; no voters: 2356b1638dd74fceaa6c9fb2fc33ac8c
I20260608 10:04:17.877763 18151 tablet_bootstrap.cc:654] T cf903862d4034f2b8f06d52a844a8130 P 5971711e49d24e88ad6fcc0ba7f0924f: Neither blocks nor log segments found. Creating new log.
I20260608 10:04:17.878332 18154 leader_election.cc:290] T 3d786a05c7bb4ab3972f45d040e18d89 P 5971711e49d24e88ad6fcc0ba7f0924f [CANDIDATE]: Term 1 pre-election: Requested pre-vote from peers 32292638db894acdba9f05ae5eca2245 (127.16.224.129:42529), 2356b1638dd74fceaa6c9fb2fc33ac8c (127.16.224.130:45059)
I20260608 10:04:17.878799 18101 tablet_service.cc:1917] Received RequestConsensusVote() RPC: tablet_id: "cf903862d4034f2b8f06d52a844a8130" candidate_uuid: "2356b1638dd74fceaa6c9fb2fc33ac8c" candidate_term: 1 candidate_status { last_received { term: 0 index: 0 } } ignore_live_leader: false dest_uuid: "5971711e49d24e88ad6fcc0ba7f0924f" is_pre_election: true
I20260608 10:04:17.878414 18153 raft_consensus.cc:2804] T 2f9337a07992497fbd80f0b1b86a8032 P 32292638db894acdba9f05ae5eca2245 [term 0 FOLLOWER]: Leader pre-election won for term 1
I20260608 10:04:17.880470 18153 raft_consensus.cc:493] T 2f9337a07992497fbd80f0b1b86a8032 P 32292638db894acdba9f05ae5eca2245 [term 0 FOLLOWER]: Starting leader election (no leader contacted us within the election timeout)
I20260608 10:04:17.880851 18153 raft_consensus.cc:3060] T 2f9337a07992497fbd80f0b1b86a8032 P 32292638db894acdba9f05ae5eca2245 [term 0 FOLLOWER]: Advancing to term 1
I20260608 10:04:17.877341 18146 raft_consensus.cc:740] T fb65780a7dde4770b8194b4d17d98fb9 P 32292638db894acdba9f05ae5eca2245 [term 0 FOLLOWER]: Becoming Follower/Learner. State: Replica: 32292638db894acdba9f05ae5eca2245, State: Initialized, Role: FOLLOWER
I20260608 10:04:17.882364 18146 consensus_queue.cc:260] T fb65780a7dde4770b8194b4d17d98fb9 P 32292638db894acdba9f05ae5eca2245 [NON_LEADER]: Queue going to NON_LEADER mode. State: All replicated index: 0, Majority replicated index: 0, Committed index: 0, Last appended: 0.0, Last appended by leader: 0, Current term: 0, Majority size: -1, State: 0, Mode: NON_LEADER, active raft config: opid_index: -1 OBSOLETE_local: false peers { permanent_uuid: "32292638db894acdba9f05ae5eca2245" member_type: VOTER last_known_addr { host: "127.16.224.129" port: 42529 } } peers { permanent_uuid: "2356b1638dd74fceaa6c9fb2fc33ac8c" member_type: VOTER last_known_addr { host: "127.16.224.130" port: 45059 } } peers { permanent_uuid: "5971711e49d24e88ad6fcc0ba7f0924f" member_type: VOTER last_known_addr { host: "127.16.224.131" port: 46835 } }
I20260608 10:04:17.883662 17952 tablet_service.cc:1917] Received RequestConsensusVote() RPC: tablet_id: "cf903862d4034f2b8f06d52a844a8130" candidate_uuid: "2356b1638dd74fceaa6c9fb2fc33ac8c" candidate_term: 1 candidate_status { last_received { term: 0 index: 0 } } ignore_live_leader: false dest_uuid: "32292638db894acdba9f05ae5eca2245" is_pre_election: true
I20260608 10:04:17.892794 18153 raft_consensus.cc:515] T 2f9337a07992497fbd80f0b1b86a8032 P 32292638db894acdba9f05ae5eca2245 [term 1 FOLLOWER]: Starting leader election with config: opid_index: -1 OBSOLETE_local: false peers { permanent_uuid: "32292638db894acdba9f05ae5eca2245" member_type: VOTER last_known_addr { host: "127.16.224.129" port: 42529 } } peers { permanent_uuid: "2356b1638dd74fceaa6c9fb2fc33ac8c" member_type: VOTER last_known_addr { host: "127.16.224.130" port: 45059 } } peers { permanent_uuid: "5971711e49d24e88ad6fcc0ba7f0924f" member_type: VOTER last_known_addr { host: "127.16.224.131" port: 46835 } }
I20260608 10:04:17.884418 17952 raft_consensus.cc:2468] T cf903862d4034f2b8f06d52a844a8130 P 32292638db894acdba9f05ae5eca2245 [term 0 FOLLOWER]: Leader pre-election vote request: Granting yes vote for candidate 2356b1638dd74fceaa6c9fb2fc33ac8c in term 0.
I20260608 10:04:17.898775 17993 leader_election.cc:304] T cf903862d4034f2b8f06d52a844a8130 P 2356b1638dd74fceaa6c9fb2fc33ac8c [CANDIDATE]: Term 1 pre-election: Election decided. Result: candidate won. Election summary: received 2 responses out of 3 voters: 2 yes votes; 0 no votes. yes voters: 2356b1638dd74fceaa6c9fb2fc33ac8c, 32292638db894acdba9f05ae5eca2245; no voters: 
I20260608 10:04:17.906787 18150 raft_consensus.cc:2804] T cf903862d4034f2b8f06d52a844a8130 P 2356b1638dd74fceaa6c9fb2fc33ac8c [term 0 FOLLOWER]: Leader pre-election won for term 1
I20260608 10:04:17.907196 18150 raft_consensus.cc:493] T cf903862d4034f2b8f06d52a844a8130 P 2356b1638dd74fceaa6c9fb2fc33ac8c [term 0 FOLLOWER]: Starting leader election (no leader contacted us within the election timeout)
I20260608 10:04:17.907516 18150 raft_consensus.cc:3060] T cf903862d4034f2b8f06d52a844a8130 P 2356b1638dd74fceaa6c9fb2fc33ac8c [term 0 FOLLOWER]: Advancing to term 1
I20260608 10:04:17.909065 18153 leader_election.cc:290] T 2f9337a07992497fbd80f0b1b86a8032 P 32292638db894acdba9f05ae5eca2245 [CANDIDATE]: Term 1 election: Requested vote from peers 2356b1638dd74fceaa6c9fb2fc33ac8c (127.16.224.130:45059), 5971711e49d24e88ad6fcc0ba7f0924f (127.16.224.131:46835)
I20260608 10:04:17.916934 18146 ts_tablet_manager.cc:1434] T fb65780a7dde4770b8194b4d17d98fb9 P 32292638db894acdba9f05ae5eca2245: Time spent starting tablet: real 0.045s	user 0.024s	sys 0.015s
I20260608 10:04:17.919713 18146 tablet_bootstrap.cc:492] T 3177ee26a3d048abbf4435f886c78b19 P 32292638db894acdba9f05ae5eca2245: Bootstrap starting.
I20260608 10:04:17.920475 18151 tablet_bootstrap.cc:492] T cf903862d4034f2b8f06d52a844a8130 P 5971711e49d24e88ad6fcc0ba7f0924f: No bootstrap required, opened a new log
I20260608 10:04:17.921029 18151 ts_tablet_manager.cc:1403] T cf903862d4034f2b8f06d52a844a8130 P 5971711e49d24e88ad6fcc0ba7f0924f: Time spent bootstrapping tablet: real 0.061s	user 0.020s	sys 0.023s
I20260608 10:04:17.924536 18151 raft_consensus.cc:359] T cf903862d4034f2b8f06d52a844a8130 P 5971711e49d24e88ad6fcc0ba7f0924f [term 0 FOLLOWER]: Replica starting. Triggering 0 pending ops. Active config: opid_index: -1 OBSOLETE_local: false peers { permanent_uuid: "32292638db894acdba9f05ae5eca2245" member_type: VOTER last_known_addr { host: "127.16.224.129" port: 42529 } } peers { permanent_uuid: "5971711e49d24e88ad6fcc0ba7f0924f" member_type: VOTER last_known_addr { host: "127.16.224.131" port: 46835 } } peers { permanent_uuid: "2356b1638dd74fceaa6c9fb2fc33ac8c" member_type: VOTER last_known_addr { host: "127.16.224.130" port: 45059 } }
I20260608 10:04:17.925359 18151 raft_consensus.cc:385] T cf903862d4034f2b8f06d52a844a8130 P 5971711e49d24e88ad6fcc0ba7f0924f [term 0 FOLLOWER]: Consensus starting up: Expiring failure detector timer to make a prompt election more likely
I20260608 10:04:17.925709 18151 raft_consensus.cc:740] T cf903862d4034f2b8f06d52a844a8130 P 5971711e49d24e88ad6fcc0ba7f0924f [term 0 FOLLOWER]: Becoming Follower/Learner. State: Replica: 5971711e49d24e88ad6fcc0ba7f0924f, State: Initialized, Role: FOLLOWER
I20260608 10:04:17.926980 18146 tablet_bootstrap.cc:654] T 3177ee26a3d048abbf4435f886c78b19 P 32292638db894acdba9f05ae5eca2245: Neither blocks nor log segments found. Creating new log.
I20260608 10:04:17.926631 18151 consensus_queue.cc:260] T cf903862d4034f2b8f06d52a844a8130 P 5971711e49d24e88ad6fcc0ba7f0924f [NON_LEADER]: Queue going to NON_LEADER mode. State: All replicated index: 0, Majority replicated index: 0, Committed index: 0, Last appended: 0.0, Last appended by leader: 0, Current term: 0, Majority size: -1, State: 0, Mode: NON_LEADER, active raft config: opid_index: -1 OBSOLETE_local: false peers { permanent_uuid: "32292638db894acdba9f05ae5eca2245" member_type: VOTER last_known_addr { host: "127.16.224.129" port: 42529 } } peers { permanent_uuid: "5971711e49d24e88ad6fcc0ba7f0924f" member_type: VOTER last_known_addr { host: "127.16.224.131" port: 46835 } } peers { permanent_uuid: "2356b1638dd74fceaa6c9fb2fc33ac8c" member_type: VOTER last_known_addr { host: "127.16.224.130" port: 45059 } }
I20260608 10:04:17.927462 18150 raft_consensus.cc:515] T cf903862d4034f2b8f06d52a844a8130 P 2356b1638dd74fceaa6c9fb2fc33ac8c [term 1 FOLLOWER]: Starting leader election with config: opid_index: -1 OBSOLETE_local: false peers { permanent_uuid: "32292638db894acdba9f05ae5eca2245" member_type: VOTER last_known_addr { host: "127.16.224.129" port: 42529 } } peers { permanent_uuid: "5971711e49d24e88ad6fcc0ba7f0924f" member_type: VOTER last_known_addr { host: "127.16.224.131" port: 46835 } } peers { permanent_uuid: "2356b1638dd74fceaa6c9fb2fc33ac8c" member_type: VOTER last_known_addr { host: "127.16.224.130" port: 45059 } }
I20260608 10:04:17.929448 18171 raft_consensus.cc:493] T 1025e2c25563428e8d0ebd0708a4bcbb P 32292638db894acdba9f05ae5eca2245 [term 0 FOLLOWER]: Starting pre-election (no leader contacted us within the election timeout)
I20260608 10:04:17.929984 18171 raft_consensus.cc:515] T 1025e2c25563428e8d0ebd0708a4bcbb P 32292638db894acdba9f05ae5eca2245 [term 0 FOLLOWER]: Starting pre-election with config: opid_index: -1 OBSOLETE_local: false peers { permanent_uuid: "32292638db894acdba9f05ae5eca2245" member_type: VOTER last_known_addr { host: "127.16.224.129" port: 42529 } } peers { permanent_uuid: "2356b1638dd74fceaa6c9fb2fc33ac8c" member_type: VOTER last_known_addr { host: "127.16.224.130" port: 45059 } } peers { permanent_uuid: "5971711e49d24e88ad6fcc0ba7f0924f" member_type: VOTER last_known_addr { host: "127.16.224.131" port: 46835 } }
I20260608 10:04:17.930629 17952 tablet_service.cc:1917] Received RequestConsensusVote() RPC: tablet_id: "cf903862d4034f2b8f06d52a844a8130" candidate_uuid: "2356b1638dd74fceaa6c9fb2fc33ac8c" candidate_term: 1 candidate_status { last_received { term: 0 index: 0 } } ignore_live_leader: false dest_uuid: "32292638db894acdba9f05ae5eca2245"
I20260608 10:04:17.931216 17952 raft_consensus.cc:3060] T cf903862d4034f2b8f06d52a844a8130 P 32292638db894acdba9f05ae5eca2245 [term 0 FOLLOWER]: Advancing to term 1
I20260608 10:04:17.932464 18147 tablet_bootstrap.cc:492] T 3177ee26a3d048abbf4435f886c78b19 P 2356b1638dd74fceaa6c9fb2fc33ac8c: No bootstrap required, opened a new log
I20260608 10:04:17.932968 18147 ts_tablet_manager.cc:1403] T 3177ee26a3d048abbf4435f886c78b19 P 2356b1638dd74fceaa6c9fb2fc33ac8c: Time spent bootstrapping tablet: real 0.073s	user 0.015s	sys 0.005s
I20260608 10:04:17.933645 18171 leader_election.cc:290] T 1025e2c25563428e8d0ebd0708a4bcbb P 32292638db894acdba9f05ae5eca2245 [CANDIDATE]: Term 1 pre-election: Requested pre-vote from peers 2356b1638dd74fceaa6c9fb2fc33ac8c (127.16.224.130:45059), 5971711e49d24e88ad6fcc0ba7f0924f (127.16.224.131:46835)
I20260608 10:04:17.936842 18151 ts_tablet_manager.cc:1434] T cf903862d4034f2b8f06d52a844a8130 P 5971711e49d24e88ad6fcc0ba7f0924f: Time spent starting tablet: real 0.015s	user 0.007s	sys 0.000s
I20260608 10:04:17.938921 17952 raft_consensus.cc:2468] T cf903862d4034f2b8f06d52a844a8130 P 32292638db894acdba9f05ae5eca2245 [term 1 FOLLOWER]: Leader election vote request: Granting yes vote for candidate 2356b1638dd74fceaa6c9fb2fc33ac8c in term 1.
I20260608 10:04:17.940332 17993 leader_election.cc:304] T cf903862d4034f2b8f06d52a844a8130 P 2356b1638dd74fceaa6c9fb2fc33ac8c [CANDIDATE]: Term 1 election: Election decided. Result: candidate won. Election summary: received 2 responses out of 3 voters: 2 yes votes; 0 no votes. yes voters: 2356b1638dd74fceaa6c9fb2fc33ac8c, 32292638db894acdba9f05ae5eca2245; no voters: 
I20260608 10:04:17.944221 18147 raft_consensus.cc:359] T 3177ee26a3d048abbf4435f886c78b19 P 2356b1638dd74fceaa6c9fb2fc33ac8c [term 0 FOLLOWER]: Replica starting. Triggering 0 pending ops. Active config: opid_index: -1 OBSOLETE_local: false peers { permanent_uuid: "32292638db894acdba9f05ae5eca2245" member_type: VOTER last_known_addr { host: "127.16.224.129" port: 42529 } } peers { permanent_uuid: "2356b1638dd74fceaa6c9fb2fc33ac8c" member_type: VOTER last_known_addr { host: "127.16.224.130" port: 45059 } } peers { permanent_uuid: "5971711e49d24e88ad6fcc0ba7f0924f" member_type: VOTER last_known_addr { host: "127.16.224.131" port: 46835 } }
I20260608 10:04:17.945680 18151 tablet_bootstrap.cc:492] T 1025e2c25563428e8d0ebd0708a4bcbb P 5971711e49d24e88ad6fcc0ba7f0924f: Bootstrap starting.
I20260608 10:04:17.946219 18147 raft_consensus.cc:385] T 3177ee26a3d048abbf4435f886c78b19 P 2356b1638dd74fceaa6c9fb2fc33ac8c [term 0 FOLLOWER]: Consensus starting up: Expiring failure detector timer to make a prompt election more likely
I20260608 10:04:17.947146 18147 raft_consensus.cc:740] T 3177ee26a3d048abbf4435f886c78b19 P 2356b1638dd74fceaa6c9fb2fc33ac8c [term 0 FOLLOWER]: Becoming Follower/Learner. State: Replica: 2356b1638dd74fceaa6c9fb2fc33ac8c, State: Initialized, Role: FOLLOWER
I20260608 10:04:17.949551 18147 consensus_queue.cc:260] T 3177ee26a3d048abbf4435f886c78b19 P 2356b1638dd74fceaa6c9fb2fc33ac8c [NON_LEADER]: Queue going to NON_LEADER mode. State: All replicated index: 0, Majority replicated index: 0, Committed index: 0, Last appended: 0.0, Last appended by leader: 0, Current term: 0, Majority size: -1, State: 0, Mode: NON_LEADER, active raft config: opid_index: -1 OBSOLETE_local: false peers { permanent_uuid: "32292638db894acdba9f05ae5eca2245" member_type: VOTER last_known_addr { host: "127.16.224.129" port: 42529 } } peers { permanent_uuid: "2356b1638dd74fceaa6c9fb2fc33ac8c" member_type: VOTER last_known_addr { host: "127.16.224.130" port: 45059 } } peers { permanent_uuid: "5971711e49d24e88ad6fcc0ba7f0924f" member_type: VOTER last_known_addr { host: "127.16.224.131" port: 46835 } }
I20260608 10:04:17.951586 18150 leader_election.cc:290] T cf903862d4034f2b8f06d52a844a8130 P 2356b1638dd74fceaa6c9fb2fc33ac8c [CANDIDATE]: Term 1 election: Requested vote from peers 32292638db894acdba9f05ae5eca2245 (127.16.224.129:42529), 5971711e49d24e88ad6fcc0ba7f0924f (127.16.224.131:46835)
I20260608 10:04:17.953972 18150 raft_consensus.cc:2804] T cf903862d4034f2b8f06d52a844a8130 P 2356b1638dd74fceaa6c9fb2fc33ac8c [term 1 FOLLOWER]: Leader election won for term 1
I20260608 10:04:17.953197 18151 tablet_bootstrap.cc:654] T 1025e2c25563428e8d0ebd0708a4bcbb P 5971711e49d24e88ad6fcc0ba7f0924f: Neither blocks nor log segments found. Creating new log.
I20260608 10:04:17.956080 18146 tablet_bootstrap.cc:492] T 3177ee26a3d048abbf4435f886c78b19 P 32292638db894acdba9f05ae5eca2245: No bootstrap required, opened a new log
I20260608 10:04:17.955998 18027 tablet_service.cc:1917] Received RequestConsensusVote() RPC: tablet_id: "2f9337a07992497fbd80f0b1b86a8032" candidate_uuid: "32292638db894acdba9f05ae5eca2245" candidate_term: 1 candidate_status { last_received { term: 0 index: 0 } } ignore_live_leader: false dest_uuid: "2356b1638dd74fceaa6c9fb2fc33ac8c"
I20260608 10:04:17.956658 18150 raft_consensus.cc:697] T cf903862d4034f2b8f06d52a844a8130 P 2356b1638dd74fceaa6c9fb2fc33ac8c [term 1 LEADER]: Becoming Leader. State: Replica: 2356b1638dd74fceaa6c9fb2fc33ac8c, State: Running, Role: LEADER
I20260608 10:04:17.956816 18146 ts_tablet_manager.cc:1403] T 3177ee26a3d048abbf4435f886c78b19 P 32292638db894acdba9f05ae5eca2245: Time spent bootstrapping tablet: real 0.037s	user 0.020s	sys 0.010s
W20260608 10:04:17.957697 17918 leader_election.cc:343] T 2f9337a07992497fbd80f0b1b86a8032 P 32292638db894acdba9f05ae5eca2245 [CANDIDATE]: Term 1 election: Tablet error from VoteRequest() call to peer 2356b1638dd74fceaa6c9fb2fc33ac8c (127.16.224.130:45059): Illegal state: must be running to vote when last-logged opid is not known
I20260608 10:04:17.958804 18147 ts_tablet_manager.cc:1434] T 3177ee26a3d048abbf4435f886c78b19 P 2356b1638dd74fceaa6c9fb2fc33ac8c: Time spent starting tablet: real 0.026s	user 0.008s	sys 0.002s
I20260608 10:04:17.959810 18147 tablet_bootstrap.cc:492] T 2f9337a07992497fbd80f0b1b86a8032 P 2356b1638dd74fceaa6c9fb2fc33ac8c: Bootstrap starting.
I20260608 10:04:17.960173 18146 raft_consensus.cc:359] T 3177ee26a3d048abbf4435f886c78b19 P 32292638db894acdba9f05ae5eca2245 [term 0 FOLLOWER]: Replica starting. Triggering 0 pending ops. Active config: opid_index: -1 OBSOLETE_local: false peers { permanent_uuid: "32292638db894acdba9f05ae5eca2245" member_type: VOTER last_known_addr { host: "127.16.224.129" port: 42529 } } peers { permanent_uuid: "2356b1638dd74fceaa6c9fb2fc33ac8c" member_type: VOTER last_known_addr { host: "127.16.224.130" port: 45059 } } peers { permanent_uuid: "5971711e49d24e88ad6fcc0ba7f0924f" member_type: VOTER last_known_addr { host: "127.16.224.131" port: 46835 } }
I20260608 10:04:17.960951 18146 raft_consensus.cc:385] T 3177ee26a3d048abbf4435f886c78b19 P 32292638db894acdba9f05ae5eca2245 [term 0 FOLLOWER]: Consensus starting up: Expiring failure detector timer to make a prompt election more likely
I20260608 10:04:17.961305 18146 raft_consensus.cc:740] T 3177ee26a3d048abbf4435f886c78b19 P 32292638db894acdba9f05ae5eca2245 [term 0 FOLLOWER]: Becoming Follower/Learner. State: Replica: 32292638db894acdba9f05ae5eca2245, State: Initialized, Role: FOLLOWER
I20260608 10:04:17.957581 18150 consensus_queue.cc:237] T cf903862d4034f2b8f06d52a844a8130 P 2356b1638dd74fceaa6c9fb2fc33ac8c [LEADER]: Queue going to LEADER mode. State: All replicated index: 0, Majority replicated index: 0, Committed index: 0, Last appended: 0.0, Last appended by leader: 0, Current term: 1, Majority size: 2, State: 0, Mode: LEADER, active raft config: opid_index: -1 OBSOLETE_local: false peers { permanent_uuid: "32292638db894acdba9f05ae5eca2245" member_type: VOTER last_known_addr { host: "127.16.224.129" port: 42529 } } peers { permanent_uuid: "5971711e49d24e88ad6fcc0ba7f0924f" member_type: VOTER last_known_addr { host: "127.16.224.131" port: 46835 } } peers { permanent_uuid: "2356b1638dd74fceaa6c9fb2fc33ac8c" member_type: VOTER last_known_addr { host: "127.16.224.130" port: 45059 } }
