I20260608 10:05:41.449962 32035 raft_consensus.cc:2955] T e97d5a0eed2f479399151b6bcb021d63 P 87c32673d80f47e4a46c0e828a9e191e [term 1 FOLLOWER]: Committing config change with OpId 1.4: config changed from index 3 to 4, VOTER 5c9fd5e6657a4a8fba4026cc6b227492 (127.28.72.68) evicted. New config: { opid_index: 4 OBSOLETE_local: false peers { permanent_uuid: "42cfa9ac827f4ab09cb964d9baeb5dec" member_type: VOTER last_known_addr { host: "127.28.72.67" port: 37531 } } peers { permanent_uuid: "1bb13aa100914f9bbff5efddea47870c" member_type: VOTER last_known_addr { host: "127.28.72.65" port: 46389 } } peers { permanent_uuid: "87c32673d80f47e4a46c0e828a9e191e" member_type: VOTER last_known_addr { host: "127.28.72.66" port: 44061 } attrs { promote: false } } }
I20260608 10:05:41.451939 31859 catalog_manager.cc:5696] T 0e8c00f0590f4b1cbc99ade3c955e457 P 87c32673d80f47e4a46c0e828a9e191e reported cstate change: config changed from index 3 to 4, 5c9fd5e6657a4a8fba4026cc6b227492 (127.28.72.68) changed from NON_VOTER to VOTER. New cstate: current_term: 2 leader_uuid: "1bb13aa100914f9bbff5efddea47870c" committed_config { opid_index: 4 OBSOLETE_local: false peers { permanent_uuid: "87c32673d80f47e4a46c0e828a9e191e" member_type: VOTER last_known_addr { host: "127.28.72.66" port: 44061 } } peers { permanent_uuid: "1bb13aa100914f9bbff5efddea47870c" member_type: VOTER last_known_addr { host: "127.28.72.65" port: 46389 } } peers { permanent_uuid: "42cfa9ac827f4ab09cb964d9baeb5dec" member_type: VOTER last_known_addr { host: "127.28.72.67" port: 37531 } attrs { replace: true } } peers { permanent_uuid: "5c9fd5e6657a4a8fba4026cc6b227492" member_type: VOTER last_known_addr { host: "127.28.72.68" port: 35317 } attrs { promote: false } } }
I20260608 10:05:41.460377 31847 catalog_manager.cc:5209] ChangeConfig:REMOVE_PEER RPC for tablet e97d5a0eed2f479399151b6bcb021d63 with cas_config_opid_index 3: ChangeConfig:REMOVE_PEER succeeded (attempt 1)
I20260608 10:05:41.448753 31961 raft_consensus.cc:2955] T e97d5a0eed2f479399151b6bcb021d63 P 1bb13aa100914f9bbff5efddea47870c [term 1 FOLLOWER]: Committing config change with OpId 1.4: config changed from index 3 to 4, VOTER 5c9fd5e6657a4a8fba4026cc6b227492 (127.28.72.68) evicted. New config: { opid_index: 4 OBSOLETE_local: false peers { permanent_uuid: "42cfa9ac827f4ab09cb964d9baeb5dec" member_type: VOTER last_known_addr { host: "127.28.72.67" port: 37531 } } peers { permanent_uuid: "1bb13aa100914f9bbff5efddea47870c" member_type: VOTER last_known_addr { host: "127.28.72.65" port: 46389 } } peers { permanent_uuid: "87c32673d80f47e4a46c0e828a9e191e" member_type: VOTER last_known_addr { host: "127.28.72.66" port: 44061 } attrs { promote: false } } }
I20260608 10:05:41.494618 31859 catalog_manager.cc:5696] T e97d5a0eed2f479399151b6bcb021d63 P 87c32673d80f47e4a46c0e828a9e191e reported cstate change: config changed from index 3 to 4, VOTER 5c9fd5e6657a4a8fba4026cc6b227492 (127.28.72.68) evicted. New cstate: current_term: 1 leader_uuid: "42cfa9ac827f4ab09cb964d9baeb5dec" committed_config { opid_index: 4 OBSOLETE_local: false peers { permanent_uuid: "42cfa9ac827f4ab09cb964d9baeb5dec" member_type: VOTER last_known_addr { host: "127.28.72.67" port: 37531 } } peers { permanent_uuid: "1bb13aa100914f9bbff5efddea47870c" member_type: VOTER last_known_addr { host: "127.28.72.65" port: 46389 } } peers { permanent_uuid: "87c32673d80f47e4a46c0e828a9e191e" member_type: VOTER last_known_addr { host: "127.28.72.66" port: 44061 } attrs { promote: false } } }
I20260608 10:05:41.495328 32035 consensus_queue.cc:237] T 2f040d36e71446ba8577bdb7c12c17c8 P 87c32673d80f47e4a46c0e828a9e191e [LEADER]: Queue going to LEADER mode. State: All replicated index: 0, Majority replicated index: 3, Committed index: 3, Last appended: 1.3, Last appended by leader: 0, Current term: 1, Majority size: 2, State: 0, Mode: LEADER, active raft config: opid_index: 4 OBSOLETE_local: false peers { permanent_uuid: "87c32673d80f47e4a46c0e828a9e191e" member_type: VOTER last_known_addr { host: "127.28.72.66" port: 44061 } } peers { permanent_uuid: "1bb13aa100914f9bbff5efddea47870c" member_type: VOTER last_known_addr { host: "127.28.72.65" port: 46389 } } peers { permanent_uuid: "42cfa9ac827f4ab09cb964d9baeb5dec" member_type: VOTER last_known_addr { host: "127.28.72.67" port: 37531 } attrs { promote: false } }
I20260608 10:05:41.509935 32112 raft_consensus.cc:1275] T 2f040d36e71446ba8577bdb7c12c17c8 P 42cfa9ac827f4ab09cb964d9baeb5dec [term 1 FOLLOWER]: Refusing update from remote peer 87c32673d80f47e4a46c0e828a9e191e: Log matching property violated. Preceding OpId in replica: term: 1 index: 3. Preceding OpId from leader: term: 1 index: 4. (index mismatch)
I20260608 10:05:41.513530 31961 raft_consensus.cc:1275] T 2f040d36e71446ba8577bdb7c12c17c8 P 1bb13aa100914f9bbff5efddea47870c [term 1 FOLLOWER]: Refusing update from remote peer 87c32673d80f47e4a46c0e828a9e191e: Log matching property violated. Preceding OpId in replica: term: 1 index: 3. Preceding OpId from leader: term: 1 index: 4. (index mismatch)
I20260608 10:05:41.516101 31959 consensus_queue.cc:237] T 0e8c00f0590f4b1cbc99ade3c955e457 P 1bb13aa100914f9bbff5efddea47870c [LEADER]: Queue going to LEADER mode. State: All replicated index: 0, Majority replicated index: 4, Committed index: 4, Last appended: 2.4, Last appended by leader: 1, Current term: 2, Majority size: 2, State: 0, Mode: LEADER, active raft config: opid_index: 5 OBSOLETE_local: false peers { permanent_uuid: "87c32673d80f47e4a46c0e828a9e191e" member_type: VOTER last_known_addr { host: "127.28.72.66" port: 44061 } } peers { permanent_uuid: "1bb13aa100914f9bbff5efddea47870c" member_type: VOTER last_known_addr { host: "127.28.72.65" port: 46389 } } peers { permanent_uuid: "5c9fd5e6657a4a8fba4026cc6b227492" member_type: VOTER last_known_addr { host: "127.28.72.68" port: 35317 } attrs { promote: false } }
I20260608 10:05:41.520226 32251 tablet_service.cc:1558] Processing DeleteTablet for tablet e97d5a0eed2f479399151b6bcb021d63 with delete_type TABLET_DATA_TOMBSTONED (TS 5c9fd5e6657a4a8fba4026cc6b227492 not found in new config with opid_index 4) from {username='slave'} at 127.0.0.1:57672
I20260608 10:05:41.523038 32491 consensus_queue.cc:1048] T 2f040d36e71446ba8577bdb7c12c17c8 P 87c32673d80f47e4a46c0e828a9e191e [LEADER]: Connected to new peer: Peer: permanent_uuid: "42cfa9ac827f4ab09cb964d9baeb5dec" member_type: VOTER last_known_addr { host: "127.28.72.67" port: 37531 } attrs { promote: false }, Status: LMP_MISMATCH, Last received: 0.0, Next index: 4, Last known committed idx: 3, Time since last communication: 0.001s
I20260608 10:05:41.526618 32263 raft_consensus.cc:1275] T 0e8c00f0590f4b1cbc99ade3c955e457 P 5c9fd5e6657a4a8fba4026cc6b227492 [term 2 FOLLOWER]: Refusing update from remote peer 1bb13aa100914f9bbff5efddea47870c: Log matching property violated. Preceding OpId in replica: term: 2 index: 4. Preceding OpId from leader: term: 2 index: 5. (index mismatch)
I20260608 10:05:41.529079 32560 consensus_queue.cc:1048] T 0e8c00f0590f4b1cbc99ade3c955e457 P 1bb13aa100914f9bbff5efddea47870c [LEADER]: Connected to new peer: Peer: permanent_uuid: "5c9fd5e6657a4a8fba4026cc6b227492" member_type: VOTER last_known_addr { host: "127.28.72.68" port: 35317 } attrs { promote: false }, Status: LMP_MISMATCH, Last received: 0.0, Next index: 5, Last known committed idx: 4, Time since last communication: 0.001s
I20260608 10:05:41.537078 32491 consensus_queue.cc:1048] T 2f040d36e71446ba8577bdb7c12c17c8 P 87c32673d80f47e4a46c0e828a9e191e [LEADER]: Connected to new peer: Peer: permanent_uuid: "1bb13aa100914f9bbff5efddea47870c" member_type: VOTER last_known_addr { host: "127.28.72.65" port: 46389 }, Status: LMP_MISMATCH, Last received: 0.0, Next index: 4, Last known committed idx: 3, Time since last communication: 0.001s
I20260608 10:05:41.544191 32397 raft_consensus.cc:2955] T 2f040d36e71446ba8577bdb7c12c17c8 P 87c32673d80f47e4a46c0e828a9e191e [term 1 LEADER]: Committing config change with OpId 1.4: config changed from index 3 to 4, VOTER 5c9fd5e6657a4a8fba4026cc6b227492 (127.28.72.68) evicted. New config: { opid_index: 4 OBSOLETE_local: false peers { permanent_uuid: "87c32673d80f47e4a46c0e828a9e191e" member_type: VOTER last_known_addr { host: "127.28.72.66" port: 44061 } } peers { permanent_uuid: "1bb13aa100914f9bbff5efddea47870c" member_type: VOTER last_known_addr { host: "127.28.72.65" port: 46389 } } peers { permanent_uuid: "42cfa9ac827f4ab09cb964d9baeb5dec" member_type: VOTER last_known_addr { host: "127.28.72.67" port: 37531 } attrs { promote: false } } }
I20260608 10:05:41.553280 32544 raft_consensus.cc:2955] T 0e8c00f0590f4b1cbc99ade3c955e457 P 1bb13aa100914f9bbff5efddea47870c [term 2 LEADER]: Committing config change with OpId 2.5: config changed from index 4 to 5, VOTER 42cfa9ac827f4ab09cb964d9baeb5dec (127.28.72.67) evicted. New config: { opid_index: 5 OBSOLETE_local: false peers { permanent_uuid: "87c32673d80f47e4a46c0e828a9e191e" member_type: VOTER last_known_addr { host: "127.28.72.66" port: 44061 } } peers { permanent_uuid: "1bb13aa100914f9bbff5efddea47870c" member_type: VOTER last_known_addr { host: "127.28.72.65" port: 46389 } } peers { permanent_uuid: "5c9fd5e6657a4a8fba4026cc6b227492" member_type: VOTER last_known_addr { host: "127.28.72.68" port: 35317 } attrs { promote: false } } }
I20260608 10:05:41.555419 32266 raft_consensus.cc:2955] T 0e8c00f0590f4b1cbc99ade3c955e457 P 5c9fd5e6657a4a8fba4026cc6b227492 [term 2 FOLLOWER]: Committing config change with OpId 2.5: config changed from index 4 to 5, VOTER 42cfa9ac827f4ab09cb964d9baeb5dec (127.28.72.67) evicted. New config: { opid_index: 5 OBSOLETE_local: false peers { permanent_uuid: "87c32673d80f47e4a46c0e828a9e191e" member_type: VOTER last_known_addr { host: "127.28.72.66" port: 44061 } } peers { permanent_uuid: "1bb13aa100914f9bbff5efddea47870c" member_type: VOTER last_known_addr { host: "127.28.72.65" port: 46389 } } peers { permanent_uuid: "5c9fd5e6657a4a8fba4026cc6b227492" member_type: VOTER last_known_addr { host: "127.28.72.68" port: 35317 } attrs { promote: false } } }
I20260608 10:05:41.567651 31958 raft_consensus.cc:2955] T 2f040d36e71446ba8577bdb7c12c17c8 P 1bb13aa100914f9bbff5efddea47870c [term 1 FOLLOWER]: Committing config change with OpId 1.4: config changed from index 3 to 4, VOTER 5c9fd5e6657a4a8fba4026cc6b227492 (127.28.72.68) evicted. New config: { opid_index: 4 OBSOLETE_local: false peers { permanent_uuid: "87c32673d80f47e4a46c0e828a9e191e" member_type: VOTER last_known_addr { host: "127.28.72.66" port: 44061 } } peers { permanent_uuid: "1bb13aa100914f9bbff5efddea47870c" member_type: VOTER last_known_addr { host: "127.28.72.65" port: 46389 } } peers { permanent_uuid: "42cfa9ac827f4ab09cb964d9baeb5dec" member_type: VOTER last_known_addr { host: "127.28.72.67" port: 37531 } attrs { promote: false } } }
I20260608 10:05:41.578688 32560 raft_consensus.cc:1064] T db56e88e37b645e9bccef8981b0cdcfc P 1bb13aa100914f9bbff5efddea47870c: attempting to promote NON_VOTER 5c9fd5e6657a4a8fba4026cc6b227492 to VOTER
I20260608 10:05:41.582490 32560 consensus_queue.cc:237] T db56e88e37b645e9bccef8981b0cdcfc P 1bb13aa100914f9bbff5efddea47870c [LEADER]: Queue going to LEADER mode. State: All replicated index: 0, Majority replicated index: 2, Committed index: 2, Last appended: 1.2, Last appended by leader: 0, Current term: 1, Majority size: 3, State: 0, Mode: LEADER, active raft config: opid_index: 3 OBSOLETE_local: false peers { permanent_uuid: "87c32673d80f47e4a46c0e828a9e191e" member_type: VOTER last_known_addr { host: "127.28.72.66" port: 44061 } attrs { replace: true } } peers { permanent_uuid: "1bb13aa100914f9bbff5efddea47870c" member_type: VOTER last_known_addr { host: "127.28.72.65" port: 46389 } } peers { permanent_uuid: "42cfa9ac827f4ab09cb964d9baeb5dec" member_type: VOTER last_known_addr { host: "127.28.72.67" port: 37531 } } peers { permanent_uuid: "5c9fd5e6657a4a8fba4026cc6b227492" member_type: VOTER last_known_addr { host: "127.28.72.68" port: 35317 } attrs { promote: false } }
I20260608 10:05:41.593091 32035 raft_consensus.cc:1275] T 0e8c00f0590f4b1cbc99ade3c955e457 P 87c32673d80f47e4a46c0e828a9e191e [term 2 FOLLOWER]: Refusing update from remote peer 1bb13aa100914f9bbff5efddea47870c: Log matching property violated. Preceding OpId in replica: term: 2 index: 4. Preceding OpId from leader: term: 2 index: 5. (index mismatch)
I20260608 10:05:41.595816 32608 consensus_queue.cc:1048] T 0e8c00f0590f4b1cbc99ade3c955e457 P 1bb13aa100914f9bbff5efddea47870c [LEADER]: Connected to new peer: Peer: permanent_uuid: "87c32673d80f47e4a46c0e828a9e191e" member_type: VOTER last_known_addr { host: "127.28.72.66" port: 44061 }, Status: LMP_MISMATCH, Last received: 0.0, Next index: 5, Last known committed idx: 4, Time since last communication: 0.001s
I20260608 10:05:41.562161 32112 raft_consensus.cc:2955] T 2f040d36e71446ba8577bdb7c12c17c8 P 42cfa9ac827f4ab09cb964d9baeb5dec [term 1 FOLLOWER]: Committing config change with OpId 1.4: config changed from index 3 to 4, VOTER 5c9fd5e6657a4a8fba4026cc6b227492 (127.28.72.68) evicted. New config: { opid_index: 4 OBSOLETE_local: false peers { permanent_uuid: "87c32673d80f47e4a46c0e828a9e191e" member_type: VOTER last_known_addr { host: "127.28.72.66" port: 44061 } } peers { permanent_uuid: "1bb13aa100914f9bbff5efddea47870c" member_type: VOTER last_known_addr { host: "127.28.72.65" port: 46389 } } peers { permanent_uuid: "42cfa9ac827f4ab09cb964d9baeb5dec" member_type: VOTER last_known_addr { host: "127.28.72.67" port: 37531 } attrs { promote: false } } }
I20260608 10:05:41.602543 32038 raft_consensus.cc:2955] T 0e8c00f0590f4b1cbc99ade3c955e457 P 87c32673d80f47e4a46c0e828a9e191e [term 2 FOLLOWER]: Committing config change with OpId 2.5: config changed from index 4 to 5, VOTER 42cfa9ac827f4ab09cb964d9baeb5dec (127.28.72.67) evicted. New config: { opid_index: 5 OBSOLETE_local: false peers { permanent_uuid: "87c32673d80f47e4a46c0e828a9e191e" member_type: VOTER last_known_addr { host: "127.28.72.66" port: 44061 } } peers { permanent_uuid: "1bb13aa100914f9bbff5efddea47870c" member_type: VOTER last_known_addr { host: "127.28.72.65" port: 46389 } } peers { permanent_uuid: "5c9fd5e6657a4a8fba4026cc6b227492" member_type: VOTER last_known_addr { host: "127.28.72.68" port: 35317 } attrs { promote: false } } }
I20260608 10:05:41.609316 31848 catalog_manager.cc:5209] ChangeConfig:REMOVE_PEER RPC for tablet 0e8c00f0590f4b1cbc99ade3c955e457 with cas_config_opid_index 4: ChangeConfig:REMOVE_PEER succeeded (attempt 1)
I20260608 10:05:41.618535 31857 catalog_manager.cc:5696] T 0e8c00f0590f4b1cbc99ade3c955e457 P 1bb13aa100914f9bbff5efddea47870c reported cstate change: config changed from index 4 to 5, VOTER 42cfa9ac827f4ab09cb964d9baeb5dec (127.28.72.67) evicted. New cstate: current_term: 2 leader_uuid: "1bb13aa100914f9bbff5efddea47870c" committed_config { opid_index: 5 OBSOLETE_local: false peers { permanent_uuid: "87c32673d80f47e4a46c0e828a9e191e" member_type: VOTER last_known_addr { host: "127.28.72.66" port: 44061 } health_report { overall_health: UNKNOWN } } peers { permanent_uuid: "1bb13aa100914f9bbff5efddea47870c" member_type: VOTER last_known_addr { host: "127.28.72.65" port: 46389 } health_report { overall_health: HEALTHY } } peers { permanent_uuid: "5c9fd5e6657a4a8fba4026cc6b227492" member_type: VOTER last_known_addr { host: "127.28.72.68" port: 35317 } attrs { promote: false } health_report { overall_health: HEALTHY } } }
I20260608 10:05:41.636956 32610 tablet_replica.cc:333] T e97d5a0eed2f479399151b6bcb021d63 P 5c9fd5e6657a4a8fba4026cc6b227492: stopping tablet replica
I20260608 10:05:41.638307 32610 raft_consensus.cc:2243] T e97d5a0eed2f479399151b6bcb021d63 P 5c9fd5e6657a4a8fba4026cc6b227492 [term 1 FOLLOWER]: Raft consensus shutting down.
I20260608 10:05:41.639304 32610 raft_consensus.cc:2272] T e97d5a0eed2f479399151b6bcb021d63 P 5c9fd5e6657a4a8fba4026cc6b227492 [term 1 FOLLOWER]: Raft consensus is shut down!
I20260608 10:05:41.639690 31860 catalog_manager.cc:5696] T 2f040d36e71446ba8577bdb7c12c17c8 P 42cfa9ac827f4ab09cb964d9baeb5dec reported cstate change: config changed from index 3 to 4, VOTER 5c9fd5e6657a4a8fba4026cc6b227492 (127.28.72.68) evicted. New cstate: current_term: 1 leader_uuid: "87c32673d80f47e4a46c0e828a9e191e" committed_config { opid_index: 4 OBSOLETE_local: false peers { permanent_uuid: "87c32673d80f47e4a46c0e828a9e191e" member_type: VOTER last_known_addr { host: "127.28.72.66" port: 44061 } } peers { permanent_uuid: "1bb13aa100914f9bbff5efddea47870c" member_type: VOTER last_known_addr { host: "127.28.72.65" port: 46389 } } peers { permanent_uuid: "42cfa9ac827f4ab09cb964d9baeb5dec" member_type: VOTER last_known_addr { host: "127.28.72.67" port: 37531 } attrs { promote: false } } }
I20260608 10:05:41.647629 32266 raft_consensus.cc:1275] T db56e88e37b645e9bccef8981b0cdcfc P 5c9fd5e6657a4a8fba4026cc6b227492 [term 1 LEARNER]: Refusing update from remote peer 1bb13aa100914f9bbff5efddea47870c: Log matching property violated. Preceding OpId in replica: term: 1 index: 2. Preceding OpId from leader: term: 1 index: 3. (index mismatch)
I20260608 10:05:41.650171 31848 catalog_manager.cc:5209] ChangeConfig:REMOVE_PEER RPC for tablet 2f040d36e71446ba8577bdb7c12c17c8 with cas_config_opid_index 3: ChangeConfig:REMOVE_PEER succeeded (attempt 1)
I20260608 10:05:41.651998 32112 raft_consensus.cc:1275] T db56e88e37b645e9bccef8981b0cdcfc P 42cfa9ac827f4ab09cb964d9baeb5dec [term 1 FOLLOWER]: Refusing update from remote peer 1bb13aa100914f9bbff5efddea47870c: Log matching property violated. Preceding OpId in replica: term: 1 index: 2. Preceding OpId from leader: term: 1 index: 3. (index mismatch)
I20260608 10:05:41.654103 32608 consensus_queue.cc:1048] T db56e88e37b645e9bccef8981b0cdcfc P 1bb13aa100914f9bbff5efddea47870c [LEADER]: Connected to new peer: Peer: permanent_uuid: "42cfa9ac827f4ab09cb964d9baeb5dec" member_type: VOTER last_known_addr { host: "127.28.72.67" port: 37531 }, Status: LMP_MISMATCH, Last received: 0.0, Next index: 3, Last known committed idx: 2, Time since last communication: 0.001s
I20260608 10:05:41.656714 32608 consensus_queue.cc:1048] T db56e88e37b645e9bccef8981b0cdcfc P 1bb13aa100914f9bbff5efddea47870c [LEADER]: Connected to new peer: Peer: permanent_uuid: "5c9fd5e6657a4a8fba4026cc6b227492" member_type: VOTER last_known_addr { host: "127.28.72.68" port: 35317 } attrs { promote: false }, Status: LMP_MISMATCH, Last received: 0.0, Next index: 3, Last known committed idx: 2, Time since last communication: 0.001s
I20260608 10:05:41.666375 32035 raft_consensus.cc:1275] T db56e88e37b645e9bccef8981b0cdcfc P 87c32673d80f47e4a46c0e828a9e191e [term 1 FOLLOWER]: Refusing update from remote peer 1bb13aa100914f9bbff5efddea47870c: Log matching property violated. Preceding OpId in replica: term: 1 index: 2. Preceding OpId from leader: term: 1 index: 3. (index mismatch)
I20260608 10:05:41.668852 32560 consensus_queue.cc:1048] T db56e88e37b645e9bccef8981b0cdcfc P 1bb13aa100914f9bbff5efddea47870c [LEADER]: Connected to new peer: Peer: permanent_uuid: "87c32673d80f47e4a46c0e828a9e191e" member_type: VOTER last_known_addr { host: "127.28.72.66" port: 44061 } attrs { replace: true }, Status: LMP_MISMATCH, Last received: 0.0, Next index: 3, Last known committed idx: 2, Time since last communication: 0.001s
I20260608 10:05:41.670567 32610 ts_tablet_manager.cc:1916] T e97d5a0eed2f479399151b6bcb021d63 P 5c9fd5e6657a4a8fba4026cc6b227492: Deleting tablet data with delete state TABLET_DATA_TOMBSTONED
I20260608 10:05:41.688915 32251 tablet_service.cc:1558] Processing DeleteTablet for tablet 2f040d36e71446ba8577bdb7c12c17c8 with delete_type TABLET_DATA_TOMBSTONED (TS 5c9fd5e6657a4a8fba4026cc6b227492 not found in new config with opid_index 4) from {username='slave'} at 127.0.0.1:57672
I20260608 10:05:41.697218 32098 tablet_service.cc:1558] Processing DeleteTablet for tablet 0e8c00f0590f4b1cbc99ade3c955e457 with delete_type TABLET_DATA_TOMBSTONED (TS 42cfa9ac827f4ab09cb964d9baeb5dec not found in new config with opid_index 5) from {username='slave'} at 127.0.0.1:46368
I20260608 10:05:41.700557 32615 tablet_replica.cc:333] T 0e8c00f0590f4b1cbc99ade3c955e457 P 42cfa9ac827f4ab09cb964d9baeb5dec: stopping tablet replica
I20260608 10:05:41.701980 32615 raft_consensus.cc:2243] T 0e8c00f0590f4b1cbc99ade3c955e457 P 42cfa9ac827f4ab09cb964d9baeb5dec [term 2 FOLLOWER]: Raft consensus shutting down.
I20260608 10:05:41.723001 32615 raft_consensus.cc:2272] T 0e8c00f0590f4b1cbc99ade3c955e457 P 42cfa9ac827f4ab09cb964d9baeb5dec [term 2 FOLLOWER]: Raft consensus is shut down!
I20260608 10:05:41.725360 31914 auto_leader_rebalancer.cc:140] leader rebalance for table range_aware_rebalance_new_range
I20260608 10:05:41.729468 32615 ts_tablet_manager.cc:1916] T 0e8c00f0590f4b1cbc99ade3c955e457 P 42cfa9ac827f4ab09cb964d9baeb5dec: Deleting tablet data with delete state TABLET_DATA_TOMBSTONED
I20260608 10:05:41.738788 32610 ts_tablet_manager.cc:1929] T e97d5a0eed2f479399151b6bcb021d63 P 5c9fd5e6657a4a8fba4026cc6b227492: tablet deleted with delete type TABLET_DATA_TOMBSTONED: last-logged OpId 1.3
I20260608 10:05:41.738950 32544 raft_consensus.cc:2955] T db56e88e37b645e9bccef8981b0cdcfc P 1bb13aa100914f9bbff5efddea47870c [term 1 LEADER]: Committing config change with OpId 1.3: config changed from index 2 to 3, 5c9fd5e6657a4a8fba4026cc6b227492 (127.28.72.68) changed from NON_VOTER to VOTER. New config: { opid_index: 3 OBSOLETE_local: false peers { permanent_uuid: "87c32673d80f47e4a46c0e828a9e191e" member_type: VOTER last_known_addr { host: "127.28.72.66" port: 44061 } attrs { replace: true } } peers { permanent_uuid: "1bb13aa100914f9bbff5efddea47870c" member_type: VOTER last_known_addr { host: "127.28.72.65" port: 46389 } } peers { permanent_uuid: "42cfa9ac827f4ab09cb964d9baeb5dec" member_type: VOTER last_known_addr { host: "127.28.72.67" port: 37531 } } peers { permanent_uuid: "5c9fd5e6657a4a8fba4026cc6b227492" member_type: VOTER last_known_addr { host: "127.28.72.68" port: 35317 } attrs { promote: false } } }
I20260608 10:05:41.740636 32035 raft_consensus.cc:2955] T db56e88e37b645e9bccef8981b0cdcfc P 87c32673d80f47e4a46c0e828a9e191e [term 1 FOLLOWER]: Committing config change with OpId 1.3: config changed from index 2 to 3, 5c9fd5e6657a4a8fba4026cc6b227492 (127.28.72.68) changed from NON_VOTER to VOTER. New config: { opid_index: 3 OBSOLETE_local: false peers { permanent_uuid: "87c32673d80f47e4a46c0e828a9e191e" member_type: VOTER last_known_addr { host: "127.28.72.66" port: 44061 } attrs { replace: true } } peers { permanent_uuid: "1bb13aa100914f9bbff5efddea47870c" member_type: VOTER last_known_addr { host: "127.28.72.65" port: 46389 } } peers { permanent_uuid: "42cfa9ac827f4ab09cb964d9baeb5dec" member_type: VOTER last_known_addr { host: "127.28.72.67" port: 37531 } } peers { permanent_uuid: "5c9fd5e6657a4a8fba4026cc6b227492" member_type: VOTER last_known_addr { host: "127.28.72.68" port: 35317 } attrs { promote: false } } }
I20260608 10:05:41.750212 32263 raft_consensus.cc:2955] T db56e88e37b645e9bccef8981b0cdcfc P 5c9fd5e6657a4a8fba4026cc6b227492 [term 1 FOLLOWER]: Committing config change with OpId 1.3: config changed from index 2 to 3, 5c9fd5e6657a4a8fba4026cc6b227492 (127.28.72.68) changed from NON_VOTER to VOTER. New config: { opid_index: 3 OBSOLETE_local: false peers { permanent_uuid: "87c32673d80f47e4a46c0e828a9e191e" member_type: VOTER last_known_addr { host: "127.28.72.66" port: 44061 } attrs { replace: true } } peers { permanent_uuid: "1bb13aa100914f9bbff5efddea47870c" member_type: VOTER last_known_addr { host: "127.28.72.65" port: 46389 } } peers { permanent_uuid: "42cfa9ac827f4ab09cb964d9baeb5dec" member_type: VOTER last_known_addr { host: "127.28.72.67" port: 37531 } } peers { permanent_uuid: "5c9fd5e6657a4a8fba4026cc6b227492" member_type: VOTER last_known_addr { host: "127.28.72.68" port: 35317 } attrs { promote: false } } }
I20260608 10:05:41.764724 32610 log.cc:1199] T e97d5a0eed2f479399151b6bcb021d63 P 5c9fd5e6657a4a8fba4026cc6b227492: Deleting WAL directory at /tmp/dist-test-taskk0BV6P/test-tmp/auto_rebalancer-test.0.AutoRebalancerTest.RangeAwareRebalancesNewRangeReplicas.1780913049251624-28961-0/minicluster-data/ts-3-root/wals/e97d5a0eed2f479399151b6bcb021d63
I20260608 10:05:41.767266 32610 tablet_replica.cc:333] T 2f040d36e71446ba8577bdb7c12c17c8 P 5c9fd5e6657a4a8fba4026cc6b227492: stopping tablet replica
I20260608 10:05:41.768870 31845 catalog_manager.cc:5027] TS 5c9fd5e6657a4a8fba4026cc6b227492 (127.28.72.68:35317): tablet e97d5a0eed2f479399151b6bcb021d63 (table range_aware_rebalance_new_range [id=5c2c96ee71b74871aadd655358ba07c2]) successfully deleted
I20260608 10:05:41.775859 32112 raft_consensus.cc:2955] T db56e88e37b645e9bccef8981b0cdcfc P 42cfa9ac827f4ab09cb964d9baeb5dec [term 1 FOLLOWER]: Committing config change with OpId 1.3: config changed from index 2 to 3, 5c9fd5e6657a4a8fba4026cc6b227492 (127.28.72.68) changed from NON_VOTER to VOTER. New config: { opid_index: 3 OBSOLETE_local: false peers { permanent_uuid: "87c32673d80f47e4a46c0e828a9e191e" member_type: VOTER last_known_addr { host: "127.28.72.66" port: 44061 } attrs { replace: true } } peers { permanent_uuid: "1bb13aa100914f9bbff5efddea47870c" member_type: VOTER last_known_addr { host: "127.28.72.65" port: 46389 } } peers { permanent_uuid: "42cfa9ac827f4ab09cb964d9baeb5dec" member_type: VOTER last_known_addr { host: "127.28.72.67" port: 37531 } } peers { permanent_uuid: "5c9fd5e6657a4a8fba4026cc6b227492" member_type: VOTER last_known_addr { host: "127.28.72.68" port: 35317 } attrs { promote: false } } }
I20260608 10:05:41.778023 32610 raft_consensus.cc:2243] T 2f040d36e71446ba8577bdb7c12c17c8 P 5c9fd5e6657a4a8fba4026cc6b227492 [term 1 FOLLOWER]: Raft consensus shutting down.
I20260608 10:05:41.780220 32610 raft_consensus.cc:2272] T 2f040d36e71446ba8577bdb7c12c17c8 P 5c9fd5e6657a4a8fba4026cc6b227492 [term 1 FOLLOWER]: Raft consensus is shut down!
I20260608 10:05:41.779927 31857 catalog_manager.cc:5696] T db56e88e37b645e9bccef8981b0cdcfc P 87c32673d80f47e4a46c0e828a9e191e reported cstate change: config changed from index 2 to 3, 5c9fd5e6657a4a8fba4026cc6b227492 (127.28.72.68) changed from NON_VOTER to VOTER. New cstate: current_term: 1 leader_uuid: "1bb13aa100914f9bbff5efddea47870c" committed_config { opid_index: 3 OBSOLETE_local: false peers { permanent_uuid: "87c32673d80f47e4a46c0e828a9e191e" member_type: VOTER last_known_addr { host: "127.28.72.66" port: 44061 } attrs { replace: true } } peers { permanent_uuid: "1bb13aa100914f9bbff5efddea47870c" member_type: VOTER last_known_addr { host: "127.28.72.65" port: 46389 } } peers { permanent_uuid: "42cfa9ac827f4ab09cb964d9baeb5dec" member_type: VOTER last_known_addr { host: "127.28.72.67" port: 37531 } } peers { permanent_uuid: "5c9fd5e6657a4a8fba4026cc6b227492" member_type: VOTER last_known_addr { host: "127.28.72.68" port: 35317 } attrs { promote: false } } }
I20260608 10:05:41.788805 31959 tablet_service.cc:2072] Received LeaderStepDown RPC: tablet_id: "db56e88e37b645e9bccef8981b0cdcfc"
dest_uuid: "1bb13aa100914f9bbff5efddea47870c"
mode: GRACEFUL
new_leader_uuid: "87c32673d80f47e4a46c0e828a9e191e"
 from {username='slave'} at 127.0.0.1:38992
I20260608 10:05:41.794991 31959 raft_consensus.cc:606] T db56e88e37b645e9bccef8981b0cdcfc P 1bb13aa100914f9bbff5efddea47870c [term 1 LEADER]: Received request to transfer leadership to TS 87c32673d80f47e4a46c0e828a9e191e
I20260608 10:05:41.805040 31914 auto_leader_rebalancer.cc:388] table: range_aware_rebalance_new_range, leader rebalance finish, leader transfer count: 1
I20260608 10:05:41.809497 31914 auto_leader_rebalancer.cc:451] All tables' leader rebalancing finished this round
I20260608 10:05:41.819195 32615 ts_tablet_manager.cc:1929] T 0e8c00f0590f4b1cbc99ade3c955e457 P 42cfa9ac827f4ab09cb964d9baeb5dec: tablet deleted with delete type TABLET_DATA_TOMBSTONED: last-logged OpId 2.4
I20260608 10:05:41.819918 32615 log.cc:1199] T 0e8c00f0590f4b1cbc99ade3c955e457 P 42cfa9ac827f4ab09cb964d9baeb5dec: Deleting WAL directory at /tmp/dist-test-taskk0BV6P/test-tmp/auto_rebalancer-test.0.AutoRebalancerTest.RangeAwareRebalancesNewRangeReplicas.1780913049251624-28961-0/minicluster-data/ts-2-root/wals/0e8c00f0590f4b1cbc99ade3c955e457
I20260608 10:05:41.824931 31847 catalog_manager.cc:5027] TS 42cfa9ac827f4ab09cb964d9baeb5dec (127.28.72.67:37531): tablet 0e8c00f0590f4b1cbc99ade3c955e457 (table range_aware_rebalance_new_range [id=5c2c96ee71b74871aadd655358ba07c2]) successfully deleted
I20260608 10:05:41.842468 32610 ts_tablet_manager.cc:1916] T 2f040d36e71446ba8577bdb7c12c17c8 P 5c9fd5e6657a4a8fba4026cc6b227492: Deleting tablet data with delete state TABLET_DATA_TOMBSTONED
W20260608 10:05:41.847508 31848 proxy.cc:239] Call had error, refreshing address and retrying: Remote error: Service unavailable: leader transfer in progress [suppressed 2 similar messages]
W20260608 10:05:41.858449 31848 catalog_manager.cc:4754] TS 1bb13aa100914f9bbff5efddea47870c (127.28.72.65:46389): ChangeConfig:REMOVE_PEER RPC failed for tablet db56e88e37b645e9bccef8981b0cdcfc: Remote error: Service unavailable: leader transfer in progress
I20260608 10:05:41.882166 32610 ts_tablet_manager.cc:1929] T 2f040d36e71446ba8577bdb7c12c17c8 P 5c9fd5e6657a4a8fba4026cc6b227492: tablet deleted with delete type TABLET_DATA_TOMBSTONED: last-logged OpId 1.3
I20260608 10:05:41.882790 32610 log.cc:1199] T 2f040d36e71446ba8577bdb7c12c17c8 P 5c9fd5e6657a4a8fba4026cc6b227492: Deleting WAL directory at /tmp/dist-test-taskk0BV6P/test-tmp/auto_rebalancer-test.0.AutoRebalancerTest.RangeAwareRebalancesNewRangeReplicas.1780913049251624-28961-0/minicluster-data/ts-3-root/wals/2f040d36e71446ba8577bdb7c12c17c8
I20260608 10:05:41.885028 31845 catalog_manager.cc:5027] TS 5c9fd5e6657a4a8fba4026cc6b227492 (127.28.72.68:35317): tablet 2f040d36e71446ba8577bdb7c12c17c8 (table range_aware_rebalance_new_range [id=5c2c96ee71b74871aadd655358ba07c2]) successfully deleted
I20260608 10:05:42.305554 32560 raft_consensus.cc:993] T db56e88e37b645e9bccef8981b0cdcfc P 1bb13aa100914f9bbff5efddea47870c: : Instructing follower 87c32673d80f47e4a46c0e828a9e191e to start an election
I20260608 10:05:42.306203 32560 raft_consensus.cc:1081] T db56e88e37b645e9bccef8981b0cdcfc P 1bb13aa100914f9bbff5efddea47870c [term 1 LEADER]: Signalling peer 87c32673d80f47e4a46c0e828a9e191e to start an election
I20260608 10:05:42.308568 32035 tablet_service.cc:2044] Received Run Leader Election RPC: tablet_id: "db56e88e37b645e9bccef8981b0cdcfc"
dest_uuid: "87c32673d80f47e4a46c0e828a9e191e"
 from {username='slave'} at 127.0.0.1:51176
I20260608 10:05:42.309324 32035 raft_consensus.cc:493] T db56e88e37b645e9bccef8981b0cdcfc P 87c32673d80f47e4a46c0e828a9e191e [term 1 FOLLOWER]: Starting forced leader election (received explicit request)
I20260608 10:05:42.309763 32035 raft_consensus.cc:3060] T db56e88e37b645e9bccef8981b0cdcfc P 87c32673d80f47e4a46c0e828a9e191e [term 1 FOLLOWER]: Advancing to term 2
I20260608 10:05:42.319355 32035 raft_consensus.cc:515] T db56e88e37b645e9bccef8981b0cdcfc P 87c32673d80f47e4a46c0e828a9e191e [term 2 FOLLOWER]: Starting forced leader election with config: opid_index: 3 OBSOLETE_local: false peers { permanent_uuid: "87c32673d80f47e4a46c0e828a9e191e" member_type: VOTER last_known_addr { host: "127.28.72.66" port: 44061 } attrs { replace: true } } peers { permanent_uuid: "1bb13aa100914f9bbff5efddea47870c" member_type: VOTER last_known_addr { host: "127.28.72.65" port: 46389 } } peers { permanent_uuid: "42cfa9ac827f4ab09cb964d9baeb5dec" member_type: VOTER last_known_addr { host: "127.28.72.67" port: 37531 } } peers { permanent_uuid: "5c9fd5e6657a4a8fba4026cc6b227492" member_type: VOTER last_known_addr { host: "127.28.72.68" port: 35317 } attrs { promote: false } }
I20260608 10:05:42.323529 31959 tablet_service.cc:1917] Received RequestConsensusVote() RPC: tablet_id: "db56e88e37b645e9bccef8981b0cdcfc" candidate_uuid: "87c32673d80f47e4a46c0e828a9e191e" candidate_term: 2 candidate_status { last_received { term: 1 index: 3 } } ignore_live_leader: true dest_uuid: "1bb13aa100914f9bbff5efddea47870c"
I20260608 10:05:42.324139 32112 tablet_service.cc:1917] Received RequestConsensusVote() RPC: tablet_id: "db56e88e37b645e9bccef8981b0cdcfc" candidate_uuid: "87c32673d80f47e4a46c0e828a9e191e" candidate_term: 2 candidate_status { last_received { term: 1 index: 3 } } ignore_live_leader: true dest_uuid: "42cfa9ac827f4ab09cb964d9baeb5dec"
I20260608 10:05:42.324496 31959 raft_consensus.cc:3055] T db56e88e37b645e9bccef8981b0cdcfc P 1bb13aa100914f9bbff5efddea47870c [term 1 LEADER]: Stepping down as leader of term 1
I20260608 10:05:42.324877 32112 raft_consensus.cc:3060] T db56e88e37b645e9bccef8981b0cdcfc P 42cfa9ac827f4ab09cb964d9baeb5dec [term 1 FOLLOWER]: Advancing to term 2
I20260608 10:05:42.325049 31959 raft_consensus.cc:740] T db56e88e37b645e9bccef8981b0cdcfc P 1bb13aa100914f9bbff5efddea47870c [term 1 LEADER]: Becoming Follower/Learner. State: Replica: 1bb13aa100914f9bbff5efddea47870c, State: Running, Role: LEADER
I20260608 10:05:42.326459 31959 consensus_queue.cc:260] T db56e88e37b645e9bccef8981b0cdcfc P 1bb13aa100914f9bbff5efddea47870c [NON_LEADER]: Queue going to NON_LEADER mode. State: All replicated index: 0, Majority replicated index: 3, Committed index: 3, Last appended: 1.3, Last appended by leader: 3, Current term: 1, Majority size: -1, State: 0, Mode: NON_LEADER, active raft config: opid_index: 3 OBSOLETE_local: false peers { permanent_uuid: "87c32673d80f47e4a46c0e828a9e191e" member_type: VOTER last_known_addr { host: "127.28.72.66" port: 44061 } attrs { replace: true } } peers { permanent_uuid: "1bb13aa100914f9bbff5efddea47870c" member_type: VOTER last_known_addr { host: "127.28.72.65" port: 46389 } } peers { permanent_uuid: "42cfa9ac827f4ab09cb964d9baeb5dec" member_type: VOTER last_known_addr { host: "127.28.72.67" port: 37531 } } peers { permanent_uuid: "5c9fd5e6657a4a8fba4026cc6b227492" member_type: VOTER last_known_addr { host: "127.28.72.68" port: 35317 } attrs { promote: false } }
I20260608 10:05:42.328243 31959 raft_consensus.cc:3060] T db56e88e37b645e9bccef8981b0cdcfc P 1bb13aa100914f9bbff5efddea47870c [term 1 FOLLOWER]: Advancing to term 2
I20260608 10:05:42.339964 32035 leader_election.cc:290] T db56e88e37b645e9bccef8981b0cdcfc P 87c32673d80f47e4a46c0e828a9e191e [CANDIDATE]: Term 2 election: Requested vote from peers 1bb13aa100914f9bbff5efddea47870c (127.28.72.65:46389), 42cfa9ac827f4ab09cb964d9baeb5dec (127.28.72.67:37531), 5c9fd5e6657a4a8fba4026cc6b227492 (127.28.72.68:35317)
I20260608 10:05:42.347460 32112 raft_consensus.cc:2468] T db56e88e37b645e9bccef8981b0cdcfc P 42cfa9ac827f4ab09cb964d9baeb5dec [term 2 FOLLOWER]: Leader election vote request: Granting yes vote for candidate 87c32673d80f47e4a46c0e828a9e191e in term 2.
I20260608 10:05:42.348135 32263 tablet_service.cc:1917] Received RequestConsensusVote() RPC: tablet_id: "db56e88e37b645e9bccef8981b0cdcfc" candidate_uuid: "87c32673d80f47e4a46c0e828a9e191e" candidate_term: 2 candidate_status { last_received { term: 1 index: 3 } } ignore_live_leader: true dest_uuid: "5c9fd5e6657a4a8fba4026cc6b227492"
I20260608 10:05:42.348817 32263 raft_consensus.cc:3060] T db56e88e37b645e9bccef8981b0cdcfc P 5c9fd5e6657a4a8fba4026cc6b227492 [term 1 FOLLOWER]: Advancing to term 2
I20260608 10:05:42.351183 31959 raft_consensus.cc:2468] T db56e88e37b645e9bccef8981b0cdcfc P 1bb13aa100914f9bbff5efddea47870c [term 2 FOLLOWER]: Leader election vote request: Granting yes vote for candidate 87c32673d80f47e4a46c0e828a9e191e in term 2.
I20260608 10:05:42.358055 32004 leader_election.cc:304] T db56e88e37b645e9bccef8981b0cdcfc P 87c32673d80f47e4a46c0e828a9e191e [CANDIDATE]: Term 2 election: Election decided. Result: candidate won. Election summary: received 3 responses out of 4 voters: 3 yes votes; 0 no votes. yes voters: 1bb13aa100914f9bbff5efddea47870c, 42cfa9ac827f4ab09cb964d9baeb5dec, 87c32673d80f47e4a46c0e828a9e191e; no voters: 
I20260608 10:05:42.359242 32397 raft_consensus.cc:2804] T db56e88e37b645e9bccef8981b0cdcfc P 87c32673d80f47e4a46c0e828a9e191e [term 2 FOLLOWER]: Leader election won for term 2
I20260608 10:05:42.364051 32263 raft_consensus.cc:2468] T db56e88e37b645e9bccef8981b0cdcfc P 5c9fd5e6657a4a8fba4026cc6b227492 [term 2 FOLLOWER]: Leader election vote request: Granting yes vote for candidate 87c32673d80f47e4a46c0e828a9e191e in term 2.
I20260608 10:05:42.366905 32397 raft_consensus.cc:697] T db56e88e37b645e9bccef8981b0cdcfc P 87c32673d80f47e4a46c0e828a9e191e [term 2 LEADER]: Becoming Leader. State: Replica: 87c32673d80f47e4a46c0e828a9e191e, State: Running, Role: LEADER
I20260608 10:05:42.368050 32397 consensus_queue.cc:237] T db56e88e37b645e9bccef8981b0cdcfc P 87c32673d80f47e4a46c0e828a9e191e [LEADER]: Queue going to LEADER mode. State: All replicated index: 0, Majority replicated index: 3, Committed index: 3, Last appended: 1.3, Last appended by leader: 3, Current term: 2, Majority size: 3, State: 0, Mode: LEADER, active raft config: opid_index: 3 OBSOLETE_local: false peers { permanent_uuid: "87c32673d80f47e4a46c0e828a9e191e" member_type: VOTER last_known_addr { host: "127.28.72.66" port: 44061 } attrs { replace: true } } peers { permanent_uuid: "1bb13aa100914f9bbff5efddea47870c" member_type: VOTER last_known_addr { host: "127.28.72.65" port: 46389 } } peers { permanent_uuid: "42cfa9ac827f4ab09cb964d9baeb5dec" member_type: VOTER last_known_addr { host: "127.28.72.67" port: 37531 } } peers { permanent_uuid: "5c9fd5e6657a4a8fba4026cc6b227492" member_type: VOTER last_known_addr { host: "127.28.72.68" port: 35317 } attrs { promote: false } }
I20260608 10:05:42.379865 31858 catalog_manager.cc:5696] T db56e88e37b645e9bccef8981b0cdcfc P 87c32673d80f47e4a46c0e828a9e191e reported cstate change: term changed from 1 to 2, leader changed from 1bb13aa100914f9bbff5efddea47870c (127.28.72.65) to 87c32673d80f47e4a46c0e828a9e191e (127.28.72.66). New cstate: current_term: 2 leader_uuid: "87c32673d80f47e4a46c0e828a9e191e" committed_config { opid_index: 3 OBSOLETE_local: false peers { permanent_uuid: "87c32673d80f47e4a46c0e828a9e191e" member_type: VOTER last_known_addr { host: "127.28.72.66" port: 44061 } attrs { replace: true } health_report { overall_health: HEALTHY } } peers { permanent_uuid: "1bb13aa100914f9bbff5efddea47870c" member_type: VOTER last_known_addr { host: "127.28.72.65" port: 46389 } health_report { overall_health: UNKNOWN } } peers { permanent_uuid: "42cfa9ac827f4ab09cb964d9baeb5dec" member_type: VOTER last_known_addr { host: "127.28.72.67" port: 37531 } health_report { overall_health: UNKNOWN } } peers { permanent_uuid: "5c9fd5e6657a4a8fba4026cc6b227492" member_type: VOTER last_known_addr { host: "127.28.72.68" port: 35317 } attrs { promote: false } health_report { overall_health: UNKNOWN } } }
I20260608 10:05:42.401818 32035 tablet_service.cc:2072] Received LeaderStepDown RPC: tablet_id: "db56e88e37b645e9bccef8981b0cdcfc"
dest_uuid: "87c32673d80f47e4a46c0e828a9e191e"
mode: GRACEFUL
 from {username='slave'} at 127.0.0.1:51162
I20260608 10:05:42.402635 32035 raft_consensus.cc:606] T db56e88e37b645e9bccef8981b0cdcfc P 87c32673d80f47e4a46c0e828a9e191e [term 2 LEADER]: Received request to transfer leadership
I20260608 10:05:42.406881 32035 tablet_service.cc:2072] Received LeaderStepDown RPC: tablet_id: "db56e88e37b645e9bccef8981b0cdcfc"
dest_uuid: "87c32673d80f47e4a46c0e828a9e191e"
mode: GRACEFUL
 from {username='slave'} at 127.0.0.1:51162
I20260608 10:05:42.407631 32035 raft_consensus.cc:606] T db56e88e37b645e9bccef8981b0cdcfc P 87c32673d80f47e4a46c0e828a9e191e [term 2 LEADER]: Received request to transfer leadership
I20260608 10:05:42.410930 32035 tablet_service.cc:2072] Received LeaderStepDown RPC: tablet_id: "db56e88e37b645e9bccef8981b0cdcfc"
dest_uuid: "87c32673d80f47e4a46c0e828a9e191e"
mode: GRACEFUL
 from {username='slave'} at 127.0.0.1:51162
I20260608 10:05:42.411662 32035 raft_consensus.cc:606] T db56e88e37b645e9bccef8981b0cdcfc P 87c32673d80f47e4a46c0e828a9e191e [term 2 LEADER]: Received request to transfer leadership
W20260608 10:05:42.417451 31909 auto_rebalancer.cc:855] Removing replace marker failed: Service unavailable: leader transfer in progress
W20260608 10:05:42.417994 31909 auto_rebalancer.cc:863] Could not move replica: Remote error: Service unavailable: leadership transfer for db56e88e37b645e9bccef8981b0cdcfc already in progress
W20260608 10:05:42.418298 31909 auto_rebalancer.cc:301] scheduled replica move failed to complete: Remote error: Service unavailable: leadership transfer for db56e88e37b645e9bccef8981b0cdcfc already in progress
I20260608 10:05:42.779603 31959 raft_consensus.cc:1275] T db56e88e37b645e9bccef8981b0cdcfc P 1bb13aa100914f9bbff5efddea47870c [term 2 FOLLOWER]: Refusing update from remote peer 87c32673d80f47e4a46c0e828a9e191e: Log matching property violated. Preceding OpId in replica: term: 1 index: 3. Preceding OpId from leader: term: 2 index: 4. (index mismatch)
I20260608 10:05:42.782965 32619 consensus_queue.cc:1048] T db56e88e37b645e9bccef8981b0cdcfc P 87c32673d80f47e4a46c0e828a9e191e [LEADER]: Connected to new peer: Peer: permanent_uuid: "1bb13aa100914f9bbff5efddea47870c" member_type: VOTER last_known_addr { host: "127.28.72.65" port: 46389 }, Status: LMP_MISMATCH, Last received: 0.0, Next index: 4, Last known committed idx: 3, Time since last communication: 0.001s
I20260608 10:05:42.786497 32263 raft_consensus.cc:1275] T db56e88e37b645e9bccef8981b0cdcfc P 5c9fd5e6657a4a8fba4026cc6b227492 [term 2 FOLLOWER]: Refusing update from remote peer 87c32673d80f47e4a46c0e828a9e191e: Log matching property violated. Preceding OpId in replica: term: 1 index: 3. Preceding OpId from leader: term: 2 index: 4. (index mismatch)
I20260608 10:05:42.788600 32619 consensus_queue.cc:1048] T db56e88e37b645e9bccef8981b0cdcfc P 87c32673d80f47e4a46c0e828a9e191e [LEADER]: Connected to new peer: Peer: permanent_uuid: "5c9fd5e6657a4a8fba4026cc6b227492" member_type: VOTER last_known_addr { host: "127.28.72.68" port: 35317 } attrs { promote: false }, Status: LMP_MISMATCH, Last received: 0.0, Next index: 4, Last known committed idx: 3, Time since last communication: 0.001s
I20260608 10:05:42.803658 32619 raft_consensus.cc:993] T db56e88e37b645e9bccef8981b0cdcfc P 87c32673d80f47e4a46c0e828a9e191e: : Instructing follower 1bb13aa100914f9bbff5efddea47870c to start an election
I20260608 10:05:42.804270 32619 raft_consensus.cc:1081] T db56e88e37b645e9bccef8981b0cdcfc P 87c32673d80f47e4a46c0e828a9e191e [term 2 LEADER]: Signalling peer 1bb13aa100914f9bbff5efddea47870c to start an election
I20260608 10:05:42.806579 31959 tablet_service.cc:2044] Received Run Leader Election RPC: tablet_id: "db56e88e37b645e9bccef8981b0cdcfc"
dest_uuid: "1bb13aa100914f9bbff5efddea47870c"
 from {username='slave'} at 127.0.0.1:59680
I20260608 10:05:42.807260 31959 raft_consensus.cc:493] T db56e88e37b645e9bccef8981b0cdcfc P 1bb13aa100914f9bbff5efddea47870c [term 2 FOLLOWER]: Starting forced leader election (received explicit request)
I20260608 10:05:42.808323 31959 raft_consensus.cc:3060] T db56e88e37b645e9bccef8981b0cdcfc P 1bb13aa100914f9bbff5efddea47870c [term 2 FOLLOWER]: Advancing to term 3
I20260608 10:05:42.820039 31959 raft_consensus.cc:515] T db56e88e37b645e9bccef8981b0cdcfc P 1bb13aa100914f9bbff5efddea47870c [term 3 FOLLOWER]: Starting forced leader election with config: opid_index: 3 OBSOLETE_local: false peers { permanent_uuid: "87c32673d80f47e4a46c0e828a9e191e" member_type: VOTER last_known_addr { host: "127.28.72.66" port: 44061 } attrs { replace: true } } peers { permanent_uuid: "1bb13aa100914f9bbff5efddea47870c" member_type: VOTER last_known_addr { host: "127.28.72.65" port: 46389 } } peers { permanent_uuid: "42cfa9ac827f4ab09cb964d9baeb5dec" member_type: VOTER last_known_addr { host: "127.28.72.67" port: 37531 } } peers { permanent_uuid: "5c9fd5e6657a4a8fba4026cc6b227492" member_type: VOTER last_known_addr { host: "127.28.72.68" port: 35317 } attrs { promote: false } }
I20260608 10:05:42.823803 32112 raft_consensus.cc:1275] T db56e88e37b645e9bccef8981b0cdcfc P 42cfa9ac827f4ab09cb964d9baeb5dec [term 2 FOLLOWER]: Refusing update from remote peer 87c32673d80f47e4a46c0e828a9e191e: Log matching property violated. Preceding OpId in replica: term: 1 index: 3. Preceding OpId from leader: term: 2 index: 4. (index mismatch)
I20260608 10:05:42.825385 32035 tablet_service.cc:1917] Received RequestConsensusVote() RPC: tablet_id: "db56e88e37b645e9bccef8981b0cdcfc" candidate_uuid: "1bb13aa100914f9bbff5efddea47870c" candidate_term: 3 candidate_status { last_received { term: 2 index: 4 } } ignore_live_leader: true dest_uuid: "87c32673d80f47e4a46c0e828a9e191e"
I20260608 10:05:42.826713 31959 leader_election.cc:290] T db56e88e37b645e9bccef8981b0cdcfc P 1bb13aa100914f9bbff5efddea47870c [CANDIDATE]: Term 3 election: Requested vote from peers 87c32673d80f47e4a46c0e828a9e191e (127.28.72.66:44061), 42cfa9ac827f4ab09cb964d9baeb5dec (127.28.72.67:37531), 5c9fd5e6657a4a8fba4026cc6b227492 (127.28.72.68:35317)
I20260608 10:05:42.826886 32624 consensus_queue.cc:1048] T db56e88e37b645e9bccef8981b0cdcfc P 87c32673d80f47e4a46c0e828a9e191e [LEADER]: Connected to new peer: Peer: permanent_uuid: "42cfa9ac827f4ab09cb964d9baeb5dec" member_type: VOTER last_known_addr { host: "127.28.72.67" port: 37531 }, Status: LMP_MISMATCH, Last received: 0.0, Next index: 4, Last known committed idx: 3, Time since last communication: 0.001s
I20260608 10:05:42.829167 32112 tablet_service.cc:1917] Received RequestConsensusVote() RPC: tablet_id: "db56e88e37b645e9bccef8981b0cdcfc" candidate_uuid: "1bb13aa100914f9bbff5efddea47870c" candidate_term: 3 candidate_status { last_received { term: 2 index: 4 } } ignore_live_leader: true dest_uuid: "42cfa9ac827f4ab09cb964d9baeb5dec"
I20260608 10:05:42.829465 32266 tablet_service.cc:1917] Received RequestConsensusVote() RPC: tablet_id: "db56e88e37b645e9bccef8981b0cdcfc" candidate_uuid: "1bb13aa100914f9bbff5efddea47870c" candidate_term: 3 candidate_status { last_received { term: 2 index: 4 } } ignore_live_leader: true dest_uuid: "5c9fd5e6657a4a8fba4026cc6b227492"
I20260608 10:05:42.830018 32112 raft_consensus.cc:3060] T db56e88e37b645e9bccef8981b0cdcfc P 42cfa9ac827f4ab09cb964d9baeb5dec [term 2 FOLLOWER]: Advancing to term 3
I20260608 10:05:42.837512 32035 raft_consensus.cc:3055] T db56e88e37b645e9bccef8981b0cdcfc P 87c32673d80f47e4a46c0e828a9e191e [term 2 LEADER]: Stepping down as leader of term 2
I20260608 10:05:42.838207 32035 raft_consensus.cc:740] T db56e88e37b645e9bccef8981b0cdcfc P 87c32673d80f47e4a46c0e828a9e191e [term 2 LEADER]: Becoming Follower/Learner. State: Replica: 87c32673d80f47e4a46c0e828a9e191e, State: Running, Role: LEADER
I20260608 10:05:42.839643 32035 consensus_queue.cc:260] T db56e88e37b645e9bccef8981b0cdcfc P 87c32673d80f47e4a46c0e828a9e191e [NON_LEADER]: Queue going to NON_LEADER mode. State: All replicated index: 0, Majority replicated index: 4, Committed index: 4, Last appended: 2.4, Last appended by leader: 4, Current term: 2, Majority size: -1, State: 0, Mode: NON_LEADER, active raft config: opid_index: 3 OBSOLETE_local: false peers { permanent_uuid: "87c32673d80f47e4a46c0e828a9e191e" member_type: VOTER last_known_addr { host: "127.28.72.66" port: 44061 } attrs { replace: true } } peers { permanent_uuid: "1bb13aa100914f9bbff5efddea47870c" member_type: VOTER last_known_addr { host: "127.28.72.65" port: 46389 } } peers { permanent_uuid: "42cfa9ac827f4ab09cb964d9baeb5dec" member_type: VOTER last_known_addr { host: "127.28.72.67" port: 37531 } } peers { permanent_uuid: "5c9fd5e6657a4a8fba4026cc6b227492" member_type: VOTER last_known_addr { host: "127.28.72.68" port: 35317 } attrs { promote: false } }
I20260608 10:05:42.841691 32035 raft_consensus.cc:3060] T db56e88e37b645e9bccef8981b0cdcfc P 87c32673d80f47e4a46c0e828a9e191e [term 2 FOLLOWER]: Advancing to term 3
I20260608 10:05:42.843518 32112 raft_consensus.cc:2468] T db56e88e37b645e9bccef8981b0cdcfc P 42cfa9ac827f4ab09cb964d9baeb5dec [term 3 FOLLOWER]: Leader election vote request: Granting yes vote for candidate 1bb13aa100914f9bbff5efddea47870c in term 3.
I20260608 10:05:42.844509 32111 raft_consensus.cc:1240] T db56e88e37b645e9bccef8981b0cdcfc P 42cfa9ac827f4ab09cb964d9baeb5dec [term 3 FOLLOWER]: Rejecting Update request from peer 87c32673d80f47e4a46c0e828a9e191e for earlier term 2. Current term is 3. Ops: [2.4-2.4]
I20260608 10:05:42.853072 32035 raft_consensus.cc:2468] T db56e88e37b645e9bccef8981b0cdcfc P 87c32673d80f47e4a46c0e828a9e191e [term 3 FOLLOWER]: Leader election vote request: Granting yes vote for candidate 1bb13aa100914f9bbff5efddea47870c in term 3.
I20260608 10:05:42.854357 31959 raft_consensus.cc:1240] T db56e88e37b645e9bccef8981b0cdcfc P 1bb13aa100914f9bbff5efddea47870c [term 3 FOLLOWER]: Rejecting Update request from peer 87c32673d80f47e4a46c0e828a9e191e for earlier term 2. Current term is 3. Ops: []
I20260608 10:05:42.857093 31929 leader_election.cc:304] T db56e88e37b645e9bccef8981b0cdcfc P 1bb13aa100914f9bbff5efddea47870c [CANDIDATE]: Term 3 election: Election decided. Result: candidate won. Election summary: received 4 responses out of 4 voters: 3 yes votes; 1 no votes. yes voters: 1bb13aa100914f9bbff5efddea47870c, 42cfa9ac827f4ab09cb964d9baeb5dec, 87c32673d80f47e4a46c0e828a9e191e; no voters: 5c9fd5e6657a4a8fba4026cc6b227492
I20260608 10:05:42.858929 32608 raft_consensus.cc:2804] T db56e88e37b645e9bccef8981b0cdcfc P 1bb13aa100914f9bbff5efddea47870c [term 3 FOLLOWER]: Leader election won for term 3
I20260608 10:05:42.859567 32608 raft_consensus.cc:697] T db56e88e37b645e9bccef8981b0cdcfc P 1bb13aa100914f9bbff5efddea47870c [term 3 LEADER]: Becoming Leader. State: Replica: 1bb13aa100914f9bbff5efddea47870c, State: Running, Role: LEADER
