I20260608 10:04:10.734406 12917 sys_catalog.cc:455] T 00000000000000000000000000000000 P 557fa30fc34b4af8b6874b7450fc9cff [sys.catalog]: SysCatalogTable state changed. Reason: Peer health change. Latest consensus state: current_term: 1 leader_uuid: "557fa30fc34b4af8b6874b7450fc9cff" committed_config { opid_index: -1 OBSOLETE_local: false peers { permanent_uuid: "9e1acd92dd994f6b8284676f5f4675d4" member_type: VOTER last_known_addr { host: "127.12.105.126" port: 34277 } } peers { permanent_uuid: "daf1e0e92fa94edaadb084a4ba63a698" member_type: VOTER last_known_addr { host: "127.12.105.125" port: 43441 } } peers { permanent_uuid: "557fa30fc34b4af8b6874b7450fc9cff" member_type: VOTER last_known_addr { host: "127.12.105.124" port: 39307 } } }
I20260608 10:04:10.735345 12917 sys_catalog.cc:458] T 00000000000000000000000000000000 P 557fa30fc34b4af8b6874b7450fc9cff [sys.catalog]: This master's current role is: LEADER
I20260608 10:04:10.736128 12917 sys_catalog.cc:455] T 00000000000000000000000000000000 P 557fa30fc34b4af8b6874b7450fc9cff [sys.catalog]: SysCatalogTable state changed. Reason: Peer health change. Latest consensus state: current_term: 1 leader_uuid: "557fa30fc34b4af8b6874b7450fc9cff" committed_config { opid_index: -1 OBSOLETE_local: false peers { permanent_uuid: "9e1acd92dd994f6b8284676f5f4675d4" member_type: VOTER last_known_addr { host: "127.12.105.126" port: 34277 } } peers { permanent_uuid: "daf1e0e92fa94edaadb084a4ba63a698" member_type: VOTER last_known_addr { host: "127.12.105.125" port: 43441 } } peers { permanent_uuid: "557fa30fc34b4af8b6874b7450fc9cff" member_type: VOTER last_known_addr { host: "127.12.105.124" port: 39307 } } }
I20260608 10:04:10.736790 12917 sys_catalog.cc:458] T 00000000000000000000000000000000 P 557fa30fc34b4af8b6874b7450fc9cff [sys.catalog]: This master's current role is: LEADER
I20260608 10:04:10.738324 12916 sys_catalog.cc:455] T 00000000000000000000000000000000 P daf1e0e92fa94edaadb084a4ba63a698 [sys.catalog]: SysCatalogTable state changed. Reason: Replicated consensus-only round. Latest consensus state: current_term: 1 leader_uuid: "557fa30fc34b4af8b6874b7450fc9cff" committed_config { opid_index: -1 OBSOLETE_local: false peers { permanent_uuid: "9e1acd92dd994f6b8284676f5f4675d4" member_type: VOTER last_known_addr { host: "127.12.105.126" port: 34277 } } peers { permanent_uuid: "daf1e0e92fa94edaadb084a4ba63a698" member_type: VOTER last_known_addr { host: "127.12.105.125" port: 43441 } } peers { permanent_uuid: "557fa30fc34b4af8b6874b7450fc9cff" member_type: VOTER last_known_addr { host: "127.12.105.124" port: 39307 } } }
I20260608 10:04:10.739024 12916 sys_catalog.cc:458] T 00000000000000000000000000000000 P daf1e0e92fa94edaadb084a4ba63a698 [sys.catalog]: This master's current role is: FOLLOWER
I20260608 10:04:10.740489 12960 catalog_manager.cc:1382] Generated new cluster ID: f661aebd77044137b162496a619c3f3e
I20260608 10:04:10.740805 12960 catalog_manager.cc:1530] Initializing Kudu internal certificate authority...
I20260608 10:04:10.744802 12709 ts_tablet_manager.cc:585] Loaded tablet metadata (0 total tablets, 0 live tablets)
I20260608 10:04:10.745142 12709 ts_tablet_manager.cc:531] Time spent load tablet metadata: real 0.000s	user 0.000s	sys 0.000s
I20260608 10:04:10.745477 12709 ts_tablet_manager.cc:616] Registered 0 tablets
I20260608 10:04:10.745697 12709 ts_tablet_manager.cc:595] Time spent register tablets: real 0.000s	user 0.000s	sys 0.000s
I20260608 10:04:10.790165 12960 catalog_manager.cc:1405] Generated new certificate authority record
I20260608 10:04:10.797971 12960 catalog_manager.cc:1539] Loading token signing keys...
I20260608 10:04:10.834741 12960 catalog_manager.cc:6069] T 00000000000000000000000000000000 P 557fa30fc34b4af8b6874b7450fc9cff: Generated new TSK 0
I20260608 10:04:10.836054 12960 catalog_manager.cc:1549] Initializing in-progress tserver states...
I20260608 10:04:10.897393 12709 rpc_server.cc:307] RPC server started. Bound to: 127.12.105.65:41007
I20260608 10:04:10.897675 13036 acceptor_pool.cc:272] collecting diagnostics on the listening RPC socket 127.12.105.65:41007 every 8 connection(s)
I20260608 10:04:10.920670 13037 heartbeater.cc:344] Connected to a master server at 127.12.105.124:39307
I20260608 10:04:10.921404 13037 heartbeater.cc:461] Registering TS with master...
I20260608 10:04:10.923108 13037 heartbeater.cc:507] Master 127.12.105.124:39307 requested a full tablet report, sending...
I20260608 10:04:10.928422 12873 ts_manager.cc:194] Registered new tserver with Master: 371fbef322d54eea863962da7bd9b0ee (127.12.105.65:41007)
I20260608 10:04:10.932322 12873 master_service.cc:502] Signed X509 certificate for tserver {username='slave'} at 127.0.0.1:48380
I20260608 10:04:10.939553 13038 heartbeater.cc:344] Connected to a master server at 127.12.105.125:43441
I20260608 10:04:10.940476 13038 heartbeater.cc:461] Registering TS with master...
I20260608 10:04:10.941901 13038 heartbeater.cc:507] Master 127.12.105.125:43441 requested a full tablet report, sending...
I20260608 10:04:10.946565 12806 ts_manager.cc:194] Registered new tserver with Master: 371fbef322d54eea863962da7bd9b0ee (127.12.105.65:41007)
I20260608 10:04:10.952360 12709 file_cache.cc:492] Constructed file cache file cache with capacity 419430
W20260608 10:04:10.962110 13043 instance_detector.cc:116] could not retrieve AWS instance metadata: Network error: curl error: HTTP response code said error: The requested URL returned error: 404
I20260608 10:04:10.962797 13040 heartbeater.cc:344] Connected to a master server at 127.12.105.126:34277
I20260608 10:04:10.963189 13040 heartbeater.cc:461] Registering TS with master...
I20260608 10:04:10.964041 13040 heartbeater.cc:507] Master 127.12.105.126:34277 requested a full tablet report, sending...
W20260608 10:04:10.965764 13044 instance_detector.cc:116] could not retrieve Azure instance metadata: Network error: curl error: HTTP response code said error: The requested URL returned error: 404
I20260608 10:04:10.967444 12741 ts_manager.cc:194] Registered new tserver with Master: 371fbef322d54eea863962da7bd9b0ee (127.12.105.65:41007)
I20260608 10:04:10.972716 12709 server_base.cc:1061] running on GCE node
W20260608 10:04:10.973285 13047 instance_detector.cc:116] could not retrieve OpenStack instance metadata: Network error: curl error: HTTP response code said error: The requested URL returned error: 404
I20260608 10:04:10.974515 12709 hybrid_clock.cc:584] initializing the hybrid clock with 'system_unsync' time source
W20260608 10:04:10.974759 12709 system_unsync_time.cc:38] NTP support is disabled. Clock error bounds will not be accurate. This configuration is not suitable for distributed clusters.
I20260608 10:04:10.974956 12709 hybrid_clock.cc:648] HybridClock initialized: now 1780913050974940 us; error 0 us; skew 500 ppm
I20260608 10:04:10.975641 12709 server_base.cc:861] Flag tcmalloc_max_total_thread_cache_bytes is not working since tcmalloc is not enabled.
I20260608 10:04:10.978435 12709 webserver.cc:533] Webserver started at http://127.12.105.66:34387/ using document root <none> and password file <none>
I20260608 10:04:10.978967 12709 fs_manager.cc:362] Metadata directory not provided
I20260608 10:04:10.979192 12709 fs_manager.cc:368] Using write-ahead log directory (fs_wal_dir) as metadata directory
I20260608 10:04:10.979635 12709 server_base.cc:909] This appears to be a new deployment of Kudu; creating new FS layout
I20260608 10:04:10.980743 12709 fs_manager.cc:1068] Generated new instance metadata in path /tmp/dist-test-taskq9osBO/test-tmp/auto_rebalancer-test.0.AutoRebalancerTest.OnlyLeaderDoesAutoRebalancing.1780913048528886-12709-0/minicluster-data/ts-1-root/instance:
uuid: "01d34d8669964e57b429251da6e6521a"
format_stamp: "Formatted at 2026-06-08 10:04:10 on dist-test-slave-mjtr"
I20260608 10:04:10.985644 12709 fs_manager.cc:696] Time spent creating directory manager: real 0.004s	user 0.000s	sys 0.006s
I20260608 10:04:10.989254 13051 log_block_manager.cc:4031] Time spent loading block containers with low live blocks: real 0.000s	user 0.000s	sys 0.000s
I20260608 10:04:10.990190 12709 fs_manager.cc:730] Time spent opening block manager: real 0.003s	user 0.001s	sys 0.000s
I20260608 10:04:10.990523 12709 fs_manager.cc:647] Opened local filesystem: /tmp/dist-test-taskq9osBO/test-tmp/auto_rebalancer-test.0.AutoRebalancerTest.OnlyLeaderDoesAutoRebalancing.1780913048528886-12709-0/minicluster-data/ts-1-root
uuid: "01d34d8669964e57b429251da6e6521a"
format_stamp: "Formatted at 2026-06-08 10:04:10 on dist-test-slave-mjtr"
I20260608 10:04:10.990816 12709 fs_report.cc:389] FS layout report
--------------------
wal directory: /tmp/dist-test-taskq9osBO/test-tmp/auto_rebalancer-test.0.AutoRebalancerTest.OnlyLeaderDoesAutoRebalancing.1780913048528886-12709-0/minicluster-data/ts-1-root
metadata directory: /tmp/dist-test-taskq9osBO/test-tmp/auto_rebalancer-test.0.AutoRebalancerTest.OnlyLeaderDoesAutoRebalancing.1780913048528886-12709-0/minicluster-data/ts-1-root
1 data directories: /tmp/dist-test-taskq9osBO/test-tmp/auto_rebalancer-test.0.AutoRebalancerTest.OnlyLeaderDoesAutoRebalancing.1780913048528886-12709-0/minicluster-data/ts-1-root/data
Total live blocks: 0
Total live bytes: 0
Total live bytes (after alignment): 0
Total number of LBM containers: 0 (0 full)
Did not check for missing blocks
Did not check for orphaned blocks
Total full LBM containers with extra space: 0 (0 repaired)
Total full LBM container extra space in bytes: 0 (0 repaired)
Total incomplete LBM containers: 0 (0 repaired)
Total LBM partial records: 0 (0 repaired)
Total corrupted LBM metadata records in RocksDB: 0 (0 repaired)
I20260608 10:04:11.010295 12709 rpc_server.cc:225] running with OpenSSL 1.1.1  11 Sep 2018
I20260608 10:04:11.011698 12709 kserver.cc:163] Server-wide thread pool size limit: 3276
I20260608 10:04:11.013211 12709 txn_system_client.cc:432] TxnSystemClient initialization is disabled...
I20260608 10:04:11.015820 12709 ts_tablet_manager.cc:585] Loaded tablet metadata (0 total tablets, 0 live tablets)
I20260608 10:04:11.016014 12709 ts_tablet_manager.cc:531] Time spent load tablet metadata: real 0.000s	user 0.000s	sys 0.000s
I20260608 10:04:11.016306 12709 ts_tablet_manager.cc:616] Registered 0 tablets
I20260608 10:04:11.016477 12709 ts_tablet_manager.cc:595] Time spent register tablets: real 0.000s	user 0.000s	sys 0.000s
I20260608 10:04:11.107585 12709 rpc_server.cc:307] RPC server started. Bound to: 127.12.105.66:40163
I20260608 10:04:11.107672 13113 acceptor_pool.cc:272] collecting diagnostics on the listening RPC socket 127.12.105.66:40163 every 8 connection(s)
I20260608 10:04:11.147187 13115 heartbeater.cc:344] Connected to a master server at 127.12.105.125:43441
I20260608 10:04:11.147610 13115 heartbeater.cc:461] Registering TS with master...
I20260608 10:04:11.148613 13115 heartbeater.cc:507] Master 127.12.105.125:43441 requested a full tablet report, sending...
I20260608 10:04:11.150988 13114 heartbeater.cc:344] Connected to a master server at 127.12.105.124:39307
I20260608 10:04:11.151413 13114 heartbeater.cc:461] Registering TS with master...
I20260608 10:04:11.151719 12806 ts_manager.cc:194] Registered new tserver with Master: 01d34d8669964e57b429251da6e6521a (127.12.105.66:40163)
I20260608 10:04:11.152340 13114 heartbeater.cc:507] Master 127.12.105.124:39307 requested a full tablet report, sending...
I20260608 10:04:11.154961 12873 ts_manager.cc:194] Registered new tserver with Master: 01d34d8669964e57b429251da6e6521a (127.12.105.66:40163)
I20260608 10:04:11.156852 12873 master_service.cc:502] Signed X509 certificate for tserver {username='slave'} at 127.0.0.1:48382
I20260608 10:04:11.159940 12709 file_cache.cc:492] Constructed file cache file cache with capacity 419430
I20260608 10:04:11.163625 13117 heartbeater.cc:344] Connected to a master server at 127.12.105.126:34277
I20260608 10:04:11.163976 13117 heartbeater.cc:461] Registering TS with master...
I20260608 10:04:11.164659 13117 heartbeater.cc:507] Master 127.12.105.126:34277 requested a full tablet report, sending...
I20260608 10:04:11.166939 12741 ts_manager.cc:194] Registered new tserver with Master: 01d34d8669964e57b429251da6e6521a (127.12.105.66:40163)
W20260608 10:04:11.170758 13121 instance_detector.cc:116] could not retrieve AWS instance metadata: Network error: curl error: HTTP response code said error: The requested URL returned error: 404
W20260608 10:04:11.173053 13122 instance_detector.cc:116] could not retrieve Azure instance metadata: Network error: curl error: HTTP response code said error: The requested URL returned error: 404
I20260608 10:04:11.177389 12709 server_base.cc:1061] running on GCE node
W20260608 10:04:11.178138 13124 instance_detector.cc:116] could not retrieve OpenStack instance metadata: Network error: curl error: HTTP response code said error: The requested URL returned error: 404
I20260608 10:04:11.179113 12709 hybrid_clock.cc:584] initializing the hybrid clock with 'system_unsync' time source
W20260608 10:04:11.179426 12709 system_unsync_time.cc:38] NTP support is disabled. Clock error bounds will not be accurate. This configuration is not suitable for distributed clusters.
I20260608 10:04:11.179636 12709 hybrid_clock.cc:648] HybridClock initialized: now 1780913051179615 us; error 0 us; skew 500 ppm
I20260608 10:04:11.180272 12709 server_base.cc:861] Flag tcmalloc_max_total_thread_cache_bytes is not working since tcmalloc is not enabled.
I20260608 10:04:11.182859 12709 webserver.cc:533] Webserver started at http://127.12.105.67:37291/ using document root <none> and password file <none>
I20260608 10:04:11.183454 12709 fs_manager.cc:362] Metadata directory not provided
I20260608 10:04:11.183660 12709 fs_manager.cc:368] Using write-ahead log directory (fs_wal_dir) as metadata directory
I20260608 10:04:11.183954 12709 server_base.cc:909] This appears to be a new deployment of Kudu; creating new FS layout
I20260608 10:04:11.185029 12709 fs_manager.cc:1068] Generated new instance metadata in path /tmp/dist-test-taskq9osBO/test-tmp/auto_rebalancer-test.0.AutoRebalancerTest.OnlyLeaderDoesAutoRebalancing.1780913048528886-12709-0/minicluster-data/ts-2-root/instance:
uuid: "de65bfcd702d46b786a2e759c5e02323"
format_stamp: "Formatted at 2026-06-08 10:04:11 on dist-test-slave-mjtr"
I20260608 10:04:11.189878 12709 fs_manager.cc:696] Time spent creating directory manager: real 0.004s	user 0.004s	sys 0.002s
I20260608 10:04:11.193778 13129 log_block_manager.cc:4031] Time spent loading block containers with low live blocks: real 0.000s	user 0.000s	sys 0.000s
I20260608 10:04:11.194617 12709 fs_manager.cc:730] Time spent opening block manager: real 0.003s	user 0.002s	sys 0.000s
I20260608 10:04:11.194922 12709 fs_manager.cc:647] Opened local filesystem: /tmp/dist-test-taskq9osBO/test-tmp/auto_rebalancer-test.0.AutoRebalancerTest.OnlyLeaderDoesAutoRebalancing.1780913048528886-12709-0/minicluster-data/ts-2-root
uuid: "de65bfcd702d46b786a2e759c5e02323"
format_stamp: "Formatted at 2026-06-08 10:04:11 on dist-test-slave-mjtr"
I20260608 10:04:11.195272 12709 fs_report.cc:389] FS layout report
--------------------
wal directory: /tmp/dist-test-taskq9osBO/test-tmp/auto_rebalancer-test.0.AutoRebalancerTest.OnlyLeaderDoesAutoRebalancing.1780913048528886-12709-0/minicluster-data/ts-2-root
metadata directory: /tmp/dist-test-taskq9osBO/test-tmp/auto_rebalancer-test.0.AutoRebalancerTest.OnlyLeaderDoesAutoRebalancing.1780913048528886-12709-0/minicluster-data/ts-2-root
1 data directories: /tmp/dist-test-taskq9osBO/test-tmp/auto_rebalancer-test.0.AutoRebalancerTest.OnlyLeaderDoesAutoRebalancing.1780913048528886-12709-0/minicluster-data/ts-2-root/data
Total live blocks: 0
Total live bytes: 0
Total live bytes (after alignment): 0
Total number of LBM containers: 0 (0 full)
Did not check for missing blocks
Did not check for orphaned blocks
Total full LBM containers with extra space: 0 (0 repaired)
Total full LBM container extra space in bytes: 0 (0 repaired)
Total incomplete LBM containers: 0 (0 repaired)
Total LBM partial records: 0 (0 repaired)
Total corrupted LBM metadata records in RocksDB: 0 (0 repaired)
I20260608 10:04:11.206714 12709 rpc_server.cc:225] running with OpenSSL 1.1.1  11 Sep 2018
I20260608 10:04:11.208163 12709 kserver.cc:163] Server-wide thread pool size limit: 3276
I20260608 10:04:11.210588 12709 txn_system_client.cc:432] TxnSystemClient initialization is disabled...
I20260608 10:04:11.213811 12709 ts_tablet_manager.cc:585] Loaded tablet metadata (0 total tablets, 0 live tablets)
I20260608 10:04:11.214056 12709 ts_tablet_manager.cc:531] Time spent load tablet metadata: real 0.000s	user 0.000s	sys 0.000s
I20260608 10:04:11.214308 12709 ts_tablet_manager.cc:616] Registered 0 tablets
I20260608 10:04:11.214497 12709 ts_tablet_manager.cc:595] Time spent register tablets: real 0.000s	user 0.000s	sys 0.000s
I20260608 10:04:11.311472 12709 rpc_server.cc:307] RPC server started. Bound to: 127.12.105.67:42129
I20260608 10:04:11.311616 13191 acceptor_pool.cc:272] collecting diagnostics on the listening RPC socket 127.12.105.67:42129 every 8 connection(s)
I20260608 10:04:11.353145 13193 heartbeater.cc:344] Connected to a master server at 127.12.105.125:43441
I20260608 10:04:11.353632 13193 heartbeater.cc:461] Registering TS with master...
I20260608 10:04:11.353842 13192 heartbeater.cc:344] Connected to a master server at 127.12.105.124:39307
I20260608 10:04:11.354279 13192 heartbeater.cc:461] Registering TS with master...
I20260608 10:04:11.354609 13193 heartbeater.cc:507] Master 127.12.105.125:43441 requested a full tablet report, sending...
I20260608 10:04:11.355314 13192 heartbeater.cc:507] Master 127.12.105.124:39307 requested a full tablet report, sending...
I20260608 10:04:11.357322 13196 heartbeater.cc:344] Connected to a master server at 127.12.105.126:34277
I20260608 10:04:11.357650 13196 heartbeater.cc:461] Registering TS with master...
I20260608 10:04:11.358333 12806 ts_manager.cc:194] Registered new tserver with Master: de65bfcd702d46b786a2e759c5e02323 (127.12.105.67:42129)
I20260608 10:04:11.358471 13196 heartbeater.cc:507] Master 127.12.105.126:34277 requested a full tablet report, sending...
I20260608 10:04:11.360244 12873 ts_manager.cc:194] Registered new tserver with Master: de65bfcd702d46b786a2e759c5e02323 (127.12.105.67:42129)
I20260608 10:04:11.361852 12741 ts_manager.cc:194] Registered new tserver with Master: de65bfcd702d46b786a2e759c5e02323 (127.12.105.67:42129)
I20260608 10:04:11.362053 12873 master_service.cc:502] Signed X509 certificate for tserver {username='slave'} at 127.0.0.1:48396
I20260608 10:04:11.362192 12709 internal_mini_cluster.cc:371] 3 TS(s) registered with all masters after 0.022728298s
I20260608 10:04:11.595005 12950 catalog_manager.cc:1294] Loaded cluster ID: f661aebd77044137b162496a619c3f3e
I20260608 10:04:11.595372 12950 catalog_manager.cc:1587] T 00000000000000000000000000000000 P 9e1acd92dd994f6b8284676f5f4675d4: loading cluster ID for follower catalog manager: success
I20260608 10:04:11.600574 12948 catalog_manager.cc:1294] Loaded cluster ID: f661aebd77044137b162496a619c3f3e
I20260608 10:04:11.600906 12948 catalog_manager.cc:1587] T 00000000000000000000000000000000 P daf1e0e92fa94edaadb084a4ba63a698: loading cluster ID for follower catalog manager: success
I20260608 10:04:11.603153 12950 catalog_manager.cc:1609] T 00000000000000000000000000000000 P 9e1acd92dd994f6b8284676f5f4675d4: acquiring CA information for follower catalog manager: success
I20260608 10:04:11.605928 12948 catalog_manager.cc:1609] T 00000000000000000000000000000000 P daf1e0e92fa94edaadb084a4ba63a698: acquiring CA information for follower catalog manager: success
I20260608 10:04:11.608762 12950 catalog_manager.cc:1637] T 00000000000000000000000000000000 P 9e1acd92dd994f6b8284676f5f4675d4: importing token verification keys for follower catalog manager: success; most recent TSK sequence number 0
I20260608 10:04:11.609684 12948 catalog_manager.cc:1637] T 00000000000000000000000000000000 P daf1e0e92fa94edaadb084a4ba63a698: importing token verification keys for follower catalog manager: success; most recent TSK sequence number 0
I20260608 10:04:11.938835 13037 heartbeater.cc:499] Master 127.12.105.124:39307 was elected leader, sending a full tablet report...
I20260608 10:04:12.159693 13114 heartbeater.cc:499] Master 127.12.105.124:39307 was elected leader, sending a full tablet report...
I20260608 10:04:12.365006 13192 heartbeater.cc:499] Master 127.12.105.124:39307 was elected leader, sending a full tablet report...
I20260608 10:04:12.577497 12947 auto_leader_rebalancer.cc:451] All tables' leader rebalancing finished this round
I20260608 10:04:12.732995 12873 catalog_manager.cc:2282] Servicing CreateTable request from {username='slave'} at 127.0.0.1:48404:
name: "test-workload"
schema {
  columns {
    name: "key"
    type: INT32
    is_key: true
    is_nullable: false
    encoding: AUTO_ENCODING
    compression: DEFAULT_COMPRESSION
    cfile_block_size: 0
    immutable: false
  }
  columns {
    name: "int_val"
    type: INT32
    is_key: false
    is_nullable: false
    encoding: AUTO_ENCODING
    compression: DEFAULT_COMPRESSION
    cfile_block_size: 0
    immutable: false
  }
  columns {
    name: "string_val"
    type: STRING
    is_key: false
    is_nullable: true
    encoding: AUTO_ENCODING
    compression: DEFAULT_COMPRESSION
    cfile_block_size: 0
    immutable: false
  }
}
num_replicas: 1
split_rows_range_bounds {
  rows: "\004\001\000\377\377\377\037\004\001\000\376\377\377?\004\001\000\375\377\377_""\004\001\000\377\377\377\037\004\001\000\376\377\377?\004\001\000\375\377\377_"
  indirect_data: """"
}
partition_schema {
  range_schema {
    columns {
      name: "key"
    }
  }
}
I20260608 10:04:12.818295 13079 tablet_service.cc:1511] Processing CreateTablet for tablet 11909819fa7c4e1286092bcc66ffaa91 (DEFAULT_TABLE table=test-workload [id=9af4e2b897e44e75b0f3fc5cc364da69]), partition=RANGE (key) PARTITION 536870911 <= VALUES < 1073741822
I20260608 10:04:12.820333 13079 data_dirs.cc:400] Could only allocate 1 dirs of requested 3 for tablet 11909819fa7c4e1286092bcc66ffaa91. 1 dirs total, 0 dirs full, 0 dirs failed
I20260608 10:04:12.821570 13002 tablet_service.cc:1511] Processing CreateTablet for tablet dc9e709116984ca9b4900f5867d3eaa7 (DEFAULT_TABLE table=test-workload [id=9af4e2b897e44e75b0f3fc5cc364da69]), partition=RANGE (key) PARTITION VALUES < 536870911
I20260608 10:04:12.822342 13001 tablet_service.cc:1511] Processing CreateTablet for tablet 2ad2be22a29d49fea8df28692dd076a3 (DEFAULT_TABLE table=test-workload [id=9af4e2b897e44e75b0f3fc5cc364da69]), partition=RANGE (key) PARTITION 1610612733 <= VALUES
I20260608 10:04:12.823165 13002 data_dirs.cc:400] Could only allocate 1 dirs of requested 3 for tablet dc9e709116984ca9b4900f5867d3eaa7. 1 dirs total, 0 dirs full, 0 dirs failed
I20260608 10:04:12.824097 13001 data_dirs.cc:400] Could only allocate 1 dirs of requested 3 for tablet 2ad2be22a29d49fea8df28692dd076a3. 1 dirs total, 0 dirs full, 0 dirs failed
I20260608 10:04:12.835886 13157 tablet_service.cc:1511] Processing CreateTablet for tablet 7112a36dc1e744b39b9d102006184425 (DEFAULT_TABLE table=test-workload [id=9af4e2b897e44e75b0f3fc5cc364da69]), partition=RANGE (key) PARTITION 1073741822 <= VALUES < 1610612733
I20260608 10:04:12.837435 13157 data_dirs.cc:400] Could only allocate 1 dirs of requested 3 for tablet 7112a36dc1e744b39b9d102006184425. 1 dirs total, 0 dirs full, 0 dirs failed
I20260608 10:04:12.842267 13227 tablet_bootstrap.cc:492] T 11909819fa7c4e1286092bcc66ffaa91 P 01d34d8669964e57b429251da6e6521a: Bootstrap starting.
I20260608 10:04:12.847790 13228 tablet_bootstrap.cc:492] T 2ad2be22a29d49fea8df28692dd076a3 P 371fbef322d54eea863962da7bd9b0ee: Bootstrap starting.
I20260608 10:04:12.849438 13227 tablet_bootstrap.cc:654] T 11909819fa7c4e1286092bcc66ffaa91 P 01d34d8669964e57b429251da6e6521a: Neither blocks nor log segments found. Creating new log.
I20260608 10:04:12.855587 13227 tablet_bootstrap.cc:492] T 11909819fa7c4e1286092bcc66ffaa91 P 01d34d8669964e57b429251da6e6521a: No bootstrap required, opened a new log
I20260608 10:04:12.856067 13228 tablet_bootstrap.cc:654] T 2ad2be22a29d49fea8df28692dd076a3 P 371fbef322d54eea863962da7bd9b0ee: Neither blocks nor log segments found. Creating new log.
I20260608 10:04:12.856174 13227 ts_tablet_manager.cc:1403] T 11909819fa7c4e1286092bcc66ffaa91 P 01d34d8669964e57b429251da6e6521a: Time spent bootstrapping tablet: real 0.014s	user 0.013s	sys 0.000s
I20260608 10:04:12.861843 13230 tablet_bootstrap.cc:492] T 7112a36dc1e744b39b9d102006184425 P de65bfcd702d46b786a2e759c5e02323: Bootstrap starting.
I20260608 10:04:12.861688 13227 raft_consensus.cc:359] T 11909819fa7c4e1286092bcc66ffaa91 P 01d34d8669964e57b429251da6e6521a [term 0 FOLLOWER]: Replica starting. Triggering 0 pending ops. Active config: opid_index: -1 OBSOLETE_local: true peers { permanent_uuid: "01d34d8669964e57b429251da6e6521a" member_type: VOTER last_known_addr { host: "127.12.105.66" port: 40163 } }
I20260608 10:04:12.862385 13227 raft_consensus.cc:385] T 11909819fa7c4e1286092bcc66ffaa91 P 01d34d8669964e57b429251da6e6521a [term 0 FOLLOWER]: Consensus starting up: Expiring failure detector timer to make a prompt election more likely
I20260608 10:04:12.862782 13227 raft_consensus.cc:740] T 11909819fa7c4e1286092bcc66ffaa91 P 01d34d8669964e57b429251da6e6521a [term 0 FOLLOWER]: Becoming Follower/Learner. State: Replica: 01d34d8669964e57b429251da6e6521a, State: Initialized, Role: FOLLOWER
I20260608 10:04:12.863536 13227 consensus_queue.cc:260] T 11909819fa7c4e1286092bcc66ffaa91 P 01d34d8669964e57b429251da6e6521a [NON_LEADER]: Queue going to NON_LEADER mode. State: All replicated index: 0, Majority replicated index: 0, Committed index: 0, Last appended: 0.0, Last appended by leader: 0, Current term: 0, Majority size: -1, State: 0, Mode: NON_LEADER, active raft config: opid_index: -1 OBSOLETE_local: true peers { permanent_uuid: "01d34d8669964e57b429251da6e6521a" member_type: VOTER last_known_addr { host: "127.12.105.66" port: 40163 } }
I20260608 10:04:12.864048 13228 tablet_bootstrap.cc:492] T 2ad2be22a29d49fea8df28692dd076a3 P 371fbef322d54eea863962da7bd9b0ee: No bootstrap required, opened a new log
I20260608 10:04:12.864066 13227 raft_consensus.cc:399] T 11909819fa7c4e1286092bcc66ffaa91 P 01d34d8669964e57b429251da6e6521a [term 0 FOLLOWER]: Only one voter in the Raft config. Triggering election immediately
I20260608 10:04:12.864667 13227 raft_consensus.cc:493] T 11909819fa7c4e1286092bcc66ffaa91 P 01d34d8669964e57b429251da6e6521a [term 0 FOLLOWER]: Starting leader election (initial election of a single-replica configuration)
I20260608 10:04:12.864675 13228 ts_tablet_manager.cc:1403] T 2ad2be22a29d49fea8df28692dd076a3 P 371fbef322d54eea863962da7bd9b0ee: Time spent bootstrapping tablet: real 0.017s	user 0.015s	sys 0.000s
I20260608 10:04:12.865084 13227 raft_consensus.cc:3060] T 11909819fa7c4e1286092bcc66ffaa91 P 01d34d8669964e57b429251da6e6521a [term 0 FOLLOWER]: Advancing to term 1
I20260608 10:04:12.867928 13228 raft_consensus.cc:359] T 2ad2be22a29d49fea8df28692dd076a3 P 371fbef322d54eea863962da7bd9b0ee [term 0 FOLLOWER]: Replica starting. Triggering 0 pending ops. Active config: opid_index: -1 OBSOLETE_local: true peers { permanent_uuid: "371fbef322d54eea863962da7bd9b0ee" member_type: VOTER last_known_addr { host: "127.12.105.65" port: 41007 } }
I20260608 10:04:12.868515 13228 raft_consensus.cc:385] T 2ad2be22a29d49fea8df28692dd076a3 P 371fbef322d54eea863962da7bd9b0ee [term 0 FOLLOWER]: Consensus starting up: Expiring failure detector timer to make a prompt election more likely
I20260608 10:04:12.868816 13228 raft_consensus.cc:740] T 2ad2be22a29d49fea8df28692dd076a3 P 371fbef322d54eea863962da7bd9b0ee [term 0 FOLLOWER]: Becoming Follower/Learner. State: Replica: 371fbef322d54eea863962da7bd9b0ee, State: Initialized, Role: FOLLOWER
I20260608 10:04:12.869531 13230 tablet_bootstrap.cc:654] T 7112a36dc1e744b39b9d102006184425 P de65bfcd702d46b786a2e759c5e02323: Neither blocks nor log segments found. Creating new log.
I20260608 10:04:12.869545 13228 consensus_queue.cc:260] T 2ad2be22a29d49fea8df28692dd076a3 P 371fbef322d54eea863962da7bd9b0ee [NON_LEADER]: Queue going to NON_LEADER mode. State: All replicated index: 0, Majority replicated index: 0, Committed index: 0, Last appended: 0.0, Last appended by leader: 0, Current term: 0, Majority size: -1, State: 0, Mode: NON_LEADER, active raft config: opid_index: -1 OBSOLETE_local: true peers { permanent_uuid: "371fbef322d54eea863962da7bd9b0ee" member_type: VOTER last_known_addr { host: "127.12.105.65" port: 41007 } }
I20260608 10:04:12.870366 13228 raft_consensus.cc:399] T 2ad2be22a29d49fea8df28692dd076a3 P 371fbef322d54eea863962da7bd9b0ee [term 0 FOLLOWER]: Only one voter in the Raft config. Triggering election immediately
I20260608 10:04:12.870688 13228 raft_consensus.cc:493] T 2ad2be22a29d49fea8df28692dd076a3 P 371fbef322d54eea863962da7bd9b0ee [term 0 FOLLOWER]: Starting leader election (initial election of a single-replica configuration)
I20260608 10:04:12.871057 13228 raft_consensus.cc:3060] T 2ad2be22a29d49fea8df28692dd076a3 P 371fbef322d54eea863962da7bd9b0ee [term 0 FOLLOWER]: Advancing to term 1
I20260608 10:04:12.872021 13227 raft_consensus.cc:515] T 11909819fa7c4e1286092bcc66ffaa91 P 01d34d8669964e57b429251da6e6521a [term 1 FOLLOWER]: Starting leader election with config: opid_index: -1 OBSOLETE_local: true peers { permanent_uuid: "01d34d8669964e57b429251da6e6521a" member_type: VOTER last_known_addr { host: "127.12.105.66" port: 40163 } }
I20260608 10:04:12.872828 13227 leader_election.cc:304] T 11909819fa7c4e1286092bcc66ffaa91 P 01d34d8669964e57b429251da6e6521a [CANDIDATE]: Term 1 election: Election decided. Result: candidate won. Election summary: received 1 responses out of 1 voters: 1 yes votes; 0 no votes. yes voters: 01d34d8669964e57b429251da6e6521a; no voters: 
I20260608 10:04:12.876602 13230 tablet_bootstrap.cc:492] T 7112a36dc1e744b39b9d102006184425 P de65bfcd702d46b786a2e759c5e02323: No bootstrap required, opened a new log
I20260608 10:04:12.877022 13230 ts_tablet_manager.cc:1403] T 7112a36dc1e744b39b9d102006184425 P de65bfcd702d46b786a2e759c5e02323: Time spent bootstrapping tablet: real 0.016s	user 0.012s	sys 0.001s
I20260608 10:04:12.879463 13230 raft_consensus.cc:359] T 7112a36dc1e744b39b9d102006184425 P de65bfcd702d46b786a2e759c5e02323 [term 0 FOLLOWER]: Replica starting. Triggering 0 pending ops. Active config: opid_index: -1 OBSOLETE_local: true peers { permanent_uuid: "de65bfcd702d46b786a2e759c5e02323" member_type: VOTER last_known_addr { host: "127.12.105.67" port: 42129 } }
I20260608 10:04:12.879345 13228 raft_consensus.cc:515] T 2ad2be22a29d49fea8df28692dd076a3 P 371fbef322d54eea863962da7bd9b0ee [term 1 FOLLOWER]: Starting leader election with config: opid_index: -1 OBSOLETE_local: true peers { permanent_uuid: "371fbef322d54eea863962da7bd9b0ee" member_type: VOTER last_known_addr { host: "127.12.105.65" port: 41007 } }
I20260608 10:04:12.880079 13230 raft_consensus.cc:385] T 7112a36dc1e744b39b9d102006184425 P de65bfcd702d46b786a2e759c5e02323 [term 0 FOLLOWER]: Consensus starting up: Expiring failure detector timer to make a prompt election more likely
I20260608 10:04:12.880422 13230 raft_consensus.cc:740] T 7112a36dc1e744b39b9d102006184425 P de65bfcd702d46b786a2e759c5e02323 [term 0 FOLLOWER]: Becoming Follower/Learner. State: Replica: de65bfcd702d46b786a2e759c5e02323, State: Initialized, Role: FOLLOWER
I20260608 10:04:12.880486 13228 leader_election.cc:304] T 2ad2be22a29d49fea8df28692dd076a3 P 371fbef322d54eea863962da7bd9b0ee [CANDIDATE]: Term 1 election: Election decided. Result: candidate won. Election summary: received 1 responses out of 1 voters: 1 yes votes; 0 no votes. yes voters: 371fbef322d54eea863962da7bd9b0ee; no voters: 
I20260608 10:04:12.881140 13230 consensus_queue.cc:260] T 7112a36dc1e744b39b9d102006184425 P de65bfcd702d46b786a2e759c5e02323 [NON_LEADER]: Queue going to NON_LEADER mode. State: All replicated index: 0, Majority replicated index: 0, Committed index: 0, Last appended: 0.0, Last appended by leader: 0, Current term: 0, Majority size: -1, State: 0, Mode: NON_LEADER, active raft config: opid_index: -1 OBSOLETE_local: true peers { permanent_uuid: "de65bfcd702d46b786a2e759c5e02323" member_type: VOTER last_known_addr { host: "127.12.105.67" port: 42129 } }
I20260608 10:04:12.881706 13230 raft_consensus.cc:399] T 7112a36dc1e744b39b9d102006184425 P de65bfcd702d46b786a2e759c5e02323 [term 0 FOLLOWER]: Only one voter in the Raft config. Triggering election immediately
I20260608 10:04:12.881995 13230 raft_consensus.cc:493] T 7112a36dc1e744b39b9d102006184425 P de65bfcd702d46b786a2e759c5e02323 [term 0 FOLLOWER]: Starting leader election (initial election of a single-replica configuration)
I20260608 10:04:12.882401 13230 raft_consensus.cc:3060] T 7112a36dc1e744b39b9d102006184425 P de65bfcd702d46b786a2e759c5e02323 [term 0 FOLLOWER]: Advancing to term 1
I20260608 10:04:12.883363 13228 leader_election.cc:290] T 2ad2be22a29d49fea8df28692dd076a3 P 371fbef322d54eea863962da7bd9b0ee [CANDIDATE]: Term 1 election: Requested vote from peers 
I20260608 10:04:12.883955 13234 raft_consensus.cc:2804] T 2ad2be22a29d49fea8df28692dd076a3 P 371fbef322d54eea863962da7bd9b0ee [term 1 FOLLOWER]: Leader election won for term 1
I20260608 10:04:12.891826 13227 leader_election.cc:290] T 11909819fa7c4e1286092bcc66ffaa91 P 01d34d8669964e57b429251da6e6521a [CANDIDATE]: Term 1 election: Requested vote from peers 
I20260608 10:04:12.893095 13233 raft_consensus.cc:2804] T 11909819fa7c4e1286092bcc66ffaa91 P 01d34d8669964e57b429251da6e6521a [term 1 FOLLOWER]: Leader election won for term 1
I20260608 10:04:12.897538 13230 raft_consensus.cc:515] T 7112a36dc1e744b39b9d102006184425 P de65bfcd702d46b786a2e759c5e02323 [term 1 FOLLOWER]: Starting leader election with config: opid_index: -1 OBSOLETE_local: true peers { permanent_uuid: "de65bfcd702d46b786a2e759c5e02323" member_type: VOTER last_known_addr { host: "127.12.105.67" port: 42129 } }
I20260608 10:04:12.898382 13230 leader_election.cc:304] T 7112a36dc1e744b39b9d102006184425 P de65bfcd702d46b786a2e759c5e02323 [CANDIDATE]: Term 1 election: Election decided. Result: candidate won. Election summary: received 1 responses out of 1 voters: 1 yes votes; 0 no votes. yes voters: de65bfcd702d46b786a2e759c5e02323; no voters: 
I20260608 10:04:12.899307 13233 raft_consensus.cc:697] T 11909819fa7c4e1286092bcc66ffaa91 P 01d34d8669964e57b429251da6e6521a [term 1 LEADER]: Becoming Leader. State: Replica: 01d34d8669964e57b429251da6e6521a, State: Running, Role: LEADER
I20260608 10:04:12.900127 13233 consensus_queue.cc:237] T 11909819fa7c4e1286092bcc66ffaa91 P 01d34d8669964e57b429251da6e6521a [LEADER]: Queue going to LEADER mode. State: All replicated index: 0, Majority replicated index: 0, Committed index: 0, Last appended: 0.0, Last appended by leader: 0, Current term: 1, Majority size: 1, State: 0, Mode: LEADER, active raft config: opid_index: -1 OBSOLETE_local: true peers { permanent_uuid: "01d34d8669964e57b429251da6e6521a" member_type: VOTER last_known_addr { host: "127.12.105.66" port: 40163 } }
I20260608 10:04:12.905884 13227 ts_tablet_manager.cc:1434] T 11909819fa7c4e1286092bcc66ffaa91 P 01d34d8669964e57b429251da6e6521a: Time spent starting tablet: real 0.049s	user 0.021s	sys 0.027s
I20260608 10:04:12.907809 13234 raft_consensus.cc:697] T 2ad2be22a29d49fea8df28692dd076a3 P 371fbef322d54eea863962da7bd9b0ee [term 1 LEADER]: Becoming Leader. State: Replica: 371fbef322d54eea863962da7bd9b0ee, State: Running, Role: LEADER
I20260608 10:04:12.908483 13234 consensus_queue.cc:237] T 2ad2be22a29d49fea8df28692dd076a3 P 371fbef322d54eea863962da7bd9b0ee [LEADER]: Queue going to LEADER mode. State: All replicated index: 0, Majority replicated index: 0, Committed index: 0, Last appended: 0.0, Last appended by leader: 0, Current term: 1, Majority size: 1, State: 0, Mode: LEADER, active raft config: opid_index: -1 OBSOLETE_local: true peers { permanent_uuid: "371fbef322d54eea863962da7bd9b0ee" member_type: VOTER last_known_addr { host: "127.12.105.65" port: 41007 } }
I20260608 10:04:12.911760 13230 leader_election.cc:290] T 7112a36dc1e744b39b9d102006184425 P de65bfcd702d46b786a2e759c5e02323 [CANDIDATE]: Term 1 election: Requested vote from peers 
I20260608 10:04:12.912109 13228 ts_tablet_manager.cc:1434] T 2ad2be22a29d49fea8df28692dd076a3 P 371fbef322d54eea863962da7bd9b0ee: Time spent starting tablet: real 0.047s	user 0.011s	sys 0.035s
I20260608 10:04:12.912648 13240 raft_consensus.cc:2804] T 7112a36dc1e744b39b9d102006184425 P de65bfcd702d46b786a2e759c5e02323 [term 1 FOLLOWER]: Leader election won for term 1
I20260608 10:04:12.913302 13228 tablet_bootstrap.cc:492] T dc9e709116984ca9b4900f5867d3eaa7 P 371fbef322d54eea863962da7bd9b0ee: Bootstrap starting.
I20260608 10:04:12.918875 13230 ts_tablet_manager.cc:1434] T 7112a36dc1e744b39b9d102006184425 P de65bfcd702d46b786a2e759c5e02323: Time spent starting tablet: real 0.042s	user 0.016s	sys 0.007s
I20260608 10:04:12.923476 13228 tablet_bootstrap.cc:654] T dc9e709116984ca9b4900f5867d3eaa7 P 371fbef322d54eea863962da7bd9b0ee: Neither blocks nor log segments found. Creating new log.
I20260608 10:04:12.927819 13240 raft_consensus.cc:697] T 7112a36dc1e744b39b9d102006184425 P de65bfcd702d46b786a2e759c5e02323 [term 1 LEADER]: Becoming Leader. State: Replica: de65bfcd702d46b786a2e759c5e02323, State: Running, Role: LEADER
I20260608 10:04:12.928323 12873 catalog_manager.cc:5696] T 11909819fa7c4e1286092bcc66ffaa91 P 01d34d8669964e57b429251da6e6521a reported cstate change: term changed from 0 to 1, leader changed from <none> to 01d34d8669964e57b429251da6e6521a (127.12.105.66). New cstate: current_term: 1 leader_uuid: "01d34d8669964e57b429251da6e6521a" committed_config { opid_index: -1 OBSOLETE_local: true peers { permanent_uuid: "01d34d8669964e57b429251da6e6521a" member_type: VOTER last_known_addr { host: "127.12.105.66" port: 40163 } health_report { overall_health: HEALTHY } } }
I20260608 10:04:12.938800 13240 consensus_queue.cc:237] T 7112a36dc1e744b39b9d102006184425 P de65bfcd702d46b786a2e759c5e02323 [LEADER]: Queue going to LEADER mode. State: All replicated index: 0, Majority replicated index: 0, Committed index: 0, Last appended: 0.0, Last appended by leader: 0, Current term: 1, Majority size: 1, State: 0, Mode: LEADER, active raft config: opid_index: -1 OBSOLETE_local: true peers { permanent_uuid: "de65bfcd702d46b786a2e759c5e02323" member_type: VOTER last_known_addr { host: "127.12.105.67" port: 42129 } }
I20260608 10:04:12.944198 13228 tablet_bootstrap.cc:492] T dc9e709116984ca9b4900f5867d3eaa7 P 371fbef322d54eea863962da7bd9b0ee: No bootstrap required, opened a new log
I20260608 10:04:12.946769 13228 ts_tablet_manager.cc:1403] T dc9e709116984ca9b4900f5867d3eaa7 P 371fbef322d54eea863962da7bd9b0ee: Time spent bootstrapping tablet: real 0.034s	user 0.011s	sys 0.015s
I20260608 10:04:12.949178 13228 raft_consensus.cc:359] T dc9e709116984ca9b4900f5867d3eaa7 P 371fbef322d54eea863962da7bd9b0ee [term 0 FOLLOWER]: Replica starting. Triggering 0 pending ops. Active config: opid_index: -1 OBSOLETE_local: true peers { permanent_uuid: "371fbef322d54eea863962da7bd9b0ee" member_type: VOTER last_known_addr { host: "127.12.105.65" port: 41007 } }
I20260608 10:04:12.949640 13228 raft_consensus.cc:385] T dc9e709116984ca9b4900f5867d3eaa7 P 371fbef322d54eea863962da7bd9b0ee [term 0 FOLLOWER]: Consensus starting up: Expiring failure detector timer to make a prompt election more likely
I20260608 10:04:12.950145 13228 raft_consensus.cc:740] T dc9e709116984ca9b4900f5867d3eaa7 P 371fbef322d54eea863962da7bd9b0ee [term 0 FOLLOWER]: Becoming Follower/Learner. State: Replica: 371fbef322d54eea863962da7bd9b0ee, State: Initialized, Role: FOLLOWER
I20260608 10:04:12.951224 13228 consensus_queue.cc:260] T dc9e709116984ca9b4900f5867d3eaa7 P 371fbef322d54eea863962da7bd9b0ee [NON_LEADER]: Queue going to NON_LEADER mode. State: All replicated index: 0, Majority replicated index: 0, Committed index: 0, Last appended: 0.0, Last appended by leader: 0, Current term: 0, Majority size: -1, State: 0, Mode: NON_LEADER, active raft config: opid_index: -1 OBSOLETE_local: true peers { permanent_uuid: "371fbef322d54eea863962da7bd9b0ee" member_type: VOTER last_known_addr { host: "127.12.105.65" port: 41007 } }
I20260608 10:04:12.952235 13228 raft_consensus.cc:399] T dc9e709116984ca9b4900f5867d3eaa7 P 371fbef322d54eea863962da7bd9b0ee [term 0 FOLLOWER]: Only one voter in the Raft config. Triggering election immediately
I20260608 10:04:12.952804 13228 raft_consensus.cc:493] T dc9e709116984ca9b4900f5867d3eaa7 P 371fbef322d54eea863962da7bd9b0ee [term 0 FOLLOWER]: Starting leader election (initial election of a single-replica configuration)
I20260608 10:04:12.953424 13228 raft_consensus.cc:3060] T dc9e709116984ca9b4900f5867d3eaa7 P 371fbef322d54eea863962da7bd9b0ee [term 0 FOLLOWER]: Advancing to term 1
I20260608 10:04:12.966004 13228 raft_consensus.cc:515] T dc9e709116984ca9b4900f5867d3eaa7 P 371fbef322d54eea863962da7bd9b0ee [term 1 FOLLOWER]: Starting leader election with config: opid_index: -1 OBSOLETE_local: true peers { permanent_uuid: "371fbef322d54eea863962da7bd9b0ee" member_type: VOTER last_known_addr { host: "127.12.105.65" port: 41007 } }
I20260608 10:04:12.967139 13228 leader_election.cc:304] T dc9e709116984ca9b4900f5867d3eaa7 P 371fbef322d54eea863962da7bd9b0ee [CANDIDATE]: Term 1 election: Election decided. Result: candidate won. Election summary: received 1 responses out of 1 voters: 1 yes votes; 0 no votes. yes voters: 371fbef322d54eea863962da7bd9b0ee; no voters: 
I20260608 10:04:12.968174 13228 leader_election.cc:290] T dc9e709116984ca9b4900f5867d3eaa7 P 371fbef322d54eea863962da7bd9b0ee [CANDIDATE]: Term 1 election: Requested vote from peers 
I20260608 10:04:12.969264 13236 raft_consensus.cc:2804] T dc9e709116984ca9b4900f5867d3eaa7 P 371fbef322d54eea863962da7bd9b0ee [term 1 FOLLOWER]: Leader election won for term 1
I20260608 10:04:12.968487 12872 catalog_manager.cc:5696] T 2ad2be22a29d49fea8df28692dd076a3 P 371fbef322d54eea863962da7bd9b0ee reported cstate change: term changed from 0 to 1, leader changed from <none> to 371fbef322d54eea863962da7bd9b0ee (127.12.105.65). New cstate: current_term: 1 leader_uuid: "371fbef322d54eea863962da7bd9b0ee" committed_config { opid_index: -1 OBSOLETE_local: true peers { permanent_uuid: "371fbef322d54eea863962da7bd9b0ee" member_type: VOTER last_known_addr { host: "127.12.105.65" port: 41007 } health_report { overall_health: HEALTHY } } }
I20260608 10:04:12.980662 13236 raft_consensus.cc:697] T dc9e709116984ca9b4900f5867d3eaa7 P 371fbef322d54eea863962da7bd9b0ee [term 1 LEADER]: Becoming Leader. State: Replica: 371fbef322d54eea863962da7bd9b0ee, State: Running, Role: LEADER
I20260608 10:04:12.986148 13228 ts_tablet_manager.cc:1434] T dc9e709116984ca9b4900f5867d3eaa7 P 371fbef322d54eea863962da7bd9b0ee: Time spent starting tablet: real 0.039s	user 0.015s	sys 0.005s
I20260608 10:04:12.987586 13236 consensus_queue.cc:237] T dc9e709116984ca9b4900f5867d3eaa7 P 371fbef322d54eea863962da7bd9b0ee [LEADER]: Queue going to LEADER mode. State: All replicated index: 0, Majority replicated index: 0, Committed index: 0, Last appended: 0.0, Last appended by leader: 0, Current term: 1, Majority size: 1, State: 0, Mode: LEADER, active raft config: opid_index: -1 OBSOLETE_local: true peers { permanent_uuid: "371fbef322d54eea863962da7bd9b0ee" member_type: VOTER last_known_addr { host: "127.12.105.65" port: 41007 } }
I20260608 10:04:13.019904 12871 catalog_manager.cc:5696] T 7112a36dc1e744b39b9d102006184425 P de65bfcd702d46b786a2e759c5e02323 reported cstate change: term changed from 0 to 1, leader changed from <none> to de65bfcd702d46b786a2e759c5e02323 (127.12.105.67). New cstate: current_term: 1 leader_uuid: "de65bfcd702d46b786a2e759c5e02323" committed_config { opid_index: -1 OBSOLETE_local: true peers { permanent_uuid: "de65bfcd702d46b786a2e759c5e02323" member_type: VOTER last_known_addr { host: "127.12.105.67" port: 42129 } health_report { overall_health: HEALTHY } } }
I20260608 10:04:13.042074 12872 catalog_manager.cc:5696] T dc9e709116984ca9b4900f5867d3eaa7 P 371fbef322d54eea863962da7bd9b0ee reported cstate change: term changed from 0 to 1, leader changed from <none> to 371fbef322d54eea863962da7bd9b0ee (127.12.105.65). New cstate: current_term: 1 leader_uuid: "371fbef322d54eea863962da7bd9b0ee" committed_config { opid_index: -1 OBSOLETE_local: true peers { permanent_uuid: "371fbef322d54eea863962da7bd9b0ee" member_type: VOTER last_known_addr { host: "127.12.105.65" port: 41007 } health_report { overall_health: HEALTHY } } }
I20260608 10:04:13.072701 12709 tablet_server.cc:179] TabletServer@127.12.105.65:0 shutting down...
I20260608 10:04:13.096210 12709 ts_tablet_manager.cc:1507] Shutting down tablet manager...
I20260608 10:04:13.097246 12709 tablet_replica.cc:333] T dc9e709116984ca9b4900f5867d3eaa7 P 371fbef322d54eea863962da7bd9b0ee: stopping tablet replica
I20260608 10:04:13.097932 12709 raft_consensus.cc:2243] T dc9e709116984ca9b4900f5867d3eaa7 P 371fbef322d54eea863962da7bd9b0ee [term 1 LEADER]: Raft consensus shutting down.
I20260608 10:04:13.098459 12709 raft_consensus.cc:2272] T dc9e709116984ca9b4900f5867d3eaa7 P 371fbef322d54eea863962da7bd9b0ee [term 1 FOLLOWER]: Raft consensus is shut down!
I20260608 10:04:13.101346 12709 tablet_replica.cc:333] T 2ad2be22a29d49fea8df28692dd076a3 P 371fbef322d54eea863962da7bd9b0ee: stopping tablet replica
I20260608 10:04:13.102077 12709 raft_consensus.cc:2243] T 2ad2be22a29d49fea8df28692dd076a3 P 371fbef322d54eea863962da7bd9b0ee [term 1 LEADER]: Raft consensus shutting down.
I20260608 10:04:13.102547 12709 raft_consensus.cc:2272] T 2ad2be22a29d49fea8df28692dd076a3 P 371fbef322d54eea863962da7bd9b0ee [term 1 FOLLOWER]: Raft consensus is shut down!
I20260608 10:04:13.389950 12709 tablet_server.cc:196] TabletServer@127.12.105.65:0 shutdown complete.
I20260608 10:04:13.405345 12709 tablet_server.cc:179] TabletServer@127.12.105.66:0 shutting down...
I20260608 10:04:13.425145 12709 ts_tablet_manager.cc:1507] Shutting down tablet manager...
I20260608 10:04:13.425721 12709 tablet_replica.cc:333] T 11909819fa7c4e1286092bcc66ffaa91 P 01d34d8669964e57b429251da6e6521a: stopping tablet replica
I20260608 10:04:13.426244 12709 raft_consensus.cc:2243] T 11909819fa7c4e1286092bcc66ffaa91 P 01d34d8669964e57b429251da6e6521a [term 1 LEADER]: Raft consensus shutting down.
I20260608 10:04:13.426771 12709 raft_consensus.cc:2272] T 11909819fa7c4e1286092bcc66ffaa91 P 01d34d8669964e57b429251da6e6521a [term 1 FOLLOWER]: Raft consensus is shut down!
I20260608 10:04:13.448833 12709 tablet_server.cc:196] TabletServer@127.12.105.66:0 shutdown complete.
I20260608 10:04:13.457720 12709 tablet_server.cc:179] TabletServer@127.12.105.67:0 shutting down...
I20260608 10:04:13.475242 12709 ts_tablet_manager.cc:1507] Shutting down tablet manager...
I20260608 10:04:13.475919 12709 tablet_replica.cc:333] T 7112a36dc1e744b39b9d102006184425 P de65bfcd702d46b786a2e759c5e02323: stopping tablet replica
I20260608 10:04:13.476445 12709 raft_consensus.cc:2243] T 7112a36dc1e744b39b9d102006184425 P de65bfcd702d46b786a2e759c5e02323 [term 1 LEADER]: Raft consensus shutting down.
I20260608 10:04:13.476905 12709 raft_consensus.cc:2272] T 7112a36dc1e744b39b9d102006184425 P de65bfcd702d46b786a2e759c5e02323 [term 1 FOLLOWER]: Raft consensus is shut down!
W20260608 10:04:14.286231 13188 debug-util.cc:398] Leaking SignalData structure 0x7b0800185ce0 after lost signal to thread 12712
W20260608 10:04:14.287041 13188 debug-util.cc:398] Leaking SignalData structure 0x7b08001c7320 after lost signal to thread 12775
W20260608 10:04:14.287703 13188 debug-util.cc:398] Leaking SignalData structure 0x7b080018c060 after lost signal to thread 12840
W20260608 10:04:14.288370 13188 debug-util.cc:398] Leaking SignalData structure 0x7b0800228840 after lost signal to thread 12907
W20260608 10:04:14.290271 13188 debug-util.cc:398] Leaking SignalData structure 0x7b0800236580 after lost signal to thread 13247
W20260608 10:04:14.484226 12709 thread.cc:527] Waited for 1000ms trying to join with diag-logger (tid 13188)
I20260608 10:04:14.578883 12947 auto_leader_rebalancer.cc:140] leader rebalance for table test-workload
I20260608 10:04:14.579331 12947 auto_leader_rebalancer.cc:451] All tables' leader rebalancing finished this round
W20260608 10:04:15.484772 12709 thread.cc:527] Waited for 2000ms trying to join with diag-logger (tid 13188)
W20260608 10:04:16.485240 12709 thread.cc:527] Waited for 3000ms trying to join with diag-logger (tid 13188)
I20260608 10:04:16.580331 12947 auto_leader_rebalancer.cc:140] leader rebalance for table test-workload
I20260608 10:04:16.580744 12947 auto_leader_rebalancer.cc:451] All tables' leader rebalancing finished this round
I20260608 10:04:17.285597 12709 tablet_server.cc:196] TabletServer@127.12.105.67:0 shutdown complete.
I20260608 10:04:17.294771 12709 master.cc:562] Master@127.12.105.126:34277 shutting down...
I20260608 10:04:17.395138 12709 raft_consensus.cc:2243] T 00000000000000000000000000000000 P 9e1acd92dd994f6b8284676f5f4675d4 [term 1 FOLLOWER]: Raft consensus shutting down.
I20260608 10:04:17.395828 12709 raft_consensus.cc:2272] T 00000000000000000000000000000000 P 9e1acd92dd994f6b8284676f5f4675d4 [term 1 FOLLOWER]: Raft consensus is shut down!
I20260608 10:04:17.396193 12709 tablet_replica.cc:333] T 00000000000000000000000000000000 P 9e1acd92dd994f6b8284676f5f4675d4: stopping tablet replica
I20260608 10:04:17.414860 12709 master.cc:584] Master@127.12.105.126:34277 shutdown complete.
I20260608 10:04:17.425577 12709 master.cc:562] Master@127.12.105.125:43441 shutting down...
I20260608 10:04:17.442394 12709 raft_consensus.cc:2243] T 00000000000000000000000000000000 P daf1e0e92fa94edaadb084a4ba63a698 [term 1 FOLLOWER]: Raft consensus shutting down.
