I20260608 10:05:30.148653 10620 raft_consensus.cc:740] T 2b39c30cf8fe433d8302de8600e3d118 P c7292771207b41a5af1025de8e0c5bf8 [term 0 FOLLOWER]: Becoming Follower/Learner. State: Replica: c7292771207b41a5af1025de8e0c5bf8, State: Initialized, Role: FOLLOWER
I20260608 10:05:30.149129 10635 consensus_queue.cc:237] T f4812794ea2841729f6b09d36537b325 P ce2cc49add254cc3b28534be69f16687 [LEADER]: Queue going to LEADER mode. State: All replicated index: 0, Majority replicated index: 0, Committed index: 0, Last appended: 0.0, Last appended by leader: 0, Current term: 1, Majority size: 2, State: 0, Mode: LEADER, active raft config: opid_index: -1 OBSOLETE_local: false peers { permanent_uuid: "ce2cc49add254cc3b28534be69f16687" member_type: VOTER last_known_addr { host: "127.7.152.65" port: 39031 } } peers { permanent_uuid: "c7292771207b41a5af1025de8e0c5bf8" member_type: VOTER last_known_addr { host: "127.7.152.66" port: 35819 } } peers { permanent_uuid: "395b037e4e78459393d12a5aaa9819a8" member_type: VOTER last_known_addr { host: "127.7.152.67" port: 33273 } }
I20260608 10:05:30.149513 10620 consensus_queue.cc:260] T 2b39c30cf8fe433d8302de8600e3d118 P c7292771207b41a5af1025de8e0c5bf8 [NON_LEADER]: Queue going to NON_LEADER mode. State: All replicated index: 0, Majority replicated index: 0, Committed index: 0, Last appended: 0.0, Last appended by leader: 0, Current term: 0, Majority size: -1, State: 0, Mode: NON_LEADER, active raft config: opid_index: -1 OBSOLETE_local: false peers { permanent_uuid: "ce2cc49add254cc3b28534be69f16687" member_type: VOTER last_known_addr { host: "127.7.152.65" port: 39031 } } peers { permanent_uuid: "c7292771207b41a5af1025de8e0c5bf8" member_type: VOTER last_known_addr { host: "127.7.152.66" port: 35819 } } peers { permanent_uuid: "395b037e4e78459393d12a5aaa9819a8" member_type: VOTER last_known_addr { host: "127.7.152.67" port: 33273 } }
I20260608 10:05:30.150758 10625 raft_consensus.cc:493] T 8cb70336966c4a64b5ec8e71388d7abc P c7292771207b41a5af1025de8e0c5bf8 [term 0 FOLLOWER]: Starting pre-election (no leader contacted us within the election timeout)
I20260608 10:05:30.151446 10621 ts_tablet_manager.cc:1434] T 8cb70336966c4a64b5ec8e71388d7abc P 395b037e4e78459393d12a5aaa9819a8: Time spent starting tablet: real 0.029s	user 0.006s	sys 0.000s
I20260608 10:05:30.151249 10625 raft_consensus.cc:515] T 8cb70336966c4a64b5ec8e71388d7abc P c7292771207b41a5af1025de8e0c5bf8 [term 0 FOLLOWER]: Starting pre-election with config: opid_index: -1 OBSOLETE_local: false peers { permanent_uuid: "ce2cc49add254cc3b28534be69f16687" member_type: VOTER last_known_addr { host: "127.7.152.65" port: 39031 } } peers { permanent_uuid: "c7292771207b41a5af1025de8e0c5bf8" member_type: VOTER last_known_addr { host: "127.7.152.66" port: 35819 } } peers { permanent_uuid: "395b037e4e78459393d12a5aaa9819a8" member_type: VOTER last_known_addr { host: "127.7.152.67" port: 33273 } }
I20260608 10:05:30.152626 10621 tablet_bootstrap.cc:492] T 2b39c30cf8fe433d8302de8600e3d118 P 395b037e4e78459393d12a5aaa9819a8: Bootstrap starting.
I20260608 10:05:30.162645 10625 leader_election.cc:290] T 8cb70336966c4a64b5ec8e71388d7abc P c7292771207b41a5af1025de8e0c5bf8 [CANDIDATE]: Term 1 pre-election: Requested pre-vote from peers ce2cc49add254cc3b28534be69f16687 (127.7.152.65:39031), 395b037e4e78459393d12a5aaa9819a8 (127.7.152.67:33273)
I20260608 10:05:30.170550 10320 catalog_manager.cc:5696] T f4812794ea2841729f6b09d36537b325 P ce2cc49add254cc3b28534be69f16687 reported cstate change: term changed from 0 to 1, leader changed from <none> to ce2cc49add254cc3b28534be69f16687 (127.7.152.65). New cstate: current_term: 1 leader_uuid: "ce2cc49add254cc3b28534be69f16687" committed_config { opid_index: -1 OBSOLETE_local: false peers { permanent_uuid: "ce2cc49add254cc3b28534be69f16687" member_type: VOTER last_known_addr { host: "127.7.152.65" port: 39031 } health_report { overall_health: HEALTHY } } peers { permanent_uuid: "c7292771207b41a5af1025de8e0c5bf8" member_type: VOTER last_known_addr { host: "127.7.152.66" port: 35819 } health_report { overall_health: UNKNOWN } } peers { permanent_uuid: "395b037e4e78459393d12a5aaa9819a8" member_type: VOTER last_known_addr { host: "127.7.152.67" port: 33273 } health_report { overall_health: UNKNOWN } } }
I20260608 10:05:30.177428 10621 tablet_bootstrap.cc:654] T 2b39c30cf8fe433d8302de8600e3d118 P 395b037e4e78459393d12a5aaa9819a8: Neither blocks nor log segments found. Creating new log.
I20260608 10:05:30.183339 10424 tablet_service.cc:1917] Received RequestConsensusVote() RPC: tablet_id: "8cb70336966c4a64b5ec8e71388d7abc" candidate_uuid: "c7292771207b41a5af1025de8e0c5bf8" candidate_term: 1 candidate_status { last_received { term: 0 index: 0 } } ignore_live_leader: false dest_uuid: "ce2cc49add254cc3b28534be69f16687" is_pre_election: true
I20260608 10:05:30.184360 10424 raft_consensus.cc:2468] T 8cb70336966c4a64b5ec8e71388d7abc P ce2cc49add254cc3b28534be69f16687 [term 0 FOLLOWER]: Leader pre-election vote request: Granting yes vote for candidate c7292771207b41a5af1025de8e0c5bf8 in term 0.
I20260608 10:05:30.186873 10463 leader_election.cc:304] T 8cb70336966c4a64b5ec8e71388d7abc P c7292771207b41a5af1025de8e0c5bf8 [CANDIDATE]: Term 1 pre-election: Election decided. Result: candidate won. Election summary: received 2 responses out of 3 voters: 2 yes votes; 0 no votes. yes voters: c7292771207b41a5af1025de8e0c5bf8, ce2cc49add254cc3b28534be69f16687; no voters: 
I20260608 10:05:30.187906 10625 raft_consensus.cc:2804] T 8cb70336966c4a64b5ec8e71388d7abc P c7292771207b41a5af1025de8e0c5bf8 [term 0 FOLLOWER]: Leader pre-election won for term 1
I20260608 10:05:30.188299 10625 raft_consensus.cc:493] T 8cb70336966c4a64b5ec8e71388d7abc P c7292771207b41a5af1025de8e0c5bf8 [term 0 FOLLOWER]: Starting leader election (no leader contacted us within the election timeout)
I20260608 10:05:30.188678 10625 raft_consensus.cc:3060] T 8cb70336966c4a64b5ec8e71388d7abc P c7292771207b41a5af1025de8e0c5bf8 [term 0 FOLLOWER]: Advancing to term 1
I20260608 10:05:30.190141 10621 tablet_bootstrap.cc:492] T 2b39c30cf8fe433d8302de8600e3d118 P 395b037e4e78459393d12a5aaa9819a8: No bootstrap required, opened a new log
I20260608 10:05:30.190824 10621 ts_tablet_manager.cc:1403] T 2b39c30cf8fe433d8302de8600e3d118 P 395b037e4e78459393d12a5aaa9819a8: Time spent bootstrapping tablet: real 0.038s	user 0.009s	sys 0.011s
I20260608 10:05:30.194150 10621 raft_consensus.cc:359] T 2b39c30cf8fe433d8302de8600e3d118 P 395b037e4e78459393d12a5aaa9819a8 [term 0 FOLLOWER]: Replica starting. Triggering 0 pending ops. Active config: opid_index: -1 OBSOLETE_local: false peers { permanent_uuid: "ce2cc49add254cc3b28534be69f16687" member_type: VOTER last_known_addr { host: "127.7.152.65" port: 39031 } } peers { permanent_uuid: "c7292771207b41a5af1025de8e0c5bf8" member_type: VOTER last_known_addr { host: "127.7.152.66" port: 35819 } } peers { permanent_uuid: "395b037e4e78459393d12a5aaa9819a8" member_type: VOTER last_known_addr { host: "127.7.152.67" port: 33273 } }
I20260608 10:05:30.194942 10621 raft_consensus.cc:385] T 2b39c30cf8fe433d8302de8600e3d118 P 395b037e4e78459393d12a5aaa9819a8 [term 0 FOLLOWER]: Consensus starting up: Expiring failure detector timer to make a prompt election more likely
I20260608 10:05:30.195268 10621 raft_consensus.cc:740] T 2b39c30cf8fe433d8302de8600e3d118 P 395b037e4e78459393d12a5aaa9819a8 [term 0 FOLLOWER]: Becoming Follower/Learner. State: Replica: 395b037e4e78459393d12a5aaa9819a8, State: Initialized, Role: FOLLOWER
I20260608 10:05:30.197108 10625 raft_consensus.cc:515] T 8cb70336966c4a64b5ec8e71388d7abc P c7292771207b41a5af1025de8e0c5bf8 [term 1 FOLLOWER]: Starting leader election with config: opid_index: -1 OBSOLETE_local: false peers { permanent_uuid: "ce2cc49add254cc3b28534be69f16687" member_type: VOTER last_known_addr { host: "127.7.152.65" port: 39031 } } peers { permanent_uuid: "c7292771207b41a5af1025de8e0c5bf8" member_type: VOTER last_known_addr { host: "127.7.152.66" port: 35819 } } peers { permanent_uuid: "395b037e4e78459393d12a5aaa9819a8" member_type: VOTER last_known_addr { host: "127.7.152.67" port: 33273 } }
I20260608 10:05:30.196273 10621 consensus_queue.cc:260] T 2b39c30cf8fe433d8302de8600e3d118 P 395b037e4e78459393d12a5aaa9819a8 [NON_LEADER]: Queue going to NON_LEADER mode. State: All replicated index: 0, Majority replicated index: 0, Committed index: 0, Last appended: 0.0, Last appended by leader: 0, Current term: 0, Majority size: -1, State: 0, Mode: NON_LEADER, active raft config: opid_index: -1 OBSOLETE_local: false peers { permanent_uuid: "ce2cc49add254cc3b28534be69f16687" member_type: VOTER last_known_addr { host: "127.7.152.65" port: 39031 } } peers { permanent_uuid: "c7292771207b41a5af1025de8e0c5bf8" member_type: VOTER last_known_addr { host: "127.7.152.66" port: 35819 } } peers { permanent_uuid: "395b037e4e78459393d12a5aaa9819a8" member_type: VOTER last_known_addr { host: "127.7.152.67" port: 33273 } }
I20260608 10:05:30.199764 10620 ts_tablet_manager.cc:1434] T 2b39c30cf8fe433d8302de8600e3d118 P c7292771207b41a5af1025de8e0c5bf8: Time spent starting tablet: real 0.055s	user 0.028s	sys 0.021s
I20260608 10:05:30.200977 10621 ts_tablet_manager.cc:1434] T 2b39c30cf8fe433d8302de8600e3d118 P 395b037e4e78459393d12a5aaa9819a8: Time spent starting tablet: real 0.010s	user 0.006s	sys 0.000s
I20260608 10:05:30.202781 10625 leader_election.cc:290] T 8cb70336966c4a64b5ec8e71388d7abc P c7292771207b41a5af1025de8e0c5bf8 [CANDIDATE]: Term 1 election: Requested vote from peers ce2cc49add254cc3b28534be69f16687 (127.7.152.65:39031), 395b037e4e78459393d12a5aaa9819a8 (127.7.152.67:33273)
I20260608 10:05:30.203498 10424 tablet_service.cc:1917] Received RequestConsensusVote() RPC: tablet_id: "8cb70336966c4a64b5ec8e71388d7abc" candidate_uuid: "c7292771207b41a5af1025de8e0c5bf8" candidate_term: 1 candidate_status { last_received { term: 0 index: 0 } } ignore_live_leader: false dest_uuid: "ce2cc49add254cc3b28534be69f16687"
I20260608 10:05:30.204071 10424 raft_consensus.cc:3060] T 8cb70336966c4a64b5ec8e71388d7abc P ce2cc49add254cc3b28534be69f16687 [term 0 FOLLOWER]: Advancing to term 1
I20260608 10:05:30.204916 10574 tablet_service.cc:1917] Received RequestConsensusVote() RPC: tablet_id: "8cb70336966c4a64b5ec8e71388d7abc" candidate_uuid: "c7292771207b41a5af1025de8e0c5bf8" candidate_term: 1 candidate_status { last_received { term: 0 index: 0 } } ignore_live_leader: false dest_uuid: "395b037e4e78459393d12a5aaa9819a8" is_pre_election: true
I20260608 10:05:30.205602 10574 raft_consensus.cc:2468] T 8cb70336966c4a64b5ec8e71388d7abc P 395b037e4e78459393d12a5aaa9819a8 [term 0 FOLLOWER]: Leader pre-election vote request: Granting yes vote for candidate c7292771207b41a5af1025de8e0c5bf8 in term 0.
I20260608 10:05:30.206911 10573 tablet_service.cc:1917] Received RequestConsensusVote() RPC: tablet_id: "8cb70336966c4a64b5ec8e71388d7abc" candidate_uuid: "c7292771207b41a5af1025de8e0c5bf8" candidate_term: 1 candidate_status { last_received { term: 0 index: 0 } } ignore_live_leader: false dest_uuid: "395b037e4e78459393d12a5aaa9819a8"
I20260608 10:05:30.207547 10573 raft_consensus.cc:3060] T 8cb70336966c4a64b5ec8e71388d7abc P 395b037e4e78459393d12a5aaa9819a8 [term 0 FOLLOWER]: Advancing to term 1
I20260608 10:05:30.209263 10635 raft_consensus.cc:493] T 2b39c30cf8fe433d8302de8600e3d118 P ce2cc49add254cc3b28534be69f16687 [term 0 FOLLOWER]: Starting pre-election (no leader contacted us within the election timeout)
I20260608 10:05:30.209740 10635 raft_consensus.cc:515] T 2b39c30cf8fe433d8302de8600e3d118 P ce2cc49add254cc3b28534be69f16687 [term 0 FOLLOWER]: Starting pre-election with config: opid_index: -1 OBSOLETE_local: false peers { permanent_uuid: "ce2cc49add254cc3b28534be69f16687" member_type: VOTER last_known_addr { host: "127.7.152.65" port: 39031 } } peers { permanent_uuid: "c7292771207b41a5af1025de8e0c5bf8" member_type: VOTER last_known_addr { host: "127.7.152.66" port: 35819 } } peers { permanent_uuid: "395b037e4e78459393d12a5aaa9819a8" member_type: VOTER last_known_addr { host: "127.7.152.67" port: 33273 } }
I20260608 10:05:30.210448 10424 raft_consensus.cc:2468] T 8cb70336966c4a64b5ec8e71388d7abc P ce2cc49add254cc3b28534be69f16687 [term 1 FOLLOWER]: Leader election vote request: Granting yes vote for candidate c7292771207b41a5af1025de8e0c5bf8 in term 1.
I20260608 10:05:30.212203 10635 leader_election.cc:290] T 2b39c30cf8fe433d8302de8600e3d118 P ce2cc49add254cc3b28534be69f16687 [CANDIDATE]: Term 1 pre-election: Requested pre-vote from peers c7292771207b41a5af1025de8e0c5bf8 (127.7.152.66:35819), 395b037e4e78459393d12a5aaa9819a8 (127.7.152.67:33273)
I20260608 10:05:30.213331 10463 leader_election.cc:304] T 8cb70336966c4a64b5ec8e71388d7abc P c7292771207b41a5af1025de8e0c5bf8 [CANDIDATE]: Term 1 election: Election decided. Result: candidate won. Election summary: received 2 responses out of 3 voters: 2 yes votes; 0 no votes. yes voters: c7292771207b41a5af1025de8e0c5bf8, ce2cc49add254cc3b28534be69f16687; no voters: 
I20260608 10:05:30.213770 10499 tablet_service.cc:1917] Received RequestConsensusVote() RPC: tablet_id: "2b39c30cf8fe433d8302de8600e3d118" candidate_uuid: "ce2cc49add254cc3b28534be69f16687" candidate_term: 1 candidate_status { last_received { term: 0 index: 0 } } ignore_live_leader: false dest_uuid: "c7292771207b41a5af1025de8e0c5bf8" is_pre_election: true
I20260608 10:05:30.214372 10625 raft_consensus.cc:2804] T 8cb70336966c4a64b5ec8e71388d7abc P c7292771207b41a5af1025de8e0c5bf8 [term 1 FOLLOWER]: Leader election won for term 1
I20260608 10:05:30.214479 10499 raft_consensus.cc:2468] T 2b39c30cf8fe433d8302de8600e3d118 P c7292771207b41a5af1025de8e0c5bf8 [term 0 FOLLOWER]: Leader pre-election vote request: Granting yes vote for candidate ce2cc49add254cc3b28534be69f16687 in term 0.
I20260608 10:05:30.214943 10625 raft_consensus.cc:697] T 8cb70336966c4a64b5ec8e71388d7abc P c7292771207b41a5af1025de8e0c5bf8 [term 1 LEADER]: Becoming Leader. State: Replica: c7292771207b41a5af1025de8e0c5bf8, State: Running, Role: LEADER
I20260608 10:05:30.215384 10574 tablet_service.cc:1917] Received RequestConsensusVote() RPC: tablet_id: "2b39c30cf8fe433d8302de8600e3d118" candidate_uuid: "ce2cc49add254cc3b28534be69f16687" candidate_term: 1 candidate_status { last_received { term: 0 index: 0 } } ignore_live_leader: false dest_uuid: "395b037e4e78459393d12a5aaa9819a8" is_pre_election: true
I20260608 10:05:30.215530 10573 raft_consensus.cc:2468] T 8cb70336966c4a64b5ec8e71388d7abc P 395b037e4e78459393d12a5aaa9819a8 [term 1 FOLLOWER]: Leader election vote request: Granting yes vote for candidate c7292771207b41a5af1025de8e0c5bf8 in term 1.
I20260608 10:05:30.215917 10388 leader_election.cc:304] T 2b39c30cf8fe433d8302de8600e3d118 P ce2cc49add254cc3b28534be69f16687 [CANDIDATE]: Term 1 pre-election: Election decided. Result: candidate won. Election summary: received 2 responses out of 3 voters: 2 yes votes; 0 no votes. yes voters: c7292771207b41a5af1025de8e0c5bf8, ce2cc49add254cc3b28534be69f16687; no voters: 
I20260608 10:05:30.217067 10574 raft_consensus.cc:2468] T 2b39c30cf8fe433d8302de8600e3d118 P 395b037e4e78459393d12a5aaa9819a8 [term 0 FOLLOWER]: Leader pre-election vote request: Granting yes vote for candidate ce2cc49add254cc3b28534be69f16687 in term 0.
I20260608 10:05:30.217350 10635 raft_consensus.cc:2804] T 2b39c30cf8fe433d8302de8600e3d118 P ce2cc49add254cc3b28534be69f16687 [term 0 FOLLOWER]: Leader pre-election won for term 1
I20260608 10:05:30.217769 10635 raft_consensus.cc:493] T 2b39c30cf8fe433d8302de8600e3d118 P ce2cc49add254cc3b28534be69f16687 [term 0 FOLLOWER]: Starting leader election (no leader contacted us within the election timeout)
I20260608 10:05:30.215860 10625 consensus_queue.cc:237] T 8cb70336966c4a64b5ec8e71388d7abc P c7292771207b41a5af1025de8e0c5bf8 [LEADER]: Queue going to LEADER mode. State: All replicated index: 0, Majority replicated index: 0, Committed index: 0, Last appended: 0.0, Last appended by leader: 0, Current term: 1, Majority size: 2, State: 0, Mode: LEADER, active raft config: opid_index: -1 OBSOLETE_local: false peers { permanent_uuid: "ce2cc49add254cc3b28534be69f16687" member_type: VOTER last_known_addr { host: "127.7.152.65" port: 39031 } } peers { permanent_uuid: "c7292771207b41a5af1025de8e0c5bf8" member_type: VOTER last_known_addr { host: "127.7.152.66" port: 35819 } } peers { permanent_uuid: "395b037e4e78459393d12a5aaa9819a8" member_type: VOTER last_known_addr { host: "127.7.152.67" port: 33273 } }
I20260608 10:05:30.218118 10635 raft_consensus.cc:3060] T 2b39c30cf8fe433d8302de8600e3d118 P ce2cc49add254cc3b28534be69f16687 [term 0 FOLLOWER]: Advancing to term 1
I20260608 10:05:30.224709 10635 raft_consensus.cc:515] T 2b39c30cf8fe433d8302de8600e3d118 P ce2cc49add254cc3b28534be69f16687 [term 1 FOLLOWER]: Starting leader election with config: opid_index: -1 OBSOLETE_local: false peers { permanent_uuid: "ce2cc49add254cc3b28534be69f16687" member_type: VOTER last_known_addr { host: "127.7.152.65" port: 39031 } } peers { permanent_uuid: "c7292771207b41a5af1025de8e0c5bf8" member_type: VOTER last_known_addr { host: "127.7.152.66" port: 35819 } } peers { permanent_uuid: "395b037e4e78459393d12a5aaa9819a8" member_type: VOTER last_known_addr { host: "127.7.152.67" port: 33273 } }
I20260608 10:05:30.227505 10499 tablet_service.cc:1917] Received RequestConsensusVote() RPC: tablet_id: "2b39c30cf8fe433d8302de8600e3d118" candidate_uuid: "ce2cc49add254cc3b28534be69f16687" candidate_term: 1 candidate_status { last_received { term: 0 index: 0 } } ignore_live_leader: false dest_uuid: "c7292771207b41a5af1025de8e0c5bf8"
I20260608 10:05:30.227847 10573 tablet_service.cc:1917] Received RequestConsensusVote() RPC: tablet_id: "2b39c30cf8fe433d8302de8600e3d118" candidate_uuid: "ce2cc49add254cc3b28534be69f16687" candidate_term: 1 candidate_status { last_received { term: 0 index: 0 } } ignore_live_leader: false dest_uuid: "395b037e4e78459393d12a5aaa9819a8"
I20260608 10:05:30.227180 10321 catalog_manager.cc:5696] T 8cb70336966c4a64b5ec8e71388d7abc P c7292771207b41a5af1025de8e0c5bf8 reported cstate change: term changed from 0 to 1, leader changed from <none> to c7292771207b41a5af1025de8e0c5bf8 (127.7.152.66). New cstate: current_term: 1 leader_uuid: "c7292771207b41a5af1025de8e0c5bf8" committed_config { opid_index: -1 OBSOLETE_local: false peers { permanent_uuid: "ce2cc49add254cc3b28534be69f16687" member_type: VOTER last_known_addr { host: "127.7.152.65" port: 39031 } health_report { overall_health: UNKNOWN } } peers { permanent_uuid: "c7292771207b41a5af1025de8e0c5bf8" member_type: VOTER last_known_addr { host: "127.7.152.66" port: 35819 } health_report { overall_health: HEALTHY } } peers { permanent_uuid: "395b037e4e78459393d12a5aaa9819a8" member_type: VOTER last_known_addr { host: "127.7.152.67" port: 33273 } health_report { overall_health: UNKNOWN } } }
I20260608 10:05:30.228111 10499 raft_consensus.cc:3060] T 2b39c30cf8fe433d8302de8600e3d118 P c7292771207b41a5af1025de8e0c5bf8 [term 0 FOLLOWER]: Advancing to term 1
I20260608 10:05:30.226874 10635 leader_election.cc:290] T 2b39c30cf8fe433d8302de8600e3d118 P ce2cc49add254cc3b28534be69f16687 [CANDIDATE]: Term 1 election: Requested vote from peers c7292771207b41a5af1025de8e0c5bf8 (127.7.152.66:35819), 395b037e4e78459393d12a5aaa9819a8 (127.7.152.67:33273)
I20260608 10:05:30.228503 10573 raft_consensus.cc:3060] T 2b39c30cf8fe433d8302de8600e3d118 P 395b037e4e78459393d12a5aaa9819a8 [term 0 FOLLOWER]: Advancing to term 1
I20260608 10:05:30.232787 10499 raft_consensus.cc:2468] T 2b39c30cf8fe433d8302de8600e3d118 P c7292771207b41a5af1025de8e0c5bf8 [term 1 FOLLOWER]: Leader election vote request: Granting yes vote for candidate ce2cc49add254cc3b28534be69f16687 in term 1.
I20260608 10:05:30.233387 10573 raft_consensus.cc:2468] T 2b39c30cf8fe433d8302de8600e3d118 P 395b037e4e78459393d12a5aaa9819a8 [term 1 FOLLOWER]: Leader election vote request: Granting yes vote for candidate ce2cc49add254cc3b28534be69f16687 in term 1.
I20260608 10:05:30.233865 10388 leader_election.cc:304] T 2b39c30cf8fe433d8302de8600e3d118 P ce2cc49add254cc3b28534be69f16687 [CANDIDATE]: Term 1 election: Election decided. Result: candidate won. Election summary: received 2 responses out of 3 voters: 2 yes votes; 0 no votes. yes voters: c7292771207b41a5af1025de8e0c5bf8, ce2cc49add254cc3b28534be69f16687; no voters: 
I20260608 10:05:30.234745 10635 raft_consensus.cc:2804] T 2b39c30cf8fe433d8302de8600e3d118 P ce2cc49add254cc3b28534be69f16687 [term 1 FOLLOWER]: Leader election won for term 1
I20260608 10:05:30.235272 10635 raft_consensus.cc:697] T 2b39c30cf8fe433d8302de8600e3d118 P ce2cc49add254cc3b28534be69f16687 [term 1 LEADER]: Becoming Leader. State: Replica: ce2cc49add254cc3b28534be69f16687, State: Running, Role: LEADER
I20260608 10:05:30.236136 10635 consensus_queue.cc:237] T 2b39c30cf8fe433d8302de8600e3d118 P ce2cc49add254cc3b28534be69f16687 [LEADER]: Queue going to LEADER mode. State: All replicated index: 0, Majority replicated index: 0, Committed index: 0, Last appended: 0.0, Last appended by leader: 0, Current term: 1, Majority size: 2, State: 0, Mode: LEADER, active raft config: opid_index: -1 OBSOLETE_local: false peers { permanent_uuid: "ce2cc49add254cc3b28534be69f16687" member_type: VOTER last_known_addr { host: "127.7.152.65" port: 39031 } } peers { permanent_uuid: "c7292771207b41a5af1025de8e0c5bf8" member_type: VOTER last_known_addr { host: "127.7.152.66" port: 35819 } } peers { permanent_uuid: "395b037e4e78459393d12a5aaa9819a8" member_type: VOTER last_known_addr { host: "127.7.152.67" port: 33273 } }
I20260608 10:05:30.244153 10321 catalog_manager.cc:5696] T 2b39c30cf8fe433d8302de8600e3d118 P ce2cc49add254cc3b28534be69f16687 reported cstate change: term changed from 0 to 1, leader changed from <none> to ce2cc49add254cc3b28534be69f16687 (127.7.152.65). New cstate: current_term: 1 leader_uuid: "ce2cc49add254cc3b28534be69f16687" committed_config { opid_index: -1 OBSOLETE_local: false peers { permanent_uuid: "ce2cc49add254cc3b28534be69f16687" member_type: VOTER last_known_addr { host: "127.7.152.65" port: 39031 } health_report { overall_health: HEALTHY } } peers { permanent_uuid: "c7292771207b41a5af1025de8e0c5bf8" member_type: VOTER last_known_addr { host: "127.7.152.66" port: 35819 } health_report { overall_health: UNKNOWN } } peers { permanent_uuid: "395b037e4e78459393d12a5aaa9819a8" member_type: VOTER last_known_addr { host: "127.7.152.67" port: 33273 } health_report { overall_health: UNKNOWN } } }
I20260608 10:05:30.327090  7777 tablet_server.cc:179] TabletServer@127.7.152.65:0 shutting down...
I20260608 10:05:30.355228  7777 ts_tablet_manager.cc:1507] Shutting down tablet manager...
I20260608 10:05:30.356698  7777 tablet_replica.cc:333] T f4812794ea2841729f6b09d36537b325 P ce2cc49add254cc3b28534be69f16687: stopping tablet replica
I20260608 10:05:30.357530  7777 raft_consensus.cc:2243] T f4812794ea2841729f6b09d36537b325 P ce2cc49add254cc3b28534be69f16687 [term 1 LEADER]: Raft consensus shutting down.
I20260608 10:05:30.358191  7777 pending_rounds.cc:70] T f4812794ea2841729f6b09d36537b325 P ce2cc49add254cc3b28534be69f16687: Trying to abort 1 pending ops.
I20260608 10:05:30.358546  7777 pending_rounds.cc:77] T f4812794ea2841729f6b09d36537b325 P ce2cc49add254cc3b28534be69f16687: Aborting op as it isn't in flight: id { term: 1 index: 1 } timestamp: 7294620181103398912 op_type: NO_OP noop_request { }
I20260608 10:05:30.358925  7777 raft_consensus.cc:2889] T f4812794ea2841729f6b09d36537b325 P ce2cc49add254cc3b28534be69f16687 [term 1 LEADER]: NO_OP replication failed: Aborted: Op aborted
I20260608 10:05:30.359256  7777 raft_consensus.cc:2272] T f4812794ea2841729f6b09d36537b325 P ce2cc49add254cc3b28534be69f16687 [term 1 FOLLOWER]: Raft consensus is shut down!
I20260608 10:05:30.361518  7777 tablet_replica.cc:333] T 8cb70336966c4a64b5ec8e71388d7abc P ce2cc49add254cc3b28534be69f16687: stopping tablet replica
I20260608 10:05:30.362075  7777 raft_consensus.cc:2243] T 8cb70336966c4a64b5ec8e71388d7abc P ce2cc49add254cc3b28534be69f16687 [term 1 FOLLOWER]: Raft consensus shutting down.
I20260608 10:05:30.362500  7777 raft_consensus.cc:2272] T 8cb70336966c4a64b5ec8e71388d7abc P ce2cc49add254cc3b28534be69f16687 [term 1 FOLLOWER]: Raft consensus is shut down!
I20260608 10:05:30.364511  7777 tablet_replica.cc:333] T 2b39c30cf8fe433d8302de8600e3d118 P ce2cc49add254cc3b28534be69f16687: stopping tablet replica
I20260608 10:05:30.365016  7777 raft_consensus.cc:2243] T 2b39c30cf8fe433d8302de8600e3d118 P ce2cc49add254cc3b28534be69f16687 [term 1 LEADER]: Raft consensus shutting down.
I20260608 10:05:30.365587  7777 pending_rounds.cc:70] T 2b39c30cf8fe433d8302de8600e3d118 P ce2cc49add254cc3b28534be69f16687: Trying to abort 1 pending ops.
I20260608 10:05:30.365756  7777 pending_rounds.cc:77] T 2b39c30cf8fe433d8302de8600e3d118 P ce2cc49add254cc3b28534be69f16687: Aborting op as it isn't in flight: id { term: 1 index: 1 } timestamp: 7294620181454598144 op_type: NO_OP noop_request { }
I20260608 10:05:30.366065  7777 raft_consensus.cc:2889] T 2b39c30cf8fe433d8302de8600e3d118 P ce2cc49add254cc3b28534be69f16687 [term 1 LEADER]: NO_OP replication failed: Aborted: Op aborted
I20260608 10:05:30.366472  7777 raft_consensus.cc:2272] T 2b39c30cf8fe433d8302de8600e3d118 P ce2cc49add254cc3b28534be69f16687 [term 1 FOLLOWER]: Raft consensus is shut down!
I20260608 10:05:30.369649  7777 tablet_replica.cc:333] T 5bdbd6cc3dc64b6e9111b2c60f8025aa P ce2cc49add254cc3b28534be69f16687: stopping tablet replica
I20260608 10:05:30.370147  7777 raft_consensus.cc:2243] T 5bdbd6cc3dc64b6e9111b2c60f8025aa P ce2cc49add254cc3b28534be69f16687 [term 1 LEADER]: Raft consensus shutting down.
I20260608 10:05:30.370792  7777 pending_rounds.cc:70] T 5bdbd6cc3dc64b6e9111b2c60f8025aa P ce2cc49add254cc3b28534be69f16687: Trying to abort 1 pending ops.
I20260608 10:05:30.370976  7777 pending_rounds.cc:77] T 5bdbd6cc3dc64b6e9111b2c60f8025aa P ce2cc49add254cc3b28534be69f16687: Aborting op as it isn't in flight: id { term: 1 index: 1 } timestamp: 7294620180931223552 op_type: NO_OP noop_request { }
I20260608 10:05:30.371258  7777 raft_consensus.cc:2889] T 5bdbd6cc3dc64b6e9111b2c60f8025aa P ce2cc49add254cc3b28534be69f16687 [term 1 LEADER]: NO_OP replication failed: Aborted: Op aborted
I20260608 10:05:30.371541  7777 raft_consensus.cc:2272] T 5bdbd6cc3dc64b6e9111b2c60f8025aa P ce2cc49add254cc3b28534be69f16687 [term 1 FOLLOWER]: Raft consensus is shut down!
I20260608 10:05:30.385272  7777 tablet_server.cc:196] TabletServer@127.7.152.65:0 shutdown complete.
I20260608 10:05:30.398447  7777 tablet_server.cc:179] TabletServer@127.7.152.66:0 shutting down...
I20260608 10:05:30.416316  7777 ts_tablet_manager.cc:1507] Shutting down tablet manager...
I20260608 10:05:30.417409  7777 tablet_replica.cc:333] T f4812794ea2841729f6b09d36537b325 P c7292771207b41a5af1025de8e0c5bf8: stopping tablet replica
I20260608 10:05:30.418013  7777 raft_consensus.cc:2243] T f4812794ea2841729f6b09d36537b325 P c7292771207b41a5af1025de8e0c5bf8 [term 1 FOLLOWER]: Raft consensus shutting down.
I20260608 10:05:30.418480  7777 raft_consensus.cc:2272] T f4812794ea2841729f6b09d36537b325 P c7292771207b41a5af1025de8e0c5bf8 [term 1 FOLLOWER]: Raft consensus is shut down!
I20260608 10:05:30.421080  7777 tablet_replica.cc:333] T 2b39c30cf8fe433d8302de8600e3d118 P c7292771207b41a5af1025de8e0c5bf8: stopping tablet replica
I20260608 10:05:30.421633  7777 raft_consensus.cc:2243] T 2b39c30cf8fe433d8302de8600e3d118 P c7292771207b41a5af1025de8e0c5bf8 [term 1 FOLLOWER]: Raft consensus shutting down.
I20260608 10:05:30.422044  7777 raft_consensus.cc:2272] T 2b39c30cf8fe433d8302de8600e3d118 P c7292771207b41a5af1025de8e0c5bf8 [term 1 FOLLOWER]: Raft consensus is shut down!
I20260608 10:05:30.424038  7777 tablet_replica.cc:333] T 5bdbd6cc3dc64b6e9111b2c60f8025aa P c7292771207b41a5af1025de8e0c5bf8: stopping tablet replica
I20260608 10:05:30.424556  7777 raft_consensus.cc:2243] T 5bdbd6cc3dc64b6e9111b2c60f8025aa P c7292771207b41a5af1025de8e0c5bf8 [term 1 FOLLOWER]: Raft consensus shutting down.
I20260608 10:05:30.424940  7777 raft_consensus.cc:2272] T 5bdbd6cc3dc64b6e9111b2c60f8025aa P c7292771207b41a5af1025de8e0c5bf8 [term 1 FOLLOWER]: Raft consensus is shut down!
I20260608 10:05:30.426968  7777 tablet_replica.cc:333] T 8cb70336966c4a64b5ec8e71388d7abc P c7292771207b41a5af1025de8e0c5bf8: stopping tablet replica
I20260608 10:05:30.427453  7777 raft_consensus.cc:2243] T 8cb70336966c4a64b5ec8e71388d7abc P c7292771207b41a5af1025de8e0c5bf8 [term 1 LEADER]: Raft consensus shutting down.
I20260608 10:05:30.428040  7777 pending_rounds.cc:70] T 8cb70336966c4a64b5ec8e71388d7abc P c7292771207b41a5af1025de8e0c5bf8: Trying to abort 1 pending ops.
I20260608 10:05:30.428200  7777 pending_rounds.cc:77] T 8cb70336966c4a64b5ec8e71388d7abc P c7292771207b41a5af1025de8e0c5bf8: Aborting op as it isn't in flight: id { term: 1 index: 1 } timestamp: 7294620181382447104 op_type: NO_OP noop_request { }
I20260608 10:05:30.428488  7777 raft_consensus.cc:2889] T 8cb70336966c4a64b5ec8e71388d7abc P c7292771207b41a5af1025de8e0c5bf8 [term 1 LEADER]: NO_OP replication failed: Aborted: Op aborted
I20260608 10:05:30.428798  7777 raft_consensus.cc:2272] T 8cb70336966c4a64b5ec8e71388d7abc P c7292771207b41a5af1025de8e0c5bf8 [term 1 FOLLOWER]: Raft consensus is shut down!
I20260608 10:05:30.446632  7777 tablet_server.cc:196] TabletServer@127.7.152.66:0 shutdown complete.
I20260608 10:05:30.459113  7777 tablet_server.cc:179] TabletServer@127.7.152.67:0 shutting down...
I20260608 10:05:30.476459  7777 ts_tablet_manager.cc:1507] Shutting down tablet manager...
I20260608 10:05:30.477370  7777 tablet_replica.cc:333] T 2b39c30cf8fe433d8302de8600e3d118 P 395b037e4e78459393d12a5aaa9819a8: stopping tablet replica
I20260608 10:05:30.478076  7777 raft_consensus.cc:2243] T 2b39c30cf8fe433d8302de8600e3d118 P 395b037e4e78459393d12a5aaa9819a8 [term 1 FOLLOWER]: Raft consensus shutting down.
I20260608 10:05:30.478543  7777 raft_consensus.cc:2272] T 2b39c30cf8fe433d8302de8600e3d118 P 395b037e4e78459393d12a5aaa9819a8 [term 1 FOLLOWER]: Raft consensus is shut down!
I20260608 10:05:30.480414  7777 tablet_replica.cc:333] T 8cb70336966c4a64b5ec8e71388d7abc P 395b037e4e78459393d12a5aaa9819a8: stopping tablet replica
I20260608 10:05:30.480904  7777 raft_consensus.cc:2243] T 8cb70336966c4a64b5ec8e71388d7abc P 395b037e4e78459393d12a5aaa9819a8 [term 1 FOLLOWER]: Raft consensus shutting down.
I20260608 10:05:30.481259  7777 raft_consensus.cc:2272] T 8cb70336966c4a64b5ec8e71388d7abc P 395b037e4e78459393d12a5aaa9819a8 [term 1 FOLLOWER]: Raft consensus is shut down!
I20260608 10:05:30.483187  7777 tablet_replica.cc:333] T 5bdbd6cc3dc64b6e9111b2c60f8025aa P 395b037e4e78459393d12a5aaa9819a8: stopping tablet replica
I20260608 10:05:30.483649  7777 raft_consensus.cc:2243] T 5bdbd6cc3dc64b6e9111b2c60f8025aa P 395b037e4e78459393d12a5aaa9819a8 [term 1 FOLLOWER]: Raft consensus shutting down.
I20260608 10:05:30.483968  7777 raft_consensus.cc:2272] T 5bdbd6cc3dc64b6e9111b2c60f8025aa P 395b037e4e78459393d12a5aaa9819a8 [term 1 FOLLOWER]: Raft consensus is shut down!
I20260608 10:05:30.485801  7777 tablet_replica.cc:333] T f4812794ea2841729f6b09d36537b325 P 395b037e4e78459393d12a5aaa9819a8: stopping tablet replica
I20260608 10:05:30.486287  7777 raft_consensus.cc:2243] T f4812794ea2841729f6b09d36537b325 P 395b037e4e78459393d12a5aaa9819a8 [term 1 FOLLOWER]: Raft consensus shutting down.
I20260608 10:05:30.486626  7777 raft_consensus.cc:2272] T f4812794ea2841729f6b09d36537b325 P 395b037e4e78459393d12a5aaa9819a8 [term 1 FOLLOWER]: Raft consensus is shut down!
I20260608 10:05:30.508379  7777 tablet_server.cc:196] TabletServer@127.7.152.67:0 shutdown complete.
I20260608 10:05:30.521441  7777 master.cc:562] Master@127.7.152.126:40433 shutting down...
I20260608 10:05:30.543277  7777 raft_consensus.cc:2243] T 00000000000000000000000000000000 P f97785d5105c4bfdba436cd723f3ac88 [term 1 LEADER]: Raft consensus shutting down.
I20260608 10:05:30.543876  7777 raft_consensus.cc:2272] T 00000000000000000000000000000000 P f97785d5105c4bfdba436cd723f3ac88 [term 1 FOLLOWER]: Raft consensus is shut down!
I20260608 10:05:30.544273  7777 tablet_replica.cc:333] T 00000000000000000000000000000000 P f97785d5105c4bfdba436cd723f3ac88: stopping tablet replica
I20260608 10:05:30.562987  7777 master.cc:584] Master@127.7.152.126:40433 shutdown complete.
[       OK ] AutoRebalancerTest.RangeAwareBuildClusterInfoGroupsByRange (2045 ms)
[ RUN      ] AutoRebalancerTest.RangeAwareRebalancesNewRangeReplicas
I20260608 10:05:30.605037  7777 internal_mini_cluster.cc:156] Creating distributed mini masters. Addrs: 127.7.152.126:34603
I20260608 10:05:30.606212  7777 file_cache.cc:492] Constructed file cache file cache with capacity 419430
W20260608 10:05:30.611868 10646 instance_detector.cc:116] could not retrieve AWS instance metadata: Network error: curl error: HTTP response code said error: The requested URL returned error: 404
W20260608 10:05:30.611959 10647 instance_detector.cc:116] could not retrieve Azure instance metadata: Network error: curl error: HTTP response code said error: The requested URL returned error: 404
W20260608 10:05:30.612911 10649 instance_detector.cc:116] could not retrieve OpenStack instance metadata: Network error: curl error: HTTP response code said error: The requested URL returned error: 404
I20260608 10:05:30.614866  7777 server_base.cc:1061] running on GCE node
I20260608 10:05:30.615820  7777 hybrid_clock.cc:584] initializing the hybrid clock with 'system_unsync' time source
W20260608 10:05:30.615998  7777 system_unsync_time.cc:38] NTP support is disabled. Clock error bounds will not be accurate. This configuration is not suitable for distributed clusters.
I20260608 10:05:30.616125  7777 hybrid_clock.cc:648] HybridClock initialized: now 1780913130616114 us; error 0 us; skew 500 ppm
I20260608 10:05:30.616657  7777 server_base.cc:861] Flag tcmalloc_max_total_thread_cache_bytes is not working since tcmalloc is not enabled.
I20260608 10:05:30.619025  7777 webserver.cc:533] Webserver started at http://127.7.152.126:46301/ using document root <none> and password file <none>
I20260608 10:05:30.619511  7777 fs_manager.cc:362] Metadata directory not provided
I20260608 10:05:30.619663  7777 fs_manager.cc:368] Using write-ahead log directory (fs_wal_dir) as metadata directory
I20260608 10:05:30.619884  7777 server_base.cc:909] This appears to be a new deployment of Kudu; creating new FS layout
I20260608 10:05:30.620947  7777 fs_manager.cc:1068] Generated new instance metadata in path /tmp/dist-test-taskNBWrjd/test-tmp/auto_rebalancer-test.0.AutoRebalancerTest.RangeAwareRebalancesNewRangeReplicas.1780913048547499-7777-0/minicluster-data/master-0-root/instance:
uuid: "3f12c68a024f4004847d068107d7fcbd"
format_stamp: "Formatted at 2026-06-08 10:05:30 on dist-test-slave-s5fn"
I20260608 10:05:30.625787  7777 fs_manager.cc:696] Time spent creating directory manager: real 0.004s	user 0.006s	sys 0.000s
I20260608 10:05:30.629518 10654 log_block_manager.cc:4031] Time spent loading block containers with low live blocks: real 0.000s	user 0.000s	sys 0.000s
I20260608 10:05:30.630445  7777 fs_manager.cc:730] Time spent opening block manager: real 0.003s	user 0.003s	sys 0.000s
I20260608 10:05:30.630719  7777 fs_manager.cc:647] Opened local filesystem: /tmp/dist-test-taskNBWrjd/test-tmp/auto_rebalancer-test.0.AutoRebalancerTest.RangeAwareRebalancesNewRangeReplicas.1780913048547499-7777-0/minicluster-data/master-0-root
uuid: "3f12c68a024f4004847d068107d7fcbd"
format_stamp: "Formatted at 2026-06-08 10:05:30 on dist-test-slave-s5fn"
I20260608 10:05:30.630966  7777 fs_report.cc:389] FS layout report
--------------------
wal directory: /tmp/dist-test-taskNBWrjd/test-tmp/auto_rebalancer-test.0.AutoRebalancerTest.RangeAwareRebalancesNewRangeReplicas.1780913048547499-7777-0/minicluster-data/master-0-root
metadata directory: /tmp/dist-test-taskNBWrjd/test-tmp/auto_rebalancer-test.0.AutoRebalancerTest.RangeAwareRebalancesNewRangeReplicas.1780913048547499-7777-0/minicluster-data/master-0-root
1 data directories: /tmp/dist-test-taskNBWrjd/test-tmp/auto_rebalancer-test.0.AutoRebalancerTest.RangeAwareRebalancesNewRangeReplicas.1780913048547499-7777-0/minicluster-data/master-0-root/data
Total live blocks: 0
Total live bytes: 0
Total live bytes (after alignment): 0
Total number of LBM containers: 0 (0 full)
Did not check for missing blocks
Did not check for orphaned blocks
Total full LBM containers with extra space: 0 (0 repaired)
Total full LBM container extra space in bytes: 0 (0 repaired)
Total incomplete LBM containers: 0 (0 repaired)
Total LBM partial records: 0 (0 repaired)
Total corrupted LBM metadata records in RocksDB: 0 (0 repaired)
I20260608 10:05:30.659935  7777 rpc_server.cc:225] running with OpenSSL 1.1.1  11 Sep 2018
I20260608 10:05:30.661134  7777 kserver.cc:163] Server-wide thread pool size limit: 3276
I20260608 10:05:30.700825  7777 rpc_server.cc:307] RPC server started. Bound to: 127.7.152.126:34603
I20260608 10:05:30.700960 10705 acceptor_pool.cc:272] collecting diagnostics on the listening RPC socket 127.7.152.126:34603 every 8 connection(s)
I20260608 10:05:30.705124 10706 data_dirs.cc:400] Could only allocate 1 dirs of requested 3 for tablet 00000000000000000000000000000000. 1 dirs total, 0 dirs full, 0 dirs failed
I20260608 10:05:30.715723 10706 tablet_bootstrap.cc:492] T 00000000000000000000000000000000 P 3f12c68a024f4004847d068107d7fcbd: Bootstrap starting.
I20260608 10:05:30.720791 10706 tablet_bootstrap.cc:654] T 00000000000000000000000000000000 P 3f12c68a024f4004847d068107d7fcbd: Neither blocks nor log segments found. Creating new log.
I20260608 10:05:30.725315 10706 tablet_bootstrap.cc:492] T 00000000000000000000000000000000 P 3f12c68a024f4004847d068107d7fcbd: No bootstrap required, opened a new log
I20260608 10:05:30.727664 10706 raft_consensus.cc:359] T 00000000000000000000000000000000 P 3f12c68a024f4004847d068107d7fcbd [term 0 FOLLOWER]: Replica starting. Triggering 0 pending ops. Active config: opid_index: -1 OBSOLETE_local: true peers { permanent_uuid: "3f12c68a024f4004847d068107d7fcbd" member_type: VOTER }
I20260608 10:05:30.728040 10706 raft_consensus.cc:385] T 00000000000000000000000000000000 P 3f12c68a024f4004847d068107d7fcbd [term 0 FOLLOWER]: Consensus starting up: Expiring failure detector timer to make a prompt election more likely
I20260608 10:05:30.728329 10706 raft_consensus.cc:740] T 00000000000000000000000000000000 P 3f12c68a024f4004847d068107d7fcbd [term 0 FOLLOWER]: Becoming Follower/Learner. State: Replica: 3f12c68a024f4004847d068107d7fcbd, State: Initialized, Role: FOLLOWER
I20260608 10:05:30.729036 10706 consensus_queue.cc:260] T 00000000000000000000000000000000 P 3f12c68a024f4004847d068107d7fcbd [NON_LEADER]: Queue going to NON_LEADER mode. State: All replicated index: 0, Majority replicated index: 0, Committed index: 0, Last appended: 0.0, Last appended by leader: 0, Current term: 0, Majority size: -1, State: 0, Mode: NON_LEADER, active raft config: opid_index: -1 OBSOLETE_local: true peers { permanent_uuid: "3f12c68a024f4004847d068107d7fcbd" member_type: VOTER }
I20260608 10:05:30.729507 10706 raft_consensus.cc:399] T 00000000000000000000000000000000 P 3f12c68a024f4004847d068107d7fcbd [term 0 FOLLOWER]: Only one voter in the Raft config. Triggering election immediately
I20260608 10:05:30.729755 10706 raft_consensus.cc:493] T 00000000000000000000000000000000 P 3f12c68a024f4004847d068107d7fcbd [term 0 FOLLOWER]: Starting leader election (initial election of a single-replica configuration)
I20260608 10:05:30.730033 10706 raft_consensus.cc:3060] T 00000000000000000000000000000000 P 3f12c68a024f4004847d068107d7fcbd [term 0 FOLLOWER]: Advancing to term 1
I20260608 10:05:30.734990 10706 raft_consensus.cc:515] T 00000000000000000000000000000000 P 3f12c68a024f4004847d068107d7fcbd [term 1 FOLLOWER]: Starting leader election with config: opid_index: -1 OBSOLETE_local: true peers { permanent_uuid: "3f12c68a024f4004847d068107d7fcbd" member_type: VOTER }
I20260608 10:05:30.735534 10706 leader_election.cc:304] T 00000000000000000000000000000000 P 3f12c68a024f4004847d068107d7fcbd [CANDIDATE]: Term 1 election: Election decided. Result: candidate won. Election summary: received 1 responses out of 1 voters: 1 yes votes; 0 no votes. yes voters: 3f12c68a024f4004847d068107d7fcbd; no voters: 
I20260608 10:05:30.736701 10706 leader_election.cc:290] T 00000000000000000000000000000000 P 3f12c68a024f4004847d068107d7fcbd [CANDIDATE]: Term 1 election: Requested vote from peers 
I20260608 10:05:30.737121 10709 raft_consensus.cc:2804] T 00000000000000000000000000000000 P 3f12c68a024f4004847d068107d7fcbd [term 1 FOLLOWER]: Leader election won for term 1
I20260608 10:05:30.738596 10709 raft_consensus.cc:697] T 00000000000000000000000000000000 P 3f12c68a024f4004847d068107d7fcbd [term 1 LEADER]: Becoming Leader. State: Replica: 3f12c68a024f4004847d068107d7fcbd, State: Running, Role: LEADER
I20260608 10:05:30.739233 10709 consensus_queue.cc:237] T 00000000000000000000000000000000 P 3f12c68a024f4004847d068107d7fcbd [LEADER]: Queue going to LEADER mode. State: All replicated index: 0, Majority replicated index: 0, Committed index: 0, Last appended: 0.0, Last appended by leader: 0, Current term: 1, Majority size: 1, State: 0, Mode: LEADER, active raft config: opid_index: -1 OBSOLETE_local: true peers { permanent_uuid: "3f12c68a024f4004847d068107d7fcbd" member_type: VOTER }
I20260608 10:05:30.739795 10706 sys_catalog.cc:565] T 00000000000000000000000000000000 P 3f12c68a024f4004847d068107d7fcbd [sys.catalog]: configured and running, proceeding with master startup.
I20260608 10:05:30.742828 10711 sys_catalog.cc:455] T 00000000000000000000000000000000 P 3f12c68a024f4004847d068107d7fcbd [sys.catalog]: SysCatalogTable state changed. Reason: New leader 3f12c68a024f4004847d068107d7fcbd. Latest consensus state: current_term: 1 leader_uuid: "3f12c68a024f4004847d068107d7fcbd" committed_config { opid_index: -1 OBSOLETE_local: true peers { permanent_uuid: "3f12c68a024f4004847d068107d7fcbd" member_type: VOTER } }
I20260608 10:05:30.742765 10710 sys_catalog.cc:455] T 00000000000000000000000000000000 P 3f12c68a024f4004847d068107d7fcbd [sys.catalog]: SysCatalogTable state changed. Reason: RaftConsensus started. Latest consensus state: current_term: 1 leader_uuid: "3f12c68a024f4004847d068107d7fcbd" committed_config { opid_index: -1 OBSOLETE_local: true peers { permanent_uuid: "3f12c68a024f4004847d068107d7fcbd" member_type: VOTER } }
I20260608 10:05:30.743558 10711 sys_catalog.cc:458] T 00000000000000000000000000000000 P 3f12c68a024f4004847d068107d7fcbd [sys.catalog]: This master's current role is: LEADER
I20260608 10:05:30.743693 10710 sys_catalog.cc:458] T 00000000000000000000000000000000 P 3f12c68a024f4004847d068107d7fcbd [sys.catalog]: This master's current role is: LEADER
I20260608 10:05:30.751480 10714 catalog_manager.cc:1510] Loading table and tablet metadata into memory...
I20260608 10:05:30.759596 10714 catalog_manager.cc:1519] Initializing Kudu cluster ID...
I20260608 10:05:30.760717  7777 internal_mini_cluster.cc:184] Waiting to initialize catalog manager on master 0
I20260608 10:05:30.769399 10714 catalog_manager.cc:1382] Generated new cluster ID: aef6894514d24f8aaa68c14c8c1b68af
I20260608 10:05:30.769702 10714 catalog_manager.cc:1530] Initializing Kudu internal certificate authority...
I20260608 10:05:30.788751 10714 catalog_manager.cc:1405] Generated new certificate authority record
I20260608 10:05:30.790084 10714 catalog_manager.cc:1539] Loading token signing keys...
I20260608 10:05:30.804049 10714 catalog_manager.cc:6069] T 00000000000000000000000000000000 P 3f12c68a024f4004847d068107d7fcbd: Generated new TSK 0
I20260608 10:05:30.804709 10714 catalog_manager.cc:1549] Initializing in-progress tserver states...
I20260608 10:05:30.827611  7777 file_cache.cc:492] Constructed file cache file cache with capacity 419430
W20260608 10:05:30.834532 10727 instance_detector.cc:116] could not retrieve AWS instance metadata: Network error: curl error: HTTP response code said error: The requested URL returned error: 404
W20260608 10:05:30.835464 10728 instance_detector.cc:116] could not retrieve Azure instance metadata: Network error: curl error: HTTP response code said error: The requested URL returned error: 404
I20260608 10:05:30.838275  7777 server_base.cc:1061] running on GCE node
W20260608 10:05:30.838341 10730 instance_detector.cc:116] could not retrieve OpenStack instance metadata: Network error: curl error: HTTP response code said error: The requested URL returned error: 404
I20260608 10:05:30.839444  7777 hybrid_clock.cc:584] initializing the hybrid clock with 'system_unsync' time source
W20260608 10:05:30.839679  7777 system_unsync_time.cc:38] NTP support is disabled. Clock error bounds will not be accurate. This configuration is not suitable for distributed clusters.
I20260608 10:05:30.839864  7777 hybrid_clock.cc:648] HybridClock initialized: now 1780913130839844 us; error 0 us; skew 500 ppm
I20260608 10:05:30.840487  7777 server_base.cc:861] Flag tcmalloc_max_total_thread_cache_bytes is not working since tcmalloc is not enabled.
I20260608 10:05:30.843015  7777 webserver.cc:533] Webserver started at http://127.7.152.65:45857/ using document root <none> and password file <none>
I20260608 10:05:30.843592  7777 fs_manager.cc:362] Metadata directory not provided
I20260608 10:05:30.843789  7777 fs_manager.cc:368] Using write-ahead log directory (fs_wal_dir) as metadata directory
I20260608 10:05:30.844082  7777 server_base.cc:909] This appears to be a new deployment of Kudu; creating new FS layout
I20260608 10:05:30.845208  7777 fs_manager.cc:1068] Generated new instance metadata in path /tmp/dist-test-taskNBWrjd/test-tmp/auto_rebalancer-test.0.AutoRebalancerTest.RangeAwareRebalancesNewRangeReplicas.1780913048547499-7777-0/minicluster-data/ts-0-root/instance:
uuid: "24f91622ceca412f9243960763d737fe"
format_stamp: "Formatted at 2026-06-08 10:05:30 on dist-test-slave-s5fn"
I20260608 10:05:30.849995  7777 fs_manager.cc:696] Time spent creating directory manager: real 0.004s	user 0.006s	sys 0.000s
I20260608 10:05:30.853565 10735 log_block_manager.cc:4031] Time spent loading block containers with low live blocks: real 0.000s	user 0.000s	sys 0.000s
I20260608 10:05:30.854475  7777 fs_manager.cc:730] Time spent opening block manager: real 0.002s	user 0.003s	sys 0.000s
I20260608 10:05:30.854806  7777 fs_manager.cc:647] Opened local filesystem: /tmp/dist-test-taskNBWrjd/test-tmp/auto_rebalancer-test.0.AutoRebalancerTest.RangeAwareRebalancesNewRangeReplicas.1780913048547499-7777-0/minicluster-data/ts-0-root
uuid: "24f91622ceca412f9243960763d737fe"
format_stamp: "Formatted at 2026-06-08 10:05:30 on dist-test-slave-s5fn"
I20260608 10:05:30.855106  7777 fs_report.cc:389] FS layout report
--------------------
wal directory: /tmp/dist-test-taskNBWrjd/test-tmp/auto_rebalancer-test.0.AutoRebalancerTest.RangeAwareRebalancesNewRangeReplicas.1780913048547499-7777-0/minicluster-data/ts-0-root
metadata directory: /tmp/dist-test-taskNBWrjd/test-tmp/auto_rebalancer-test.0.AutoRebalancerTest.RangeAwareRebalancesNewRangeReplicas.1780913048547499-7777-0/minicluster-data/ts-0-root
1 data directories: /tmp/dist-test-taskNBWrjd/test-tmp/auto_rebalancer-test.0.AutoRebalancerTest.RangeAwareRebalancesNewRangeReplicas.1780913048547499-7777-0/minicluster-data/ts-0-root/data
Total live blocks: 0
Total live bytes: 0
Total live bytes (after alignment): 0
Total number of LBM containers: 0 (0 full)
Did not check for missing blocks
Did not check for orphaned blocks
Total full LBM containers with extra space: 0 (0 repaired)
Total full LBM container extra space in bytes: 0 (0 repaired)
Total incomplete LBM containers: 0 (0 repaired)
Total LBM partial records: 0 (0 repaired)
Total corrupted LBM metadata records in RocksDB: 0 (0 repaired)
I20260608 10:05:30.867630  7777 rpc_server.cc:225] running with OpenSSL 1.1.1  11 Sep 2018
I20260608 10:05:30.868862  7777 kserver.cc:163] Server-wide thread pool size limit: 3276
I20260608 10:05:30.870461  7777 txn_system_client.cc:432] TxnSystemClient initialization is disabled...
I20260608 10:05:30.872879  7777 ts_tablet_manager.cc:585] Loaded tablet metadata (0 total tablets, 0 live tablets)
I20260608 10:05:30.873127  7777 ts_tablet_manager.cc:531] Time spent load tablet metadata: real 0.000s	user 0.000s	sys 0.000s
I20260608 10:05:30.873387  7777 ts_tablet_manager.cc:616] Registered 0 tablets
I20260608 10:05:30.873564  7777 ts_tablet_manager.cc:595] Time spent register tablets: real 0.000s	user 0.000s	sys 0.000s
I20260608 10:05:30.914103  7777 rpc_server.cc:307] RPC server started. Bound to: 127.7.152.65:40545
I20260608 10:05:30.914224 10797 acceptor_pool.cc:272] collecting diagnostics on the listening RPC socket 127.7.152.65:40545 every 8 connection(s)
I20260608 10:05:30.919780  7777 file_cache.cc:492] Constructed file cache file cache with capacity 419430
W20260608 10:05:30.927556 10802 instance_detector.cc:116] could not retrieve AWS instance metadata: Network error: curl error: HTTP response code said error: The requested URL returned error: 404
W20260608 10:05:30.928627 10803 instance_detector.cc:116] could not retrieve Azure instance metadata: Network error: curl error: HTTP response code said error: The requested URL returned error: 404
W20260608 10:05:30.931566 10805 instance_detector.cc:116] could not retrieve OpenStack instance metadata: Network error: curl error: HTTP response code said error: The requested URL returned error: 404
I20260608 10:05:30.931934  7777 server_base.cc:1061] running on GCE node
I20260608 10:05:30.933130  7777 hybrid_clock.cc:584] initializing the hybrid clock with 'system_unsync' time source
W20260608 10:05:30.933362  7777 system_unsync_time.cc:38] NTP support is disabled. Clock error bounds will not be accurate. This configuration is not suitable for distributed clusters.
