I20260608 10:04:12.235946 12113 consensus_queue.cc:260] T 6da1042d16d34c27979e79bbf9c1e4e0 P 31a222798a8e41cb9871c90e1e765d46 [NON_LEADER]: Queue going to NON_LEADER mode. State: All replicated index: 0, Majority replicated index: 0, Committed index: 0, Last appended: 0.0, Last appended by leader: 0, Current term: 0, Majority size: -1, State: 0, Mode: NON_LEADER, active raft config: opid_index: -1 OBSOLETE_local: false peers { permanent_uuid: "ef94d55c7d8442d1bc1d5034f823398b" member_type: VOTER last_known_addr { host: "127.10.251.65" port: 41765 } } peers { permanent_uuid: "31a222798a8e41cb9871c90e1e765d46" member_type: VOTER last_known_addr { host: "127.10.251.66" port: 37921 } } peers { permanent_uuid: "ac37360236b544dfb788402b660619be" member_type: VOTER last_known_addr { host: "127.10.251.67" port: 46557 } }
I20260608 10:04:12.233968 12111 tablet_bootstrap.cc:654] T 6da1042d16d34c27979e79bbf9c1e4e0 P ef94d55c7d8442d1bc1d5034f823398b: Neither blocks nor log segments found. Creating new log.
I20260608 10:04:12.240983 12112 tablet_bootstrap.cc:492] T 71b38810d4bb416690c677c37d3b9e3f P ac37360236b544dfb788402b660619be: No bootstrap required, opened a new log
I20260608 10:04:12.241645 12112 ts_tablet_manager.cc:1403] T 71b38810d4bb416690c677c37d3b9e3f P ac37360236b544dfb788402b660619be: Time spent bootstrapping tablet: real 0.018s	user 0.005s	sys 0.009s
I20260608 10:04:12.245400 12112 raft_consensus.cc:359] T 71b38810d4bb416690c677c37d3b9e3f P ac37360236b544dfb788402b660619be [term 0 FOLLOWER]: Replica starting. Triggering 0 pending ops. Active config: opid_index: -1 OBSOLETE_local: false peers { permanent_uuid: "ef94d55c7d8442d1bc1d5034f823398b" member_type: VOTER last_known_addr { host: "127.10.251.65" port: 41765 } } peers { permanent_uuid: "31a222798a8e41cb9871c90e1e765d46" member_type: VOTER last_known_addr { host: "127.10.251.66" port: 37921 } } peers { permanent_uuid: "ac37360236b544dfb788402b660619be" member_type: VOTER last_known_addr { host: "127.10.251.67" port: 46557 } }
I20260608 10:04:12.246343 12112 raft_consensus.cc:385] T 71b38810d4bb416690c677c37d3b9e3f P ac37360236b544dfb788402b660619be [term 0 FOLLOWER]: Consensus starting up: Expiring failure detector timer to make a prompt election more likely
I20260608 10:04:12.246766 12112 raft_consensus.cc:740] T 71b38810d4bb416690c677c37d3b9e3f P ac37360236b544dfb788402b660619be [term 0 FOLLOWER]: Becoming Follower/Learner. State: Replica: ac37360236b544dfb788402b660619be, State: Initialized, Role: FOLLOWER
I20260608 10:04:12.247740 12112 consensus_queue.cc:260] T 71b38810d4bb416690c677c37d3b9e3f P ac37360236b544dfb788402b660619be [NON_LEADER]: Queue going to NON_LEADER mode. State: All replicated index: 0, Majority replicated index: 0, Committed index: 0, Last appended: 0.0, Last appended by leader: 0, Current term: 0, Majority size: -1, State: 0, Mode: NON_LEADER, active raft config: opid_index: -1 OBSOLETE_local: false peers { permanent_uuid: "ef94d55c7d8442d1bc1d5034f823398b" member_type: VOTER last_known_addr { host: "127.10.251.65" port: 41765 } } peers { permanent_uuid: "31a222798a8e41cb9871c90e1e765d46" member_type: VOTER last_known_addr { host: "127.10.251.66" port: 37921 } } peers { permanent_uuid: "ac37360236b544dfb788402b660619be" member_type: VOTER last_known_addr { host: "127.10.251.67" port: 46557 } }
I20260608 10:04:12.252942 12113 ts_tablet_manager.cc:1434] T 6da1042d16d34c27979e79bbf9c1e4e0 P 31a222798a8e41cb9871c90e1e765d46: Time spent starting tablet: real 0.028s	user 0.012s	sys 0.006s
I20260608 10:04:12.254019 12113 tablet_bootstrap.cc:492] T 5335f7369c4d4a54b86638af392b1597 P 31a222798a8e41cb9871c90e1e765d46: Bootstrap starting.
I20260608 10:04:12.256304 12112 ts_tablet_manager.cc:1434] T 71b38810d4bb416690c677c37d3b9e3f P ac37360236b544dfb788402b660619be: Time spent starting tablet: real 0.014s	user 0.011s	sys 0.000s
I20260608 10:04:12.260206 12112 tablet_bootstrap.cc:492] T f620e7ba478644ecb492a533708004b1 P ac37360236b544dfb788402b660619be: Bootstrap starting.
I20260608 10:04:12.260347 12113 tablet_bootstrap.cc:654] T 5335f7369c4d4a54b86638af392b1597 P 31a222798a8e41cb9871c90e1e765d46: Neither blocks nor log segments found. Creating new log.
I20260608 10:04:12.268944 12112 tablet_bootstrap.cc:654] T f620e7ba478644ecb492a533708004b1 P ac37360236b544dfb788402b660619be: Neither blocks nor log segments found. Creating new log.
I20260608 10:04:12.274799 12111 tablet_bootstrap.cc:492] T 6da1042d16d34c27979e79bbf9c1e4e0 P ef94d55c7d8442d1bc1d5034f823398b: No bootstrap required, opened a new log
I20260608 10:04:12.275466 12111 ts_tablet_manager.cc:1403] T 6da1042d16d34c27979e79bbf9c1e4e0 P ef94d55c7d8442d1bc1d5034f823398b: Time spent bootstrapping tablet: real 0.048s	user 0.023s	sys 0.020s
I20260608 10:04:12.279013 12111 raft_consensus.cc:359] T 6da1042d16d34c27979e79bbf9c1e4e0 P ef94d55c7d8442d1bc1d5034f823398b [term 0 FOLLOWER]: Replica starting. Triggering 0 pending ops. Active config: opid_index: -1 OBSOLETE_local: false peers { permanent_uuid: "ef94d55c7d8442d1bc1d5034f823398b" member_type: VOTER last_known_addr { host: "127.10.251.65" port: 41765 } } peers { permanent_uuid: "31a222798a8e41cb9871c90e1e765d46" member_type: VOTER last_known_addr { host: "127.10.251.66" port: 37921 } } peers { permanent_uuid: "ac37360236b544dfb788402b660619be" member_type: VOTER last_known_addr { host: "127.10.251.67" port: 46557 } }
I20260608 10:04:12.279556 12111 raft_consensus.cc:385] T 6da1042d16d34c27979e79bbf9c1e4e0 P ef94d55c7d8442d1bc1d5034f823398b [term 0 FOLLOWER]: Consensus starting up: Expiring failure detector timer to make a prompt election more likely
I20260608 10:04:12.279824 12111 raft_consensus.cc:740] T 6da1042d16d34c27979e79bbf9c1e4e0 P ef94d55c7d8442d1bc1d5034f823398b [term 0 FOLLOWER]: Becoming Follower/Learner. State: Replica: ef94d55c7d8442d1bc1d5034f823398b, State: Initialized, Role: FOLLOWER
I20260608 10:04:12.280663 12111 consensus_queue.cc:260] T 6da1042d16d34c27979e79bbf9c1e4e0 P ef94d55c7d8442d1bc1d5034f823398b [NON_LEADER]: Queue going to NON_LEADER mode. State: All replicated index: 0, Majority replicated index: 0, Committed index: 0, Last appended: 0.0, Last appended by leader: 0, Current term: 0, Majority size: -1, State: 0, Mode: NON_LEADER, active raft config: opid_index: -1 OBSOLETE_local: false peers { permanent_uuid: "ef94d55c7d8442d1bc1d5034f823398b" member_type: VOTER last_known_addr { host: "127.10.251.65" port: 41765 } } peers { permanent_uuid: "31a222798a8e41cb9871c90e1e765d46" member_type: VOTER last_known_addr { host: "127.10.251.66" port: 37921 } } peers { permanent_uuid: "ac37360236b544dfb788402b660619be" member_type: VOTER last_known_addr { host: "127.10.251.67" port: 46557 } }
I20260608 10:04:12.281669 12113 tablet_bootstrap.cc:492] T 5335f7369c4d4a54b86638af392b1597 P 31a222798a8e41cb9871c90e1e765d46: No bootstrap required, opened a new log
I20260608 10:04:12.281847 12112 tablet_bootstrap.cc:492] T f620e7ba478644ecb492a533708004b1 P ac37360236b544dfb788402b660619be: No bootstrap required, opened a new log
I20260608 10:04:12.282157 12113 ts_tablet_manager.cc:1403] T 5335f7369c4d4a54b86638af392b1597 P 31a222798a8e41cb9871c90e1e765d46: Time spent bootstrapping tablet: real 0.028s	user 0.009s	sys 0.009s
I20260608 10:04:12.282331 12112 ts_tablet_manager.cc:1403] T f620e7ba478644ecb492a533708004b1 P ac37360236b544dfb788402b660619be: Time spent bootstrapping tablet: real 0.022s	user 0.015s	sys 0.004s
I20260608 10:04:12.282851 12111 ts_tablet_manager.cc:1434] T 6da1042d16d34c27979e79bbf9c1e4e0 P ef94d55c7d8442d1bc1d5034f823398b: Time spent starting tablet: real 0.007s	user 0.008s	sys 0.000s
I20260608 10:04:12.284292 12111 tablet_bootstrap.cc:492] T 52ffd20036324107a9f90a7e54b17018 P ef94d55c7d8442d1bc1d5034f823398b: Bootstrap starting.
I20260608 10:04:12.285012 12113 raft_consensus.cc:359] T 5335f7369c4d4a54b86638af392b1597 P 31a222798a8e41cb9871c90e1e765d46 [term 0 FOLLOWER]: Replica starting. Triggering 0 pending ops. Active config: opid_index: -1 OBSOLETE_local: false peers { permanent_uuid: "ef94d55c7d8442d1bc1d5034f823398b" member_type: VOTER last_known_addr { host: "127.10.251.65" port: 41765 } } peers { permanent_uuid: "31a222798a8e41cb9871c90e1e765d46" member_type: VOTER last_known_addr { host: "127.10.251.66" port: 37921 } } peers { permanent_uuid: "ac37360236b544dfb788402b660619be" member_type: VOTER last_known_addr { host: "127.10.251.67" port: 46557 } }
I20260608 10:04:12.285284 12112 raft_consensus.cc:359] T f620e7ba478644ecb492a533708004b1 P ac37360236b544dfb788402b660619be [term 0 FOLLOWER]: Replica starting. Triggering 0 pending ops. Active config: opid_index: -1 OBSOLETE_local: false peers { permanent_uuid: "ef94d55c7d8442d1bc1d5034f823398b" member_type: VOTER last_known_addr { host: "127.10.251.65" port: 41765 } } peers { permanent_uuid: "31a222798a8e41cb9871c90e1e765d46" member_type: VOTER last_known_addr { host: "127.10.251.66" port: 37921 } } peers { permanent_uuid: "ac37360236b544dfb788402b660619be" member_type: VOTER last_known_addr { host: "127.10.251.67" port: 46557 } }
I20260608 10:04:12.285727 12113 raft_consensus.cc:385] T 5335f7369c4d4a54b86638af392b1597 P 31a222798a8e41cb9871c90e1e765d46 [term 0 FOLLOWER]: Consensus starting up: Expiring failure detector timer to make a prompt election more likely
I20260608 10:04:12.286033 12112 raft_consensus.cc:385] T f620e7ba478644ecb492a533708004b1 P ac37360236b544dfb788402b660619be [term 0 FOLLOWER]: Consensus starting up: Expiring failure detector timer to make a prompt election more likely
I20260608 10:04:12.286098 12113 raft_consensus.cc:740] T 5335f7369c4d4a54b86638af392b1597 P 31a222798a8e41cb9871c90e1e765d46 [term 0 FOLLOWER]: Becoming Follower/Learner. State: Replica: 31a222798a8e41cb9871c90e1e765d46, State: Initialized, Role: FOLLOWER
I20260608 10:04:12.286530 12112 raft_consensus.cc:740] T f620e7ba478644ecb492a533708004b1 P ac37360236b544dfb788402b660619be [term 0 FOLLOWER]: Becoming Follower/Learner. State: Replica: ac37360236b544dfb788402b660619be, State: Initialized, Role: FOLLOWER
I20260608 10:04:12.287492 12112 consensus_queue.cc:260] T f620e7ba478644ecb492a533708004b1 P ac37360236b544dfb788402b660619be [NON_LEADER]: Queue going to NON_LEADER mode. State: All replicated index: 0, Majority replicated index: 0, Committed index: 0, Last appended: 0.0, Last appended by leader: 0, Current term: 0, Majority size: -1, State: 0, Mode: NON_LEADER, active raft config: opid_index: -1 OBSOLETE_local: false peers { permanent_uuid: "ef94d55c7d8442d1bc1d5034f823398b" member_type: VOTER last_known_addr { host: "127.10.251.65" port: 41765 } } peers { permanent_uuid: "31a222798a8e41cb9871c90e1e765d46" member_type: VOTER last_known_addr { host: "127.10.251.66" port: 37921 } } peers { permanent_uuid: "ac37360236b544dfb788402b660619be" member_type: VOTER last_known_addr { host: "127.10.251.67" port: 46557 } }
I20260608 10:04:12.287169 12113 consensus_queue.cc:260] T 5335f7369c4d4a54b86638af392b1597 P 31a222798a8e41cb9871c90e1e765d46 [NON_LEADER]: Queue going to NON_LEADER mode. State: All replicated index: 0, Majority replicated index: 0, Committed index: 0, Last appended: 0.0, Last appended by leader: 0, Current term: 0, Majority size: -1, State: 0, Mode: NON_LEADER, active raft config: opid_index: -1 OBSOLETE_local: false peers { permanent_uuid: "ef94d55c7d8442d1bc1d5034f823398b" member_type: VOTER last_known_addr { host: "127.10.251.65" port: 41765 } } peers { permanent_uuid: "31a222798a8e41cb9871c90e1e765d46" member_type: VOTER last_known_addr { host: "127.10.251.66" port: 37921 } } peers { permanent_uuid: "ac37360236b544dfb788402b660619be" member_type: VOTER last_known_addr { host: "127.10.251.67" port: 46557 } }
I20260608 10:04:12.290772 12113 ts_tablet_manager.cc:1434] T 5335f7369c4d4a54b86638af392b1597 P 31a222798a8e41cb9871c90e1e765d46: Time spent starting tablet: real 0.008s	user 0.005s	sys 0.001s
I20260608 10:04:12.291003 12111 tablet_bootstrap.cc:654] T 52ffd20036324107a9f90a7e54b17018 P ef94d55c7d8442d1bc1d5034f823398b: Neither blocks nor log segments found. Creating new log.
I20260608 10:04:12.291708 12113 tablet_bootstrap.cc:492] T 9382490efe4646c4bb6847d09fd7788a P 31a222798a8e41cb9871c90e1e765d46: Bootstrap starting.
I20260608 10:04:12.293697 12117 raft_consensus.cc:493] T 71b38810d4bb416690c677c37d3b9e3f P ac37360236b544dfb788402b660619be [term 0 FOLLOWER]: Starting pre-election (no leader contacted us within the election timeout)
I20260608 10:04:12.294207 12117 raft_consensus.cc:515] T 71b38810d4bb416690c677c37d3b9e3f P ac37360236b544dfb788402b660619be [term 0 FOLLOWER]: Starting pre-election with config: opid_index: -1 OBSOLETE_local: false peers { permanent_uuid: "ef94d55c7d8442d1bc1d5034f823398b" member_type: VOTER last_known_addr { host: "127.10.251.65" port: 41765 } } peers { permanent_uuid: "31a222798a8e41cb9871c90e1e765d46" member_type: VOTER last_known_addr { host: "127.10.251.66" port: 37921 } } peers { permanent_uuid: "ac37360236b544dfb788402b660619be" member_type: VOTER last_known_addr { host: "127.10.251.67" port: 46557 } }
I20260608 10:04:12.295749 12112 ts_tablet_manager.cc:1434] T f620e7ba478644ecb492a533708004b1 P ac37360236b544dfb788402b660619be: Time spent starting tablet: real 0.013s	user 0.002s	sys 0.004s
I20260608 10:04:12.297410 12112 tablet_bootstrap.cc:492] T 5335f7369c4d4a54b86638af392b1597 P ac37360236b544dfb788402b660619be: Bootstrap starting.
I20260608 10:04:12.297859 12113 tablet_bootstrap.cc:654] T 9382490efe4646c4bb6847d09fd7788a P 31a222798a8e41cb9871c90e1e765d46: Neither blocks nor log segments found. Creating new log.
I20260608 10:04:12.300761 12117 leader_election.cc:290] T 71b38810d4bb416690c677c37d3b9e3f P ac37360236b544dfb788402b660619be [CANDIDATE]: Term 1 pre-election: Requested pre-vote from peers ef94d55c7d8442d1bc1d5034f823398b (127.10.251.65:41765), 31a222798a8e41cb9871c90e1e765d46 (127.10.251.66:37921)
I20260608 10:04:12.307966 12112 tablet_bootstrap.cc:654] T 5335f7369c4d4a54b86638af392b1597 P ac37360236b544dfb788402b660619be: Neither blocks nor log segments found. Creating new log.
I20260608 10:04:12.317265 12111 tablet_bootstrap.cc:492] T 52ffd20036324107a9f90a7e54b17018 P ef94d55c7d8442d1bc1d5034f823398b: No bootstrap required, opened a new log
I20260608 10:04:12.319952 12111 ts_tablet_manager.cc:1403] T 52ffd20036324107a9f90a7e54b17018 P ef94d55c7d8442d1bc1d5034f823398b: Time spent bootstrapping tablet: real 0.036s	user 0.017s	sys 0.012s
I20260608 10:04:12.320606 12113 tablet_bootstrap.cc:492] T 9382490efe4646c4bb6847d09fd7788a P 31a222798a8e41cb9871c90e1e765d46: No bootstrap required, opened a new log
I20260608 10:04:12.321082 12113 ts_tablet_manager.cc:1403] T 9382490efe4646c4bb6847d09fd7788a P 31a222798a8e41cb9871c90e1e765d46: Time spent bootstrapping tablet: real 0.030s	user 0.009s	sys 0.008s
I20260608 10:04:12.322573 12111 raft_consensus.cc:359] T 52ffd20036324107a9f90a7e54b17018 P ef94d55c7d8442d1bc1d5034f823398b [term 0 FOLLOWER]: Replica starting. Triggering 0 pending ops. Active config: opid_index: -1 OBSOLETE_local: false peers { permanent_uuid: "ef94d55c7d8442d1bc1d5034f823398b" member_type: VOTER last_known_addr { host: "127.10.251.65" port: 41765 } } peers { permanent_uuid: "31a222798a8e41cb9871c90e1e765d46" member_type: VOTER last_known_addr { host: "127.10.251.66" port: 37921 } } peers { permanent_uuid: "ac37360236b544dfb788402b660619be" member_type: VOTER last_known_addr { host: "127.10.251.67" port: 46557 } }
I20260608 10:04:12.323160 12111 raft_consensus.cc:385] T 52ffd20036324107a9f90a7e54b17018 P ef94d55c7d8442d1bc1d5034f823398b [term 0 FOLLOWER]: Consensus starting up: Expiring failure detector timer to make a prompt election more likely
I20260608 10:04:12.323418 12111 raft_consensus.cc:740] T 52ffd20036324107a9f90a7e54b17018 P ef94d55c7d8442d1bc1d5034f823398b [term 0 FOLLOWER]: Becoming Follower/Learner. State: Replica: ef94d55c7d8442d1bc1d5034f823398b, State: Initialized, Role: FOLLOWER
I20260608 10:04:12.323884 12113 raft_consensus.cc:359] T 9382490efe4646c4bb6847d09fd7788a P 31a222798a8e41cb9871c90e1e765d46 [term 0 FOLLOWER]: Replica starting. Triggering 0 pending ops. Active config: opid_index: -1 OBSOLETE_local: false peers { permanent_uuid: "ac37360236b544dfb788402b660619be" member_type: VOTER last_known_addr { host: "127.10.251.67" port: 46557 } } peers { permanent_uuid: "ef94d55c7d8442d1bc1d5034f823398b" member_type: VOTER last_known_addr { host: "127.10.251.65" port: 41765 } } peers { permanent_uuid: "31a222798a8e41cb9871c90e1e765d46" member_type: VOTER last_known_addr { host: "127.10.251.66" port: 37921 } }
I20260608 10:04:12.324117 12111 consensus_queue.cc:260] T 52ffd20036324107a9f90a7e54b17018 P ef94d55c7d8442d1bc1d5034f823398b [NON_LEADER]: Queue going to NON_LEADER mode. State: All replicated index: 0, Majority replicated index: 0, Committed index: 0, Last appended: 0.0, Last appended by leader: 0, Current term: 0, Majority size: -1, State: 0, Mode: NON_LEADER, active raft config: opid_index: -1 OBSOLETE_local: false peers { permanent_uuid: "ef94d55c7d8442d1bc1d5034f823398b" member_type: VOTER last_known_addr { host: "127.10.251.65" port: 41765 } } peers { permanent_uuid: "31a222798a8e41cb9871c90e1e765d46" member_type: VOTER last_known_addr { host: "127.10.251.66" port: 37921 } } peers { permanent_uuid: "ac37360236b544dfb788402b660619be" member_type: VOTER last_known_addr { host: "127.10.251.67" port: 46557 } }
I20260608 10:04:12.324635 12113 raft_consensus.cc:385] T 9382490efe4646c4bb6847d09fd7788a P 31a222798a8e41cb9871c90e1e765d46 [term 0 FOLLOWER]: Consensus starting up: Expiring failure detector timer to make a prompt election more likely
I20260608 10:04:12.324994 12113 raft_consensus.cc:740] T 9382490efe4646c4bb6847d09fd7788a P 31a222798a8e41cb9871c90e1e765d46 [term 0 FOLLOWER]: Becoming Follower/Learner. State: Replica: 31a222798a8e41cb9871c90e1e765d46, State: Initialized, Role: FOLLOWER
I20260608 10:04:12.325785 12113 consensus_queue.cc:260] T 9382490efe4646c4bb6847d09fd7788a P 31a222798a8e41cb9871c90e1e765d46 [NON_LEADER]: Queue going to NON_LEADER mode. State: All replicated index: 0, Majority replicated index: 0, Committed index: 0, Last appended: 0.0, Last appended by leader: 0, Current term: 0, Majority size: -1, State: 0, Mode: NON_LEADER, active raft config: opid_index: -1 OBSOLETE_local: false peers { permanent_uuid: "ac37360236b544dfb788402b660619be" member_type: VOTER last_known_addr { host: "127.10.251.67" port: 46557 } } peers { permanent_uuid: "ef94d55c7d8442d1bc1d5034f823398b" member_type: VOTER last_known_addr { host: "127.10.251.65" port: 41765 } } peers { permanent_uuid: "31a222798a8e41cb9871c90e1e765d46" member_type: VOTER last_known_addr { host: "127.10.251.66" port: 37921 } }
I20260608 10:04:12.326752 12111 ts_tablet_manager.cc:1434] T 52ffd20036324107a9f90a7e54b17018 P ef94d55c7d8442d1bc1d5034f823398b: Time spent starting tablet: real 0.006s	user 0.006s	sys 0.001s
I20260608 10:04:12.327772 12111 tablet_bootstrap.cc:492] T 9382490efe4646c4bb6847d09fd7788a P ef94d55c7d8442d1bc1d5034f823398b: Bootstrap starting.
I20260608 10:04:12.328188 12113 ts_tablet_manager.cc:1434] T 9382490efe4646c4bb6847d09fd7788a P 31a222798a8e41cb9871c90e1e765d46: Time spent starting tablet: real 0.007s	user 0.006s	sys 0.000s
I20260608 10:04:12.333519 12113 tablet_bootstrap.cc:492] T 71b38810d4bb416690c677c37d3b9e3f P 31a222798a8e41cb9871c90e1e765d46: Bootstrap starting.
I20260608 10:04:12.336963 12111 tablet_bootstrap.cc:654] T 9382490efe4646c4bb6847d09fd7788a P ef94d55c7d8442d1bc1d5034f823398b: Neither blocks nor log segments found. Creating new log.
I20260608 10:04:12.340466 12113 tablet_bootstrap.cc:654] T 71b38810d4bb416690c677c37d3b9e3f P 31a222798a8e41cb9871c90e1e765d46: Neither blocks nor log segments found. Creating new log.
I20260608 10:04:12.342996 11992 tablet_service.cc:1917] Received RequestConsensusVote() RPC: tablet_id: "71b38810d4bb416690c677c37d3b9e3f" candidate_uuid: "ac37360236b544dfb788402b660619be" candidate_term: 1 candidate_status { last_received { term: 0 index: 0 } } ignore_live_leader: false dest_uuid: "31a222798a8e41cb9871c90e1e765d46" is_pre_election: true
I20260608 10:04:12.346362 11917 tablet_service.cc:1917] Received RequestConsensusVote() RPC: tablet_id: "71b38810d4bb416690c677c37d3b9e3f" candidate_uuid: "ac37360236b544dfb788402b660619be" candidate_term: 1 candidate_status { last_received { term: 0 index: 0 } } ignore_live_leader: false dest_uuid: "ef94d55c7d8442d1bc1d5034f823398b" is_pre_election: true
W20260608 10:04:12.346575 12030 leader_election.cc:343] T 71b38810d4bb416690c677c37d3b9e3f P ac37360236b544dfb788402b660619be [CANDIDATE]: Term 1 pre-election: Tablet error from VoteRequest() call to peer 31a222798a8e41cb9871c90e1e765d46 (127.10.251.66:37921): Illegal state: must be running to vote when last-logged opid is not known
I20260608 10:04:12.346395 12120 raft_consensus.cc:493] T 5335f7369c4d4a54b86638af392b1597 P 31a222798a8e41cb9871c90e1e765d46 [term 0 FOLLOWER]: Starting pre-election (no leader contacted us within the election timeout)
I20260608 10:04:12.347453 12120 raft_consensus.cc:515] T 5335f7369c4d4a54b86638af392b1597 P 31a222798a8e41cb9871c90e1e765d46 [term 0 FOLLOWER]: Starting pre-election with config: opid_index: -1 OBSOLETE_local: false peers { permanent_uuid: "ef94d55c7d8442d1bc1d5034f823398b" member_type: VOTER last_known_addr { host: "127.10.251.65" port: 41765 } } peers { permanent_uuid: "31a222798a8e41cb9871c90e1e765d46" member_type: VOTER last_known_addr { host: "127.10.251.66" port: 37921 } } peers { permanent_uuid: "ac37360236b544dfb788402b660619be" member_type: VOTER last_known_addr { host: "127.10.251.67" port: 46557 } }
W20260608 10:04:12.348510 12030 leader_election.cc:343] T 71b38810d4bb416690c677c37d3b9e3f P ac37360236b544dfb788402b660619be [CANDIDATE]: Term 1 pre-election: Tablet error from VoteRequest() call to peer ef94d55c7d8442d1bc1d5034f823398b (127.10.251.65:41765): Illegal state: must be running to vote when last-logged opid is not known
I20260608 10:04:12.349117 12030 leader_election.cc:304] T 71b38810d4bb416690c677c37d3b9e3f P ac37360236b544dfb788402b660619be [CANDIDATE]: Term 1 pre-election: Election decided. Result: candidate lost. Election summary: received 3 responses out of 3 voters: 1 yes votes; 2 no votes. yes voters: ac37360236b544dfb788402b660619be; no voters: 31a222798a8e41cb9871c90e1e765d46, ef94d55c7d8442d1bc1d5034f823398b
I20260608 10:04:12.349970 12112 tablet_bootstrap.cc:492] T 5335f7369c4d4a54b86638af392b1597 P ac37360236b544dfb788402b660619be: No bootstrap required, opened a new log
I20260608 10:04:12.350183 12117 raft_consensus.cc:2749] T 71b38810d4bb416690c677c37d3b9e3f P ac37360236b544dfb788402b660619be [term 0 FOLLOWER]: Leader pre-election lost for term 1. Reason: could not achieve majority
I20260608 10:04:12.350504 12112 ts_tablet_manager.cc:1403] T 5335f7369c4d4a54b86638af392b1597 P ac37360236b544dfb788402b660619be: Time spent bootstrapping tablet: real 0.053s	user 0.015s	sys 0.000s
I20260608 10:04:12.357048 12117 raft_consensus.cc:493] T f6715c8cf5fb4d68a101924204dfc0f9 P ac37360236b544dfb788402b660619be [term 0 FOLLOWER]: Starting pre-election (no leader contacted us within the election timeout)
I20260608 10:04:12.357713 12117 raft_consensus.cc:515] T f6715c8cf5fb4d68a101924204dfc0f9 P ac37360236b544dfb788402b660619be [term 0 FOLLOWER]: Starting pre-election with config: opid_index: -1 OBSOLETE_local: false peers { permanent_uuid: "ef94d55c7d8442d1bc1d5034f823398b" member_type: VOTER last_known_addr { host: "127.10.251.65" port: 41765 } } peers { permanent_uuid: "31a222798a8e41cb9871c90e1e765d46" member_type: VOTER last_known_addr { host: "127.10.251.66" port: 37921 } } peers { permanent_uuid: "ac37360236b544dfb788402b660619be" member_type: VOTER last_known_addr { host: "127.10.251.67" port: 46557 } }
I20260608 10:04:12.364385 12117 leader_election.cc:290] T f6715c8cf5fb4d68a101924204dfc0f9 P ac37360236b544dfb788402b660619be [CANDIDATE]: Term 1 pre-election: Requested pre-vote from peers ef94d55c7d8442d1bc1d5034f823398b (127.10.251.65:41765), 31a222798a8e41cb9871c90e1e765d46 (127.10.251.66:37921)
I20260608 10:04:12.365253 12111 tablet_bootstrap.cc:492] T 9382490efe4646c4bb6847d09fd7788a P ef94d55c7d8442d1bc1d5034f823398b: No bootstrap required, opened a new log
I20260608 10:04:12.365983 11917 tablet_service.cc:1917] Received RequestConsensusVote() RPC: tablet_id: "f6715c8cf5fb4d68a101924204dfc0f9" candidate_uuid: "ac37360236b544dfb788402b660619be" candidate_term: 1 candidate_status { last_received { term: 0 index: 0 } } ignore_live_leader: false dest_uuid: "ef94d55c7d8442d1bc1d5034f823398b" is_pre_election: true
I20260608 10:04:12.366982 12111 ts_tablet_manager.cc:1403] T 9382490efe4646c4bb6847d09fd7788a P ef94d55c7d8442d1bc1d5034f823398b: Time spent bootstrapping tablet: real 0.039s	user 0.012s	sys 0.005s
I20260608 10:04:12.352726 12120 leader_election.cc:290] T 5335f7369c4d4a54b86638af392b1597 P 31a222798a8e41cb9871c90e1e765d46 [CANDIDATE]: Term 1 pre-election: Requested pre-vote from peers ef94d55c7d8442d1bc1d5034f823398b (127.10.251.65:41765), ac37360236b544dfb788402b660619be (127.10.251.67:46557)
I20260608 10:04:12.369238 11992 tablet_service.cc:1917] Received RequestConsensusVote() RPC: tablet_id: "f6715c8cf5fb4d68a101924204dfc0f9" candidate_uuid: "ac37360236b544dfb788402b660619be" candidate_term: 1 candidate_status { last_received { term: 0 index: 0 } } ignore_live_leader: false dest_uuid: "31a222798a8e41cb9871c90e1e765d46" is_pre_election: true
I20260608 10:04:12.369649 12112 raft_consensus.cc:359] T 5335f7369c4d4a54b86638af392b1597 P ac37360236b544dfb788402b660619be [term 0 FOLLOWER]: Replica starting. Triggering 0 pending ops. Active config: opid_index: -1 OBSOLETE_local: false peers { permanent_uuid: "ef94d55c7d8442d1bc1d5034f823398b" member_type: VOTER last_known_addr { host: "127.10.251.65" port: 41765 } } peers { permanent_uuid: "31a222798a8e41cb9871c90e1e765d46" member_type: VOTER last_known_addr { host: "127.10.251.66" port: 37921 } } peers { permanent_uuid: "ac37360236b544dfb788402b660619be" member_type: VOTER last_known_addr { host: "127.10.251.67" port: 46557 } }
I20260608 10:04:12.369964 12111 raft_consensus.cc:359] T 9382490efe4646c4bb6847d09fd7788a P ef94d55c7d8442d1bc1d5034f823398b [term 0 FOLLOWER]: Replica starting. Triggering 0 pending ops. Active config: opid_index: -1 OBSOLETE_local: false peers { permanent_uuid: "ac37360236b544dfb788402b660619be" member_type: VOTER last_known_addr { host: "127.10.251.67" port: 46557 } } peers { permanent_uuid: "ef94d55c7d8442d1bc1d5034f823398b" member_type: VOTER last_known_addr { host: "127.10.251.65" port: 41765 } } peers { permanent_uuid: "31a222798a8e41cb9871c90e1e765d46" member_type: VOTER last_known_addr { host: "127.10.251.66" port: 37921 } }
I20260608 10:04:12.370792 12112 raft_consensus.cc:385] T 5335f7369c4d4a54b86638af392b1597 P ac37360236b544dfb788402b660619be [term 0 FOLLOWER]: Consensus starting up: Expiring failure detector timer to make a prompt election more likely
I20260608 10:04:12.370990 12111 raft_consensus.cc:385] T 9382490efe4646c4bb6847d09fd7788a P ef94d55c7d8442d1bc1d5034f823398b [term 0 FOLLOWER]: Consensus starting up: Expiring failure detector timer to make a prompt election more likely
I20260608 10:04:12.371491 12111 raft_consensus.cc:740] T 9382490efe4646c4bb6847d09fd7788a P ef94d55c7d8442d1bc1d5034f823398b [term 0 FOLLOWER]: Becoming Follower/Learner. State: Replica: ef94d55c7d8442d1bc1d5034f823398b, State: Initialized, Role: FOLLOWER
I20260608 10:04:12.371342 12112 raft_consensus.cc:740] T 5335f7369c4d4a54b86638af392b1597 P ac37360236b544dfb788402b660619be [term 0 FOLLOWER]: Becoming Follower/Learner. State: Replica: ac37360236b544dfb788402b660619be, State: Initialized, Role: FOLLOWER
W20260608 10:04:12.371110 12030 leader_election.cc:343] T f6715c8cf5fb4d68a101924204dfc0f9 P ac37360236b544dfb788402b660619be [CANDIDATE]: Term 1 pre-election: Tablet error from VoteRequest() call to peer 31a222798a8e41cb9871c90e1e765d46 (127.10.251.66:37921): Illegal state: must be running to vote when last-logged opid is not known
I20260608 10:04:12.372364 12111 consensus_queue.cc:260] T 9382490efe4646c4bb6847d09fd7788a P ef94d55c7d8442d1bc1d5034f823398b [NON_LEADER]: Queue going to NON_LEADER mode. State: All replicated index: 0, Majority replicated index: 0, Committed index: 0, Last appended: 0.0, Last appended by leader: 0, Current term: 0, Majority size: -1, State: 0, Mode: NON_LEADER, active raft config: opid_index: -1 OBSOLETE_local: false peers { permanent_uuid: "ac37360236b544dfb788402b660619be" member_type: VOTER last_known_addr { host: "127.10.251.67" port: 46557 } } peers { permanent_uuid: "ef94d55c7d8442d1bc1d5034f823398b" member_type: VOTER last_known_addr { host: "127.10.251.65" port: 41765 } } peers { permanent_uuid: "31a222798a8e41cb9871c90e1e765d46" member_type: VOTER last_known_addr { host: "127.10.251.66" port: 37921 } }
I20260608 10:04:12.372869 12112 consensus_queue.cc:260] T 5335f7369c4d4a54b86638af392b1597 P ac37360236b544dfb788402b660619be [NON_LEADER]: Queue going to NON_LEADER mode. State: All replicated index: 0, Majority replicated index: 0, Committed index: 0, Last appended: 0.0, Last appended by leader: 0, Current term: 0, Majority size: -1, State: 0, Mode: NON_LEADER, active raft config: opid_index: -1 OBSOLETE_local: false peers { permanent_uuid: "ef94d55c7d8442d1bc1d5034f823398b" member_type: VOTER last_known_addr { host: "127.10.251.65" port: 41765 } } peers { permanent_uuid: "31a222798a8e41cb9871c90e1e765d46" member_type: VOTER last_known_addr { host: "127.10.251.66" port: 37921 } } peers { permanent_uuid: "ac37360236b544dfb788402b660619be" member_type: VOTER last_known_addr { host: "127.10.251.67" port: 46557 } }
W20260608 10:04:12.373633 12030 leader_election.cc:343] T f6715c8cf5fb4d68a101924204dfc0f9 P ac37360236b544dfb788402b660619be [CANDIDATE]: Term 1 pre-election: Tablet error from VoteRequest() call to peer ef94d55c7d8442d1bc1d5034f823398b (127.10.251.65:41765): Illegal state: must be running to vote when last-logged opid is not known
I20260608 10:04:12.374366 12030 leader_election.cc:304] T f6715c8cf5fb4d68a101924204dfc0f9 P ac37360236b544dfb788402b660619be [CANDIDATE]: Term 1 pre-election: Election decided. Result: candidate lost. Election summary: received 3 responses out of 3 voters: 1 yes votes; 2 no votes. yes voters: ac37360236b544dfb788402b660619be; no voters: 31a222798a8e41cb9871c90e1e765d46, ef94d55c7d8442d1bc1d5034f823398b
I20260608 10:04:12.375056 12111 ts_tablet_manager.cc:1434] T 9382490efe4646c4bb6847d09fd7788a P ef94d55c7d8442d1bc1d5034f823398b: Time spent starting tablet: real 0.008s	user 0.007s	sys 0.001s
I20260608 10:04:12.375451 12117 raft_consensus.cc:2749] T f6715c8cf5fb4d68a101924204dfc0f9 P ac37360236b544dfb788402b660619be [term 0 FOLLOWER]: Leader pre-election lost for term 1. Reason: could not achieve majority
I20260608 10:04:12.376102 12111 tablet_bootstrap.cc:492] T f6715c8cf5fb4d68a101924204dfc0f9 P ef94d55c7d8442d1bc1d5034f823398b: Bootstrap starting.
I20260608 10:04:12.379714 12113 tablet_bootstrap.cc:492] T 71b38810d4bb416690c677c37d3b9e3f P 31a222798a8e41cb9871c90e1e765d46: No bootstrap required, opened a new log
I20260608 10:04:12.380074 12113 ts_tablet_manager.cc:1403] T 71b38810d4bb416690c677c37d3b9e3f P 31a222798a8e41cb9871c90e1e765d46: Time spent bootstrapping tablet: real 0.047s	user 0.029s	sys 0.012s
I20260608 10:04:12.385432 12112 ts_tablet_manager.cc:1434] T 5335f7369c4d4a54b86638af392b1597 P ac37360236b544dfb788402b660619be: Time spent starting tablet: real 0.031s	user 0.008s	sys 0.000s
I20260608 10:04:12.387744 12112 tablet_bootstrap.cc:492] T 6da1042d16d34c27979e79bbf9c1e4e0 P ac37360236b544dfb788402b660619be: Bootstrap starting.
I20260608 10:04:12.386935 12117 raft_consensus.cc:493] T 5335f7369c4d4a54b86638af392b1597 P ac37360236b544dfb788402b660619be [term 0 FOLLOWER]: Starting pre-election (no leader contacted us within the election timeout)
I20260608 10:04:12.389035 12117 raft_consensus.cc:515] T 5335f7369c4d4a54b86638af392b1597 P ac37360236b544dfb788402b660619be [term 0 FOLLOWER]: Starting pre-election with config: opid_index: -1 OBSOLETE_local: false peers { permanent_uuid: "ef94d55c7d8442d1bc1d5034f823398b" member_type: VOTER last_known_addr { host: "127.10.251.65" port: 41765 } } peers { permanent_uuid: "31a222798a8e41cb9871c90e1e765d46" member_type: VOTER last_known_addr { host: "127.10.251.66" port: 37921 } } peers { permanent_uuid: "ac37360236b544dfb788402b660619be" member_type: VOTER last_known_addr { host: "127.10.251.67" port: 46557 } }
I20260608 10:04:12.389551 12111 tablet_bootstrap.cc:654] T f6715c8cf5fb4d68a101924204dfc0f9 P ef94d55c7d8442d1bc1d5034f823398b: Neither blocks nor log segments found. Creating new log.
I20260608 10:04:12.392338 12117 leader_election.cc:290] T 5335f7369c4d4a54b86638af392b1597 P ac37360236b544dfb788402b660619be [CANDIDATE]: Term 1 pre-election: Requested pre-vote from peers ef94d55c7d8442d1bc1d5034f823398b (127.10.251.65:41765), 31a222798a8e41cb9871c90e1e765d46 (127.10.251.66:37921)
I20260608 10:04:12.393026 11992 tablet_service.cc:1917] Received RequestConsensusVote() RPC: tablet_id: "5335f7369c4d4a54b86638af392b1597" candidate_uuid: "ac37360236b544dfb788402b660619be" candidate_term: 1 candidate_status { last_received { term: 0 index: 0 } } ignore_live_leader: false dest_uuid: "31a222798a8e41cb9871c90e1e765d46" is_pre_election: true
I20260608 10:04:12.393414 12113 raft_consensus.cc:359] T 71b38810d4bb416690c677c37d3b9e3f P 31a222798a8e41cb9871c90e1e765d46 [term 0 FOLLOWER]: Replica starting. Triggering 0 pending ops. Active config: opid_index: -1 OBSOLETE_local: false peers { permanent_uuid: "ef94d55c7d8442d1bc1d5034f823398b" member_type: VOTER last_known_addr { host: "127.10.251.65" port: 41765 } } peers { permanent_uuid: "31a222798a8e41cb9871c90e1e765d46" member_type: VOTER last_known_addr { host: "127.10.251.66" port: 37921 } } peers { permanent_uuid: "ac37360236b544dfb788402b660619be" member_type: VOTER last_known_addr { host: "127.10.251.67" port: 46557 } }
I20260608 10:04:12.394090 11992 raft_consensus.cc:2468] T 5335f7369c4d4a54b86638af392b1597 P 31a222798a8e41cb9871c90e1e765d46 [term 0 FOLLOWER]: Leader pre-election vote request: Granting yes vote for candidate ac37360236b544dfb788402b660619be in term 0.
I20260608 10:04:12.391963 11917 tablet_service.cc:1917] Received RequestConsensusVote() RPC: tablet_id: "5335f7369c4d4a54b86638af392b1597" candidate_uuid: "ac37360236b544dfb788402b660619be" candidate_term: 1 candidate_status { last_received { term: 0 index: 0 } } ignore_live_leader: false dest_uuid: "ef94d55c7d8442d1bc1d5034f823398b" is_pre_election: true
I20260608 10:04:12.395119 11917 raft_consensus.cc:2468] T 5335f7369c4d4a54b86638af392b1597 P ef94d55c7d8442d1bc1d5034f823398b [term 0 FOLLOWER]: Leader pre-election vote request: Granting yes vote for candidate ac37360236b544dfb788402b660619be in term 0.
I20260608 10:04:12.395524 12030 leader_election.cc:304] T 5335f7369c4d4a54b86638af392b1597 P ac37360236b544dfb788402b660619be [CANDIDATE]: Term 1 pre-election: Election decided. Result: candidate won. Election summary: received 2 responses out of 3 voters: 2 yes votes; 0 no votes. yes voters: 31a222798a8e41cb9871c90e1e765d46, ac37360236b544dfb788402b660619be; no voters: 
I20260608 10:04:12.396157 12117 raft_consensus.cc:2804] T 5335f7369c4d4a54b86638af392b1597 P ac37360236b544dfb788402b660619be [term 0 FOLLOWER]: Leader pre-election won for term 1
I20260608 10:04:12.396588 12117 raft_consensus.cc:493] T 5335f7369c4d4a54b86638af392b1597 P ac37360236b544dfb788402b660619be [term 0 FOLLOWER]: Starting leader election (no leader contacted us within the election timeout)
I20260608 10:04:12.396175 12113 raft_consensus.cc:385] T 71b38810d4bb416690c677c37d3b9e3f P 31a222798a8e41cb9871c90e1e765d46 [term 0 FOLLOWER]: Consensus starting up: Expiring failure detector timer to make a prompt election more likely
I20260608 10:04:12.396939 12117 raft_consensus.cc:3060] T 5335f7369c4d4a54b86638af392b1597 P ac37360236b544dfb788402b660619be [term 0 FOLLOWER]: Advancing to term 1
I20260608 10:04:12.397135 12113 raft_consensus.cc:740] T 71b38810d4bb416690c677c37d3b9e3f P 31a222798a8e41cb9871c90e1e765d46 [term 0 FOLLOWER]: Becoming Follower/Learner. State: Replica: 31a222798a8e41cb9871c90e1e765d46, State: Initialized, Role: FOLLOWER
I20260608 10:04:12.401561 12113 consensus_queue.cc:260] T 71b38810d4bb416690c677c37d3b9e3f P 31a222798a8e41cb9871c90e1e765d46 [NON_LEADER]: Queue going to NON_LEADER mode. State: All replicated index: 0, Majority replicated index: 0, Committed index: 0, Last appended: 0.0, Last appended by leader: 0, Current term: 0, Majority size: -1, State: 0, Mode: NON_LEADER, active raft config: opid_index: -1 OBSOLETE_local: false peers { permanent_uuid: "ef94d55c7d8442d1bc1d5034f823398b" member_type: VOTER last_known_addr { host: "127.10.251.65" port: 41765 } } peers { permanent_uuid: "31a222798a8e41cb9871c90e1e765d46" member_type: VOTER last_known_addr { host: "127.10.251.66" port: 37921 } } peers { permanent_uuid: "ac37360236b544dfb788402b660619be" member_type: VOTER last_known_addr { host: "127.10.251.67" port: 46557 } }
I20260608 10:04:12.402488 12112 tablet_bootstrap.cc:654] T 6da1042d16d34c27979e79bbf9c1e4e0 P ac37360236b544dfb788402b660619be: Neither blocks nor log segments found. Creating new log.
I20260608 10:04:12.404273 12113 ts_tablet_manager.cc:1434] T 71b38810d4bb416690c677c37d3b9e3f P 31a222798a8e41cb9871c90e1e765d46: Time spent starting tablet: real 0.024s	user 0.005s	sys 0.003s
I20260608 10:04:12.405222 12113 tablet_bootstrap.cc:492] T f620e7ba478644ecb492a533708004b1 P 31a222798a8e41cb9871c90e1e765d46: Bootstrap starting.
I20260608 10:04:12.414093 12111 tablet_bootstrap.cc:492] T f6715c8cf5fb4d68a101924204dfc0f9 P ef94d55c7d8442d1bc1d5034f823398b: No bootstrap required, opened a new log
I20260608 10:04:12.415172 12066 tablet_service.cc:1917] Received RequestConsensusVote() RPC: tablet_id: "5335f7369c4d4a54b86638af392b1597" candidate_uuid: "31a222798a8e41cb9871c90e1e765d46" candidate_term: 1 candidate_status { last_received { term: 0 index: 0 } } ignore_live_leader: false dest_uuid: "ac37360236b544dfb788402b660619be" is_pre_election: true
I20260608 10:04:12.415162 12111 ts_tablet_manager.cc:1403] T f6715c8cf5fb4d68a101924204dfc0f9 P ef94d55c7d8442d1bc1d5034f823398b: Time spent bootstrapping tablet: real 0.039s	user 0.016s	sys 0.006s
I20260608 10:04:12.415968 12112 tablet_bootstrap.cc:492] T 6da1042d16d34c27979e79bbf9c1e4e0 P ac37360236b544dfb788402b660619be: No bootstrap required, opened a new log
I20260608 10:04:12.417026 12112 ts_tablet_manager.cc:1403] T 6da1042d16d34c27979e79bbf9c1e4e0 P ac37360236b544dfb788402b660619be: Time spent bootstrapping tablet: real 0.030s	user 0.015s	sys 0.000s
I20260608 10:04:12.420047 12113 tablet_bootstrap.cc:654] T f620e7ba478644ecb492a533708004b1 P 31a222798a8e41cb9871c90e1e765d46: Neither blocks nor log segments found. Creating new log.
I20260608 10:04:12.419975 12111 raft_consensus.cc:359] T f6715c8cf5fb4d68a101924204dfc0f9 P ef94d55c7d8442d1bc1d5034f823398b [term 0 FOLLOWER]: Replica starting. Triggering 0 pending ops. Active config: opid_index: -1 OBSOLETE_local: false peers { permanent_uuid: "ef94d55c7d8442d1bc1d5034f823398b" member_type: VOTER last_known_addr { host: "127.10.251.65" port: 41765 } } peers { permanent_uuid: "31a222798a8e41cb9871c90e1e765d46" member_type: VOTER last_known_addr { host: "127.10.251.66" port: 37921 } } peers { permanent_uuid: "ac37360236b544dfb788402b660619be" member_type: VOTER last_known_addr { host: "127.10.251.67" port: 46557 } }
I20260608 10:04:12.418042 12117 raft_consensus.cc:515] T 5335f7369c4d4a54b86638af392b1597 P ac37360236b544dfb788402b660619be [term 1 FOLLOWER]: Starting leader election with config: opid_index: -1 OBSOLETE_local: false peers { permanent_uuid: "ef94d55c7d8442d1bc1d5034f823398b" member_type: VOTER last_known_addr { host: "127.10.251.65" port: 41765 } } peers { permanent_uuid: "31a222798a8e41cb9871c90e1e765d46" member_type: VOTER last_known_addr { host: "127.10.251.66" port: 37921 } } peers { permanent_uuid: "ac37360236b544dfb788402b660619be" member_type: VOTER last_known_addr { host: "127.10.251.67" port: 46557 } }
I20260608 10:04:12.420925 12120 raft_consensus.cc:493] T 6da1042d16d34c27979e79bbf9c1e4e0 P 31a222798a8e41cb9871c90e1e765d46 [term 0 FOLLOWER]: Starting pre-election (no leader contacted us within the election timeout)
I20260608 10:04:12.421020 12111 raft_consensus.cc:385] T f6715c8cf5fb4d68a101924204dfc0f9 P ef94d55c7d8442d1bc1d5034f823398b [term 0 FOLLOWER]: Consensus starting up: Expiring failure detector timer to make a prompt election more likely
I20260608 10:04:12.421831 12066 raft_consensus.cc:2393] T 5335f7369c4d4a54b86638af392b1597 P ac37360236b544dfb788402b660619be [term 1 FOLLOWER]: Leader pre-election vote request: Denying vote to candidate 31a222798a8e41cb9871c90e1e765d46 in current term 1: Already voted for candidate ac37360236b544dfb788402b660619be in this term.
I20260608 10:04:12.421612 12111 raft_consensus.cc:740] T f6715c8cf5fb4d68a101924204dfc0f9 P ef94d55c7d8442d1bc1d5034f823398b [term 0 FOLLOWER]: Becoming Follower/Learner. State: Replica: ef94d55c7d8442d1bc1d5034f823398b, State: Initialized, Role: FOLLOWER
I20260608 10:04:12.421559 12120 raft_consensus.cc:515] T 6da1042d16d34c27979e79bbf9c1e4e0 P 31a222798a8e41cb9871c90e1e765d46 [term 0 FOLLOWER]: Starting pre-election with config: opid_index: -1 OBSOLETE_local: false peers { permanent_uuid: "ef94d55c7d8442d1bc1d5034f823398b" member_type: VOTER last_known_addr { host: "127.10.251.65" port: 41765 } } peers { permanent_uuid: "31a222798a8e41cb9871c90e1e765d46" member_type: VOTER last_known_addr { host: "127.10.251.66" port: 37921 } } peers { permanent_uuid: "ac37360236b544dfb788402b660619be" member_type: VOTER last_known_addr { host: "127.10.251.67" port: 46557 } }
I20260608 10:04:12.422851 12111 consensus_queue.cc:260] T f6715c8cf5fb4d68a101924204dfc0f9 P ef94d55c7d8442d1bc1d5034f823398b [NON_LEADER]: Queue going to NON_LEADER mode. State: All replicated index: 0, Majority replicated index: 0, Committed index: 0, Last appended: 0.0, Last appended by leader: 0, Current term: 0, Majority size: -1, State: 0, Mode: NON_LEADER, active raft config: opid_index: -1 OBSOLETE_local: false peers { permanent_uuid: "ef94d55c7d8442d1bc1d5034f823398b" member_type: VOTER last_known_addr { host: "127.10.251.65" port: 41765 } } peers { permanent_uuid: "31a222798a8e41cb9871c90e1e765d46" member_type: VOTER last_known_addr { host: "127.10.251.66" port: 37921 } } peers { permanent_uuid: "ac37360236b544dfb788402b660619be" member_type: VOTER last_known_addr { host: "127.10.251.67" port: 46557 } }
I20260608 10:04:12.424741 12120 leader_election.cc:290] T 6da1042d16d34c27979e79bbf9c1e4e0 P 31a222798a8e41cb9871c90e1e765d46 [CANDIDATE]: Term 1 pre-election: Requested pre-vote from peers ef94d55c7d8442d1bc1d5034f823398b (127.10.251.65:41765), ac37360236b544dfb788402b660619be (127.10.251.67:46557)
I20260608 10:04:12.425419 12111 ts_tablet_manager.cc:1434] T f6715c8cf5fb4d68a101924204dfc0f9 P ef94d55c7d8442d1bc1d5034f823398b: Time spent starting tablet: real 0.009s	user 0.008s	sys 0.000s
I20260608 10:04:12.426589 12111 tablet_bootstrap.cc:492] T 71b38810d4bb416690c677c37d3b9e3f P ef94d55c7d8442d1bc1d5034f823398b: Bootstrap starting.
I20260608 10:04:12.429616 12117 leader_election.cc:290] T 5335f7369c4d4a54b86638af392b1597 P ac37360236b544dfb788402b660619be [CANDIDATE]: Term 1 election: Requested vote from peers ef94d55c7d8442d1bc1d5034f823398b (127.10.251.65:41765), 31a222798a8e41cb9871c90e1e765d46 (127.10.251.66:37921)
I20260608 10:04:12.429710 12065 tablet_service.cc:1917] Received RequestConsensusVote() RPC: tablet_id: "6da1042d16d34c27979e79bbf9c1e4e0" candidate_uuid: "31a222798a8e41cb9871c90e1e765d46" candidate_term: 1 candidate_status { last_received { term: 0 index: 0 } } ignore_live_leader: false dest_uuid: "ac37360236b544dfb788402b660619be" is_pre_election: true
I20260608 10:04:12.420125 12112 raft_consensus.cc:359] T 6da1042d16d34c27979e79bbf9c1e4e0 P ac37360236b544dfb788402b660619be [term 0 FOLLOWER]: Replica starting. Triggering 0 pending ops. Active config: opid_index: -1 OBSOLETE_local: false peers { permanent_uuid: "ef94d55c7d8442d1bc1d5034f823398b" member_type: VOTER last_known_addr { host: "127.10.251.65" port: 41765 } } peers { permanent_uuid: "31a222798a8e41cb9871c90e1e765d46" member_type: VOTER last_known_addr { host: "127.10.251.66" port: 37921 } } peers { permanent_uuid: "ac37360236b544dfb788402b660619be" member_type: VOTER last_known_addr { host: "127.10.251.67" port: 46557 } }
I20260608 10:04:12.430802 12112 raft_consensus.cc:385] T 6da1042d16d34c27979e79bbf9c1e4e0 P ac37360236b544dfb788402b660619be [term 0 FOLLOWER]: Consensus starting up: Expiring failure detector timer to make a prompt election more likely
I20260608 10:04:12.431123 12112 raft_consensus.cc:740] T 6da1042d16d34c27979e79bbf9c1e4e0 P ac37360236b544dfb788402b660619be [term 0 FOLLOWER]: Becoming Follower/Learner. State: Replica: ac37360236b544dfb788402b660619be, State: Initialized, Role: FOLLOWER
I20260608 10:04:12.432730 11992 tablet_service.cc:1917] Received RequestConsensusVote() RPC: tablet_id: "5335f7369c4d4a54b86638af392b1597" candidate_uuid: "ac37360236b544dfb788402b660619be" candidate_term: 1 candidate_status { last_received { term: 0 index: 0 } } ignore_live_leader: false dest_uuid: "31a222798a8e41cb9871c90e1e765d46"
I20260608 10:04:12.433151 11917 tablet_service.cc:1917] Received RequestConsensusVote() RPC: tablet_id: "5335f7369c4d4a54b86638af392b1597" candidate_uuid: "ac37360236b544dfb788402b660619be" candidate_term: 1 candidate_status { last_received { term: 0 index: 0 } } ignore_live_leader: false dest_uuid: "ef94d55c7d8442d1bc1d5034f823398b"
I20260608 10:04:12.432773 12112 consensus_queue.cc:260] T 6da1042d16d34c27979e79bbf9c1e4e0 P ac37360236b544dfb788402b660619be [NON_LEADER]: Queue going to NON_LEADER mode. State: All replicated index: 0, Majority replicated index: 0, Committed index: 0, Last appended: 0.0, Last appended by leader: 0, Current term: 0, Majority size: -1, State: 0, Mode: NON_LEADER, active raft config: opid_index: -1 OBSOLETE_local: false peers { permanent_uuid: "ef94d55c7d8442d1bc1d5034f823398b" member_type: VOTER last_known_addr { host: "127.10.251.65" port: 41765 } } peers { permanent_uuid: "31a222798a8e41cb9871c90e1e765d46" member_type: VOTER last_known_addr { host: "127.10.251.66" port: 37921 } } peers { permanent_uuid: "ac37360236b544dfb788402b660619be" member_type: VOTER last_known_addr { host: "127.10.251.67" port: 46557 } }
I20260608 10:04:12.433466 11992 raft_consensus.cc:3060] T 5335f7369c4d4a54b86638af392b1597 P 31a222798a8e41cb9871c90e1e765d46 [term 0 FOLLOWER]: Advancing to term 1
I20260608 10:04:12.433712 11917 raft_consensus.cc:3060] T 5335f7369c4d4a54b86638af392b1597 P ef94d55c7d8442d1bc1d5034f823398b [term 0 FOLLOWER]: Advancing to term 1
I20260608 10:04:12.433954 12065 raft_consensus.cc:2468] T 6da1042d16d34c27979e79bbf9c1e4e0 P ac37360236b544dfb788402b660619be [term 0 FOLLOWER]: Leader pre-election vote request: Granting yes vote for candidate 31a222798a8e41cb9871c90e1e765d46 in term 0.
I20260608 10:04:12.436460 11958 leader_election.cc:304] T 6da1042d16d34c27979e79bbf9c1e4e0 P 31a222798a8e41cb9871c90e1e765d46 [CANDIDATE]: Term 1 pre-election: Election decided. Result: candidate won. Election summary: received 2 responses out of 3 voters: 2 yes votes; 0 no votes. yes voters: 31a222798a8e41cb9871c90e1e765d46, ac37360236b544dfb788402b660619be; no voters: 
I20260608 10:04:12.440784 12112 ts_tablet_manager.cc:1434] T 6da1042d16d34c27979e79bbf9c1e4e0 P ac37360236b544dfb788402b660619be: Time spent starting tablet: real 0.023s	user 0.003s	sys 0.003s
I20260608 10:04:12.442168 12112 tablet_bootstrap.cc:492] T 52ffd20036324107a9f90a7e54b17018 P ac37360236b544dfb788402b660619be: Bootstrap starting.
I20260608 10:04:12.442317 12118 raft_consensus.cc:493] T 52ffd20036324107a9f90a7e54b17018 P ef94d55c7d8442d1bc1d5034f823398b [term 0 FOLLOWER]: Starting pre-election (no leader contacted us within the election timeout)
I20260608 10:04:12.445374 12118 raft_consensus.cc:515] T 52ffd20036324107a9f90a7e54b17018 P ef94d55c7d8442d1bc1d5034f823398b [term 0 FOLLOWER]: Starting pre-election with config: opid_index: -1 OBSOLETE_local: false peers { permanent_uuid: "ef94d55c7d8442d1bc1d5034f823398b" member_type: VOTER last_known_addr { host: "127.10.251.65" port: 41765 } } peers { permanent_uuid: "31a222798a8e41cb9871c90e1e765d46" member_type: VOTER last_known_addr { host: "127.10.251.66" port: 37921 } } peers { permanent_uuid: "ac37360236b544dfb788402b660619be" member_type: VOTER last_known_addr { host: "127.10.251.67" port: 46557 } }
I20260608 10:04:12.438047 12111 tablet_bootstrap.cc:654] T 71b38810d4bb416690c677c37d3b9e3f P ef94d55c7d8442d1bc1d5034f823398b: Neither blocks nor log segments found. Creating new log.
I20260608 10:04:12.447037 11916 tablet_service.cc:1917] Received RequestConsensusVote() RPC: tablet_id: "5335f7369c4d4a54b86638af392b1597" candidate_uuid: "31a222798a8e41cb9871c90e1e765d46" candidate_term: 1 candidate_status { last_received { term: 0 index: 0 } } ignore_live_leader: false dest_uuid: "ef94d55c7d8442d1bc1d5034f823398b" is_pre_election: true
I20260608 10:04:12.437922 12120 raft_consensus.cc:2804] T 6da1042d16d34c27979e79bbf9c1e4e0 P 31a222798a8e41cb9871c90e1e765d46 [term 0 FOLLOWER]: Leader pre-election won for term 1
I20260608 10:04:12.448829 11915 tablet_service.cc:1917] Received RequestConsensusVote() RPC: tablet_id: "6da1042d16d34c27979e79bbf9c1e4e0" candidate_uuid: "31a222798a8e41cb9871c90e1e765d46" candidate_term: 1 candidate_status { last_received { term: 0 index: 0 } } ignore_live_leader: false dest_uuid: "ef94d55c7d8442d1bc1d5034f823398b" is_pre_election: true
