[==========] Running 24 tests from 2 test suites.
[----------] Global test environment set-up.
[----------] 22 tests from AutoRebalancerTest
[ RUN      ] AutoRebalancerTest.OnlyLeaderDoesAutoRebalancing
WARNING: Logging before InitGoogleLogging() is written to STDERR
I20260608 10:04:03.157697  8805 internal_mini_cluster.cc:156] Creating distributed mini masters. Addrs: 127.8.153.126:41027,127.8.153.125:43249,127.8.153.124:33473
I20260608 10:04:03.160853  8805 env_posix.cc:2267] Not raising this process' open files per process limit of 1048576; it is already as high as it can go
I20260608 10:04:03.162159  8805 file_cache.cc:492] Constructed file cache file cache with capacity 419430
W20260608 10:04:03.179759  8811 instance_detector.cc:116] could not retrieve AWS instance metadata: Network error: curl error: HTTP response code said error: The requested URL returned error: 404
W20260608 10:04:03.179750  8812 instance_detector.cc:116] could not retrieve Azure instance metadata: Network error: curl error: HTTP response code said error: The requested URL returned error: 404
W20260608 10:04:03.179737  8814 instance_detector.cc:116] could not retrieve OpenStack instance metadata: Network error: curl error: HTTP response code said error: The requested URL returned error: 404
W20260608 10:04:04.388207  8813 instance_detector.cc:116] could not retrieve GCE instance metadata: Timed out: curl timeout: Timeout was reached: Connection time-out
I20260608 10:04:04.388334  8805 server_base.cc:1056] Not found: could not retrieve instance metadata: unable to detect cloud type of this node, probably running in non-cloud environment
I20260608 10:04:04.393244  8805 hybrid_clock.cc:584] initializing the hybrid clock with 'system_unsync' time source
W20260608 10:04:04.393647  8805 system_unsync_time.cc:38] NTP support is disabled. Clock error bounds will not be accurate. This configuration is not suitable for distributed clusters.
I20260608 10:04:04.393918  8805 hybrid_clock.cc:648] HybridClock initialized: now 1780913044393887 us; error 0 us; skew 500 ppm
I20260608 10:04:04.395087  8805 server_base.cc:861] Flag tcmalloc_max_total_thread_cache_bytes is not working since tcmalloc is not enabled.
I20260608 10:04:04.401237  8805 webserver.cc:533] Webserver started at http://127.8.153.126:34577/ using document root <none> and password file <none>
I20260608 10:04:04.402231  8805 fs_manager.cc:362] Metadata directory not provided
I20260608 10:04:04.402496  8805 fs_manager.cc:368] Using write-ahead log directory (fs_wal_dir) as metadata directory
I20260608 10:04:04.403002  8805 server_base.cc:909] This appears to be a new deployment of Kudu; creating new FS layout
I20260608 10:04:04.409770  8805 fs_manager.cc:1068] Generated new instance metadata in path /tmp/dist-test-taskCt4z5k/test-tmp/auto_rebalancer-test.0.AutoRebalancerTest.OnlyLeaderDoesAutoRebalancing.1780913042967141-8805-0/minicluster-data/master-0-root/instance:
uuid: "b116251831e2492fb1f0ef6fc53cdb7f"
format_stamp: "Formatted at 2026-06-08 10:04:04 on dist-test-slave-khbn"
I20260608 10:04:04.419538  8805 fs_manager.cc:696] Time spent creating directory manager: real 0.009s	user 0.001s	sys 0.008s
I20260608 10:04:04.426527  8820 log_block_manager.cc:4031] Time spent loading block containers with low live blocks: real 0.000s	user 0.000s	sys 0.000s
I20260608 10:04:04.428253  8805 fs_manager.cc:730] Time spent opening block manager: real 0.005s	user 0.000s	sys 0.004s
I20260608 10:04:04.428697  8805 fs_manager.cc:647] Opened local filesystem: /tmp/dist-test-taskCt4z5k/test-tmp/auto_rebalancer-test.0.AutoRebalancerTest.OnlyLeaderDoesAutoRebalancing.1780913042967141-8805-0/minicluster-data/master-0-root
uuid: "b116251831e2492fb1f0ef6fc53cdb7f"
format_stamp: "Formatted at 2026-06-08 10:04:04 on dist-test-slave-khbn"
I20260608 10:04:04.429128  8805 fs_report.cc:389] FS layout report
--------------------
wal directory: /tmp/dist-test-taskCt4z5k/test-tmp/auto_rebalancer-test.0.AutoRebalancerTest.OnlyLeaderDoesAutoRebalancing.1780913042967141-8805-0/minicluster-data/master-0-root
metadata directory: /tmp/dist-test-taskCt4z5k/test-tmp/auto_rebalancer-test.0.AutoRebalancerTest.OnlyLeaderDoesAutoRebalancing.1780913042967141-8805-0/minicluster-data/master-0-root
1 data directories: /tmp/dist-test-taskCt4z5k/test-tmp/auto_rebalancer-test.0.AutoRebalancerTest.OnlyLeaderDoesAutoRebalancing.1780913042967141-8805-0/minicluster-data/master-0-root/data
Total live blocks: 0
Total live bytes: 0
Total live bytes (after alignment): 0
Total number of LBM containers: 0 (0 full)
Did not check for missing blocks
Did not check for orphaned blocks
Total full LBM containers with extra space: 0 (0 repaired)
Total full LBM container extra space in bytes: 0 (0 repaired)
Total incomplete LBM containers: 0 (0 repaired)
Total LBM partial records: 0 (0 repaired)
Total corrupted LBM metadata records in RocksDB: 0 (0 repaired)
I20260608 10:04:04.518056  8805 rpc_server.cc:225] running with OpenSSL 1.1.1  11 Sep 2018
I20260608 10:04:04.519758  8805 env_posix.cc:2267] Not raising this process' running threads per effective uid limit of 18446744073709551615; it is already as high as it can go
I20260608 10:04:04.520275  8805 kserver.cc:163] Server-wide thread pool size limit: 3276
I20260608 10:04:04.608038  8805 rpc_server.cc:307] RPC server started. Bound to: 127.8.153.126:41027
I20260608 10:04:04.608091  8871 acceptor_pool.cc:272] collecting diagnostics on the listening RPC socket 127.8.153.126:41027 every 8 connection(s)
I20260608 10:04:04.615577  8805 file_cache.cc:492] Constructed file cache file cache with capacity 419430
I20260608 10:04:04.618126  8872 data_dirs.cc:400] Could only allocate 1 dirs of requested 3 for tablet 00000000000000000000000000000000. 1 dirs total, 0 dirs full, 0 dirs failed
W20260608 10:04:04.622992  8874 instance_detector.cc:116] could not retrieve AWS instance metadata: Network error: curl error: HTTP response code said error: The requested URL returned error: 404
W20260608 10:04:04.625433  8875 instance_detector.cc:116] could not retrieve Azure instance metadata: Network error: curl error: HTTP response code said error: The requested URL returned error: 404
W20260608 10:04:04.630836  8877 instance_detector.cc:116] could not retrieve OpenStack instance metadata: Network error: curl error: HTTP response code said error: The requested URL returned error: 404
I20260608 10:04:04.634941  8805 server_base.cc:1061] running on GCE node
I20260608 10:04:04.635833  8805 hybrid_clock.cc:584] initializing the hybrid clock with 'system_unsync' time source
W20260608 10:04:04.636103  8805 system_unsync_time.cc:38] NTP support is disabled. Clock error bounds will not be accurate. This configuration is not suitable for distributed clusters.
I20260608 10:04:04.636270  8805 hybrid_clock.cc:648] HybridClock initialized: now 1780913044636249 us; error 0 us; skew 500 ppm
I20260608 10:04:04.636916  8805 server_base.cc:861] Flag tcmalloc_max_total_thread_cache_bytes is not working since tcmalloc is not enabled.
I20260608 10:04:04.641268  8805 webserver.cc:533] Webserver started at http://127.8.153.125:37305/ using document root <none> and password file <none>
I20260608 10:04:04.641917  8805 fs_manager.cc:362] Metadata directory not provided
I20260608 10:04:04.642144  8805 fs_manager.cc:368] Using write-ahead log directory (fs_wal_dir) as metadata directory
I20260608 10:04:04.642431  8805 server_base.cc:909] This appears to be a new deployment of Kudu; creating new FS layout
I20260608 10:04:04.643707  8805 fs_manager.cc:1068] Generated new instance metadata in path /tmp/dist-test-taskCt4z5k/test-tmp/auto_rebalancer-test.0.AutoRebalancerTest.OnlyLeaderDoesAutoRebalancing.1780913042967141-8805-0/minicluster-data/master-1-root/instance:
uuid: "520dca5ee3f3435ebc474137f8dd58d4"
format_stamp: "Formatted at 2026-06-08 10:04:04 on dist-test-slave-khbn"
I20260608 10:04:04.643668  8872 sys_catalog.cc:422] member_type: VOTER last_known_addr { host: "127.8.153.126" port: 41027 } has no permanent_uuid. Determining permanent_uuid...
I20260608 10:04:04.656252  8805 fs_manager.cc:696] Time spent creating directory manager: real 0.012s	user 0.010s	sys 0.004s
I20260608 10:04:04.661206  8884 log_block_manager.cc:4031] Time spent loading block containers with low live blocks: real 0.000s	user 0.000s	sys 0.000s
I20260608 10:04:04.662204  8805 fs_manager.cc:730] Time spent opening block manager: real 0.003s	user 0.003s	sys 0.000s
I20260608 10:04:04.662569  8805 fs_manager.cc:647] Opened local filesystem: /tmp/dist-test-taskCt4z5k/test-tmp/auto_rebalancer-test.0.AutoRebalancerTest.OnlyLeaderDoesAutoRebalancing.1780913042967141-8805-0/minicluster-data/master-1-root
uuid: "520dca5ee3f3435ebc474137f8dd58d4"
format_stamp: "Formatted at 2026-06-08 10:04:04 on dist-test-slave-khbn"
I20260608 10:04:04.662894  8805 fs_report.cc:389] FS layout report
--------------------
wal directory: /tmp/dist-test-taskCt4z5k/test-tmp/auto_rebalancer-test.0.AutoRebalancerTest.OnlyLeaderDoesAutoRebalancing.1780913042967141-8805-0/minicluster-data/master-1-root
metadata directory: /tmp/dist-test-taskCt4z5k/test-tmp/auto_rebalancer-test.0.AutoRebalancerTest.OnlyLeaderDoesAutoRebalancing.1780913042967141-8805-0/minicluster-data/master-1-root
1 data directories: /tmp/dist-test-taskCt4z5k/test-tmp/auto_rebalancer-test.0.AutoRebalancerTest.OnlyLeaderDoesAutoRebalancing.1780913042967141-8805-0/minicluster-data/master-1-root/data
Total live blocks: 0
Total live bytes: 0
Total live bytes (after alignment): 0
Total number of LBM containers: 0 (0 full)
Did not check for missing blocks
Did not check for orphaned blocks
Total full LBM containers with extra space: 0 (0 repaired)
Total full LBM container extra space in bytes: 0 (0 repaired)
Total incomplete LBM containers: 0 (0 repaired)
Total LBM partial records: 0 (0 repaired)
Total corrupted LBM metadata records in RocksDB: 0 (0 repaired)
I20260608 10:04:04.677276  8872 sys_catalog.cc:422] member_type: VOTER last_known_addr { host: "127.8.153.125" port: 43249 } has no permanent_uuid. Determining permanent_uuid...
I20260608 10:04:04.679740  8805 rpc_server.cc:225] running with OpenSSL 1.1.1  11 Sep 2018
W20260608 10:04:04.680219  8821 proxy.cc:239] Call had error, refreshing address and retrying: Network error: Client connection negotiation failed: client connection to 127.8.153.125:43249: connect: Connection refused (error 111)
I20260608 10:04:04.682128  8805 kserver.cc:163] Server-wide thread pool size limit: 3276
W20260608 10:04:04.685267  8872 consensus_peers.cc:760] Error getting permanent uuid from config peer 127.8.153.125:43249: Network error: Client connection negotiation failed: client connection to 127.8.153.125:43249: connect: Connection refused (error 111)
I20260608 10:04:04.735316  8872 consensus_peers.cc:770] Retrying to get permanent uuid for remote peer: member_type: VOTER last_known_addr { host: "127.8.153.125" port: 43249 } attempt: 1
W20260608 10:04:04.741539  8872 consensus_peers.cc:760] Error getting permanent uuid from config peer 127.8.153.125:43249: Network error: Client connection negotiation failed: client connection to 127.8.153.125:43249: connect: Connection refused (error 111)
I20260608 10:04:04.756247  8805 rpc_server.cc:307] RPC server started. Bound to: 127.8.153.125:43249
I20260608 10:04:04.756505  8936 acceptor_pool.cc:272] collecting diagnostics on the listening RPC socket 127.8.153.125:43249 every 8 connection(s)
I20260608 10:04:04.761830  8937 data_dirs.cc:400] Could only allocate 1 dirs of requested 3 for tablet 00000000000000000000000000000000. 1 dirs total, 0 dirs full, 0 dirs failed
I20260608 10:04:04.762559  8805 file_cache.cc:492] Constructed file cache file cache with capacity 419430
W20260608 10:04:04.770097  8939 instance_detector.cc:116] could not retrieve AWS instance metadata: Network error: curl error: HTTP response code said error: The requested URL returned error: 404
I20260608 10:04:04.770614  8937 sys_catalog.cc:422] member_type: VOTER last_known_addr { host: "127.8.153.126" port: 41027 } has no permanent_uuid. Determining permanent_uuid...
W20260608 10:04:04.774178  8940 instance_detector.cc:116] could not retrieve Azure instance metadata: Network error: curl error: HTTP response code said error: The requested URL returned error: 404
W20260608 10:04:04.775710  8942 instance_detector.cc:116] could not retrieve OpenStack instance metadata: Network error: curl error: HTTP response code said error: The requested URL returned error: 404
I20260608 10:04:04.776046  8805 server_base.cc:1061] running on GCE node
I20260608 10:04:04.776863  8805 hybrid_clock.cc:584] initializing the hybrid clock with 'system_unsync' time source
W20260608 10:04:04.777104  8805 system_unsync_time.cc:38] NTP support is disabled. Clock error bounds will not be accurate. This configuration is not suitable for distributed clusters.
I20260608 10:04:04.777275  8805 hybrid_clock.cc:648] HybridClock initialized: now 1780913044777257 us; error 0 us; skew 500 ppm
I20260608 10:04:04.777943  8805 server_base.cc:861] Flag tcmalloc_max_total_thread_cache_bytes is not working since tcmalloc is not enabled.
I20260608 10:04:04.781291  8805 webserver.cc:533] Webserver started at http://127.8.153.124:36621/ using document root <none> and password file <none>
I20260608 10:04:04.781883  8805 fs_manager.cc:362] Metadata directory not provided
I20260608 10:04:04.782094  8805 fs_manager.cc:368] Using write-ahead log directory (fs_wal_dir) as metadata directory
I20260608 10:04:04.782472  8805 server_base.cc:909] This appears to be a new deployment of Kudu; creating new FS layout
I20260608 10:04:04.783918  8805 fs_manager.cc:1068] Generated new instance metadata in path /tmp/dist-test-taskCt4z5k/test-tmp/auto_rebalancer-test.0.AutoRebalancerTest.OnlyLeaderDoesAutoRebalancing.1780913042967141-8805-0/minicluster-data/master-2-root/instance:
uuid: "b75ecb153f2845f5a508498209a4e973"
format_stamp: "Formatted at 2026-06-08 10:04:04 on dist-test-slave-khbn"
I20260608 10:04:04.785907  8937 sys_catalog.cc:422] member_type: VOTER last_known_addr { host: "127.8.153.125" port: 43249 } has no permanent_uuid. Determining permanent_uuid...
I20260608 10:04:04.791244  8805 fs_manager.cc:696] Time spent creating directory manager: real 0.007s	user 0.000s	sys 0.006s
I20260608 10:04:04.796329  8949 log_block_manager.cc:4031] Time spent loading block containers with low live blocks: real 0.000s	user 0.000s	sys 0.000s
I20260608 10:04:04.797420  8805 fs_manager.cc:730] Time spent opening block manager: real 0.004s	user 0.002s	sys 0.001s
I20260608 10:04:04.797796  8805 fs_manager.cc:647] Opened local filesystem: /tmp/dist-test-taskCt4z5k/test-tmp/auto_rebalancer-test.0.AutoRebalancerTest.OnlyLeaderDoesAutoRebalancing.1780913042967141-8805-0/minicluster-data/master-2-root
uuid: "b75ecb153f2845f5a508498209a4e973"
format_stamp: "Formatted at 2026-06-08 10:04:04 on dist-test-slave-khbn"
I20260608 10:04:04.798214  8805 fs_report.cc:389] FS layout report
--------------------
wal directory: /tmp/dist-test-taskCt4z5k/test-tmp/auto_rebalancer-test.0.AutoRebalancerTest.OnlyLeaderDoesAutoRebalancing.1780913042967141-8805-0/minicluster-data/master-2-root
metadata directory: /tmp/dist-test-taskCt4z5k/test-tmp/auto_rebalancer-test.0.AutoRebalancerTest.OnlyLeaderDoesAutoRebalancing.1780913042967141-8805-0/minicluster-data/master-2-root
1 data directories: /tmp/dist-test-taskCt4z5k/test-tmp/auto_rebalancer-test.0.AutoRebalancerTest.OnlyLeaderDoesAutoRebalancing.1780913042967141-8805-0/minicluster-data/master-2-root/data
Total live blocks: 0
Total live bytes: 0
Total live bytes (after alignment): 0
Total number of LBM containers: 0 (0 full)
Did not check for missing blocks
Did not check for orphaned blocks
Total full LBM containers with extra space: 0 (0 repaired)
Total full LBM container extra space in bytes: 0 (0 repaired)
Total incomplete LBM containers: 0 (0 repaired)
Total LBM partial records: 0 (0 repaired)
Total corrupted LBM metadata records in RocksDB: 0 (0 repaired)
I20260608 10:04:04.800837  8937 sys_catalog.cc:422] member_type: VOTER last_known_addr { host: "127.8.153.124" port: 33473 } has no permanent_uuid. Determining permanent_uuid...
W20260608 10:04:04.809062  8937 consensus_peers.cc:760] Error getting permanent uuid from config peer 127.8.153.124:33473: Network error: Client connection negotiation failed: client connection to 127.8.153.124:33473: connect: Connection refused (error 111)
I20260608 10:04:04.810055  8872 consensus_peers.cc:770] Retrying to get permanent uuid for remote peer: member_type: VOTER last_known_addr { host: "127.8.153.125" port: 43249 } attempt: 2
I20260608 10:04:04.820433  8872 sys_catalog.cc:422] member_type: VOTER last_known_addr { host: "127.8.153.124" port: 33473 } has no permanent_uuid. Determining permanent_uuid...
W20260608 10:04:04.825688  8872 consensus_peers.cc:760] Error getting permanent uuid from config peer 127.8.153.124:33473: Network error: Client connection negotiation failed: client connection to 127.8.153.124:33473: connect: Connection refused (error 111)
I20260608 10:04:04.846959  8805 rpc_server.cc:225] running with OpenSSL 1.1.1  11 Sep 2018
I20260608 10:04:04.848310  8805 kserver.cc:163] Server-wide thread pool size limit: 3276
I20260608 10:04:04.852514  8937 consensus_peers.cc:770] Retrying to get permanent uuid for remote peer: member_type: VOTER last_known_addr { host: "127.8.153.124" port: 33473 } attempt: 1
I20260608 10:04:04.857174  8872 consensus_peers.cc:770] Retrying to get permanent uuid for remote peer: member_type: VOTER last_known_addr { host: "127.8.153.124" port: 33473 } attempt: 1
W20260608 10:04:04.859015  8937 consensus_peers.cc:760] Error getting permanent uuid from config peer 127.8.153.124:33473: Network error: Client connection negotiation failed: client connection to 127.8.153.124:33473: connect: Connection refused (error 111)
W20260608 10:04:04.862737  8872 consensus_peers.cc:760] Error getting permanent uuid from config peer 127.8.153.124:33473: Network error: Client connection negotiation failed: client connection to 127.8.153.124:33473: connect: Connection refused (error 111)
I20260608 10:04:04.929677  8805 rpc_server.cc:307] RPC server started. Bound to: 127.8.153.124:33473
I20260608 10:04:04.929814  9001 acceptor_pool.cc:272] collecting diagnostics on the listening RPC socket 127.8.153.124:33473 every 8 connection(s)
I20260608 10:04:04.930260  8872 consensus_peers.cc:770] Retrying to get permanent uuid for remote peer: member_type: VOTER last_known_addr { host: "127.8.153.124" port: 33473 } attempt: 2
I20260608 10:04:04.935281  8937 consensus_peers.cc:770] Retrying to get permanent uuid for remote peer: member_type: VOTER last_known_addr { host: "127.8.153.124" port: 33473 } attempt: 2
I20260608 10:04:04.941505  9003 data_dirs.cc:400] Could only allocate 1 dirs of requested 3 for tablet 00000000000000000000000000000000. 1 dirs total, 0 dirs full, 0 dirs failed
I20260608 10:04:04.951449  9003 sys_catalog.cc:422] member_type: VOTER last_known_addr { host: "127.8.153.126" port: 41027 } has no permanent_uuid. Determining permanent_uuid...
I20260608 10:04:04.961338  8805 internal_mini_cluster.cc:184] Waiting to initialize catalog manager on master 0
I20260608 10:04:04.963121  8872 tablet_bootstrap.cc:492] T 00000000000000000000000000000000 P b116251831e2492fb1f0ef6fc53cdb7f: Bootstrap starting.
I20260608 10:04:04.973083  8872 tablet_bootstrap.cc:654] T 00000000000000000000000000000000 P b116251831e2492fb1f0ef6fc53cdb7f: Neither blocks nor log segments found. Creating new log.
I20260608 10:04:04.975454  8937 tablet_bootstrap.cc:492] T 00000000000000000000000000000000 P 520dca5ee3f3435ebc474137f8dd58d4: Bootstrap starting.
I20260608 10:04:04.975399  9003 sys_catalog.cc:422] member_type: VOTER last_known_addr { host: "127.8.153.125" port: 43249 } has no permanent_uuid. Determining permanent_uuid...
I20260608 10:04:04.975994  8872 log.cc:826] T 00000000000000000000000000000000 P b116251831e2492fb1f0ef6fc53cdb7f: Log is configured to *not* fsync() on all Append() calls
I20260608 10:04:04.983116  8937 tablet_bootstrap.cc:654] T 00000000000000000000000000000000 P 520dca5ee3f3435ebc474137f8dd58d4: Neither blocks nor log segments found. Creating new log.
I20260608 10:04:04.984895  8872 tablet_bootstrap.cc:492] T 00000000000000000000000000000000 P b116251831e2492fb1f0ef6fc53cdb7f: No bootstrap required, opened a new log
I20260608 10:04:04.990528  9003 sys_catalog.cc:422] member_type: VOTER last_known_addr { host: "127.8.153.124" port: 33473 } has no permanent_uuid. Determining permanent_uuid...
I20260608 10:04:04.991016  8937 tablet_bootstrap.cc:492] T 00000000000000000000000000000000 P 520dca5ee3f3435ebc474137f8dd58d4: No bootstrap required, opened a new log
I20260608 10:04:05.008152  9003 tablet_bootstrap.cc:492] T 00000000000000000000000000000000 P b75ecb153f2845f5a508498209a4e973: Bootstrap starting.
I20260608 10:04:05.009804  8872 raft_consensus.cc:359] T 00000000000000000000000000000000 P b116251831e2492fb1f0ef6fc53cdb7f [term 0 FOLLOWER]: Replica starting. Triggering 0 pending ops. Active config: opid_index: -1 OBSOLETE_local: false peers { permanent_uuid: "b116251831e2492fb1f0ef6fc53cdb7f" member_type: VOTER last_known_addr { host: "127.8.153.126" port: 41027 } } peers { permanent_uuid: "520dca5ee3f3435ebc474137f8dd58d4" member_type: VOTER last_known_addr { host: "127.8.153.125" port: 43249 } } peers { permanent_uuid: "b75ecb153f2845f5a508498209a4e973" member_type: VOTER last_known_addr { host: "127.8.153.124" port: 33473 } }
I20260608 10:04:05.009814  8937 raft_consensus.cc:359] T 00000000000000000000000000000000 P 520dca5ee3f3435ebc474137f8dd58d4 [term 0 FOLLOWER]: Replica starting. Triggering 0 pending ops. Active config: opid_index: -1 OBSOLETE_local: false peers { permanent_uuid: "b116251831e2492fb1f0ef6fc53cdb7f" member_type: VOTER last_known_addr { host: "127.8.153.126" port: 41027 } } peers { permanent_uuid: "520dca5ee3f3435ebc474137f8dd58d4" member_type: VOTER last_known_addr { host: "127.8.153.125" port: 43249 } } peers { permanent_uuid: "b75ecb153f2845f5a508498209a4e973" member_type: VOTER last_known_addr { host: "127.8.153.124" port: 33473 } }
I20260608 10:04:05.010609  8872 raft_consensus.cc:385] T 00000000000000000000000000000000 P b116251831e2492fb1f0ef6fc53cdb7f [term 0 FOLLOWER]: Consensus starting up: Expiring failure detector timer to make a prompt election more likely
I20260608 10:04:05.010772  8937 raft_consensus.cc:385] T 00000000000000000000000000000000 P 520dca5ee3f3435ebc474137f8dd58d4 [term 0 FOLLOWER]: Consensus starting up: Expiring failure detector timer to make a prompt election more likely
I20260608 10:04:05.010967  8872 raft_consensus.cc:740] T 00000000000000000000000000000000 P b116251831e2492fb1f0ef6fc53cdb7f [term 0 FOLLOWER]: Becoming Follower/Learner. State: Replica: b116251831e2492fb1f0ef6fc53cdb7f, State: Initialized, Role: FOLLOWER
I20260608 10:04:05.011148  8937 raft_consensus.cc:740] T 00000000000000000000000000000000 P 520dca5ee3f3435ebc474137f8dd58d4 [term 0 FOLLOWER]: Becoming Follower/Learner. State: Replica: 520dca5ee3f3435ebc474137f8dd58d4, State: Initialized, Role: FOLLOWER
I20260608 10:04:05.012123  8872 consensus_queue.cc:260] T 00000000000000000000000000000000 P b116251831e2492fb1f0ef6fc53cdb7f [NON_LEADER]: Queue going to NON_LEADER mode. State: All replicated index: 0, Majority replicated index: 0, Committed index: 0, Last appended: 0.0, Last appended by leader: 0, Current term: 0, Majority size: -1, State: 0, Mode: NON_LEADER, active raft config: opid_index: -1 OBSOLETE_local: false peers { permanent_uuid: "b116251831e2492fb1f0ef6fc53cdb7f" member_type: VOTER last_known_addr { host: "127.8.153.126" port: 41027 } } peers { permanent_uuid: "520dca5ee3f3435ebc474137f8dd58d4" member_type: VOTER last_known_addr { host: "127.8.153.125" port: 43249 } } peers { permanent_uuid: "b75ecb153f2845f5a508498209a4e973" member_type: VOTER last_known_addr { host: "127.8.153.124" port: 33473 } }
I20260608 10:04:05.012192  8937 consensus_queue.cc:260] T 00000000000000000000000000000000 P 520dca5ee3f3435ebc474137f8dd58d4 [NON_LEADER]: Queue going to NON_LEADER mode. State: All replicated index: 0, Majority replicated index: 0, Committed index: 0, Last appended: 0.0, Last appended by leader: 0, Current term: 0, Majority size: -1, State: 0, Mode: NON_LEADER, active raft config: opid_index: -1 OBSOLETE_local: false peers { permanent_uuid: "b116251831e2492fb1f0ef6fc53cdb7f" member_type: VOTER last_known_addr { host: "127.8.153.126" port: 41027 } } peers { permanent_uuid: "520dca5ee3f3435ebc474137f8dd58d4" member_type: VOTER last_known_addr { host: "127.8.153.125" port: 43249 } } peers { permanent_uuid: "b75ecb153f2845f5a508498209a4e973" member_type: VOTER last_known_addr { host: "127.8.153.124" port: 33473 } }
I20260608 10:04:05.016058  9003 tablet_bootstrap.cc:654] T 00000000000000000000000000000000 P b75ecb153f2845f5a508498209a4e973: Neither blocks nor log segments found. Creating new log.
I20260608 10:04:05.015903  9009 sys_catalog.cc:455] T 00000000000000000000000000000000 P b116251831e2492fb1f0ef6fc53cdb7f [sys.catalog]: SysCatalogTable state changed. Reason: RaftConsensus started. Latest consensus state: current_term: 0 committed_config { opid_index: -1 OBSOLETE_local: false peers { permanent_uuid: "b116251831e2492fb1f0ef6fc53cdb7f" member_type: VOTER last_known_addr { host: "127.8.153.126" port: 41027 } } peers { permanent_uuid: "520dca5ee3f3435ebc474137f8dd58d4" member_type: VOTER last_known_addr { host: "127.8.153.125" port: 43249 } } peers { permanent_uuid: "b75ecb153f2845f5a508498209a4e973" member_type: VOTER last_known_addr { host: "127.8.153.124" port: 33473 } } }
I20260608 10:04:05.016908  9009 sys_catalog.cc:458] T 00000000000000000000000000000000 P b116251831e2492fb1f0ef6fc53cdb7f [sys.catalog]: This master's current role is: FOLLOWER
I20260608 10:04:05.017956  8872 sys_catalog.cc:565] T 00000000000000000000000000000000 P b116251831e2492fb1f0ef6fc53cdb7f [sys.catalog]: configured and running, proceeding with master startup.
I20260608 10:04:05.019548  9010 sys_catalog.cc:455] T 00000000000000000000000000000000 P 520dca5ee3f3435ebc474137f8dd58d4 [sys.catalog]: SysCatalogTable state changed. Reason: RaftConsensus started. Latest consensus state: current_term: 0 committed_config { opid_index: -1 OBSOLETE_local: false peers { permanent_uuid: "b116251831e2492fb1f0ef6fc53cdb7f" member_type: VOTER last_known_addr { host: "127.8.153.126" port: 41027 } } peers { permanent_uuid: "520dca5ee3f3435ebc474137f8dd58d4" member_type: VOTER last_known_addr { host: "127.8.153.125" port: 43249 } } peers { permanent_uuid: "b75ecb153f2845f5a508498209a4e973" member_type: VOTER last_known_addr { host: "127.8.153.124" port: 33473 } } }
I20260608 10:04:05.020560  9010 sys_catalog.cc:458] T 00000000000000000000000000000000 P 520dca5ee3f3435ebc474137f8dd58d4 [sys.catalog]: This master's current role is: FOLLOWER
I20260608 10:04:05.022871  8937 sys_catalog.cc:565] T 00000000000000000000000000000000 P 520dca5ee3f3435ebc474137f8dd58d4 [sys.catalog]: configured and running, proceeding with master startup.
I20260608 10:04:05.025681  9003 tablet_bootstrap.cc:492] T 00000000000000000000000000000000 P b75ecb153f2845f5a508498209a4e973: No bootstrap required, opened a new log
W20260608 10:04:05.028960  8826 tablet.cc:2404] T 00000000000000000000000000000000 P b116251831e2492fb1f0ef6fc53cdb7f: Can't schedule compaction. Clean time has not been advanced past its initial value.
I20260608 10:04:05.030370  9003 raft_consensus.cc:359] T 00000000000000000000000000000000 P b75ecb153f2845f5a508498209a4e973 [term 0 FOLLOWER]: Replica starting. Triggering 0 pending ops. Active config: opid_index: -1 OBSOLETE_local: false peers { permanent_uuid: "b116251831e2492fb1f0ef6fc53cdb7f" member_type: VOTER last_known_addr { host: "127.8.153.126" port: 41027 } } peers { permanent_uuid: "520dca5ee3f3435ebc474137f8dd58d4" member_type: VOTER last_known_addr { host: "127.8.153.125" port: 43249 } } peers { permanent_uuid: "b75ecb153f2845f5a508498209a4e973" member_type: VOTER last_known_addr { host: "127.8.153.124" port: 33473 } }
I20260608 10:04:05.031701  9003 raft_consensus.cc:385] T 00000000000000000000000000000000 P b75ecb153f2845f5a508498209a4e973 [term 0 FOLLOWER]: Consensus starting up: Expiring failure detector timer to make a prompt election more likely
I20260608 10:04:05.032123  9003 raft_consensus.cc:740] T 00000000000000000000000000000000 P b75ecb153f2845f5a508498209a4e973 [term 0 FOLLOWER]: Becoming Follower/Learner. State: Replica: b75ecb153f2845f5a508498209a4e973, State: Initialized, Role: FOLLOWER
I20260608 10:04:05.033272  9003 consensus_queue.cc:260] T 00000000000000000000000000000000 P b75ecb153f2845f5a508498209a4e973 [NON_LEADER]: Queue going to NON_LEADER mode. State: All replicated index: 0, Majority replicated index: 0, Committed index: 0, Last appended: 0.0, Last appended by leader: 0, Current term: 0, Majority size: -1, State: 0, Mode: NON_LEADER, active raft config: opid_index: -1 OBSOLETE_local: false peers { permanent_uuid: "b116251831e2492fb1f0ef6fc53cdb7f" member_type: VOTER last_known_addr { host: "127.8.153.126" port: 41027 } } peers { permanent_uuid: "520dca5ee3f3435ebc474137f8dd58d4" member_type: VOTER last_known_addr { host: "127.8.153.125" port: 43249 } } peers { permanent_uuid: "b75ecb153f2845f5a508498209a4e973" member_type: VOTER last_known_addr { host: "127.8.153.124" port: 33473 } }
I20260608 10:04:05.040617  9016 sys_catalog.cc:455] T 00000000000000000000000000000000 P b75ecb153f2845f5a508498209a4e973 [sys.catalog]: SysCatalogTable state changed. Reason: RaftConsensus started. Latest consensus state: current_term: 0 committed_config { opid_index: -1 OBSOLETE_local: false peers { permanent_uuid: "b116251831e2492fb1f0ef6fc53cdb7f" member_type: VOTER last_known_addr { host: "127.8.153.126" port: 41027 } } peers { permanent_uuid: "520dca5ee3f3435ebc474137f8dd58d4" member_type: VOTER last_known_addr { host: "127.8.153.125" port: 43249 } } peers { permanent_uuid: "b75ecb153f2845f5a508498209a4e973" member_type: VOTER last_known_addr { host: "127.8.153.124" port: 33473 } } }
I20260608 10:04:05.041713  9016 sys_catalog.cc:458] T 00000000000000000000000000000000 P b75ecb153f2845f5a508498209a4e973 [sys.catalog]: This master's current role is: FOLLOWER
I20260608 10:04:05.042827  9003 sys_catalog.cc:565] T 00000000000000000000000000000000 P b75ecb153f2845f5a508498209a4e973 [sys.catalog]: configured and running, proceeding with master startup.
I20260608 10:04:05.067502  9009 raft_consensus.cc:493] T 00000000000000000000000000000000 P b116251831e2492fb1f0ef6fc53cdb7f [term 0 FOLLOWER]: Starting pre-election (no leader contacted us within the election timeout)
I20260608 10:04:05.068496  9009 raft_consensus.cc:515] T 00000000000000000000000000000000 P b116251831e2492fb1f0ef6fc53cdb7f [term 0 FOLLOWER]: Starting pre-election with config: opid_index: -1 OBSOLETE_local: false peers { permanent_uuid: "b116251831e2492fb1f0ef6fc53cdb7f" member_type: VOTER last_known_addr { host: "127.8.153.126" port: 41027 } } peers { permanent_uuid: "520dca5ee3f3435ebc474137f8dd58d4" member_type: VOTER last_known_addr { host: "127.8.153.125" port: 43249 } } peers { permanent_uuid: "b75ecb153f2845f5a508498209a4e973" member_type: VOTER last_known_addr { host: "127.8.153.124" port: 33473 } }
I20260608 10:04:05.075786  8912 tablet_service.cc:1917] Received RequestConsensusVote() RPC: tablet_id: "00000000000000000000000000000000" candidate_uuid: "b116251831e2492fb1f0ef6fc53cdb7f" candidate_term: 1 candidate_status { last_received { term: 0 index: 0 } } ignore_live_leader: false dest_uuid: "520dca5ee3f3435ebc474137f8dd58d4" is_pre_election: true
I20260608 10:04:05.076961  8912 raft_consensus.cc:2468] T 00000000000000000000000000000000 P 520dca5ee3f3435ebc474137f8dd58d4 [term 0 FOLLOWER]: Leader pre-election vote request: Granting yes vote for candidate b116251831e2492fb1f0ef6fc53cdb7f in term 0.
I20260608 10:04:05.079258  8821 leader_election.cc:304] T 00000000000000000000000000000000 P b116251831e2492fb1f0ef6fc53cdb7f [CANDIDATE]: Term 1 pre-election: Election decided. Result: candidate won. Election summary: received 2 responses out of 3 voters: 2 yes votes; 0 no votes. yes voters: 520dca5ee3f3435ebc474137f8dd58d4, b116251831e2492fb1f0ef6fc53cdb7f; no voters: 
I20260608 10:04:05.084882  8977 tablet_service.cc:1917] Received RequestConsensusVote() RPC: tablet_id: "00000000000000000000000000000000" candidate_uuid: "b116251831e2492fb1f0ef6fc53cdb7f" candidate_term: 1 candidate_status { last_received { term: 0 index: 0 } } ignore_live_leader: false dest_uuid: "b75ecb153f2845f5a508498209a4e973" is_pre_election: true
I20260608 10:04:05.086552  8977 raft_consensus.cc:2468] T 00000000000000000000000000000000 P b75ecb153f2845f5a508498209a4e973 [term 0 FOLLOWER]: Leader pre-election vote request: Granting yes vote for candidate b116251831e2492fb1f0ef6fc53cdb7f in term 0.
I20260608 10:04:05.091219  9009 leader_election.cc:290] T 00000000000000000000000000000000 P b116251831e2492fb1f0ef6fc53cdb7f [CANDIDATE]: Term 1 pre-election: Requested pre-vote from peers 520dca5ee3f3435ebc474137f8dd58d4 (127.8.153.125:43249), b75ecb153f2845f5a508498209a4e973 (127.8.153.124:33473)
I20260608 10:04:05.092303  9009 raft_consensus.cc:2804] T 00000000000000000000000000000000 P b116251831e2492fb1f0ef6fc53cdb7f [term 0 FOLLOWER]: Leader pre-election won for term 1
I20260608 10:04:05.093581  9009 raft_consensus.cc:493] T 00000000000000000000000000000000 P b116251831e2492fb1f0ef6fc53cdb7f [term 0 FOLLOWER]: Starting leader election (no leader contacted us within the election timeout)
I20260608 10:04:05.094708  9009 raft_consensus.cc:3060] T 00000000000000000000000000000000 P b116251831e2492fb1f0ef6fc53cdb7f [term 0 FOLLOWER]: Advancing to term 1
I20260608 10:04:05.108217  9009 raft_consensus.cc:515] T 00000000000000000000000000000000 P b116251831e2492fb1f0ef6fc53cdb7f [term 1 FOLLOWER]: Starting leader election with config: opid_index: -1 OBSOLETE_local: false peers { permanent_uuid: "b116251831e2492fb1f0ef6fc53cdb7f" member_type: VOTER last_known_addr { host: "127.8.153.126" port: 41027 } } peers { permanent_uuid: "520dca5ee3f3435ebc474137f8dd58d4" member_type: VOTER last_known_addr { host: "127.8.153.125" port: 43249 } } peers { permanent_uuid: "b75ecb153f2845f5a508498209a4e973" member_type: VOTER last_known_addr { host: "127.8.153.124" port: 33473 } }
I20260608 10:04:05.116945  8912 tablet_service.cc:1917] Received RequestConsensusVote() RPC: tablet_id: "00000000000000000000000000000000" candidate_uuid: "b116251831e2492fb1f0ef6fc53cdb7f" candidate_term: 1 candidate_status { last_received { term: 0 index: 0 } } ignore_live_leader: false dest_uuid: "520dca5ee3f3435ebc474137f8dd58d4"
I20260608 10:04:05.117941  8912 raft_consensus.cc:3060] T 00000000000000000000000000000000 P 520dca5ee3f3435ebc474137f8dd58d4 [term 0 FOLLOWER]: Advancing to term 1
I20260608 10:04:05.126312  8912 raft_consensus.cc:2468] T 00000000000000000000000000000000 P 520dca5ee3f3435ebc474137f8dd58d4 [term 1 FOLLOWER]: Leader election vote request: Granting yes vote for candidate b116251831e2492fb1f0ef6fc53cdb7f in term 1.
I20260608 10:04:05.128093  8821 leader_election.cc:304] T 00000000000000000000000000000000 P b116251831e2492fb1f0ef6fc53cdb7f [CANDIDATE]: Term 1 election: Election decided. Result: candidate won. Election summary: received 2 responses out of 3 voters: 2 yes votes; 0 no votes. yes voters: 520dca5ee3f3435ebc474137f8dd58d4, b116251831e2492fb1f0ef6fc53cdb7f; no voters: 
I20260608 10:04:05.129565  9033 raft_consensus.cc:2804] T 00000000000000000000000000000000 P b116251831e2492fb1f0ef6fc53cdb7f [term 1 FOLLOWER]: Leader election won for term 1
I20260608 10:04:05.129623  8977 tablet_service.cc:1917] Received RequestConsensusVote() RPC: tablet_id: "00000000000000000000000000000000" candidate_uuid: "b116251831e2492fb1f0ef6fc53cdb7f" candidate_term: 1 candidate_status { last_received { term: 0 index: 0 } } ignore_live_leader: false dest_uuid: "b75ecb153f2845f5a508498209a4e973"
I20260608 10:04:05.130443  8977 raft_consensus.cc:3060] T 00000000000000000000000000000000 P b75ecb153f2845f5a508498209a4e973 [term 0 FOLLOWER]: Advancing to term 1
I20260608 10:04:05.133054  9038 catalog_manager.cc:805] Waiting for catalog manager background task thread to start: Service unavailable: Catalog manager is not initialized. State: Starting
I20260608 10:04:05.133922  8805 internal_mini_cluster.cc:184] Waiting to initialize catalog manager on master 1
I20260608 10:04:05.140147  8977 raft_consensus.cc:2468] T 00000000000000000000000000000000 P b75ecb153f2845f5a508498209a4e973 [term 1 FOLLOWER]: Leader election vote request: Granting yes vote for candidate b116251831e2492fb1f0ef6fc53cdb7f in term 1.
I20260608 10:04:05.140828  9009 leader_election.cc:290] T 00000000000000000000000000000000 P b116251831e2492fb1f0ef6fc53cdb7f [CANDIDATE]: Term 1 election: Requested vote from peers 520dca5ee3f3435ebc474137f8dd58d4 (127.8.153.125:43249), b75ecb153f2845f5a508498209a4e973 (127.8.153.124:33473)
I20260608 10:04:05.145045  9033 raft_consensus.cc:697] T 00000000000000000000000000000000 P b116251831e2492fb1f0ef6fc53cdb7f [term 1 LEADER]: Becoming Leader. State: Replica: b116251831e2492fb1f0ef6fc53cdb7f, State: Running, Role: LEADER
I20260608 10:04:05.147280  9033 consensus_queue.cc:237] T 00000000000000000000000000000000 P b116251831e2492fb1f0ef6fc53cdb7f [LEADER]: Queue going to LEADER mode. State: All replicated index: 0, Majority replicated index: 0, Committed index: 0, Last appended: 0.0, Last appended by leader: 0, Current term: 1, Majority size: 2, State: 0, Mode: LEADER, active raft config: opid_index: -1 OBSOLETE_local: false peers { permanent_uuid: "b116251831e2492fb1f0ef6fc53cdb7f" member_type: VOTER last_known_addr { host: "127.8.153.126" port: 41027 } } peers { permanent_uuid: "520dca5ee3f3435ebc474137f8dd58d4" member_type: VOTER last_known_addr { host: "127.8.153.125" port: 43249 } } peers { permanent_uuid: "b75ecb153f2845f5a508498209a4e973" member_type: VOTER last_known_addr { host: "127.8.153.124" port: 33473 } }
I20260608 10:04:05.153729  8805 internal_mini_cluster.cc:184] Waiting to initialize catalog manager on master 2
I20260608 10:04:05.162636  8805 file_cache.cc:492] Constructed file cache file cache with capacity 419430
I20260608 10:04:05.171159  9009 sys_catalog.cc:455] T 00000000000000000000000000000000 P b116251831e2492fb1f0ef6fc53cdb7f [sys.catalog]: SysCatalogTable state changed. Reason: New leader b116251831e2492fb1f0ef6fc53cdb7f. Latest consensus state: current_term: 1 leader_uuid: "b116251831e2492fb1f0ef6fc53cdb7f" committed_config { opid_index: -1 OBSOLETE_local: false peers { permanent_uuid: "b116251831e2492fb1f0ef6fc53cdb7f" member_type: VOTER last_known_addr { host: "127.8.153.126" port: 41027 } } peers { permanent_uuid: "520dca5ee3f3435ebc474137f8dd58d4" member_type: VOTER last_known_addr { host: "127.8.153.125" port: 43249 } } peers { permanent_uuid: "b75ecb153f2845f5a508498209a4e973" member_type: VOTER last_known_addr { host: "127.8.153.124" port: 33473 } } }
I20260608 10:04:05.172139  9009 sys_catalog.cc:458] T 00000000000000000000000000000000 P b116251831e2492fb1f0ef6fc53cdb7f [sys.catalog]: This master's current role is: LEADER
W20260608 10:04:05.174978  9050 instance_detector.cc:116] could not retrieve AWS instance metadata: Network error: curl error: HTTP response code said error: The requested URL returned error: 404
W20260608 10:04:05.177757  9047 catalog_manager.cc:1593] T 00000000000000000000000000000000 P b75ecb153f2845f5a508498209a4e973: loading cluster ID for follower catalog manager: Not found: cluster ID entry not found
W20260608 10:04:05.178421  9047 catalog_manager.cc:883] Not found: cluster ID entry not found: failed to prepare follower catalog manager, will retry
W20260608 10:04:05.182480  9051 instance_detector.cc:116] could not retrieve Azure instance metadata: Network error: curl error: HTTP response code said error: The requested URL returned error: 404
I20260608 10:04:05.182644  9052 catalog_manager.cc:1510] Loading table and tablet metadata into memory...
W20260608 10:04:05.177762  9046 catalog_manager.cc:1593] T 00000000000000000000000000000000 P 520dca5ee3f3435ebc474137f8dd58d4: loading cluster ID for follower catalog manager: Not found: cluster ID entry not found
W20260608 10:04:05.185523  9046 catalog_manager.cc:883] Not found: cluster ID entry not found: failed to prepare follower catalog manager, will retry
I20260608 10:04:05.190258  9052 catalog_manager.cc:1519] Initializing Kudu cluster ID...
W20260608 10:04:05.204119  9054 instance_detector.cc:116] could not retrieve OpenStack instance metadata: Network error: curl error: HTTP response code said error: The requested URL returned error: 404
I20260608 10:04:05.205749  8805 server_base.cc:1061] running on GCE node
I20260608 10:04:05.206928  8805 hybrid_clock.cc:584] initializing the hybrid clock with 'system_unsync' time source
W20260608 10:04:05.207268  8805 system_unsync_time.cc:38] NTP support is disabled. Clock error bounds will not be accurate. This configuration is not suitable for distributed clusters.
I20260608 10:04:05.207542  8805 hybrid_clock.cc:648] HybridClock initialized: now 1780913045207523 us; error 0 us; skew 500 ppm
I20260608 10:04:05.208492  8805 server_base.cc:861] Flag tcmalloc_max_total_thread_cache_bytes is not working since tcmalloc is not enabled.
I20260608 10:04:05.212255  8805 webserver.cc:533] Webserver started at http://127.8.153.65:42239/ using document root <none> and password file <none>
I20260608 10:04:05.213145  8805 fs_manager.cc:362] Metadata directory not provided
I20260608 10:04:05.213505  8805 fs_manager.cc:368] Using write-ahead log directory (fs_wal_dir) as metadata directory
I20260608 10:04:05.213994  8805 server_base.cc:909] This appears to be a new deployment of Kudu; creating new FS layout
I20260608 10:04:05.215727  8805 fs_manager.cc:1068] Generated new instance metadata in path /tmp/dist-test-taskCt4z5k/test-tmp/auto_rebalancer-test.0.AutoRebalancerTest.OnlyLeaderDoesAutoRebalancing.1780913042967141-8805-0/minicluster-data/ts-0-root/instance:
uuid: "7871e0b62eaf44e8b7933c53e7e5807f"
format_stamp: "Formatted at 2026-06-08 10:04:05 on dist-test-slave-khbn"
I20260608 10:04:05.216102  8977 raft_consensus.cc:1275] T 00000000000000000000000000000000 P b75ecb153f2845f5a508498209a4e973 [term 1 FOLLOWER]: Refusing update from remote peer b116251831e2492fb1f0ef6fc53cdb7f: Log matching property violated. Preceding OpId in replica: term: 0 index: 0. Preceding OpId from leader: term: 1 index: 2. (index mismatch)
I20260608 10:04:05.217374  8912 raft_consensus.cc:1275] T 00000000000000000000000000000000 P 520dca5ee3f3435ebc474137f8dd58d4 [term 1 FOLLOWER]: Refusing update from remote peer b116251831e2492fb1f0ef6fc53cdb7f: Log matching property violated. Preceding OpId in replica: term: 0 index: 0. Preceding OpId from leader: term: 1 index: 2. (index mismatch)
I20260608 10:04:05.218600  9033 consensus_queue.cc:1048] T 00000000000000000000000000000000 P b116251831e2492fb1f0ef6fc53cdb7f [LEADER]: Connected to new peer: Peer: permanent_uuid: "b75ecb153f2845f5a508498209a4e973" member_type: VOTER last_known_addr { host: "127.8.153.124" port: 33473 }, Status: LMP_MISMATCH, Last received: 0.0, Next index: 1, Last known committed idx: 0, Time since last communication: 0.000s
I20260608 10:04:05.219866  9009 consensus_queue.cc:1048] T 00000000000000000000000000000000 P b116251831e2492fb1f0ef6fc53cdb7f [LEADER]: Connected to new peer: Peer: permanent_uuid: "520dca5ee3f3435ebc474137f8dd58d4" member_type: VOTER last_known_addr { host: "127.8.153.125" port: 43249 }, Status: LMP_MISMATCH, Last received: 0.0, Next index: 1, Last known committed idx: 0, Time since last communication: 0.000s
I20260608 10:04:05.231452  8805 fs_manager.cc:696] Time spent creating directory manager: real 0.015s	user 0.013s	sys 0.000s
I20260608 10:04:05.242678  9062 log_block_manager.cc:4031] Time spent loading block containers with low live blocks: real 0.000s	user 0.000s	sys 0.000s
I20260608 10:04:05.244688  8805 fs_manager.cc:730] Time spent opening block manager: real 0.009s	user 0.002s	sys 0.006s
I20260608 10:04:05.248274  9016 sys_catalog.cc:455] T 00000000000000000000000000000000 P b75ecb153f2845f5a508498209a4e973 [sys.catalog]: SysCatalogTable state changed. Reason: New leader b116251831e2492fb1f0ef6fc53cdb7f. Latest consensus state: current_term: 1 leader_uuid: "b116251831e2492fb1f0ef6fc53cdb7f" committed_config { opid_index: -1 OBSOLETE_local: false peers { permanent_uuid: "b116251831e2492fb1f0ef6fc53cdb7f" member_type: VOTER last_known_addr { host: "127.8.153.126" port: 41027 } } peers { permanent_uuid: "520dca5ee3f3435ebc474137f8dd58d4" member_type: VOTER last_known_addr { host: "127.8.153.125" port: 43249 } } peers { permanent_uuid: "b75ecb153f2845f5a508498209a4e973" member_type: VOTER last_known_addr { host: "127.8.153.124" port: 33473 } } }
I20260608 10:04:05.249549  9016 sys_catalog.cc:458] T 00000000000000000000000000000000 P b75ecb153f2845f5a508498209a4e973 [sys.catalog]: This master's current role is: FOLLOWER
I20260608 10:04:05.245568  8805 fs_manager.cc:647] Opened local filesystem: /tmp/dist-test-taskCt4z5k/test-tmp/auto_rebalancer-test.0.AutoRebalancerTest.OnlyLeaderDoesAutoRebalancing.1780913042967141-8805-0/minicluster-data/ts-0-root
uuid: "7871e0b62eaf44e8b7933c53e7e5807f"
format_stamp: "Formatted at 2026-06-08 10:04:05 on dist-test-slave-khbn"
I20260608 10:04:05.250248  8805 fs_report.cc:389] FS layout report
--------------------
wal directory: /tmp/dist-test-taskCt4z5k/test-tmp/auto_rebalancer-test.0.AutoRebalancerTest.OnlyLeaderDoesAutoRebalancing.1780913042967141-8805-0/minicluster-data/ts-0-root
metadata directory: /tmp/dist-test-taskCt4z5k/test-tmp/auto_rebalancer-test.0.AutoRebalancerTest.OnlyLeaderDoesAutoRebalancing.1780913042967141-8805-0/minicluster-data/ts-0-root
1 data directories: /tmp/dist-test-taskCt4z5k/test-tmp/auto_rebalancer-test.0.AutoRebalancerTest.OnlyLeaderDoesAutoRebalancing.1780913042967141-8805-0/minicluster-data/ts-0-root/data
Total live blocks: 0
Total live bytes: 0
Total live bytes (after alignment): 0
Total number of LBM containers: 0 (0 full)
Did not check for missing blocks
Did not check for orphaned blocks
Total full LBM containers with extra space: 0 (0 repaired)
Total full LBM container extra space in bytes: 0 (0 repaired)
Total incomplete LBM containers: 0 (0 repaired)
Total LBM partial records: 0 (0 repaired)
Total corrupted LBM metadata records in RocksDB: 0 (0 repaired)
I20260608 10:04:05.256956  9056 mvcc.cc:204] Tried to move back new op lower bound from 7294619833184620544 to 7294619832945455104. Current Snapshot: MvccSnapshot[applied={T|T < 7294619833184620544}]
I20260608 10:04:05.272212  9010 sys_catalog.cc:455] T 00000000000000000000000000000000 P 520dca5ee3f3435ebc474137f8dd58d4 [sys.catalog]: SysCatalogTable state changed. Reason: New leader b116251831e2492fb1f0ef6fc53cdb7f. Latest consensus state: current_term: 1 leader_uuid: "b116251831e2492fb1f0ef6fc53cdb7f" committed_config { opid_index: -1 OBSOLETE_local: false peers { permanent_uuid: "b116251831e2492fb1f0ef6fc53cdb7f" member_type: VOTER last_known_addr { host: "127.8.153.126" port: 41027 } } peers { permanent_uuid: "520dca5ee3f3435ebc474137f8dd58d4" member_type: VOTER last_known_addr { host: "127.8.153.125" port: 43249 } } peers { permanent_uuid: "b75ecb153f2845f5a508498209a4e973" member_type: VOTER last_known_addr { host: "127.8.153.124" port: 33473 } } }
I20260608 10:04:05.273154  9010 sys_catalog.cc:458] T 00000000000000000000000000000000 P 520dca5ee3f3435ebc474137f8dd58d4 [sys.catalog]: This master's current role is: FOLLOWER
I20260608 10:04:05.274389  9033 sys_catalog.cc:455] T 00000000000000000000000000000000 P b116251831e2492fb1f0ef6fc53cdb7f [sys.catalog]: SysCatalogTable state changed. Reason: Peer health change. Latest consensus state: current_term: 1 leader_uuid: "b116251831e2492fb1f0ef6fc53cdb7f" committed_config { opid_index: -1 OBSOLETE_local: false peers { permanent_uuid: "b116251831e2492fb1f0ef6fc53cdb7f" member_type: VOTER last_known_addr { host: "127.8.153.126" port: 41027 } } peers { permanent_uuid: "520dca5ee3f3435ebc474137f8dd58d4" member_type: VOTER last_known_addr { host: "127.8.153.125" port: 43249 } } peers { permanent_uuid: "b75ecb153f2845f5a508498209a4e973" member_type: VOTER last_known_addr { host: "127.8.153.124" port: 33473 } } }
I20260608 10:04:05.275254  9033 sys_catalog.cc:458] T 00000000000000000000000000000000 P b116251831e2492fb1f0ef6fc53cdb7f [sys.catalog]: This master's current role is: LEADER
I20260608 10:04:05.278910  9016 sys_catalog.cc:455] T 00000000000000000000000000000000 P b75ecb153f2845f5a508498209a4e973 [sys.catalog]: SysCatalogTable state changed. Reason: Replicated consensus-only round. Latest consensus state: current_term: 1 leader_uuid: "b116251831e2492fb1f0ef6fc53cdb7f" committed_config { opid_index: -1 OBSOLETE_local: false peers { permanent_uuid: "b116251831e2492fb1f0ef6fc53cdb7f" member_type: VOTER last_known_addr { host: "127.8.153.126" port: 41027 } } peers { permanent_uuid: "520dca5ee3f3435ebc474137f8dd58d4" member_type: VOTER last_known_addr { host: "127.8.153.125" port: 43249 } } peers { permanent_uuid: "b75ecb153f2845f5a508498209a4e973" member_type: VOTER last_known_addr { host: "127.8.153.124" port: 33473 } } }
I20260608 10:04:05.279737  9016 sys_catalog.cc:458] T 00000000000000000000000000000000 P b75ecb153f2845f5a508498209a4e973 [sys.catalog]: This master's current role is: FOLLOWER
I20260608 10:04:05.280485  9052 catalog_manager.cc:1382] Generated new cluster ID: 6de0997770734a65b60acb66a63679d6
I20260608 10:04:05.280859  9052 catalog_manager.cc:1530] Initializing Kudu internal certificate authority...
