I20260608 10:05:34.357415 13154 raft_consensus.cc:2955] T 53f2dc97c78148b1bdffe8299bd2c59b P 846416d3834b4d82b57407143ebaff16 [term 1 FOLLOWER]: Committing config change with OpId 1.2: config changed from index -1 to 2, NON_VOTER 84ab9b5b2d494d72aaa46f6a10cd9db0 (127.9.237.196) added. New config: { opid_index: 2 OBSOLETE_local: false peers { permanent_uuid: "846416d3834b4d82b57407143ebaff16" member_type: VOTER last_known_addr { host: "127.9.237.193" port: 41461 } attrs { replace: true } } peers { permanent_uuid: "d20fb1c17d6e473c9a92d2f82b164f24" member_type: VOTER last_known_addr { host: "127.9.237.194" port: 35099 } } peers { permanent_uuid: "7681f2f8e9064dad9ca967d113a7cd68" member_type: VOTER last_known_addr { host: "127.9.237.195" port: 36371 } } peers { permanent_uuid: "84ab9b5b2d494d72aaa46f6a10cd9db0" member_type: NON_VOTER last_known_addr { host: "127.9.237.196" port: 42501 } attrs { promote: true } } }
I20260608 10:05:34.378175 13050 catalog_manager.cc:5696] T 53f2dc97c78148b1bdffe8299bd2c59b P d20fb1c17d6e473c9a92d2f82b164f24 reported cstate change: config changed from index -1 to 2, NON_VOTER 84ab9b5b2d494d72aaa46f6a10cd9db0 (127.9.237.196) added. New cstate: current_term: 1 leader_uuid: "d20fb1c17d6e473c9a92d2f82b164f24" committed_config { opid_index: 2 OBSOLETE_local: false peers { permanent_uuid: "846416d3834b4d82b57407143ebaff16" member_type: VOTER last_known_addr { host: "127.9.237.193" port: 41461 } attrs { replace: true } health_report { overall_health: UNKNOWN } } peers { permanent_uuid: "d20fb1c17d6e473c9a92d2f82b164f24" member_type: VOTER last_known_addr { host: "127.9.237.194" port: 35099 } health_report { overall_health: HEALTHY } } peers { permanent_uuid: "7681f2f8e9064dad9ca967d113a7cd68" member_type: VOTER last_known_addr { host: "127.9.237.195" port: 36371 } health_report { overall_health: HEALTHY } } peers { permanent_uuid: "84ab9b5b2d494d72aaa46f6a10cd9db0" member_type: NON_VOTER last_known_addr { host: "127.9.237.196" port: 42501 } attrs { promote: true } health_report { overall_health: UNKNOWN } } }
I20260608 10:05:34.388031 13588 ts_tablet_manager.cc:933] T e44111ca3c0449c6870b8b10b7cd395f P 84ab9b5b2d494d72aaa46f6a10cd9db0: Initiating tablet copy from peer 7681f2f8e9064dad9ca967d113a7cd68 (127.9.237.195:36371)
I20260608 10:05:34.397265 13303 tablet_service.cc:1917] Received RequestConsensusVote() RPC: tablet_id: "4428a9901da14a17873734f8f62cb539" candidate_uuid: "84ab9b5b2d494d72aaa46f6a10cd9db0" candidate_term: 2 candidate_status { last_received { term: 1 index: 1 } } ignore_live_leader: true dest_uuid: "7681f2f8e9064dad9ca967d113a7cd68"
I20260608 10:05:34.397570 13460 leader_election.cc:290] T 4428a9901da14a17873734f8f62cb539 P 84ab9b5b2d494d72aaa46f6a10cd9db0 [CANDIDATE]: Term 2 election: Requested vote from peers d20fb1c17d6e473c9a92d2f82b164f24 (127.9.237.194:35099), 7681f2f8e9064dad9ca967d113a7cd68 (127.9.237.195:36371)
I20260608 10:05:34.397949 13303 raft_consensus.cc:3055] T 4428a9901da14a17873734f8f62cb539 P 7681f2f8e9064dad9ca967d113a7cd68 [term 1 LEADER]: Stepping down as leader of term 1
I20260608 10:05:34.398352 13303 raft_consensus.cc:740] T 4428a9901da14a17873734f8f62cb539 P 7681f2f8e9064dad9ca967d113a7cd68 [term 1 LEADER]: Becoming Follower/Learner. State: Replica: 7681f2f8e9064dad9ca967d113a7cd68, State: Running, Role: LEADER
I20260608 10:05:34.399252 13303 consensus_queue.cc:260] T 4428a9901da14a17873734f8f62cb539 P 7681f2f8e9064dad9ca967d113a7cd68 [NON_LEADER]: Queue going to NON_LEADER mode. State: All replicated index: 0, Majority replicated index: 1, Committed index: 1, Last appended: 1.1, Last appended by leader: 1, Current term: 1, Majority size: -1, State: 0, Mode: NON_LEADER, active raft config: opid_index: -1 OBSOLETE_local: false peers { permanent_uuid: "84ab9b5b2d494d72aaa46f6a10cd9db0" member_type: VOTER last_known_addr { host: "127.9.237.196" port: 42501 } } peers { permanent_uuid: "d20fb1c17d6e473c9a92d2f82b164f24" member_type: VOTER last_known_addr { host: "127.9.237.194" port: 35099 } } peers { permanent_uuid: "7681f2f8e9064dad9ca967d113a7cd68" member_type: VOTER last_known_addr { host: "127.9.237.195" port: 36371 } }
I20260608 10:05:34.400705 13303 raft_consensus.cc:3060] T 4428a9901da14a17873734f8f62cb539 P 7681f2f8e9064dad9ca967d113a7cd68 [term 1 FOLLOWER]: Advancing to term 2
I20260608 10:05:34.402495 13588 tablet_copy_client.cc:323] T e44111ca3c0449c6870b8b10b7cd395f P 84ab9b5b2d494d72aaa46f6a10cd9db0: tablet copy: Beginning tablet copy session from remote peer at address 127.9.237.195:36371
I20260608 10:05:34.404910 13313 tablet_copy_service.cc:140] P 7681f2f8e9064dad9ca967d113a7cd68: Received BeginTabletCopySession request for tablet e44111ca3c0449c6870b8b10b7cd395f from peer 84ab9b5b2d494d72aaa46f6a10cd9db0 ({username='slave'} at 127.0.0.1:51488)
I20260608 10:05:34.405658 13313 tablet_copy_service.cc:161] P 7681f2f8e9064dad9ca967d113a7cd68: Beginning new tablet copy session on tablet e44111ca3c0449c6870b8b10b7cd395f from peer 84ab9b5b2d494d72aaa46f6a10cd9db0 at {username='slave'} at 127.0.0.1:51488: session id = 84ab9b5b2d494d72aaa46f6a10cd9db0-e44111ca3c0449c6870b8b10b7cd395f
I20260608 10:05:34.408484 13051 catalog_manager.cc:5696] T 4428a9901da14a17873734f8f62cb539 P 84ab9b5b2d494d72aaa46f6a10cd9db0 reported cstate change: term changed from 1 to 2, leader changed from 7681f2f8e9064dad9ca967d113a7cd68 (127.9.237.195) to 84ab9b5b2d494d72aaa46f6a10cd9db0 (127.9.237.196). New cstate: current_term: 2 leader_uuid: "84ab9b5b2d494d72aaa46f6a10cd9db0" committed_config { opid_index: -1 OBSOLETE_local: false peers { permanent_uuid: "84ab9b5b2d494d72aaa46f6a10cd9db0" member_type: VOTER last_known_addr { host: "127.9.237.196" port: 42501 } health_report { overall_health: HEALTHY } } peers { permanent_uuid: "d20fb1c17d6e473c9a92d2f82b164f24" member_type: VOTER last_known_addr { host: "127.9.237.194" port: 35099 } health_report { overall_health: UNKNOWN } } peers { permanent_uuid: "7681f2f8e9064dad9ca967d113a7cd68" member_type: VOTER last_known_addr { host: "127.9.237.195" port: 36371 } health_report { overall_health: UNKNOWN } } }
I20260608 10:05:34.410213 13374 raft_consensus.cc:993] T 55a9f24d025747cca87024b5fa26eac9 P 846416d3834b4d82b57407143ebaff16: : Instructing follower d20fb1c17d6e473c9a92d2f82b164f24 to start an election
I20260608 10:05:34.410708 13374 raft_consensus.cc:1081] T 55a9f24d025747cca87024b5fa26eac9 P 846416d3834b4d82b57407143ebaff16 [term 1 LEADER]: Signalling peer d20fb1c17d6e473c9a92d2f82b164f24 to start an election
I20260608 10:05:34.412807 13229 tablet_service.cc:2044] Received Run Leader Election RPC: tablet_id: "55a9f24d025747cca87024b5fa26eac9"
dest_uuid: "d20fb1c17d6e473c9a92d2f82b164f24"
 from {username='slave'} at 127.0.0.1:58946
I20260608 10:05:34.417529 13229 raft_consensus.cc:493] T 55a9f24d025747cca87024b5fa26eac9 P d20fb1c17d6e473c9a92d2f82b164f24 [term 1 FOLLOWER]: Starting forced leader election (received explicit request)
I20260608 10:05:34.417936 13229 raft_consensus.cc:3060] T 55a9f24d025747cca87024b5fa26eac9 P d20fb1c17d6e473c9a92d2f82b164f24 [term 1 FOLLOWER]: Advancing to term 2
I20260608 10:05:34.418496 13374 raft_consensus.cc:993] T 6288490d5e9046da8aabfea29798f0ba P 846416d3834b4d82b57407143ebaff16: : Instructing follower 84ab9b5b2d494d72aaa46f6a10cd9db0 to start an election
I20260608 10:05:34.419360 13374 raft_consensus.cc:1081] T 6288490d5e9046da8aabfea29798f0ba P 846416d3834b4d82b57407143ebaff16 [term 1 LEADER]: Signalling peer 84ab9b5b2d494d72aaa46f6a10cd9db0 to start an election
I20260608 10:05:34.414850 13313 tablet_copy_source_session.cc:215] T e44111ca3c0449c6870b8b10b7cd395f P 7681f2f8e9064dad9ca967d113a7cd68: Tablet Copy: opened 0 blocks and 1 log segments
I20260608 10:05:34.410709 13303 raft_consensus.cc:2468] T 4428a9901da14a17873734f8f62cb539 P 7681f2f8e9064dad9ca967d113a7cd68 [term 2 FOLLOWER]: Leader election vote request: Granting yes vote for candidate 84ab9b5b2d494d72aaa46f6a10cd9db0 in term 2.
I20260608 10:05:34.427130 13229 raft_consensus.cc:515] T 55a9f24d025747cca87024b5fa26eac9 P d20fb1c17d6e473c9a92d2f82b164f24 [term 2 FOLLOWER]: Starting forced leader election with config: opid_index: -1 OBSOLETE_local: false peers { permanent_uuid: "d20fb1c17d6e473c9a92d2f82b164f24" member_type: VOTER last_known_addr { host: "127.9.237.194" port: 35099 } } peers { permanent_uuid: "846416d3834b4d82b57407143ebaff16" member_type: VOTER last_known_addr { host: "127.9.237.193" port: 41461 } } peers { permanent_uuid: "84ab9b5b2d494d72aaa46f6a10cd9db0" member_type: VOTER last_known_addr { host: "127.9.237.196" port: 42501 } }
I20260608 10:05:34.429006 13588 data_dirs.cc:400] Could only allocate 1 dirs of requested 3 for tablet e44111ca3c0449c6870b8b10b7cd395f. 1 dirs total, 0 dirs full, 0 dirs failed
I20260608 10:05:34.429618 13229 leader_election.cc:290] T 55a9f24d025747cca87024b5fa26eac9 P d20fb1c17d6e473c9a92d2f82b164f24 [CANDIDATE]: Term 2 election: Requested vote from peers 846416d3834b4d82b57407143ebaff16 (127.9.237.193:41461), 84ab9b5b2d494d72aaa46f6a10cd9db0 (127.9.237.196:42501)
I20260608 10:05:34.431161 13461 tablet_service.cc:1917] Received RequestConsensusVote() RPC: tablet_id: "55a9f24d025747cca87024b5fa26eac9" candidate_uuid: "d20fb1c17d6e473c9a92d2f82b164f24" candidate_term: 2 candidate_status { last_received { term: 1 index: 1 } } ignore_live_leader: true dest_uuid: "84ab9b5b2d494d72aaa46f6a10cd9db0"
I20260608 10:05:34.431674 13461 raft_consensus.cc:3060] T 55a9f24d025747cca87024b5fa26eac9 P 84ab9b5b2d494d72aaa46f6a10cd9db0 [term 1 FOLLOWER]: Advancing to term 2
I20260608 10:05:34.436388 13154 tablet_service.cc:1917] Received RequestConsensusVote() RPC: tablet_id: "55a9f24d025747cca87024b5fa26eac9" candidate_uuid: "d20fb1c17d6e473c9a92d2f82b164f24" candidate_term: 2 candidate_status { last_received { term: 1 index: 1 } } ignore_live_leader: true dest_uuid: "846416d3834b4d82b57407143ebaff16"
I20260608 10:05:34.436945 13154 raft_consensus.cc:3055] T 55a9f24d025747cca87024b5fa26eac9 P 846416d3834b4d82b57407143ebaff16 [term 1 LEADER]: Stepping down as leader of term 1
I20260608 10:05:34.437286 13154 raft_consensus.cc:740] T 55a9f24d025747cca87024b5fa26eac9 P 846416d3834b4d82b57407143ebaff16 [term 1 LEADER]: Becoming Follower/Learner. State: Replica: 846416d3834b4d82b57407143ebaff16, State: Running, Role: LEADER
I20260608 10:05:34.438088 13461 raft_consensus.cc:2468] T 55a9f24d025747cca87024b5fa26eac9 P 84ab9b5b2d494d72aaa46f6a10cd9db0 [term 2 FOLLOWER]: Leader election vote request: Granting yes vote for candidate d20fb1c17d6e473c9a92d2f82b164f24 in term 2.
I20260608 10:05:34.438200 13154 consensus_queue.cc:260] T 55a9f24d025747cca87024b5fa26eac9 P 846416d3834b4d82b57407143ebaff16 [NON_LEADER]: Queue going to NON_LEADER mode. State: All replicated index: 0, Majority replicated index: 1, Committed index: 1, Last appended: 1.1, Last appended by leader: 1, Current term: 1, Majority size: -1, State: 0, Mode: NON_LEADER, active raft config: opid_index: -1 OBSOLETE_local: false peers { permanent_uuid: "d20fb1c17d6e473c9a92d2f82b164f24" member_type: VOTER last_known_addr { host: "127.9.237.194" port: 35099 } } peers { permanent_uuid: "846416d3834b4d82b57407143ebaff16" member_type: VOTER last_known_addr { host: "127.9.237.193" port: 41461 } } peers { permanent_uuid: "84ab9b5b2d494d72aaa46f6a10cd9db0" member_type: VOTER last_known_addr { host: "127.9.237.196" port: 42501 } }
I20260608 10:05:34.439495 13154 raft_consensus.cc:3060] T 55a9f24d025747cca87024b5fa26eac9 P 846416d3834b4d82b57407143ebaff16 [term 1 FOLLOWER]: Advancing to term 2
I20260608 10:05:34.439569 13195 leader_election.cc:304] T 55a9f24d025747cca87024b5fa26eac9 P d20fb1c17d6e473c9a92d2f82b164f24 [CANDIDATE]: Term 2 election: Election decided. Result: candidate won. Election summary: received 2 responses out of 3 voters: 2 yes votes; 0 no votes. yes voters: 84ab9b5b2d494d72aaa46f6a10cd9db0, d20fb1c17d6e473c9a92d2f82b164f24; no voters: 
I20260608 10:05:34.440690 13583 raft_consensus.cc:2804] T 55a9f24d025747cca87024b5fa26eac9 P d20fb1c17d6e473c9a92d2f82b164f24 [term 2 FOLLOWER]: Leader election won for term 2
I20260608 10:05:34.441185 13583 raft_consensus.cc:697] T 55a9f24d025747cca87024b5fa26eac9 P d20fb1c17d6e473c9a92d2f82b164f24 [term 2 LEADER]: Becoming Leader. State: Replica: d20fb1c17d6e473c9a92d2f82b164f24, State: Running, Role: LEADER
I20260608 10:05:34.442067 13583 consensus_queue.cc:237] T 55a9f24d025747cca87024b5fa26eac9 P d20fb1c17d6e473c9a92d2f82b164f24 [LEADER]: Queue going to LEADER mode. State: All replicated index: 0, Majority replicated index: 1, Committed index: 1, Last appended: 1.1, Last appended by leader: 1, Current term: 2, Majority size: 2, State: 0, Mode: LEADER, active raft config: opid_index: -1 OBSOLETE_local: false peers { permanent_uuid: "d20fb1c17d6e473c9a92d2f82b164f24" member_type: VOTER last_known_addr { host: "127.9.237.194" port: 35099 } } peers { permanent_uuid: "846416d3834b4d82b57407143ebaff16" member_type: VOTER last_known_addr { host: "127.9.237.193" port: 41461 } } peers { permanent_uuid: "84ab9b5b2d494d72aaa46f6a10cd9db0" member_type: VOTER last_known_addr { host: "127.9.237.196" port: 42501 } }
I20260608 10:05:34.447413 13154 raft_consensus.cc:2468] T 55a9f24d025747cca87024b5fa26eac9 P 846416d3834b4d82b57407143ebaff16 [term 2 FOLLOWER]: Leader election vote request: Granting yes vote for candidate d20fb1c17d6e473c9a92d2f82b164f24 in term 2.
I20260608 10:05:34.424573 13460 tablet_service.cc:2044] Received Run Leader Election RPC: tablet_id: "6288490d5e9046da8aabfea29798f0ba"
dest_uuid: "84ab9b5b2d494d72aaa46f6a10cd9db0"
 from {username='slave'} at 127.0.0.1:51686
I20260608 10:05:34.448211 13460 raft_consensus.cc:493] T 6288490d5e9046da8aabfea29798f0ba P 84ab9b5b2d494d72aaa46f6a10cd9db0 [term 1 FOLLOWER]: Starting forced leader election (received explicit request)
I20260608 10:05:34.448736 13460 raft_consensus.cc:3060] T 6288490d5e9046da8aabfea29798f0ba P 84ab9b5b2d494d72aaa46f6a10cd9db0 [term 1 FOLLOWER]: Advancing to term 2
I20260608 10:05:34.450086 13588 tablet_copy_client.cc:806] T e44111ca3c0449c6870b8b10b7cd395f P 84ab9b5b2d494d72aaa46f6a10cd9db0: tablet copy: Starting download of 0 data blocks...
I20260608 10:05:34.450693 13588 tablet_copy_client.cc:670] T e44111ca3c0449c6870b8b10b7cd395f P 84ab9b5b2d494d72aaa46f6a10cd9db0: tablet copy: Starting download of 1 WAL segments...
I20260608 10:05:34.452280 13571 raft_consensus.cc:993] T 71935fb23dfb48dba7b4dbb55887133b P 7681f2f8e9064dad9ca967d113a7cd68: : Instructing follower d20fb1c17d6e473c9a92d2f82b164f24 to start an election
I20260608 10:05:34.452786 13571 raft_consensus.cc:1081] T 71935fb23dfb48dba7b4dbb55887133b P 7681f2f8e9064dad9ca967d113a7cd68 [term 1 LEADER]: Signalling peer d20fb1c17d6e473c9a92d2f82b164f24 to start an election
I20260608 10:05:34.456811 13229 tablet_service.cc:2044] Received Run Leader Election RPC: tablet_id: "71935fb23dfb48dba7b4dbb55887133b"
dest_uuid: "d20fb1c17d6e473c9a92d2f82b164f24"
 from {username='slave'} at 127.0.0.1:58940
I20260608 10:05:34.457437 13229 raft_consensus.cc:493] T 71935fb23dfb48dba7b4dbb55887133b P d20fb1c17d6e473c9a92d2f82b164f24 [term 1 FOLLOWER]: Starting forced leader election (received explicit request)
I20260608 10:05:34.457867 13229 raft_consensus.cc:3060] T 71935fb23dfb48dba7b4dbb55887133b P d20fb1c17d6e473c9a92d2f82b164f24 [term 1 FOLLOWER]: Advancing to term 2
I20260608 10:05:34.458983 13460 raft_consensus.cc:515] T 6288490d5e9046da8aabfea29798f0ba P 84ab9b5b2d494d72aaa46f6a10cd9db0 [term 2 FOLLOWER]: Starting forced leader election with config: opid_index: -1 OBSOLETE_local: false peers { permanent_uuid: "7681f2f8e9064dad9ca967d113a7cd68" member_type: VOTER last_known_addr { host: "127.9.237.195" port: 36371 } } peers { permanent_uuid: "84ab9b5b2d494d72aaa46f6a10cd9db0" member_type: VOTER last_known_addr { host: "127.9.237.196" port: 42501 } } peers { permanent_uuid: "846416d3834b4d82b57407143ebaff16" member_type: VOTER last_known_addr { host: "127.9.237.193" port: 41461 } }
I20260608 10:05:34.461735 13460 leader_election.cc:290] T 6288490d5e9046da8aabfea29798f0ba P 84ab9b5b2d494d72aaa46f6a10cd9db0 [CANDIDATE]: Term 2 election: Requested vote from peers 7681f2f8e9064dad9ca967d113a7cd68 (127.9.237.195:36371), 846416d3834b4d82b57407143ebaff16 (127.9.237.193:41461)
I20260608 10:05:34.459654 13588 tablet_copy_client.cc:538] T e44111ca3c0449c6870b8b10b7cd395f P 84ab9b5b2d494d72aaa46f6a10cd9db0: tablet copy: Tablet Copy complete. Replacing tablet superblock.
I20260608 10:05:34.462437 13303 tablet_service.cc:1917] Received RequestConsensusVote() RPC: tablet_id: "6288490d5e9046da8aabfea29798f0ba" candidate_uuid: "84ab9b5b2d494d72aaa46f6a10cd9db0" candidate_term: 2 candidate_status { last_received { term: 1 index: 1 } } ignore_live_leader: true dest_uuid: "7681f2f8e9064dad9ca967d113a7cd68"
I20260608 10:05:34.463402 13303 raft_consensus.cc:3060] T 6288490d5e9046da8aabfea29798f0ba P 7681f2f8e9064dad9ca967d113a7cd68 [term 1 FOLLOWER]: Advancing to term 2
I20260608 10:05:34.463363 13154 tablet_service.cc:1917] Received RequestConsensusVote() RPC: tablet_id: "6288490d5e9046da8aabfea29798f0ba" candidate_uuid: "84ab9b5b2d494d72aaa46f6a10cd9db0" candidate_term: 2 candidate_status { last_received { term: 1 index: 1 } } ignore_live_leader: true dest_uuid: "846416d3834b4d82b57407143ebaff16"
I20260608 10:05:34.464066 13154 raft_consensus.cc:3055] T 6288490d5e9046da8aabfea29798f0ba P 846416d3834b4d82b57407143ebaff16 [term 1 LEADER]: Stepping down as leader of term 1
I20260608 10:05:34.464371 13154 raft_consensus.cc:740] T 6288490d5e9046da8aabfea29798f0ba P 846416d3834b4d82b57407143ebaff16 [term 1 LEADER]: Becoming Follower/Learner. State: Replica: 846416d3834b4d82b57407143ebaff16, State: Running, Role: LEADER
I20260608 10:05:34.465279 13154 consensus_queue.cc:260] T 6288490d5e9046da8aabfea29798f0ba P 846416d3834b4d82b57407143ebaff16 [NON_LEADER]: Queue going to NON_LEADER mode. State: All replicated index: 0, Majority replicated index: 1, Committed index: 1, Last appended: 1.1, Last appended by leader: 1, Current term: 1, Majority size: -1, State: 0, Mode: NON_LEADER, active raft config: opid_index: -1 OBSOLETE_local: false peers { permanent_uuid: "7681f2f8e9064dad9ca967d113a7cd68" member_type: VOTER last_known_addr { host: "127.9.237.195" port: 36371 } } peers { permanent_uuid: "84ab9b5b2d494d72aaa46f6a10cd9db0" member_type: VOTER last_known_addr { host: "127.9.237.196" port: 42501 } } peers { permanent_uuid: "846416d3834b4d82b57407143ebaff16" member_type: VOTER last_known_addr { host: "127.9.237.193" port: 41461 } }
I20260608 10:05:34.466622 13154 raft_consensus.cc:3060] T 6288490d5e9046da8aabfea29798f0ba P 846416d3834b4d82b57407143ebaff16 [term 1 FOLLOWER]: Advancing to term 2
I20260608 10:05:34.465804 13049 catalog_manager.cc:5696] T 55a9f24d025747cca87024b5fa26eac9 P d20fb1c17d6e473c9a92d2f82b164f24 reported cstate change: term changed from 1 to 2, leader changed from 846416d3834b4d82b57407143ebaff16 (127.9.237.193) to d20fb1c17d6e473c9a92d2f82b164f24 (127.9.237.194). New cstate: current_term: 2 leader_uuid: "d20fb1c17d6e473c9a92d2f82b164f24" committed_config { opid_index: -1 OBSOLETE_local: false peers { permanent_uuid: "d20fb1c17d6e473c9a92d2f82b164f24" member_type: VOTER last_known_addr { host: "127.9.237.194" port: 35099 } health_report { overall_health: HEALTHY } } peers { permanent_uuid: "846416d3834b4d82b57407143ebaff16" member_type: VOTER last_known_addr { host: "127.9.237.193" port: 41461 } health_report { overall_health: UNKNOWN } } peers { permanent_uuid: "84ab9b5b2d494d72aaa46f6a10cd9db0" member_type: VOTER last_known_addr { host: "127.9.237.196" port: 42501 } health_report { overall_health: UNKNOWN } } }
I20260608 10:05:34.470070 13303 raft_consensus.cc:2468] T 6288490d5e9046da8aabfea29798f0ba P 7681f2f8e9064dad9ca967d113a7cd68 [term 2 FOLLOWER]: Leader election vote request: Granting yes vote for candidate 84ab9b5b2d494d72aaa46f6a10cd9db0 in term 2.
I20260608 10:05:34.471611 13423 leader_election.cc:304] T 6288490d5e9046da8aabfea29798f0ba P 84ab9b5b2d494d72aaa46f6a10cd9db0 [CANDIDATE]: Term 2 election: Election decided. Result: candidate won. Election summary: received 2 responses out of 3 voters: 2 yes votes; 0 no votes. yes voters: 7681f2f8e9064dad9ca967d113a7cd68, 84ab9b5b2d494d72aaa46f6a10cd9db0; no voters: 
I20260608 10:05:34.473524 13587 raft_consensus.cc:2804] T 6288490d5e9046da8aabfea29798f0ba P 84ab9b5b2d494d72aaa46f6a10cd9db0 [term 2 FOLLOWER]: Leader election won for term 2
I20260608 10:05:34.474099 13587 raft_consensus.cc:697] T 6288490d5e9046da8aabfea29798f0ba P 84ab9b5b2d494d72aaa46f6a10cd9db0 [term 2 LEADER]: Becoming Leader. State: Replica: 84ab9b5b2d494d72aaa46f6a10cd9db0, State: Running, Role: LEADER
I20260608 10:05:34.474989 13587 consensus_queue.cc:237] T 6288490d5e9046da8aabfea29798f0ba P 84ab9b5b2d494d72aaa46f6a10cd9db0 [LEADER]: Queue going to LEADER mode. State: All replicated index: 0, Majority replicated index: 1, Committed index: 1, Last appended: 1.1, Last appended by leader: 1, Current term: 2, Majority size: 2, State: 0, Mode: LEADER, active raft config: opid_index: -1 OBSOLETE_local: false peers { permanent_uuid: "7681f2f8e9064dad9ca967d113a7cd68" member_type: VOTER last_known_addr { host: "127.9.237.195" port: 36371 } } peers { permanent_uuid: "84ab9b5b2d494d72aaa46f6a10cd9db0" member_type: VOTER last_known_addr { host: "127.9.237.196" port: 42501 } } peers { permanent_uuid: "846416d3834b4d82b57407143ebaff16" member_type: VOTER last_known_addr { host: "127.9.237.193" port: 41461 } }
I20260608 10:05:34.477085 13154 raft_consensus.cc:2468] T 6288490d5e9046da8aabfea29798f0ba P 846416d3834b4d82b57407143ebaff16 [term 2 FOLLOWER]: Leader election vote request: Granting yes vote for candidate 84ab9b5b2d494d72aaa46f6a10cd9db0 in term 2.
I20260608 10:05:34.485276 13588 tablet_bootstrap.cc:492] T e44111ca3c0449c6870b8b10b7cd395f P 84ab9b5b2d494d72aaa46f6a10cd9db0: Bootstrap starting.
I20260608 10:05:34.486310 13049 catalog_manager.cc:5696] T 6288490d5e9046da8aabfea29798f0ba P 84ab9b5b2d494d72aaa46f6a10cd9db0 reported cstate change: term changed from 1 to 2, leader changed from 846416d3834b4d82b57407143ebaff16 (127.9.237.193) to 84ab9b5b2d494d72aaa46f6a10cd9db0 (127.9.237.196). New cstate: current_term: 2 leader_uuid: "84ab9b5b2d494d72aaa46f6a10cd9db0" committed_config { opid_index: -1 OBSOLETE_local: false peers { permanent_uuid: "7681f2f8e9064dad9ca967d113a7cd68" member_type: VOTER last_known_addr { host: "127.9.237.195" port: 36371 } health_report { overall_health: UNKNOWN } } peers { permanent_uuid: "84ab9b5b2d494d72aaa46f6a10cd9db0" member_type: VOTER last_known_addr { host: "127.9.237.196" port: 42501 } health_report { overall_health: HEALTHY } } peers { permanent_uuid: "846416d3834b4d82b57407143ebaff16" member_type: VOTER last_known_addr { host: "127.9.237.193" port: 41461 } health_report { overall_health: UNKNOWN } } }
I20260608 10:05:34.487879 13229 raft_consensus.cc:515] T 71935fb23dfb48dba7b4dbb55887133b P d20fb1c17d6e473c9a92d2f82b164f24 [term 2 FOLLOWER]: Starting forced leader election with config: opid_index: -1 OBSOLETE_local: false peers { permanent_uuid: "846416d3834b4d82b57407143ebaff16" member_type: VOTER last_known_addr { host: "127.9.237.193" port: 41461 } } peers { permanent_uuid: "d20fb1c17d6e473c9a92d2f82b164f24" member_type: VOTER last_known_addr { host: "127.9.237.194" port: 35099 } } peers { permanent_uuid: "7681f2f8e9064dad9ca967d113a7cd68" member_type: VOTER last_known_addr { host: "127.9.237.195" port: 36371 } }
I20260608 10:05:34.492853 13229 leader_election.cc:290] T 71935fb23dfb48dba7b4dbb55887133b P d20fb1c17d6e473c9a92d2f82b164f24 [CANDIDATE]: Term 2 election: Requested vote from peers 846416d3834b4d82b57407143ebaff16 (127.9.237.193:41461), 7681f2f8e9064dad9ca967d113a7cd68 (127.9.237.195:36371)
I20260608 10:05:34.493861 13154 tablet_service.cc:1917] Received RequestConsensusVote() RPC: tablet_id: "71935fb23dfb48dba7b4dbb55887133b" candidate_uuid: "d20fb1c17d6e473c9a92d2f82b164f24" candidate_term: 2 candidate_status { last_received { term: 1 index: 1 } } ignore_live_leader: true dest_uuid: "846416d3834b4d82b57407143ebaff16"
I20260608 10:05:34.494489 13154 raft_consensus.cc:3060] T 71935fb23dfb48dba7b4dbb55887133b P 846416d3834b4d82b57407143ebaff16 [term 1 FOLLOWER]: Advancing to term 2
I20260608 10:05:34.495440 13303 tablet_service.cc:1917] Received RequestConsensusVote() RPC: tablet_id: "71935fb23dfb48dba7b4dbb55887133b" candidate_uuid: "d20fb1c17d6e473c9a92d2f82b164f24" candidate_term: 2 candidate_status { last_received { term: 1 index: 1 } } ignore_live_leader: true dest_uuid: "7681f2f8e9064dad9ca967d113a7cd68"
I20260608 10:05:34.496019 13303 raft_consensus.cc:3055] T 71935fb23dfb48dba7b4dbb55887133b P 7681f2f8e9064dad9ca967d113a7cd68 [term 1 LEADER]: Stepping down as leader of term 1
I20260608 10:05:34.496335 13303 raft_consensus.cc:740] T 71935fb23dfb48dba7b4dbb55887133b P 7681f2f8e9064dad9ca967d113a7cd68 [term 1 LEADER]: Becoming Follower/Learner. State: Replica: 7681f2f8e9064dad9ca967d113a7cd68, State: Running, Role: LEADER
I20260608 10:05:34.497123 13303 consensus_queue.cc:260] T 71935fb23dfb48dba7b4dbb55887133b P 7681f2f8e9064dad9ca967d113a7cd68 [NON_LEADER]: Queue going to NON_LEADER mode. State: All replicated index: 0, Majority replicated index: 1, Committed index: 1, Last appended: 1.1, Last appended by leader: 1, Current term: 1, Majority size: -1, State: 0, Mode: NON_LEADER, active raft config: opid_index: -1 OBSOLETE_local: false peers { permanent_uuid: "846416d3834b4d82b57407143ebaff16" member_type: VOTER last_known_addr { host: "127.9.237.193" port: 41461 } } peers { permanent_uuid: "d20fb1c17d6e473c9a92d2f82b164f24" member_type: VOTER last_known_addr { host: "127.9.237.194" port: 35099 } } peers { permanent_uuid: "7681f2f8e9064dad9ca967d113a7cd68" member_type: VOTER last_known_addr { host: "127.9.237.195" port: 36371 } }
I20260608 10:05:34.498253 13303 raft_consensus.cc:3060] T 71935fb23dfb48dba7b4dbb55887133b P 7681f2f8e9064dad9ca967d113a7cd68 [term 1 FOLLOWER]: Advancing to term 2
I20260608 10:05:34.501111 13154 raft_consensus.cc:2468] T 71935fb23dfb48dba7b4dbb55887133b P 846416d3834b4d82b57407143ebaff16 [term 2 FOLLOWER]: Leader election vote request: Granting yes vote for candidate d20fb1c17d6e473c9a92d2f82b164f24 in term 2.
I20260608 10:05:34.502499 13193 leader_election.cc:304] T 71935fb23dfb48dba7b4dbb55887133b P d20fb1c17d6e473c9a92d2f82b164f24 [CANDIDATE]: Term 2 election: Election decided. Result: candidate won. Election summary: received 2 responses out of 3 voters: 2 yes votes; 0 no votes. yes voters: 846416d3834b4d82b57407143ebaff16, d20fb1c17d6e473c9a92d2f82b164f24; no voters: 
I20260608 10:05:34.503468 13583 raft_consensus.cc:2804] T 71935fb23dfb48dba7b4dbb55887133b P d20fb1c17d6e473c9a92d2f82b164f24 [term 2 FOLLOWER]: Leader election won for term 2
I20260608 10:05:34.503942 13583 raft_consensus.cc:697] T 71935fb23dfb48dba7b4dbb55887133b P d20fb1c17d6e473c9a92d2f82b164f24 [term 2 LEADER]: Becoming Leader. State: Replica: d20fb1c17d6e473c9a92d2f82b164f24, State: Running, Role: LEADER
I20260608 10:05:34.504927 13583 consensus_queue.cc:237] T 71935fb23dfb48dba7b4dbb55887133b P d20fb1c17d6e473c9a92d2f82b164f24 [LEADER]: Queue going to LEADER mode. State: All replicated index: 0, Majority replicated index: 1, Committed index: 1, Last appended: 1.1, Last appended by leader: 1, Current term: 2, Majority size: 2, State: 0, Mode: LEADER, active raft config: opid_index: -1 OBSOLETE_local: false peers { permanent_uuid: "846416d3834b4d82b57407143ebaff16" member_type: VOTER last_known_addr { host: "127.9.237.193" port: 41461 } } peers { permanent_uuid: "d20fb1c17d6e473c9a92d2f82b164f24" member_type: VOTER last_known_addr { host: "127.9.237.194" port: 35099 } } peers { permanent_uuid: "7681f2f8e9064dad9ca967d113a7cd68" member_type: VOTER last_known_addr { host: "127.9.237.195" port: 36371 } }
I20260608 10:05:34.509604 13303 raft_consensus.cc:2468] T 71935fb23dfb48dba7b4dbb55887133b P 7681f2f8e9064dad9ca967d113a7cd68 [term 2 FOLLOWER]: Leader election vote request: Granting yes vote for candidate d20fb1c17d6e473c9a92d2f82b164f24 in term 2.
I20260608 10:05:34.518412 13049 catalog_manager.cc:5696] T 71935fb23dfb48dba7b4dbb55887133b P d20fb1c17d6e473c9a92d2f82b164f24 reported cstate change: term changed from 1 to 2, leader changed from 7681f2f8e9064dad9ca967d113a7cd68 (127.9.237.195) to d20fb1c17d6e473c9a92d2f82b164f24 (127.9.237.194). New cstate: current_term: 2 leader_uuid: "d20fb1c17d6e473c9a92d2f82b164f24" committed_config { opid_index: -1 OBSOLETE_local: false peers { permanent_uuid: "846416d3834b4d82b57407143ebaff16" member_type: VOTER last_known_addr { host: "127.9.237.193" port: 41461 } health_report { overall_health: UNKNOWN } } peers { permanent_uuid: "d20fb1c17d6e473c9a92d2f82b164f24" member_type: VOTER last_known_addr { host: "127.9.237.194" port: 35099 } health_report { overall_health: HEALTHY } } peers { permanent_uuid: "7681f2f8e9064dad9ca967d113a7cd68" member_type: VOTER last_known_addr { host: "127.9.237.195" port: 36371 } health_report { overall_health: UNKNOWN } } }
I20260608 10:05:34.528350 13588 tablet_bootstrap.cc:492] T e44111ca3c0449c6870b8b10b7cd395f P 84ab9b5b2d494d72aaa46f6a10cd9db0: Bootstrap replayed 1/1 log segments. Stats: ops{read=2 overwritten=0 applied=2 ignored=0} inserts{seen=0 ignored=0} mutations{seen=0 ignored=0} orphaned_commits=0. Pending: 0 replicates
I20260608 10:05:34.529327 13588 tablet_bootstrap.cc:492] T e44111ca3c0449c6870b8b10b7cd395f P 84ab9b5b2d494d72aaa46f6a10cd9db0: Bootstrap complete.
I20260608 10:05:34.530089 13588 ts_tablet_manager.cc:1403] T e44111ca3c0449c6870b8b10b7cd395f P 84ab9b5b2d494d72aaa46f6a10cd9db0: Time spent bootstrapping tablet: real 0.045s	user 0.013s	sys 0.016s
I20260608 10:05:34.533109 13588 raft_consensus.cc:359] T e44111ca3c0449c6870b8b10b7cd395f P 84ab9b5b2d494d72aaa46f6a10cd9db0 [term 1 LEARNER]: Replica starting. Triggering 0 pending ops. Active config: opid_index: 2 OBSOLETE_local: false peers { permanent_uuid: "d20fb1c17d6e473c9a92d2f82b164f24" member_type: VOTER last_known_addr { host: "127.9.237.194" port: 35099 } } peers { permanent_uuid: "846416d3834b4d82b57407143ebaff16" member_type: VOTER last_known_addr { host: "127.9.237.193" port: 41461 } attrs { replace: true } } peers { permanent_uuid: "7681f2f8e9064dad9ca967d113a7cd68" member_type: VOTER last_known_addr { host: "127.9.237.195" port: 36371 } } peers { permanent_uuid: "84ab9b5b2d494d72aaa46f6a10cd9db0" member_type: NON_VOTER last_known_addr { host: "127.9.237.196" port: 42501 } attrs { promote: true } }
I20260608 10:05:34.533985 13588 raft_consensus.cc:740] T e44111ca3c0449c6870b8b10b7cd395f P 84ab9b5b2d494d72aaa46f6a10cd9db0 [term 1 LEARNER]: Becoming Follower/Learner. State: Replica: 84ab9b5b2d494d72aaa46f6a10cd9db0, State: Initialized, Role: LEARNER
I20260608 10:05:34.534749 13588 consensus_queue.cc:260] T e44111ca3c0449c6870b8b10b7cd395f P 84ab9b5b2d494d72aaa46f6a10cd9db0 [NON_LEADER]: Queue going to NON_LEADER mode. State: All replicated index: 0, Majority replicated index: 0, Committed index: 2, Last appended: 1.2, Last appended by leader: 2, Current term: 0, Majority size: -1, State: 0, Mode: NON_LEADER, active raft config: opid_index: 2 OBSOLETE_local: false peers { permanent_uuid: "d20fb1c17d6e473c9a92d2f82b164f24" member_type: VOTER last_known_addr { host: "127.9.237.194" port: 35099 } } peers { permanent_uuid: "846416d3834b4d82b57407143ebaff16" member_type: VOTER last_known_addr { host: "127.9.237.193" port: 41461 } attrs { replace: true } } peers { permanent_uuid: "7681f2f8e9064dad9ca967d113a7cd68" member_type: VOTER last_known_addr { host: "127.9.237.195" port: 36371 } } peers { permanent_uuid: "84ab9b5b2d494d72aaa46f6a10cd9db0" member_type: NON_VOTER last_known_addr { host: "127.9.237.196" port: 42501 } attrs { promote: true } }
I20260608 10:05:34.537357 13588 ts_tablet_manager.cc:1434] T e44111ca3c0449c6870b8b10b7cd395f P 84ab9b5b2d494d72aaa46f6a10cd9db0: Time spent starting tablet: real 0.007s	user 0.004s	sys 0.000s
I20260608 10:05:34.539127 13313 tablet_copy_service.cc:342] P 7681f2f8e9064dad9ca967d113a7cd68: Request end of tablet copy session 84ab9b5b2d494d72aaa46f6a10cd9db0-e44111ca3c0449c6870b8b10b7cd395f received from {username='slave'} at 127.0.0.1:51488
I20260608 10:05:34.539515 13313 tablet_copy_service.cc:434] P 7681f2f8e9064dad9ca967d113a7cd68: ending tablet copy session 84ab9b5b2d494d72aaa46f6a10cd9db0-e44111ca3c0449c6870b8b10b7cd395f on tablet e44111ca3c0449c6870b8b10b7cd395f with peer 84ab9b5b2d494d72aaa46f6a10cd9db0
I20260608 10:05:34.644533 13303 raft_consensus.cc:1275] T f6b084a4176a40db9164e53857d9cc1b P 7681f2f8e9064dad9ca967d113a7cd68 [term 2 FOLLOWER]: Refusing update from remote peer d20fb1c17d6e473c9a92d2f82b164f24: Log matching property violated. Preceding OpId in replica: term: 1 index: 1. Preceding OpId from leader: term: 2 index: 2. (index mismatch)
I20260608 10:05:34.646632 13583 consensus_queue.cc:1048] T f6b084a4176a40db9164e53857d9cc1b P d20fb1c17d6e473c9a92d2f82b164f24 [LEADER]: Connected to new peer: Peer: permanent_uuid: "7681f2f8e9064dad9ca967d113a7cd68" member_type: VOTER last_known_addr { host: "127.9.237.195" port: 36371 }, Status: LMP_MISMATCH, Last received: 0.0, Next index: 2, Last known committed idx: 1, Time since last communication: 0.000s
I20260608 10:05:34.647169 13303 raft_consensus.cc:1275] T 8f296c49d674492baa447dcc516e2c7e P 7681f2f8e9064dad9ca967d113a7cd68 [term 2 FOLLOWER]: Refusing update from remote peer d20fb1c17d6e473c9a92d2f82b164f24: Log matching property violated. Preceding OpId in replica: term: 1 index: 1. Preceding OpId from leader: term: 2 index: 2. (index mismatch)
I20260608 10:05:34.649101 13583 consensus_queue.cc:1048] T 8f296c49d674492baa447dcc516e2c7e P d20fb1c17d6e473c9a92d2f82b164f24 [LEADER]: Connected to new peer: Peer: permanent_uuid: "7681f2f8e9064dad9ca967d113a7cd68" member_type: VOTER last_known_addr { host: "127.9.237.195" port: 36371 }, Status: LMP_MISMATCH, Last received: 0.0, Next index: 2, Last known committed idx: 1, Time since last communication: 0.000s
I20260608 10:05:34.664925 13153 raft_consensus.cc:3060] T 8f296c49d674492baa447dcc516e2c7e P 846416d3834b4d82b57407143ebaff16 [term 1 FOLLOWER]: Advancing to term 2
I20260608 10:05:34.671386 13154 raft_consensus.cc:1275] T f6b084a4176a40db9164e53857d9cc1b P 846416d3834b4d82b57407143ebaff16 [term 2 FOLLOWER]: Refusing update from remote peer d20fb1c17d6e473c9a92d2f82b164f24: Log matching property violated. Preceding OpId in replica: term: 1 index: 1. Preceding OpId from leader: term: 2 index: 2. (index mismatch)
I20260608 10:05:34.676397 13153 raft_consensus.cc:1275] T 8f296c49d674492baa447dcc516e2c7e P 846416d3834b4d82b57407143ebaff16 [term 2 FOLLOWER]: Refusing update from remote peer d20fb1c17d6e473c9a92d2f82b164f24: Log matching property violated. Preceding OpId in replica: term: 1 index: 1. Preceding OpId from leader: term: 2 index: 2. (index mismatch)
I20260608 10:05:34.679225 13516 consensus_queue.cc:1048] T f6b084a4176a40db9164e53857d9cc1b P d20fb1c17d6e473c9a92d2f82b164f24 [LEADER]: Connected to new peer: Peer: permanent_uuid: "846416d3834b4d82b57407143ebaff16" member_type: VOTER last_known_addr { host: "127.9.237.193" port: 41461 }, Status: LMP_MISMATCH, Last received: 0.0, Next index: 2, Last known committed idx: 1, Time since last communication: 0.000s
I20260608 10:05:34.679347 13565 consensus_queue.cc:1048] T 8f296c49d674492baa447dcc516e2c7e P d20fb1c17d6e473c9a92d2f82b164f24 [LEADER]: Connected to new peer: Peer: permanent_uuid: "846416d3834b4d82b57407143ebaff16" member_type: VOTER last_known_addr { host: "127.9.237.193" port: 41461 }, Status: LMP_MISMATCH, Last received: 0.0, Next index: 2, Last known committed idx: 1, Time since last communication: 0.000s
I20260608 10:05:34.710393 13588 ts_tablet_manager.cc:933] T 9e6def66a25c48638e5f34258ef986ac P 84ab9b5b2d494d72aaa46f6a10cd9db0: Initiating tablet copy from peer 846416d3834b4d82b57407143ebaff16 (127.9.237.193:41461)
I20260608 10:05:34.712034 13588 tablet_copy_client.cc:323] T 9e6def66a25c48638e5f34258ef986ac P 84ab9b5b2d494d72aaa46f6a10cd9db0: tablet copy: Beginning tablet copy session from remote peer at address 127.9.237.193:41461
I20260608 10:05:34.713694 13164 tablet_copy_service.cc:140] P 846416d3834b4d82b57407143ebaff16: Received BeginTabletCopySession request for tablet 9e6def66a25c48638e5f34258ef986ac from peer 84ab9b5b2d494d72aaa46f6a10cd9db0 ({username='slave'} at 127.0.0.1:43376)
I20260608 10:05:34.714371 13164 tablet_copy_service.cc:161] P 846416d3834b4d82b57407143ebaff16: Beginning new tablet copy session on tablet 9e6def66a25c48638e5f34258ef986ac from peer 84ab9b5b2d494d72aaa46f6a10cd9db0 at {username='slave'} at 127.0.0.1:43376: session id = 84ab9b5b2d494d72aaa46f6a10cd9db0-9e6def66a25c48638e5f34258ef986ac
I20260608 10:05:34.722863 13164 tablet_copy_source_session.cc:215] T 9e6def66a25c48638e5f34258ef986ac P 846416d3834b4d82b57407143ebaff16: Tablet Copy: opened 0 blocks and 1 log segments
I20260608 10:05:34.726370 13588 data_dirs.cc:400] Could only allocate 1 dirs of requested 3 for tablet 9e6def66a25c48638e5f34258ef986ac. 1 dirs total, 0 dirs full, 0 dirs failed
I20260608 10:05:34.737769 13599 ts_tablet_manager.cc:933] T 53f2dc97c78148b1bdffe8299bd2c59b P 84ab9b5b2d494d72aaa46f6a10cd9db0: Initiating tablet copy from peer d20fb1c17d6e473c9a92d2f82b164f24 (127.9.237.194:35099)
I20260608 10:05:34.740468 13599 tablet_copy_client.cc:323] T 53f2dc97c78148b1bdffe8299bd2c59b P 84ab9b5b2d494d72aaa46f6a10cd9db0: tablet copy: Beginning tablet copy session from remote peer at address 127.9.237.194:35099
I20260608 10:05:34.740895 13588 tablet_copy_client.cc:806] T 9e6def66a25c48638e5f34258ef986ac P 84ab9b5b2d494d72aaa46f6a10cd9db0: tablet copy: Starting download of 0 data blocks...
I20260608 10:05:34.741463 13588 tablet_copy_client.cc:670] T 9e6def66a25c48638e5f34258ef986ac P 84ab9b5b2d494d72aaa46f6a10cd9db0: tablet copy: Starting download of 1 WAL segments...
I20260608 10:05:34.742651 13239 tablet_copy_service.cc:140] P d20fb1c17d6e473c9a92d2f82b164f24: Received BeginTabletCopySession request for tablet 53f2dc97c78148b1bdffe8299bd2c59b from peer 84ab9b5b2d494d72aaa46f6a10cd9db0 ({username='slave'} at 127.0.0.1:58956)
I20260608 10:05:34.743276 13239 tablet_copy_service.cc:161] P d20fb1c17d6e473c9a92d2f82b164f24: Beginning new tablet copy session on tablet 53f2dc97c78148b1bdffe8299bd2c59b from peer 84ab9b5b2d494d72aaa46f6a10cd9db0 at {username='slave'} at 127.0.0.1:58956: session id = 84ab9b5b2d494d72aaa46f6a10cd9db0-53f2dc97c78148b1bdffe8299bd2c59b
I20260608 10:05:34.745030 13588 tablet_copy_client.cc:538] T 9e6def66a25c48638e5f34258ef986ac P 84ab9b5b2d494d72aaa46f6a10cd9db0: tablet copy: Tablet Copy complete. Replacing tablet superblock.
I20260608 10:05:34.751432 13239 tablet_copy_source_session.cc:215] T 53f2dc97c78148b1bdffe8299bd2c59b P d20fb1c17d6e473c9a92d2f82b164f24: Tablet Copy: opened 0 blocks and 1 log segments
I20260608 10:05:34.753780 13588 tablet_bootstrap.cc:492] T 9e6def66a25c48638e5f34258ef986ac P 84ab9b5b2d494d72aaa46f6a10cd9db0: Bootstrap starting.
I20260608 10:05:34.754279 13229 raft_consensus.cc:1275] T 6c2a10044aca4c8b9f9b0b214d20b01d P d20fb1c17d6e473c9a92d2f82b164f24 [term 2 FOLLOWER]: Refusing update from remote peer 84ab9b5b2d494d72aaa46f6a10cd9db0: Log matching property violated. Preceding OpId in replica: term: 0 index: 0. Preceding OpId from leader: term: 2 index: 1. (index mismatch)
I20260608 10:05:34.756187 13599 data_dirs.cc:400] Could only allocate 1 dirs of requested 3 for tablet 53f2dc97c78148b1bdffe8299bd2c59b. 1 dirs total, 0 dirs full, 0 dirs failed
I20260608 10:05:34.756394 13587 consensus_queue.cc:1048] T 6c2a10044aca4c8b9f9b0b214d20b01d P 84ab9b5b2d494d72aaa46f6a10cd9db0 [LEADER]: Connected to new peer: Peer: permanent_uuid: "d20fb1c17d6e473c9a92d2f82b164f24" member_type: VOTER last_known_addr { host: "127.9.237.194" port: 35099 }, Status: LMP_MISMATCH, Last received: 0.0, Next index: 1, Last known committed idx: 0, Time since last communication: 0.000s
I20260608 10:05:34.773661 13599 tablet_copy_client.cc:806] T 53f2dc97c78148b1bdffe8299bd2c59b P 84ab9b5b2d494d72aaa46f6a10cd9db0: tablet copy: Starting download of 0 data blocks...
I20260608 10:05:34.774307 13599 tablet_copy_client.cc:670] T 53f2dc97c78148b1bdffe8299bd2c59b P 84ab9b5b2d494d72aaa46f6a10cd9db0: tablet copy: Starting download of 1 WAL segments...
I20260608 10:05:34.779145 13599 tablet_copy_client.cc:538] T 53f2dc97c78148b1bdffe8299bd2c59b P 84ab9b5b2d494d72aaa46f6a10cd9db0: tablet copy: Tablet Copy complete. Replacing tablet superblock.
I20260608 10:05:34.787472 13303 raft_consensus.cc:1275] T 6c2a10044aca4c8b9f9b0b214d20b01d P 7681f2f8e9064dad9ca967d113a7cd68 [term 2 FOLLOWER]: Refusing update from remote peer 84ab9b5b2d494d72aaa46f6a10cd9db0: Log matching property violated. Preceding OpId in replica: term: 1 index: 1. Preceding OpId from leader: term: 2 index: 1. (term mismatch)
I20260608 10:05:34.787906 13303 pending_rounds.cc:85] T 6c2a10044aca4c8b9f9b0b214d20b01d P 7681f2f8e9064dad9ca967d113a7cd68: Aborting all ops after (but not including) 0
I20260608 10:05:34.788175 13303 pending_rounds.cc:107] T 6c2a10044aca4c8b9f9b0b214d20b01d P 7681f2f8e9064dad9ca967d113a7cd68: Aborting uncommitted NO_OP operation due to leader change: 1.1
I20260608 10:05:34.788414 13303 raft_consensus.cc:2889] T 6c2a10044aca4c8b9f9b0b214d20b01d P 7681f2f8e9064dad9ca967d113a7cd68 [term 2 FOLLOWER]: NO_OP replication failed: Aborted: Op aborted by new leader
I20260608 10:05:34.788414 13588 tablet_bootstrap.cc:492] T 9e6def66a25c48638e5f34258ef986ac P 84ab9b5b2d494d72aaa46f6a10cd9db0: Bootstrap replayed 1/1 log segments. Stats: ops{read=2 overwritten=0 applied=2 ignored=0} inserts{seen=0 ignored=0} mutations{seen=0 ignored=0} orphaned_commits=0. Pending: 0 replicates
I20260608 10:05:34.788717 13599 tablet_bootstrap.cc:492] T 53f2dc97c78148b1bdffe8299bd2c59b P 84ab9b5b2d494d72aaa46f6a10cd9db0: Bootstrap starting.
I20260608 10:05:34.789551 13588 tablet_bootstrap.cc:492] T 9e6def66a25c48638e5f34258ef986ac P 84ab9b5b2d494d72aaa46f6a10cd9db0: Bootstrap complete.
I20260608 10:05:34.790282 13588 ts_tablet_manager.cc:1403] T 9e6def66a25c48638e5f34258ef986ac P 84ab9b5b2d494d72aaa46f6a10cd9db0: Time spent bootstrapping tablet: real 0.037s	user 0.023s	sys 0.008s
I20260608 10:05:34.791378 13587 consensus_queue.cc:1048] T 6c2a10044aca4c8b9f9b0b214d20b01d P 84ab9b5b2d494d72aaa46f6a10cd9db0 [LEADER]: Connected to new peer: Peer: permanent_uuid: "7681f2f8e9064dad9ca967d113a7cd68" member_type: VOTER last_known_addr { host: "127.9.237.195" port: 36371 }, Status: LMP_MISMATCH, Last received: 0.0, Next index: 1, Last known committed idx: 0, Time since last communication: 0.000s
I20260608 10:05:34.793510 13588 raft_consensus.cc:359] T 9e6def66a25c48638e5f34258ef986ac P 84ab9b5b2d494d72aaa46f6a10cd9db0 [term 1 LEARNER]: Replica starting. Triggering 0 pending ops. Active config: opid_index: 2 OBSOLETE_local: false peers { permanent_uuid: "846416d3834b4d82b57407143ebaff16" member_type: VOTER last_known_addr { host: "127.9.237.193" port: 41461 } } peers { permanent_uuid: "d20fb1c17d6e473c9a92d2f82b164f24" member_type: VOTER last_known_addr { host: "127.9.237.194" port: 35099 } } peers { permanent_uuid: "7681f2f8e9064dad9ca967d113a7cd68" member_type: VOTER last_known_addr { host: "127.9.237.195" port: 36371 } attrs { replace: true } } peers { permanent_uuid: "84ab9b5b2d494d72aaa46f6a10cd9db0" member_type: NON_VOTER last_known_addr { host: "127.9.237.196" port: 42501 } attrs { promote: true } }
I20260608 10:05:34.794399 13588 raft_consensus.cc:740] T 9e6def66a25c48638e5f34258ef986ac P 84ab9b5b2d494d72aaa46f6a10cd9db0 [term 1 LEARNER]: Becoming Follower/Learner. State: Replica: 84ab9b5b2d494d72aaa46f6a10cd9db0, State: Initialized, Role: LEARNER
I20260608 10:05:34.795074 13588 consensus_queue.cc:260] T 9e6def66a25c48638e5f34258ef986ac P 84ab9b5b2d494d72aaa46f6a10cd9db0 [NON_LEADER]: Queue going to NON_LEADER mode. State: All replicated index: 0, Majority replicated index: 0, Committed index: 2, Last appended: 1.2, Last appended by leader: 2, Current term: 0, Majority size: -1, State: 0, Mode: NON_LEADER, active raft config: opid_index: 2 OBSOLETE_local: false peers { permanent_uuid: "846416d3834b4d82b57407143ebaff16" member_type: VOTER last_known_addr { host: "127.9.237.193" port: 41461 } } peers { permanent_uuid: "d20fb1c17d6e473c9a92d2f82b164f24" member_type: VOTER last_known_addr { host: "127.9.237.194" port: 35099 } } peers { permanent_uuid: "7681f2f8e9064dad9ca967d113a7cd68" member_type: VOTER last_known_addr { host: "127.9.237.195" port: 36371 } attrs { replace: true } } peers { permanent_uuid: "84ab9b5b2d494d72aaa46f6a10cd9db0" member_type: NON_VOTER last_known_addr { host: "127.9.237.196" port: 42501 } attrs { promote: true } }
I20260608 10:05:34.798226 13588 ts_tablet_manager.cc:1434] T 9e6def66a25c48638e5f34258ef986ac P 84ab9b5b2d494d72aaa46f6a10cd9db0: Time spent starting tablet: real 0.007s	user 0.007s	sys 0.000s
I20260608 10:05:34.803903 13164 tablet_copy_service.cc:342] P 846416d3834b4d82b57407143ebaff16: Request end of tablet copy session 84ab9b5b2d494d72aaa46f6a10cd9db0-9e6def66a25c48638e5f34258ef986ac received from {username='slave'} at 127.0.0.1:43376
I20260608 10:05:34.804436 13164 tablet_copy_service.cc:434] P 846416d3834b4d82b57407143ebaff16: ending tablet copy session 84ab9b5b2d494d72aaa46f6a10cd9db0-9e6def66a25c48638e5f34258ef986ac on tablet 9e6def66a25c48638e5f34258ef986ac with peer 84ab9b5b2d494d72aaa46f6a10cd9db0
I20260608 10:05:34.829548 13599 tablet_bootstrap.cc:492] T 53f2dc97c78148b1bdffe8299bd2c59b P 84ab9b5b2d494d72aaa46f6a10cd9db0: Bootstrap replayed 1/1 log segments. Stats: ops{read=2 overwritten=0 applied=2 ignored=0} inserts{seen=0 ignored=0} mutations{seen=0 ignored=0} orphaned_commits=0. Pending: 0 replicates
I20260608 10:05:34.830451 13599 tablet_bootstrap.cc:492] T 53f2dc97c78148b1bdffe8299bd2c59b P 84ab9b5b2d494d72aaa46f6a10cd9db0: Bootstrap complete.
I20260608 10:05:34.831166 13599 ts_tablet_manager.cc:1403] T 53f2dc97c78148b1bdffe8299bd2c59b P 84ab9b5b2d494d72aaa46f6a10cd9db0: Time spent bootstrapping tablet: real 0.043s	user 0.019s	sys 0.012s
I20260608 10:05:34.834614 13599 raft_consensus.cc:359] T 53f2dc97c78148b1bdffe8299bd2c59b P 84ab9b5b2d494d72aaa46f6a10cd9db0 [term 1 LEARNER]: Replica starting. Triggering 0 pending ops. Active config: opid_index: 2 OBSOLETE_local: false peers { permanent_uuid: "846416d3834b4d82b57407143ebaff16" member_type: VOTER last_known_addr { host: "127.9.237.193" port: 41461 } attrs { replace: true } } peers { permanent_uuid: "d20fb1c17d6e473c9a92d2f82b164f24" member_type: VOTER last_known_addr { host: "127.9.237.194" port: 35099 } } peers { permanent_uuid: "7681f2f8e9064dad9ca967d113a7cd68" member_type: VOTER last_known_addr { host: "127.9.237.195" port: 36371 } } peers { permanent_uuid: "84ab9b5b2d494d72aaa46f6a10cd9db0" member_type: NON_VOTER last_known_addr { host: "127.9.237.196" port: 42501 } attrs { promote: true } }
I20260608 10:05:34.835495 13599 raft_consensus.cc:740] T 53f2dc97c78148b1bdffe8299bd2c59b P 84ab9b5b2d494d72aaa46f6a10cd9db0 [term 1 LEARNER]: Becoming Follower/Learner. State: Replica: 84ab9b5b2d494d72aaa46f6a10cd9db0, State: Initialized, Role: LEARNER
I20260608 10:05:34.836185 13599 consensus_queue.cc:260] T 53f2dc97c78148b1bdffe8299bd2c59b P 84ab9b5b2d494d72aaa46f6a10cd9db0 [NON_LEADER]: Queue going to NON_LEADER mode. State: All replicated index: 0, Majority replicated index: 0, Committed index: 2, Last appended: 1.2, Last appended by leader: 2, Current term: 0, Majority size: -1, State: 0, Mode: NON_LEADER, active raft config: opid_index: 2 OBSOLETE_local: false peers { permanent_uuid: "846416d3834b4d82b57407143ebaff16" member_type: VOTER last_known_addr { host: "127.9.237.193" port: 41461 } attrs { replace: true } } peers { permanent_uuid: "d20fb1c17d6e473c9a92d2f82b164f24" member_type: VOTER last_known_addr { host: "127.9.237.194" port: 35099 } } peers { permanent_uuid: "7681f2f8e9064dad9ca967d113a7cd68" member_type: VOTER last_known_addr { host: "127.9.237.195" port: 36371 } } peers { permanent_uuid: "84ab9b5b2d494d72aaa46f6a10cd9db0" member_type: NON_VOTER last_known_addr { host: "127.9.237.196" port: 42501 } attrs { promote: true } }
I20260608 10:05:34.838765 13599 ts_tablet_manager.cc:1434] T 53f2dc97c78148b1bdffe8299bd2c59b P 84ab9b5b2d494d72aaa46f6a10cd9db0: Time spent starting tablet: real 0.007s	user 0.008s	sys 0.000s
I20260608 10:05:34.843508 13239 tablet_copy_service.cc:342] P d20fb1c17d6e473c9a92d2f82b164f24: Request end of tablet copy session 84ab9b5b2d494d72aaa46f6a10cd9db0-53f2dc97c78148b1bdffe8299bd2c59b received from {username='slave'} at 127.0.0.1:58956
I20260608 10:05:34.844806 13239 tablet_copy_service.cc:434] P d20fb1c17d6e473c9a92d2f82b164f24: ending tablet copy session 84ab9b5b2d494d72aaa46f6a10cd9db0-53f2dc97c78148b1bdffe8299bd2c59b on tablet 53f2dc97c78148b1bdffe8299bd2c59b with peer 84ab9b5b2d494d72aaa46f6a10cd9db0
I20260608 10:05:34.890233 13153 raft_consensus.cc:1275] T 6288490d5e9046da8aabfea29798f0ba P 846416d3834b4d82b57407143ebaff16 [term 2 FOLLOWER]: Refusing update from remote peer 84ab9b5b2d494d72aaa46f6a10cd9db0: Log matching property violated. Preceding OpId in replica: term: 1 index: 1. Preceding OpId from leader: term: 2 index: 2. (index mismatch)
I20260608 10:05:34.891708 13512 consensus_queue.cc:1048] T 6288490d5e9046da8aabfea29798f0ba P 84ab9b5b2d494d72aaa46f6a10cd9db0 [LEADER]: Connected to new peer: Peer: permanent_uuid: "846416d3834b4d82b57407143ebaff16" member_type: VOTER last_known_addr { host: "127.9.237.193" port: 41461 }, Status: LMP_MISMATCH, Last received: 0.0, Next index: 2, Last known committed idx: 1, Time since last communication: 0.000s
