I20260608 10:05:23.760609 15822 consensus_queue.cc:237] T a74de779cdf54dc793e9125bf69f4085 P 3d583c6ef8c84dd5b59d5e60367ca680 [LEADER]: Queue going to LEADER mode. State: All replicated index: 0, Majority replicated index: 2, Committed index: 2, Last appended: 1.2, Last appended by leader: 0, Current term: 1, Majority size: 3, State: 0, Mode: LEADER, active raft config: opid_index: 3 OBSOLETE_local: false peers { permanent_uuid: "c567317797494f9faa858d890dfb8b91" member_type: VOTER last_known_addr { host: "127.12.89.1" port: 33757 } attrs { replace: true } } peers { permanent_uuid: "3d583c6ef8c84dd5b59d5e60367ca680" member_type: VOTER last_known_addr { host: "127.12.89.2" port: 35189 } } peers { permanent_uuid: "bd565b23eb0b4191adf8fe68893e77ba" member_type: VOTER last_known_addr { host: "127.12.89.3" port: 40761 } } peers { permanent_uuid: "ab07a42e57f74b68984ef05d63755ff8" member_type: VOTER last_known_addr { host: "127.12.89.4" port: 38491 } attrs { promote: false } }
I20260608 10:05:23.767310 15928 raft_consensus.cc:1275] T a74de779cdf54dc793e9125bf69f4085 P ab07a42e57f74b68984ef05d63755ff8 [term 1 LEARNER]: Refusing update from remote peer 3d583c6ef8c84dd5b59d5e60367ca680: Log matching property violated. Preceding OpId in replica: term: 1 index: 2. Preceding OpId from leader: term: 1 index: 3. (index mismatch)
I20260608 10:05:23.767349 15768 raft_consensus.cc:1275] T a74de779cdf54dc793e9125bf69f4085 P bd565b23eb0b4191adf8fe68893e77ba [term 1 FOLLOWER]: Refusing update from remote peer 3d583c6ef8c84dd5b59d5e60367ca680: Log matching property violated. Preceding OpId in replica: term: 1 index: 2. Preceding OpId from leader: term: 1 index: 3. (index mismatch)
I20260608 10:05:23.768635 15619 raft_consensus.cc:1275] T a74de779cdf54dc793e9125bf69f4085 P c567317797494f9faa858d890dfb8b91 [term 1 FOLLOWER]: Refusing update from remote peer 3d583c6ef8c84dd5b59d5e60367ca680: Log matching property violated. Preceding OpId in replica: term: 1 index: 2. Preceding OpId from leader: term: 1 index: 3. (index mismatch)
I20260608 10:05:23.769003 15822 consensus_queue.cc:1048] T a74de779cdf54dc793e9125bf69f4085 P 3d583c6ef8c84dd5b59d5e60367ca680 [LEADER]: Connected to new peer: Peer: permanent_uuid: "ab07a42e57f74b68984ef05d63755ff8" member_type: VOTER last_known_addr { host: "127.12.89.4" port: 38491 } attrs { promote: false }, Status: LMP_MISMATCH, Last received: 0.0, Next index: 3, Last known committed idx: 2, Time since last communication: 0.000s
I20260608 10:05:23.769863 16020 consensus_queue.cc:1048] T a74de779cdf54dc793e9125bf69f4085 P 3d583c6ef8c84dd5b59d5e60367ca680 [LEADER]: Connected to new peer: Peer: permanent_uuid: "c567317797494f9faa858d890dfb8b91" member_type: VOTER last_known_addr { host: "127.12.89.1" port: 33757 } attrs { replace: true }, Status: LMP_MISMATCH, Last received: 0.0, Next index: 3, Last known committed idx: 2, Time since last communication: 0.000s
I20260608 10:05:23.770674 16034 consensus_queue.cc:1048] T a74de779cdf54dc793e9125bf69f4085 P 3d583c6ef8c84dd5b59d5e60367ca680 [LEADER]: Connected to new peer: Peer: permanent_uuid: "bd565b23eb0b4191adf8fe68893e77ba" member_type: VOTER last_known_addr { host: "127.12.89.3" port: 40761 }, Status: LMP_MISMATCH, Last received: 0.0, Next index: 3, Last known committed idx: 2, Time since last communication: 0.000s
I20260608 10:05:23.792343 16034 raft_consensus.cc:2955] T a74de779cdf54dc793e9125bf69f4085 P 3d583c6ef8c84dd5b59d5e60367ca680 [term 1 LEADER]: Committing config change with OpId 1.3: config changed from index 2 to 3, ab07a42e57f74b68984ef05d63755ff8 (127.12.89.4) changed from NON_VOTER to VOTER. New config: { opid_index: 3 OBSOLETE_local: false peers { permanent_uuid: "c567317797494f9faa858d890dfb8b91" member_type: VOTER last_known_addr { host: "127.12.89.1" port: 33757 } attrs { replace: true } } peers { permanent_uuid: "3d583c6ef8c84dd5b59d5e60367ca680" member_type: VOTER last_known_addr { host: "127.12.89.2" port: 35189 } } peers { permanent_uuid: "bd565b23eb0b4191adf8fe68893e77ba" member_type: VOTER last_known_addr { host: "127.12.89.3" port: 40761 } } peers { permanent_uuid: "ab07a42e57f74b68984ef05d63755ff8" member_type: VOTER last_known_addr { host: "127.12.89.4" port: 38491 } attrs { promote: false } } }
I20260608 10:05:23.797258 15928 raft_consensus.cc:2955] T a74de779cdf54dc793e9125bf69f4085 P ab07a42e57f74b68984ef05d63755ff8 [term 1 FOLLOWER]: Committing config change with OpId 1.3: config changed from index 2 to 3, ab07a42e57f74b68984ef05d63755ff8 (127.12.89.4) changed from NON_VOTER to VOTER. New config: { opid_index: 3 OBSOLETE_local: false peers { permanent_uuid: "c567317797494f9faa858d890dfb8b91" member_type: VOTER last_known_addr { host: "127.12.89.1" port: 33757 } attrs { replace: true } } peers { permanent_uuid: "3d583c6ef8c84dd5b59d5e60367ca680" member_type: VOTER last_known_addr { host: "127.12.89.2" port: 35189 } } peers { permanent_uuid: "bd565b23eb0b4191adf8fe68893e77ba" member_type: VOTER last_known_addr { host: "127.12.89.3" port: 40761 } } peers { permanent_uuid: "ab07a42e57f74b68984ef05d63755ff8" member_type: VOTER last_known_addr { host: "127.12.89.4" port: 38491 } attrs { promote: false } } }
I20260608 10:05:23.817529 15619 raft_consensus.cc:2955] T a74de779cdf54dc793e9125bf69f4085 P c567317797494f9faa858d890dfb8b91 [term 1 FOLLOWER]: Committing config change with OpId 1.3: config changed from index 2 to 3, ab07a42e57f74b68984ef05d63755ff8 (127.12.89.4) changed from NON_VOTER to VOTER. New config: { opid_index: 3 OBSOLETE_local: false peers { permanent_uuid: "c567317797494f9faa858d890dfb8b91" member_type: VOTER last_known_addr { host: "127.12.89.1" port: 33757 } attrs { replace: true } } peers { permanent_uuid: "3d583c6ef8c84dd5b59d5e60367ca680" member_type: VOTER last_known_addr { host: "127.12.89.2" port: 35189 } } peers { permanent_uuid: "bd565b23eb0b4191adf8fe68893e77ba" member_type: VOTER last_known_addr { host: "127.12.89.3" port: 40761 } } peers { permanent_uuid: "ab07a42e57f74b68984ef05d63755ff8" member_type: VOTER last_known_addr { host: "127.12.89.4" port: 38491 } attrs { promote: false } } }
I20260608 10:05:23.822177 15515 catalog_manager.cc:5696] T a74de779cdf54dc793e9125bf69f4085 P ab07a42e57f74b68984ef05d63755ff8 reported cstate change: config changed from index 2 to 3, ab07a42e57f74b68984ef05d63755ff8 (127.12.89.4) changed from NON_VOTER to VOTER. New cstate: current_term: 1 leader_uuid: "3d583c6ef8c84dd5b59d5e60367ca680" committed_config { opid_index: 3 OBSOLETE_local: false peers { permanent_uuid: "c567317797494f9faa858d890dfb8b91" member_type: VOTER last_known_addr { host: "127.12.89.1" port: 33757 } attrs { replace: true } } peers { permanent_uuid: "3d583c6ef8c84dd5b59d5e60367ca680" member_type: VOTER last_known_addr { host: "127.12.89.2" port: 35189 } } peers { permanent_uuid: "bd565b23eb0b4191adf8fe68893e77ba" member_type: VOTER last_known_addr { host: "127.12.89.3" port: 40761 } } peers { permanent_uuid: "ab07a42e57f74b68984ef05d63755ff8" member_type: VOTER last_known_addr { host: "127.12.89.4" port: 38491 } attrs { promote: false } } }
I20260608 10:05:23.822670 15768 raft_consensus.cc:2955] T a74de779cdf54dc793e9125bf69f4085 P bd565b23eb0b4191adf8fe68893e77ba [term 1 FOLLOWER]: Committing config change with OpId 1.3: config changed from index 2 to 3, ab07a42e57f74b68984ef05d63755ff8 (127.12.89.4) changed from NON_VOTER to VOTER. New config: { opid_index: 3 OBSOLETE_local: false peers { permanent_uuid: "c567317797494f9faa858d890dfb8b91" member_type: VOTER last_known_addr { host: "127.12.89.1" port: 33757 } attrs { replace: true } } peers { permanent_uuid: "3d583c6ef8c84dd5b59d5e60367ca680" member_type: VOTER last_known_addr { host: "127.12.89.2" port: 35189 } } peers { permanent_uuid: "bd565b23eb0b4191adf8fe68893e77ba" member_type: VOTER last_known_addr { host: "127.12.89.3" port: 40761 } } peers { permanent_uuid: "ab07a42e57f74b68984ef05d63755ff8" member_type: VOTER last_known_addr { host: "127.12.89.4" port: 38491 } attrs { promote: false } } }
I20260608 10:05:23.857488 15694 consensus_queue.cc:237] T a74de779cdf54dc793e9125bf69f4085 P 3d583c6ef8c84dd5b59d5e60367ca680 [LEADER]: Queue going to LEADER mode. State: All replicated index: 0, Majority replicated index: 3, Committed index: 3, Last appended: 1.3, Last appended by leader: 0, Current term: 1, Majority size: 2, State: 0, Mode: LEADER, active raft config: opid_index: 4 OBSOLETE_local: false peers { permanent_uuid: "3d583c6ef8c84dd5b59d5e60367ca680" member_type: VOTER last_known_addr { host: "127.12.89.2" port: 35189 } } peers { permanent_uuid: "bd565b23eb0b4191adf8fe68893e77ba" member_type: VOTER last_known_addr { host: "127.12.89.3" port: 40761 } } peers { permanent_uuid: "ab07a42e57f74b68984ef05d63755ff8" member_type: VOTER last_known_addr { host: "127.12.89.4" port: 38491 } attrs { promote: false } }
I20260608 10:05:23.863164 15928 raft_consensus.cc:1275] T a74de779cdf54dc793e9125bf69f4085 P ab07a42e57f74b68984ef05d63755ff8 [term 1 FOLLOWER]: Refusing update from remote peer 3d583c6ef8c84dd5b59d5e60367ca680: Log matching property violated. Preceding OpId in replica: term: 1 index: 3. Preceding OpId from leader: term: 1 index: 4. (index mismatch)
I20260608 10:05:23.863396 15768 raft_consensus.cc:1275] T a74de779cdf54dc793e9125bf69f4085 P bd565b23eb0b4191adf8fe68893e77ba [term 1 FOLLOWER]: Refusing update from remote peer 3d583c6ef8c84dd5b59d5e60367ca680: Log matching property violated. Preceding OpId in replica: term: 1 index: 3. Preceding OpId from leader: term: 1 index: 4. (index mismatch)
I20260608 10:05:23.864588 16020 consensus_queue.cc:1048] T a74de779cdf54dc793e9125bf69f4085 P 3d583c6ef8c84dd5b59d5e60367ca680 [LEADER]: Connected to new peer: Peer: permanent_uuid: "ab07a42e57f74b68984ef05d63755ff8" member_type: VOTER last_known_addr { host: "127.12.89.4" port: 38491 } attrs { promote: false }, Status: LMP_MISMATCH, Last received: 0.0, Next index: 4, Last known committed idx: 3, Time since last communication: 0.000s
I20260608 10:05:23.865396 15822 consensus_queue.cc:1048] T a74de779cdf54dc793e9125bf69f4085 P 3d583c6ef8c84dd5b59d5e60367ca680 [LEADER]: Connected to new peer: Peer: permanent_uuid: "bd565b23eb0b4191adf8fe68893e77ba" member_type: VOTER last_known_addr { host: "127.12.89.3" port: 40761 }, Status: LMP_MISMATCH, Last received: 0.0, Next index: 4, Last known committed idx: 3, Time since last communication: 0.000s
I20260608 10:05:23.872090 16034 raft_consensus.cc:2955] T a74de779cdf54dc793e9125bf69f4085 P 3d583c6ef8c84dd5b59d5e60367ca680 [term 1 LEADER]: Committing config change with OpId 1.4: config changed from index 3 to 4, VOTER c567317797494f9faa858d890dfb8b91 (127.12.89.1) evicted. New config: { opid_index: 4 OBSOLETE_local: false peers { permanent_uuid: "3d583c6ef8c84dd5b59d5e60367ca680" member_type: VOTER last_known_addr { host: "127.12.89.2" port: 35189 } } peers { permanent_uuid: "bd565b23eb0b4191adf8fe68893e77ba" member_type: VOTER last_known_addr { host: "127.12.89.3" port: 40761 } } peers { permanent_uuid: "ab07a42e57f74b68984ef05d63755ff8" member_type: VOTER last_known_addr { host: "127.12.89.4" port: 38491 } attrs { promote: false } } }
I20260608 10:05:23.878793 15928 raft_consensus.cc:2955] T a74de779cdf54dc793e9125bf69f4085 P ab07a42e57f74b68984ef05d63755ff8 [term 1 FOLLOWER]: Committing config change with OpId 1.4: config changed from index 3 to 4, VOTER c567317797494f9faa858d890dfb8b91 (127.12.89.1) evicted. New config: { opid_index: 4 OBSOLETE_local: false peers { permanent_uuid: "3d583c6ef8c84dd5b59d5e60367ca680" member_type: VOTER last_known_addr { host: "127.12.89.2" port: 35189 } } peers { permanent_uuid: "bd565b23eb0b4191adf8fe68893e77ba" member_type: VOTER last_known_addr { host: "127.12.89.3" port: 40761 } } peers { permanent_uuid: "ab07a42e57f74b68984ef05d63755ff8" member_type: VOTER last_known_addr { host: "127.12.89.4" port: 38491 } attrs { promote: false } } }
I20260608 10:05:23.879848 15502 catalog_manager.cc:5209] ChangeConfig:REMOVE_PEER RPC for tablet a74de779cdf54dc793e9125bf69f4085 with cas_config_opid_index 3: ChangeConfig:REMOVE_PEER succeeded (attempt 1)
I20260608 10:05:23.879499 15768 raft_consensus.cc:2955] T a74de779cdf54dc793e9125bf69f4085 P bd565b23eb0b4191adf8fe68893e77ba [term 1 FOLLOWER]: Committing config change with OpId 1.4: config changed from index 3 to 4, VOTER c567317797494f9faa858d890dfb8b91 (127.12.89.1) evicted. New config: { opid_index: 4 OBSOLETE_local: false peers { permanent_uuid: "3d583c6ef8c84dd5b59d5e60367ca680" member_type: VOTER last_known_addr { host: "127.12.89.2" port: 35189 } } peers { permanent_uuid: "bd565b23eb0b4191adf8fe68893e77ba" member_type: VOTER last_known_addr { host: "127.12.89.3" port: 40761 } } peers { permanent_uuid: "ab07a42e57f74b68984ef05d63755ff8" member_type: VOTER last_known_addr { host: "127.12.89.4" port: 38491 } attrs { promote: false } } }
I20260608 10:05:23.887800 15514 catalog_manager.cc:5696] T a74de779cdf54dc793e9125bf69f4085 P 3d583c6ef8c84dd5b59d5e60367ca680 reported cstate change: config changed from index 3 to 4, VOTER c567317797494f9faa858d890dfb8b91 (127.12.89.1) evicted. New cstate: current_term: 1 leader_uuid: "3d583c6ef8c84dd5b59d5e60367ca680" committed_config { opid_index: 4 OBSOLETE_local: false peers { permanent_uuid: "3d583c6ef8c84dd5b59d5e60367ca680" member_type: VOTER last_known_addr { host: "127.12.89.2" port: 35189 } health_report { overall_health: HEALTHY } } peers { permanent_uuid: "bd565b23eb0b4191adf8fe68893e77ba" member_type: VOTER last_known_addr { host: "127.12.89.3" port: 40761 } health_report { overall_health: HEALTHY } } peers { permanent_uuid: "ab07a42e57f74b68984ef05d63755ff8" member_type: VOTER last_known_addr { host: "127.12.89.4" port: 38491 } attrs { promote: false } health_report { overall_health: HEALTHY } } }
I20260608 10:05:23.899621 15603 tablet_service.cc:1558] Processing DeleteTablet for tablet a74de779cdf54dc793e9125bf69f4085 with delete_type TABLET_DATA_TOMBSTONED (TS c567317797494f9faa858d890dfb8b91 not found in new config with opid_index 4) from {username='slave'} at 127.0.0.1:41526
I20260608 10:05:23.901983 16085 tablet_replica.cc:333] T a74de779cdf54dc793e9125bf69f4085 P c567317797494f9faa858d890dfb8b91: stopping tablet replica
I20260608 10:05:23.902989 16085 raft_consensus.cc:2243] T a74de779cdf54dc793e9125bf69f4085 P c567317797494f9faa858d890dfb8b91 [term 1 FOLLOWER]: Raft consensus shutting down.
I20260608 10:05:23.903926 16085 raft_consensus.cc:2272] T a74de779cdf54dc793e9125bf69f4085 P c567317797494f9faa858d890dfb8b91 [term 1 FOLLOWER]: Raft consensus is shut down!
I20260608 10:05:23.908772 16085 ts_tablet_manager.cc:1916] T a74de779cdf54dc793e9125bf69f4085 P c567317797494f9faa858d890dfb8b91: Deleting tablet data with delete state TABLET_DATA_TOMBSTONED
I20260608 10:05:23.922087 16085 ts_tablet_manager.cc:1929] T a74de779cdf54dc793e9125bf69f4085 P c567317797494f9faa858d890dfb8b91: tablet deleted with delete type TABLET_DATA_TOMBSTONED: last-logged OpId 1.3
I20260608 10:05:23.922454 16085 log.cc:1199] T a74de779cdf54dc793e9125bf69f4085 P c567317797494f9faa858d890dfb8b91: Deleting WAL directory at /tmp/dist-test-taskblNtq0/test-tmp/auto_rebalancer-test.0.AutoRebalancerTest.RangeAwareRebalancesNewRangeReplicas.1780913040948569-12644-0/minicluster-data/ts-0-root/wals/a74de779cdf54dc793e9125bf69f4085
I20260608 10:05:23.924155 15504 catalog_manager.cc:5027] TS c567317797494f9faa858d890dfb8b91 (127.12.89.1:33757): tablet a74de779cdf54dc793e9125bf69f4085 (table range_aware_rebalance_new_range [id=9462fe461c78447b83149bfdaaf5cc0f]) successfully deleted
I20260608 10:05:24.011909 15849 raft_consensus.cc:1064] T 9847ea2e75164bae89a67389509a25c0 P c567317797494f9faa858d890dfb8b91: attempting to promote NON_VOTER ab07a42e57f74b68984ef05d63755ff8 to VOTER
I20260608 10:05:24.014360 15849 consensus_queue.cc:237] T 9847ea2e75164bae89a67389509a25c0 P c567317797494f9faa858d890dfb8b91 [LEADER]: Queue going to LEADER mode. State: All replicated index: 0, Majority replicated index: 2, Committed index: 2, Last appended: 1.2, Last appended by leader: 0, Current term: 1, Majority size: 3, State: 0, Mode: LEADER, active raft config: opid_index: 3 OBSOLETE_local: false peers { permanent_uuid: "c567317797494f9faa858d890dfb8b91" member_type: VOTER last_known_addr { host: "127.12.89.1" port: 33757 } } peers { permanent_uuid: "3d583c6ef8c84dd5b59d5e60367ca680" member_type: VOTER last_known_addr { host: "127.12.89.2" port: 35189 } attrs { replace: true } } peers { permanent_uuid: "bd565b23eb0b4191adf8fe68893e77ba" member_type: VOTER last_known_addr { host: "127.12.89.3" port: 40761 } } peers { permanent_uuid: "ab07a42e57f74b68984ef05d63755ff8" member_type: VOTER last_known_addr { host: "127.12.89.4" port: 38491 } attrs { promote: false } }
I20260608 10:05:24.021413 15928 raft_consensus.cc:1275] T 9847ea2e75164bae89a67389509a25c0 P ab07a42e57f74b68984ef05d63755ff8 [term 1 LEARNER]: Refusing update from remote peer c567317797494f9faa858d890dfb8b91: Log matching property violated. Preceding OpId in replica: term: 1 index: 2. Preceding OpId from leader: term: 1 index: 3. (index mismatch)
I20260608 10:05:24.022919 15768 raft_consensus.cc:1275] T 9847ea2e75164bae89a67389509a25c0 P bd565b23eb0b4191adf8fe68893e77ba [term 1 FOLLOWER]: Refusing update from remote peer c567317797494f9faa858d890dfb8b91: Log matching property violated. Preceding OpId in replica: term: 1 index: 2. Preceding OpId from leader: term: 1 index: 3. (index mismatch)
I20260608 10:05:24.023501 15849 consensus_queue.cc:1048] T 9847ea2e75164bae89a67389509a25c0 P c567317797494f9faa858d890dfb8b91 [LEADER]: Connected to new peer: Peer: permanent_uuid: "ab07a42e57f74b68984ef05d63755ff8" member_type: VOTER last_known_addr { host: "127.12.89.4" port: 38491 } attrs { promote: false }, Status: LMP_MISMATCH, Last received: 0.0, Next index: 3, Last known committed idx: 2, Time since last communication: 0.000s
I20260608 10:05:24.023931 15694 raft_consensus.cc:1275] T 9847ea2e75164bae89a67389509a25c0 P 3d583c6ef8c84dd5b59d5e60367ca680 [term 1 FOLLOWER]: Refusing update from remote peer c567317797494f9faa858d890dfb8b91: Log matching property violated. Preceding OpId in replica: term: 1 index: 2. Preceding OpId from leader: term: 1 index: 3. (index mismatch)
I20260608 10:05:24.025013 16074 consensus_queue.cc:1048] T 9847ea2e75164bae89a67389509a25c0 P c567317797494f9faa858d890dfb8b91 [LEADER]: Connected to new peer: Peer: permanent_uuid: "bd565b23eb0b4191adf8fe68893e77ba" member_type: VOTER last_known_addr { host: "127.12.89.3" port: 40761 }, Status: LMP_MISMATCH, Last received: 0.0, Next index: 3, Last known committed idx: 2, Time since last communication: 0.000s
I20260608 10:05:24.025746 15835 consensus_queue.cc:1048] T 9847ea2e75164bae89a67389509a25c0 P c567317797494f9faa858d890dfb8b91 [LEADER]: Connected to new peer: Peer: permanent_uuid: "3d583c6ef8c84dd5b59d5e60367ca680" member_type: VOTER last_known_addr { host: "127.12.89.2" port: 35189 } attrs { replace: true }, Status: LMP_MISMATCH, Last received: 0.0, Next index: 3, Last known committed idx: 2, Time since last communication: 0.000s
I20260608 10:05:24.043669 16074 raft_consensus.cc:2955] T 9847ea2e75164bae89a67389509a25c0 P c567317797494f9faa858d890dfb8b91 [term 1 LEADER]: Committing config change with OpId 1.3: config changed from index 2 to 3, ab07a42e57f74b68984ef05d63755ff8 (127.12.89.4) changed from NON_VOTER to VOTER. New config: { opid_index: 3 OBSOLETE_local: false peers { permanent_uuid: "c567317797494f9faa858d890dfb8b91" member_type: VOTER last_known_addr { host: "127.12.89.1" port: 33757 } } peers { permanent_uuid: "3d583c6ef8c84dd5b59d5e60367ca680" member_type: VOTER last_known_addr { host: "127.12.89.2" port: 35189 } attrs { replace: true } } peers { permanent_uuid: "bd565b23eb0b4191adf8fe68893e77ba" member_type: VOTER last_known_addr { host: "127.12.89.3" port: 40761 } } peers { permanent_uuid: "ab07a42e57f74b68984ef05d63755ff8" member_type: VOTER last_known_addr { host: "127.12.89.4" port: 38491 } attrs { promote: false } } }
I20260608 10:05:24.046577 15767 raft_consensus.cc:2955] T 9847ea2e75164bae89a67389509a25c0 P bd565b23eb0b4191adf8fe68893e77ba [term 1 FOLLOWER]: Committing config change with OpId 1.3: config changed from index 2 to 3, ab07a42e57f74b68984ef05d63755ff8 (127.12.89.4) changed from NON_VOTER to VOTER. New config: { opid_index: 3 OBSOLETE_local: false peers { permanent_uuid: "c567317797494f9faa858d890dfb8b91" member_type: VOTER last_known_addr { host: "127.12.89.1" port: 33757 } } peers { permanent_uuid: "3d583c6ef8c84dd5b59d5e60367ca680" member_type: VOTER last_known_addr { host: "127.12.89.2" port: 35189 } attrs { replace: true } } peers { permanent_uuid: "bd565b23eb0b4191adf8fe68893e77ba" member_type: VOTER last_known_addr { host: "127.12.89.3" port: 40761 } } peers { permanent_uuid: "ab07a42e57f74b68984ef05d63755ff8" member_type: VOTER last_known_addr { host: "127.12.89.4" port: 38491 } attrs { promote: false } } }
I20260608 10:05:24.053606 15694 raft_consensus.cc:2955] T 9847ea2e75164bae89a67389509a25c0 P 3d583c6ef8c84dd5b59d5e60367ca680 [term 1 FOLLOWER]: Committing config change with OpId 1.3: config changed from index 2 to 3, ab07a42e57f74b68984ef05d63755ff8 (127.12.89.4) changed from NON_VOTER to VOTER. New config: { opid_index: 3 OBSOLETE_local: false peers { permanent_uuid: "c567317797494f9faa858d890dfb8b91" member_type: VOTER last_known_addr { host: "127.12.89.1" port: 33757 } } peers { permanent_uuid: "3d583c6ef8c84dd5b59d5e60367ca680" member_type: VOTER last_known_addr { host: "127.12.89.2" port: 35189 } attrs { replace: true } } peers { permanent_uuid: "bd565b23eb0b4191adf8fe68893e77ba" member_type: VOTER last_known_addr { host: "127.12.89.3" port: 40761 } } peers { permanent_uuid: "ab07a42e57f74b68984ef05d63755ff8" member_type: VOTER last_known_addr { host: "127.12.89.4" port: 38491 } attrs { promote: false } } }
I20260608 10:05:24.057160 15928 raft_consensus.cc:2955] T 9847ea2e75164bae89a67389509a25c0 P ab07a42e57f74b68984ef05d63755ff8 [term 1 FOLLOWER]: Committing config change with OpId 1.3: config changed from index 2 to 3, ab07a42e57f74b68984ef05d63755ff8 (127.12.89.4) changed from NON_VOTER to VOTER. New config: { opid_index: 3 OBSOLETE_local: false peers { permanent_uuid: "c567317797494f9faa858d890dfb8b91" member_type: VOTER last_known_addr { host: "127.12.89.1" port: 33757 } } peers { permanent_uuid: "3d583c6ef8c84dd5b59d5e60367ca680" member_type: VOTER last_known_addr { host: "127.12.89.2" port: 35189 } attrs { replace: true } } peers { permanent_uuid: "bd565b23eb0b4191adf8fe68893e77ba" member_type: VOTER last_known_addr { host: "127.12.89.3" port: 40761 } } peers { permanent_uuid: "ab07a42e57f74b68984ef05d63755ff8" member_type: VOTER last_known_addr { host: "127.12.89.4" port: 38491 } attrs { promote: false } } }
I20260608 10:05:24.057823 15515 catalog_manager.cc:5696] T 9847ea2e75164bae89a67389509a25c0 P c567317797494f9faa858d890dfb8b91 reported cstate change: config changed from index 2 to 3, ab07a42e57f74b68984ef05d63755ff8 (127.12.89.4) changed from NON_VOTER to VOTER. New cstate: current_term: 1 leader_uuid: "c567317797494f9faa858d890dfb8b91" committed_config { opid_index: 3 OBSOLETE_local: false peers { permanent_uuid: "c567317797494f9faa858d890dfb8b91" member_type: VOTER last_known_addr { host: "127.12.89.1" port: 33757 } health_report { overall_health: HEALTHY } } peers { permanent_uuid: "3d583c6ef8c84dd5b59d5e60367ca680" member_type: VOTER last_known_addr { host: "127.12.89.2" port: 35189 } attrs { replace: true } health_report { overall_health: HEALTHY } } peers { permanent_uuid: "bd565b23eb0b4191adf8fe68893e77ba" member_type: VOTER last_known_addr { host: "127.12.89.3" port: 40761 } health_report { overall_health: HEALTHY } } peers { permanent_uuid: "ab07a42e57f74b68984ef05d63755ff8" member_type: VOTER last_known_addr { host: "127.12.89.4" port: 38491 } attrs { promote: false } health_report { overall_health: HEALTHY } } }
I20260608 10:05:24.077486 15619 consensus_queue.cc:237] T 9847ea2e75164bae89a67389509a25c0 P c567317797494f9faa858d890dfb8b91 [LEADER]: Queue going to LEADER mode. State: All replicated index: 0, Majority replicated index: 3, Committed index: 3, Last appended: 1.3, Last appended by leader: 0, Current term: 1, Majority size: 2, State: 0, Mode: LEADER, active raft config: opid_index: 4 OBSOLETE_local: false peers { permanent_uuid: "c567317797494f9faa858d890dfb8b91" member_type: VOTER last_known_addr { host: "127.12.89.1" port: 33757 } } peers { permanent_uuid: "bd565b23eb0b4191adf8fe68893e77ba" member_type: VOTER last_known_addr { host: "127.12.89.3" port: 40761 } } peers { permanent_uuid: "ab07a42e57f74b68984ef05d63755ff8" member_type: VOTER last_known_addr { host: "127.12.89.4" port: 38491 } attrs { promote: false } }
I20260608 10:05:24.085618 15767 raft_consensus.cc:1275] T 9847ea2e75164bae89a67389509a25c0 P bd565b23eb0b4191adf8fe68893e77ba [term 1 FOLLOWER]: Refusing update from remote peer c567317797494f9faa858d890dfb8b91: Log matching property violated. Preceding OpId in replica: term: 1 index: 3. Preceding OpId from leader: term: 1 index: 4. (index mismatch)
I20260608 10:05:24.086982 15928 raft_consensus.cc:1275] T 9847ea2e75164bae89a67389509a25c0 P ab07a42e57f74b68984ef05d63755ff8 [term 1 FOLLOWER]: Refusing update from remote peer c567317797494f9faa858d890dfb8b91: Log matching property violated. Preceding OpId in replica: term: 1 index: 3. Preceding OpId from leader: term: 1 index: 4. (index mismatch)
I20260608 10:05:24.087940 16074 consensus_queue.cc:1048] T 9847ea2e75164bae89a67389509a25c0 P c567317797494f9faa858d890dfb8b91 [LEADER]: Connected to new peer: Peer: permanent_uuid: "bd565b23eb0b4191adf8fe68893e77ba" member_type: VOTER last_known_addr { host: "127.12.89.3" port: 40761 }, Status: LMP_MISMATCH, Last received: 0.0, Next index: 4, Last known committed idx: 3, Time since last communication: 0.001s
I20260608 10:05:24.089104 15835 consensus_queue.cc:1048] T 9847ea2e75164bae89a67389509a25c0 P c567317797494f9faa858d890dfb8b91 [LEADER]: Connected to new peer: Peer: permanent_uuid: "ab07a42e57f74b68984ef05d63755ff8" member_type: VOTER last_known_addr { host: "127.12.89.4" port: 38491 } attrs { promote: false }, Status: LMP_MISMATCH, Last received: 0.0, Next index: 4, Last known committed idx: 3, Time since last communication: 0.000s
I20260608 10:05:24.096293 16074 raft_consensus.cc:2955] T 9847ea2e75164bae89a67389509a25c0 P c567317797494f9faa858d890dfb8b91 [term 1 LEADER]: Committing config change with OpId 1.4: config changed from index 3 to 4, VOTER 3d583c6ef8c84dd5b59d5e60367ca680 (127.12.89.2) evicted. New config: { opid_index: 4 OBSOLETE_local: false peers { permanent_uuid: "c567317797494f9faa858d890dfb8b91" member_type: VOTER last_known_addr { host: "127.12.89.1" port: 33757 } } peers { permanent_uuid: "bd565b23eb0b4191adf8fe68893e77ba" member_type: VOTER last_known_addr { host: "127.12.89.3" port: 40761 } } peers { permanent_uuid: "ab07a42e57f74b68984ef05d63755ff8" member_type: VOTER last_known_addr { host: "127.12.89.4" port: 38491 } attrs { promote: false } } }
I20260608 10:05:24.100610 15767 raft_consensus.cc:2955] T 9847ea2e75164bae89a67389509a25c0 P bd565b23eb0b4191adf8fe68893e77ba [term 1 FOLLOWER]: Committing config change with OpId 1.4: config changed from index 3 to 4, VOTER 3d583c6ef8c84dd5b59d5e60367ca680 (127.12.89.2) evicted. New config: { opid_index: 4 OBSOLETE_local: false peers { permanent_uuid: "c567317797494f9faa858d890dfb8b91" member_type: VOTER last_known_addr { host: "127.12.89.1" port: 33757 } } peers { permanent_uuid: "bd565b23eb0b4191adf8fe68893e77ba" member_type: VOTER last_known_addr { host: "127.12.89.3" port: 40761 } } peers { permanent_uuid: "ab07a42e57f74b68984ef05d63755ff8" member_type: VOTER last_known_addr { host: "127.12.89.4" port: 38491 } attrs { promote: false } } }
I20260608 10:05:24.103480 15928 raft_consensus.cc:2955] T 9847ea2e75164bae89a67389509a25c0 P ab07a42e57f74b68984ef05d63755ff8 [term 1 FOLLOWER]: Committing config change with OpId 1.4: config changed from index 3 to 4, VOTER 3d583c6ef8c84dd5b59d5e60367ca680 (127.12.89.2) evicted. New config: { opid_index: 4 OBSOLETE_local: false peers { permanent_uuid: "c567317797494f9faa858d890dfb8b91" member_type: VOTER last_known_addr { host: "127.12.89.1" port: 33757 } } peers { permanent_uuid: "bd565b23eb0b4191adf8fe68893e77ba" member_type: VOTER last_known_addr { host: "127.12.89.3" port: 40761 } } peers { permanent_uuid: "ab07a42e57f74b68984ef05d63755ff8" member_type: VOTER last_known_addr { host: "127.12.89.4" port: 38491 } attrs { promote: false } } }
I20260608 10:05:24.197913 15504 catalog_manager.cc:5209] ChangeConfig:REMOVE_PEER RPC for tablet 9847ea2e75164bae89a67389509a25c0 with cas_config_opid_index 3: ChangeConfig:REMOVE_PEER succeeded (attempt 1)
I20260608 10:05:24.303308 15849 raft_consensus.cc:1064] T 1d6c394120bd4599b214997a71b2ffe1 P c567317797494f9faa858d890dfb8b91: attempting to promote NON_VOTER ab07a42e57f74b68984ef05d63755ff8 to VOTER
I20260608 10:05:24.306416 15849 consensus_queue.cc:237] T 1d6c394120bd4599b214997a71b2ffe1 P c567317797494f9faa858d890dfb8b91 [LEADER]: Queue going to LEADER mode. State: All replicated index: 0, Majority replicated index: 2, Committed index: 2, Last appended: 1.2, Last appended by leader: 0, Current term: 1, Majority size: 3, State: 0, Mode: LEADER, active raft config: opid_index: 3 OBSOLETE_local: false peers { permanent_uuid: "3d583c6ef8c84dd5b59d5e60367ca680" member_type: VOTER last_known_addr { host: "127.12.89.2" port: 35189 } } peers { permanent_uuid: "c567317797494f9faa858d890dfb8b91" member_type: VOTER last_known_addr { host: "127.12.89.1" port: 33757 } } peers { permanent_uuid: "bd565b23eb0b4191adf8fe68893e77ba" member_type: VOTER last_known_addr { host: "127.12.89.3" port: 40761 } attrs { replace: true } } peers { permanent_uuid: "ab07a42e57f74b68984ef05d63755ff8" member_type: VOTER last_known_addr { host: "127.12.89.4" port: 38491 } attrs { promote: false } }
I20260608 10:05:24.384110 15928 raft_consensus.cc:1275] T 1d6c394120bd4599b214997a71b2ffe1 P ab07a42e57f74b68984ef05d63755ff8 [term 1 LEARNER]: Refusing update from remote peer c567317797494f9faa858d890dfb8b91: Log matching property violated. Preceding OpId in replica: term: 1 index: 2. Preceding OpId from leader: term: 1 index: 3. (index mismatch)
I20260608 10:05:24.386816 15693 raft_consensus.cc:1275] T 1d6c394120bd4599b214997a71b2ffe1 P 3d583c6ef8c84dd5b59d5e60367ca680 [term 1 FOLLOWER]: Refusing update from remote peer c567317797494f9faa858d890dfb8b91: Log matching property violated. Preceding OpId in replica: term: 1 index: 2. Preceding OpId from leader: term: 1 index: 3. (index mismatch)
I20260608 10:05:24.388633 15835 consensus_queue.cc:1048] T 1d6c394120bd4599b214997a71b2ffe1 P c567317797494f9faa858d890dfb8b91 [LEADER]: Connected to new peer: Peer: permanent_uuid: "ab07a42e57f74b68984ef05d63755ff8" member_type: VOTER last_known_addr { host: "127.12.89.4" port: 38491 } attrs { promote: false }, Status: LMP_MISMATCH, Last received: 0.0, Next index: 3, Last known committed idx: 2, Time since last communication: 0.000s
I20260608 10:05:24.390647 15835 consensus_queue.cc:1048] T 1d6c394120bd4599b214997a71b2ffe1 P c567317797494f9faa858d890dfb8b91 [LEADER]: Connected to new peer: Peer: permanent_uuid: "3d583c6ef8c84dd5b59d5e60367ca680" member_type: VOTER last_known_addr { host: "127.12.89.2" port: 35189 }, Status: LMP_MISMATCH, Last received: 0.0, Next index: 3, Last known committed idx: 2, Time since last communication: 0.000s
I20260608 10:05:24.408196 15571 auto_leader_rebalancer.cc:140] leader rebalance for table range_aware_rebalance_new_range
I20260608 10:05:24.865064 15517 catalog_manager.cc:5696] T 9847ea2e75164bae89a67389509a25c0 P bd565b23eb0b4191adf8fe68893e77ba reported cstate change: config changed from index 3 to 4, VOTER 3d583c6ef8c84dd5b59d5e60367ca680 (127.12.89.2) evicted. New cstate: current_term: 1 leader_uuid: "c567317797494f9faa858d890dfb8b91" committed_config { opid_index: 4 OBSOLETE_local: false peers { permanent_uuid: "c567317797494f9faa858d890dfb8b91" member_type: VOTER last_known_addr { host: "127.12.89.1" port: 33757 } } peers { permanent_uuid: "bd565b23eb0b4191adf8fe68893e77ba" member_type: VOTER last_known_addr { host: "127.12.89.3" port: 40761 } } peers { permanent_uuid: "ab07a42e57f74b68984ef05d63755ff8" member_type: VOTER last_known_addr { host: "127.12.89.4" port: 38491 } attrs { promote: false } } }
I20260608 10:05:24.878105 15767 raft_consensus.cc:1275] T 1d6c394120bd4599b214997a71b2ffe1 P bd565b23eb0b4191adf8fe68893e77ba [term 1 FOLLOWER]: Refusing update from remote peer c567317797494f9faa858d890dfb8b91: Log matching property violated. Preceding OpId in replica: term: 1 index: 2. Preceding OpId from leader: term: 1 index: 3. (index mismatch)
I20260608 10:05:24.878360 15849 raft_consensus.cc:2955] T 1d6c394120bd4599b214997a71b2ffe1 P c567317797494f9faa858d890dfb8b91 [term 1 LEADER]: Committing config change with OpId 1.3: config changed from index 2 to 3, ab07a42e57f74b68984ef05d63755ff8 (127.12.89.4) changed from NON_VOTER to VOTER. New config: { opid_index: 3 OBSOLETE_local: false peers { permanent_uuid: "3d583c6ef8c84dd5b59d5e60367ca680" member_type: VOTER last_known_addr { host: "127.12.89.2" port: 35189 } } peers { permanent_uuid: "c567317797494f9faa858d890dfb8b91" member_type: VOTER last_known_addr { host: "127.12.89.1" port: 33757 } } peers { permanent_uuid: "bd565b23eb0b4191adf8fe68893e77ba" member_type: VOTER last_known_addr { host: "127.12.89.3" port: 40761 } attrs { replace: true } } peers { permanent_uuid: "ab07a42e57f74b68984ef05d63755ff8" member_type: VOTER last_known_addr { host: "127.12.89.4" port: 38491 } attrs { promote: false } } }
I20260608 10:05:24.881121 16099 consensus_queue.cc:1048] T 1d6c394120bd4599b214997a71b2ffe1 P c567317797494f9faa858d890dfb8b91 [LEADER]: Connected to new peer: Peer: permanent_uuid: "bd565b23eb0b4191adf8fe68893e77ba" member_type: VOTER last_known_addr { host: "127.12.89.3" port: 40761 } attrs { replace: true }, Status: LMP_MISMATCH, Last received: 0.0, Next index: 3, Last known committed idx: 2, Time since last communication: 0.002s
I20260608 10:05:24.887079 15925 raft_consensus.cc:2955] T 1d6c394120bd4599b214997a71b2ffe1 P ab07a42e57f74b68984ef05d63755ff8 [term 1 FOLLOWER]: Committing config change with OpId 1.3: config changed from index 2 to 3, ab07a42e57f74b68984ef05d63755ff8 (127.12.89.4) changed from NON_VOTER to VOTER. New config: { opid_index: 3 OBSOLETE_local: false peers { permanent_uuid: "3d583c6ef8c84dd5b59d5e60367ca680" member_type: VOTER last_known_addr { host: "127.12.89.2" port: 35189 } } peers { permanent_uuid: "c567317797494f9faa858d890dfb8b91" member_type: VOTER last_known_addr { host: "127.12.89.1" port: 33757 } } peers { permanent_uuid: "bd565b23eb0b4191adf8fe68893e77ba" member_type: VOTER last_known_addr { host: "127.12.89.3" port: 40761 } attrs { replace: true } } peers { permanent_uuid: "ab07a42e57f74b68984ef05d63755ff8" member_type: VOTER last_known_addr { host: "127.12.89.4" port: 38491 } attrs { promote: false } } }
I20260608 10:05:24.897610 15695 raft_consensus.cc:2955] T 1d6c394120bd4599b214997a71b2ffe1 P 3d583c6ef8c84dd5b59d5e60367ca680 [term 1 FOLLOWER]: Committing config change with OpId 1.3: config changed from index 2 to 3, ab07a42e57f74b68984ef05d63755ff8 (127.12.89.4) changed from NON_VOTER to VOTER. New config: { opid_index: 3 OBSOLETE_local: false peers { permanent_uuid: "3d583c6ef8c84dd5b59d5e60367ca680" member_type: VOTER last_known_addr { host: "127.12.89.2" port: 35189 } } peers { permanent_uuid: "c567317797494f9faa858d890dfb8b91" member_type: VOTER last_known_addr { host: "127.12.89.1" port: 33757 } } peers { permanent_uuid: "bd565b23eb0b4191adf8fe68893e77ba" member_type: VOTER last_known_addr { host: "127.12.89.3" port: 40761 } attrs { replace: true } } peers { permanent_uuid: "ab07a42e57f74b68984ef05d63755ff8" member_type: VOTER last_known_addr { host: "127.12.89.4" port: 38491 } attrs { promote: false } } }
I20260608 10:05:24.902127 15767 raft_consensus.cc:2955] T 1d6c394120bd4599b214997a71b2ffe1 P bd565b23eb0b4191adf8fe68893e77ba [term 1 FOLLOWER]: Committing config change with OpId 1.3: config changed from index 2 to 3, ab07a42e57f74b68984ef05d63755ff8 (127.12.89.4) changed from NON_VOTER to VOTER. New config: { opid_index: 3 OBSOLETE_local: false peers { permanent_uuid: "3d583c6ef8c84dd5b59d5e60367ca680" member_type: VOTER last_known_addr { host: "127.12.89.2" port: 35189 } } peers { permanent_uuid: "c567317797494f9faa858d890dfb8b91" member_type: VOTER last_known_addr { host: "127.12.89.1" port: 33757 } } peers { permanent_uuid: "bd565b23eb0b4191adf8fe68893e77ba" member_type: VOTER last_known_addr { host: "127.12.89.3" port: 40761 } attrs { replace: true } } peers { permanent_uuid: "ab07a42e57f74b68984ef05d63755ff8" member_type: VOTER last_known_addr { host: "127.12.89.4" port: 38491 } attrs { promote: false } } }
I20260608 10:05:24.902233 15681 tablet_service.cc:1558] Processing DeleteTablet for tablet 9847ea2e75164bae89a67389509a25c0 with delete_type TABLET_DATA_TOMBSTONED (TS 3d583c6ef8c84dd5b59d5e60367ca680 not found in new config with opid_index 4) from {username='slave'} at 127.0.0.1:51430
I20260608 10:05:24.907243 16104 tablet_replica.cc:333] T 9847ea2e75164bae89a67389509a25c0 P 3d583c6ef8c84dd5b59d5e60367ca680: stopping tablet replica
I20260608 10:05:24.908221 16104 raft_consensus.cc:2243] T 9847ea2e75164bae89a67389509a25c0 P 3d583c6ef8c84dd5b59d5e60367ca680 [term 1 FOLLOWER]: Raft consensus shutting down.
I20260608 10:05:24.908969 16104 raft_consensus.cc:2272] T 9847ea2e75164bae89a67389509a25c0 P 3d583c6ef8c84dd5b59d5e60367ca680 [term 1 FOLLOWER]: Raft consensus is shut down!
I20260608 10:05:24.912451 16104 ts_tablet_manager.cc:1916] T 9847ea2e75164bae89a67389509a25c0 P 3d583c6ef8c84dd5b59d5e60367ca680: Deleting tablet data with delete state TABLET_DATA_TOMBSTONED
I20260608 10:05:24.926703 15515 catalog_manager.cc:5696] T 1d6c394120bd4599b214997a71b2ffe1 P 3d583c6ef8c84dd5b59d5e60367ca680 reported cstate change: config changed from index 2 to 3, ab07a42e57f74b68984ef05d63755ff8 (127.12.89.4) changed from NON_VOTER to VOTER. New cstate: current_term: 1 leader_uuid: "c567317797494f9faa858d890dfb8b91" committed_config { opid_index: 3 OBSOLETE_local: false peers { permanent_uuid: "3d583c6ef8c84dd5b59d5e60367ca680" member_type: VOTER last_known_addr { host: "127.12.89.2" port: 35189 } } peers { permanent_uuid: "c567317797494f9faa858d890dfb8b91" member_type: VOTER last_known_addr { host: "127.12.89.1" port: 33757 } } peers { permanent_uuid: "bd565b23eb0b4191adf8fe68893e77ba" member_type: VOTER last_known_addr { host: "127.12.89.3" port: 40761 } attrs { replace: true } } peers { permanent_uuid: "ab07a42e57f74b68984ef05d63755ff8" member_type: VOTER last_known_addr { host: "127.12.89.4" port: 38491 } attrs { promote: false } } }
I20260608 10:05:24.937615 16104 ts_tablet_manager.cc:1929] T 9847ea2e75164bae89a67389509a25c0 P 3d583c6ef8c84dd5b59d5e60367ca680: tablet deleted with delete type TABLET_DATA_TOMBSTONED: last-logged OpId 1.3
I20260608 10:05:24.938045 16104 log.cc:1199] T 9847ea2e75164bae89a67389509a25c0 P 3d583c6ef8c84dd5b59d5e60367ca680: Deleting WAL directory at /tmp/dist-test-taskblNtq0/test-tmp/auto_rebalancer-test.0.AutoRebalancerTest.RangeAwareRebalancesNewRangeReplicas.1780913040948569-12644-0/minicluster-data/ts-1-root/wals/9847ea2e75164bae89a67389509a25c0
I20260608 10:05:24.939359 15502 catalog_manager.cc:5027] TS 3d583c6ef8c84dd5b59d5e60367ca680 (127.12.89.2:35189): tablet 9847ea2e75164bae89a67389509a25c0 (table range_aware_rebalance_new_range [id=9462fe461c78447b83149bfdaaf5cc0f]) successfully deleted
I20260608 10:05:24.941932 15620 consensus_queue.cc:237] T 1d6c394120bd4599b214997a71b2ffe1 P c567317797494f9faa858d890dfb8b91 [LEADER]: Queue going to LEADER mode. State: All replicated index: 0, Majority replicated index: 3, Committed index: 3, Last appended: 1.3, Last appended by leader: 0, Current term: 1, Majority size: 2, State: 0, Mode: LEADER, active raft config: opid_index: 4 OBSOLETE_local: false peers { permanent_uuid: "3d583c6ef8c84dd5b59d5e60367ca680" member_type: VOTER last_known_addr { host: "127.12.89.2" port: 35189 } } peers { permanent_uuid: "c567317797494f9faa858d890dfb8b91" member_type: VOTER last_known_addr { host: "127.12.89.1" port: 33757 } } peers { permanent_uuid: "ab07a42e57f74b68984ef05d63755ff8" member_type: VOTER last_known_addr { host: "127.12.89.4" port: 38491 } attrs { promote: false } }
I20260608 10:05:24.947888 15695 tablet_service.cc:2072] Received LeaderStepDown RPC: tablet_id: "497ed3ba65014e16a38a2d5edae20951"
dest_uuid: "3d583c6ef8c84dd5b59d5e60367ca680"
mode: GRACEFUL
new_leader_uuid: "c567317797494f9faa858d890dfb8b91"
 from {username='slave'} at 127.0.0.1:45356
I20260608 10:05:24.948510 15695 raft_consensus.cc:606] T 497ed3ba65014e16a38a2d5edae20951 P 3d583c6ef8c84dd5b59d5e60367ca680 [term 1 LEADER]: Received request to transfer leadership to TS c567317797494f9faa858d890dfb8b91
I20260608 10:05:24.949010 15925 raft_consensus.cc:1275] T 1d6c394120bd4599b214997a71b2ffe1 P ab07a42e57f74b68984ef05d63755ff8 [term 1 FOLLOWER]: Refusing update from remote peer c567317797494f9faa858d890dfb8b91: Log matching property violated. Preceding OpId in replica: term: 1 index: 3. Preceding OpId from leader: term: 1 index: 4. (index mismatch)
I20260608 10:05:24.950461 16099 consensus_queue.cc:1048] T 1d6c394120bd4599b214997a71b2ffe1 P c567317797494f9faa858d890dfb8b91 [LEADER]: Connected to new peer: Peer: permanent_uuid: "ab07a42e57f74b68984ef05d63755ff8" member_type: VOTER last_known_addr { host: "127.12.89.4" port: 38491 } attrs { promote: false }, Status: LMP_MISMATCH, Last received: 0.0, Next index: 4, Last known committed idx: 3, Time since last communication: 0.000s
I20260608 10:05:24.950910 15695 raft_consensus.cc:1275] T 1d6c394120bd4599b214997a71b2ffe1 P 3d583c6ef8c84dd5b59d5e60367ca680 [term 1 FOLLOWER]: Refusing update from remote peer c567317797494f9faa858d890dfb8b91: Log matching property violated. Preceding OpId in replica: term: 1 index: 3. Preceding OpId from leader: term: 1 index: 4. (index mismatch)
I20260608 10:05:24.952973 16099 consensus_queue.cc:1048] T 1d6c394120bd4599b214997a71b2ffe1 P c567317797494f9faa858d890dfb8b91 [LEADER]: Connected to new peer: Peer: permanent_uuid: "3d583c6ef8c84dd5b59d5e60367ca680" member_type: VOTER last_known_addr { host: "127.12.89.2" port: 35189 }, Status: LMP_MISMATCH, Last received: 0.0, Next index: 4, Last known committed idx: 3, Time since last communication: 0.000s
I20260608 10:05:24.955376 15767 tablet_service.cc:2072] Received LeaderStepDown RPC: tablet_id: "a4f3f22feb9243549b98f8c40edbab61"
dest_uuid: "bd565b23eb0b4191adf8fe68893e77ba"
mode: GRACEFUL
new_leader_uuid: "ab07a42e57f74b68984ef05d63755ff8"
 from {username='slave'} at 127.0.0.1:53294
I20260608 10:05:24.955974 15767 raft_consensus.cc:606] T a4f3f22feb9243549b98f8c40edbab61 P bd565b23eb0b4191adf8fe68893e77ba [term 1 LEADER]: Received request to transfer leadership to TS ab07a42e57f74b68984ef05d63755ff8
I20260608 10:05:24.957480 15571 auto_leader_rebalancer.cc:388] table: range_aware_rebalance_new_range, leader rebalance finish, leader transfer count: 2
I20260608 10:05:24.958276 15571 auto_leader_rebalancer.cc:451] All tables' leader rebalancing finished this round
I20260608 10:05:24.958556 16098 raft_consensus.cc:2955] T 1d6c394120bd4599b214997a71b2ffe1 P c567317797494f9faa858d890dfb8b91 [term 1 LEADER]: Committing config change with OpId 1.4: config changed from index 3 to 4, VOTER bd565b23eb0b4191adf8fe68893e77ba (127.12.89.3) evicted. New config: { opid_index: 4 OBSOLETE_local: false peers { permanent_uuid: "3d583c6ef8c84dd5b59d5e60367ca680" member_type: VOTER last_known_addr { host: "127.12.89.2" port: 35189 } } peers { permanent_uuid: "c567317797494f9faa858d890dfb8b91" member_type: VOTER last_known_addr { host: "127.12.89.1" port: 33757 } } peers { permanent_uuid: "ab07a42e57f74b68984ef05d63755ff8" member_type: VOTER last_known_addr { host: "127.12.89.4" port: 38491 } attrs { promote: false } } }
I20260608 10:05:24.961524 15695 raft_consensus.cc:2955] T 1d6c394120bd4599b214997a71b2ffe1 P 3d583c6ef8c84dd5b59d5e60367ca680 [term 1 FOLLOWER]: Committing config change with OpId 1.4: config changed from index 3 to 4, VOTER bd565b23eb0b4191adf8fe68893e77ba (127.12.89.3) evicted. New config: { opid_index: 4 OBSOLETE_local: false peers { permanent_uuid: "3d583c6ef8c84dd5b59d5e60367ca680" member_type: VOTER last_known_addr { host: "127.12.89.2" port: 35189 } } peers { permanent_uuid: "c567317797494f9faa858d890dfb8b91" member_type: VOTER last_known_addr { host: "127.12.89.1" port: 33757 } } peers { permanent_uuid: "ab07a42e57f74b68984ef05d63755ff8" member_type: VOTER last_known_addr { host: "127.12.89.4" port: 38491 } attrs { promote: false } } }
I20260608 10:05:24.968145 15504 catalog_manager.cc:5209] ChangeConfig:REMOVE_PEER RPC for tablet 1d6c394120bd4599b214997a71b2ffe1 with cas_config_opid_index 3: ChangeConfig:REMOVE_PEER succeeded (attempt 1)
I20260608 10:05:24.971153 15925 raft_consensus.cc:2955] T 1d6c394120bd4599b214997a71b2ffe1 P ab07a42e57f74b68984ef05d63755ff8 [term 1 FOLLOWER]: Committing config change with OpId 1.4: config changed from index 3 to 4, VOTER bd565b23eb0b4191adf8fe68893e77ba (127.12.89.3) evicted. New config: { opid_index: 4 OBSOLETE_local: false peers { permanent_uuid: "3d583c6ef8c84dd5b59d5e60367ca680" member_type: VOTER last_known_addr { host: "127.12.89.2" port: 35189 } } peers { permanent_uuid: "c567317797494f9faa858d890dfb8b91" member_type: VOTER last_known_addr { host: "127.12.89.1" port: 33757 } } peers { permanent_uuid: "ab07a42e57f74b68984ef05d63755ff8" member_type: VOTER last_known_addr { host: "127.12.89.4" port: 38491 } attrs { promote: false } } }
I20260608 10:05:24.974375 15515 catalog_manager.cc:5696] T 1d6c394120bd4599b214997a71b2ffe1 P 3d583c6ef8c84dd5b59d5e60367ca680 reported cstate change: config changed from index 3 to 4, VOTER bd565b23eb0b4191adf8fe68893e77ba (127.12.89.3) evicted. New cstate: current_term: 1 leader_uuid: "c567317797494f9faa858d890dfb8b91" committed_config { opid_index: 4 OBSOLETE_local: false peers { permanent_uuid: "3d583c6ef8c84dd5b59d5e60367ca680" member_type: VOTER last_known_addr { host: "127.12.89.2" port: 35189 } } peers { permanent_uuid: "c567317797494f9faa858d890dfb8b91" member_type: VOTER last_known_addr { host: "127.12.89.1" port: 33757 } } peers { permanent_uuid: "ab07a42e57f74b68984ef05d63755ff8" member_type: VOTER last_known_addr { host: "127.12.89.4" port: 38491 } attrs { promote: false } } }
I20260608 10:05:24.986697 15755 tablet_service.cc:1558] Processing DeleteTablet for tablet 1d6c394120bd4599b214997a71b2ffe1 with delete_type TABLET_DATA_TOMBSTONED (TS bd565b23eb0b4191adf8fe68893e77ba not found in new config with opid_index 4) from {username='slave'} at 127.0.0.1:53256
I20260608 10:05:24.989723 16107 tablet_replica.cc:333] T 1d6c394120bd4599b214997a71b2ffe1 P bd565b23eb0b4191adf8fe68893e77ba: stopping tablet replica
I20260608 10:05:24.990664 16107 raft_consensus.cc:2243] T 1d6c394120bd4599b214997a71b2ffe1 P bd565b23eb0b4191adf8fe68893e77ba [term 1 FOLLOWER]: Raft consensus shutting down.
I20260608 10:05:24.991357 16107 raft_consensus.cc:2272] T 1d6c394120bd4599b214997a71b2ffe1 P bd565b23eb0b4191adf8fe68893e77ba [term 1 FOLLOWER]: Raft consensus is shut down!
I20260608 10:05:24.994217 16107 ts_tablet_manager.cc:1916] T 1d6c394120bd4599b214997a71b2ffe1 P bd565b23eb0b4191adf8fe68893e77ba: Deleting tablet data with delete state TABLET_DATA_TOMBSTONED
I20260608 10:05:25.004969 16107 ts_tablet_manager.cc:1929] T 1d6c394120bd4599b214997a71b2ffe1 P bd565b23eb0b4191adf8fe68893e77ba: tablet deleted with delete type TABLET_DATA_TOMBSTONED: last-logged OpId 1.3
I20260608 10:05:25.005237 16107 log.cc:1199] T 1d6c394120bd4599b214997a71b2ffe1 P bd565b23eb0b4191adf8fe68893e77ba: Deleting WAL directory at /tmp/dist-test-taskblNtq0/test-tmp/auto_rebalancer-test.0.AutoRebalancerTest.RangeAwareRebalancesNewRangeReplicas.1780913040948569-12644-0/minicluster-data/ts-2-root/wals/1d6c394120bd4599b214997a71b2ffe1
I20260608 10:05:25.006676 15502 catalog_manager.cc:5027] TS bd565b23eb0b4191adf8fe68893e77ba (127.12.89.3:40761): tablet 1d6c394120bd4599b214997a71b2ffe1 (table range_aware_rebalance_new_range [id=9462fe461c78447b83149bfdaaf5cc0f]) successfully deleted
I20260608 10:05:25.156364 15854 raft_consensus.cc:993] T a4f3f22feb9243549b98f8c40edbab61 P bd565b23eb0b4191adf8fe68893e77ba: : Instructing follower ab07a42e57f74b68984ef05d63755ff8 to start an election
I20260608 10:05:25.156890 16095 raft_consensus.cc:1081] T a4f3f22feb9243549b98f8c40edbab61 P bd565b23eb0b4191adf8fe68893e77ba [term 1 LEADER]: Signalling peer ab07a42e57f74b68984ef05d63755ff8 to start an election
I20260608 10:05:25.158381 15925 tablet_service.cc:2044] Received Run Leader Election RPC: tablet_id: "a4f3f22feb9243549b98f8c40edbab61"
dest_uuid: "ab07a42e57f74b68984ef05d63755ff8"
 from {username='slave'} at 127.0.0.1:43216
I20260608 10:05:25.158814 15925 raft_consensus.cc:493] T a4f3f22feb9243549b98f8c40edbab61 P ab07a42e57f74b68984ef05d63755ff8 [term 1 FOLLOWER]: Starting forced leader election (received explicit request)
I20260608 10:05:25.159061 15925 raft_consensus.cc:3060] T a4f3f22feb9243549b98f8c40edbab61 P ab07a42e57f74b68984ef05d63755ff8 [term 1 FOLLOWER]: Advancing to term 2
