I20260608 10:04:16.827845  1465 consensus_queue.cc:260] T 186daa29bcb74e3eb4fa89082a98ab63 P e0682ef3ffd14fff8b1ff772743cefeb [NON_LEADER]: Queue going to NON_LEADER mode. State: All replicated index: 0, Majority replicated index: 0, Committed index: 0, Last appended: 0.0, Last appended by leader: 0, Current term: 0, Majority size: -1, State: 0, Mode: NON_LEADER, active raft config: opid_index: -1 OBSOLETE_local: true peers { permanent_uuid: "e0682ef3ffd14fff8b1ff772743cefeb" member_type: VOTER last_known_addr { host: "127.31.147.130" port: 45321 } }
I20260608 10:04:16.828697  1461 ts_tablet_manager.cc:1434] T e8cad393be454ba79d00d1a64f822ec6 P de3dd00bc73b4055bf08ebdb276ddf89: Time spent starting tablet: real 0.027s	user 0.015s	sys 0.009s
I20260608 10:04:16.828644  1465 raft_consensus.cc:399] T 186daa29bcb74e3eb4fa89082a98ab63 P e0682ef3ffd14fff8b1ff772743cefeb [term 0 FOLLOWER]: Only one voter in the Raft config. Triggering election immediately
I20260608 10:04:16.829241  1465 raft_consensus.cc:493] T 186daa29bcb74e3eb4fa89082a98ab63 P e0682ef3ffd14fff8b1ff772743cefeb [term 0 FOLLOWER]: Starting leader election (initial election of a single-replica configuration)
I20260608 10:04:16.829670  1465 raft_consensus.cc:3060] T 186daa29bcb74e3eb4fa89082a98ab63 P e0682ef3ffd14fff8b1ff772743cefeb [term 0 FOLLOWER]: Advancing to term 1
I20260608 10:04:16.832088  1467 raft_consensus.cc:697] T 05eb580243bd420894ad75255724bdda P 72d599f376534da8be57308c50c06591 [term 1 LEADER]: Becoming Leader. State: Replica: 72d599f376534da8be57308c50c06591, State: Running, Role: LEADER
I20260608 10:04:16.833029  1467 consensus_queue.cc:237] T 05eb580243bd420894ad75255724bdda P 72d599f376534da8be57308c50c06591 [LEADER]: Queue going to LEADER mode. State: All replicated index: 0, Majority replicated index: 0, Committed index: 0, Last appended: 0.0, Last appended by leader: 0, Current term: 1, Majority size: 1, State: 0, Mode: LEADER, active raft config: opid_index: -1 OBSOLETE_local: true peers { permanent_uuid: "72d599f376534da8be57308c50c06591" member_type: VOTER last_known_addr { host: "127.31.147.129" port: 39415 } }
I20260608 10:04:16.835326  1468 raft_consensus.cc:697] T e8cad393be454ba79d00d1a64f822ec6 P de3dd00bc73b4055bf08ebdb276ddf89 [term 1 LEADER]: Becoming Leader. State: Replica: de3dd00bc73b4055bf08ebdb276ddf89, State: Running, Role: LEADER
I20260608 10:04:16.836278  1468 consensus_queue.cc:237] T e8cad393be454ba79d00d1a64f822ec6 P de3dd00bc73b4055bf08ebdb276ddf89 [LEADER]: Queue going to LEADER mode. State: All replicated index: 0, Majority replicated index: 0, Committed index: 0, Last appended: 0.0, Last appended by leader: 0, Current term: 1, Majority size: 1, State: 0, Mode: LEADER, active raft config: opid_index: -1 OBSOLETE_local: true peers { permanent_uuid: "de3dd00bc73b4055bf08ebdb276ddf89" member_type: VOTER last_known_addr { host: "127.31.147.131" port: 43405 } }
I20260608 10:04:16.837630  1465 raft_consensus.cc:515] T 186daa29bcb74e3eb4fa89082a98ab63 P e0682ef3ffd14fff8b1ff772743cefeb [term 1 FOLLOWER]: Starting leader election with config: opid_index: -1 OBSOLETE_local: true peers { permanent_uuid: "e0682ef3ffd14fff8b1ff772743cefeb" member_type: VOTER last_known_addr { host: "127.31.147.130" port: 45321 } }
I20260608 10:04:16.838683  1465 leader_election.cc:304] T 186daa29bcb74e3eb4fa89082a98ab63 P e0682ef3ffd14fff8b1ff772743cefeb [CANDIDATE]: Term 1 election: Election decided. Result: candidate won. Election summary: received 1 responses out of 1 voters: 1 yes votes; 0 no votes. yes voters: e0682ef3ffd14fff8b1ff772743cefeb; no voters: 
I20260608 10:04:16.839623  1462 ts_tablet_manager.cc:1434] T 05eb580243bd420894ad75255724bdda P 72d599f376534da8be57308c50c06591: Time spent starting tablet: real 0.037s	user 0.016s	sys 0.019s
I20260608 10:04:16.853688  1100 catalog_manager.cc:5696] T 05eb580243bd420894ad75255724bdda P 72d599f376534da8be57308c50c06591 reported cstate change: term changed from 0 to 1, leader changed from <none> to 72d599f376534da8be57308c50c06591 (127.31.147.129). New cstate: current_term: 1 leader_uuid: "72d599f376534da8be57308c50c06591" committed_config { opid_index: -1 OBSOLETE_local: true peers { permanent_uuid: "72d599f376534da8be57308c50c06591" member_type: VOTER last_known_addr { host: "127.31.147.129" port: 39415 } health_report { overall_health: HEALTHY } } }
I20260608 10:04:16.856412  1101 catalog_manager.cc:5696] T e8cad393be454ba79d00d1a64f822ec6 P de3dd00bc73b4055bf08ebdb276ddf89 reported cstate change: term changed from 0 to 1, leader changed from <none> to de3dd00bc73b4055bf08ebdb276ddf89 (127.31.147.131). New cstate: current_term: 1 leader_uuid: "de3dd00bc73b4055bf08ebdb276ddf89" committed_config { opid_index: -1 OBSOLETE_local: true peers { permanent_uuid: "de3dd00bc73b4055bf08ebdb276ddf89" member_type: VOTER last_known_addr { host: "127.31.147.131" port: 43405 } health_report { overall_health: HEALTHY } } }
I20260608 10:04:16.906142  1475 raft_consensus.cc:2804] T 186daa29bcb74e3eb4fa89082a98ab63 P e0682ef3ffd14fff8b1ff772743cefeb [term 1 FOLLOWER]: Leader election won for term 1
I20260608 10:04:16.903908  1465 leader_election.cc:290] T 186daa29bcb74e3eb4fa89082a98ab63 P e0682ef3ffd14fff8b1ff772743cefeb [CANDIDATE]: Term 1 election: Requested vote from peers 
I20260608 10:04:16.930676  1465 ts_tablet_manager.cc:1434] T 186daa29bcb74e3eb4fa89082a98ab63 P e0682ef3ffd14fff8b1ff772743cefeb: Time spent starting tablet: real 0.110s	user 0.034s	sys 0.057s
I20260608 10:04:16.932242  1475 raft_consensus.cc:697] T 186daa29bcb74e3eb4fa89082a98ab63 P e0682ef3ffd14fff8b1ff772743cefeb [term 1 LEADER]: Becoming Leader. State: Replica: e0682ef3ffd14fff8b1ff772743cefeb, State: Running, Role: LEADER
I20260608 10:04:16.933066  1475 consensus_queue.cc:237] T 186daa29bcb74e3eb4fa89082a98ab63 P e0682ef3ffd14fff8b1ff772743cefeb [LEADER]: Queue going to LEADER mode. State: All replicated index: 0, Majority replicated index: 0, Committed index: 0, Last appended: 0.0, Last appended by leader: 0, Current term: 1, Majority size: 1, State: 0, Mode: LEADER, active raft config: opid_index: -1 OBSOLETE_local: true peers { permanent_uuid: "e0682ef3ffd14fff8b1ff772743cefeb" member_type: VOTER last_known_addr { host: "127.31.147.130" port: 45321 } }
I20260608 10:04:16.943682  1099 catalog_manager.cc:5696] T 186daa29bcb74e3eb4fa89082a98ab63 P e0682ef3ffd14fff8b1ff772743cefeb reported cstate change: term changed from 0 to 1, leader changed from <none> to e0682ef3ffd14fff8b1ff772743cefeb (127.31.147.130). New cstate: current_term: 1 leader_uuid: "e0682ef3ffd14fff8b1ff772743cefeb" committed_config { opid_index: -1 OBSOLETE_local: true peers { permanent_uuid: "e0682ef3ffd14fff8b1ff772743cefeb" member_type: VOTER last_known_addr { host: "127.31.147.130" port: 45321 } health_report { overall_health: HEALTHY } } }
I20260608 10:04:17.005240 32334 master.cc:562] Master@127.31.147.188:37685 shutting down...
I20260608 10:04:17.022004 32334 raft_consensus.cc:2243] T 00000000000000000000000000000000 P 710a983de39740d0bb9b815037145ae6 [term 1 LEADER]: Raft consensus shutting down.
I20260608 10:04:17.022897 32334 raft_consensus.cc:2272] T 00000000000000000000000000000000 P 710a983de39740d0bb9b815037145ae6 [term 1 FOLLOWER]: Raft consensus is shut down!
I20260608 10:04:17.023355 32334 tablet_replica.cc:333] T 00000000000000000000000000000000 P 710a983de39740d0bb9b815037145ae6: stopping tablet replica
I20260608 10:04:17.035838 32334 master.cc:584] Master@127.31.147.188:37685 shutdown complete.
W20260608 10:04:17.905370  1424 heartbeater.cc:646] Failed to heartbeat to 127.31.147.188:37685 (0 consecutive failures): Network error: Failed to send heartbeat to master: Client connection negotiation failed: client connection to 127.31.147.188:37685: connect: Connection refused (error 111)
I20260608 10:04:18.468452  1486 raft_consensus.cc:493] T 00000000000000000000000000000000 P 1980034a3f834c47ac6b21a1e97b1915 [term 1 FOLLOWER]: Starting pre-election (detected failure of leader 710a983de39740d0bb9b815037145ae6)
I20260608 10:04:18.469014  1486 raft_consensus.cc:515] T 00000000000000000000000000000000 P 1980034a3f834c47ac6b21a1e97b1915 [term 1 FOLLOWER]: Starting pre-election with config: opid_index: -1 OBSOLETE_local: false peers { permanent_uuid: "1980034a3f834c47ac6b21a1e97b1915" member_type: VOTER last_known_addr { host: "127.31.147.190" port: 43109 } } peers { permanent_uuid: "d86e961fb7a14f07a4e30cd671145c62" member_type: VOTER last_known_addr { host: "127.31.147.189" port: 41171 } } peers { permanent_uuid: "710a983de39740d0bb9b815037145ae6" member_type: VOTER last_known_addr { host: "127.31.147.188" port: 37685 } }
I20260608 10:04:18.470937  1486 leader_election.cc:290] T 00000000000000000000000000000000 P 1980034a3f834c47ac6b21a1e97b1915 [CANDIDATE]: Term 2 pre-election: Requested pre-vote from peers d86e961fb7a14f07a4e30cd671145c62 (127.31.147.189:41171), 710a983de39740d0bb9b815037145ae6 (127.31.147.188:37685)
I20260608 10:04:18.471750  1046 tablet_service.cc:1917] Received RequestConsensusVote() RPC: tablet_id: "00000000000000000000000000000000" candidate_uuid: "1980034a3f834c47ac6b21a1e97b1915" candidate_term: 2 candidate_status { last_received { term: 1 index: 10 } } ignore_live_leader: false dest_uuid: "d86e961fb7a14f07a4e30cd671145c62" is_pre_election: true
I20260608 10:04:18.475345  1489 raft_consensus.cc:493] T 00000000000000000000000000000000 P d86e961fb7a14f07a4e30cd671145c62 [term 1 FOLLOWER]: Starting pre-election (detected failure of leader 710a983de39740d0bb9b815037145ae6)
I20260608 10:04:18.475922  1489 raft_consensus.cc:515] T 00000000000000000000000000000000 P d86e961fb7a14f07a4e30cd671145c62 [term 1 FOLLOWER]: Starting pre-election with config: opid_index: -1 OBSOLETE_local: false peers { permanent_uuid: "1980034a3f834c47ac6b21a1e97b1915" member_type: VOTER last_known_addr { host: "127.31.147.190" port: 43109 } } peers { permanent_uuid: "d86e961fb7a14f07a4e30cd671145c62" member_type: VOTER last_known_addr { host: "127.31.147.189" port: 41171 } } peers { permanent_uuid: "710a983de39740d0bb9b815037145ae6" member_type: VOTER last_known_addr { host: "127.31.147.188" port: 37685 } }
W20260608 10:04:18.477844   954 leader_election.cc:336] T 00000000000000000000000000000000 P 1980034a3f834c47ac6b21a1e97b1915 [CANDIDATE]: Term 2 pre-election: RPC error from VoteRequest() call to peer 710a983de39740d0bb9b815037145ae6 (127.31.147.188:37685): Network error: Client connection negotiation failed: client connection to 127.31.147.188:37685: connect: Connection refused (error 111)
I20260608 10:04:18.478106  1489 leader_election.cc:290] T 00000000000000000000000000000000 P d86e961fb7a14f07a4e30cd671145c62 [CANDIDATE]: Term 2 pre-election: Requested pre-vote from peers 1980034a3f834c47ac6b21a1e97b1915 (127.31.147.190:43109), 710a983de39740d0bb9b815037145ae6 (127.31.147.188:37685)
I20260608 10:04:18.478459   954 leader_election.cc:304] T 00000000000000000000000000000000 P 1980034a3f834c47ac6b21a1e97b1915 [CANDIDATE]: Term 2 pre-election: Election decided. Result: candidate lost. Election summary: received 3 responses out of 3 voters: 1 yes votes; 2 no votes. yes voters: 1980034a3f834c47ac6b21a1e97b1915; no voters: 710a983de39740d0bb9b815037145ae6, d86e961fb7a14f07a4e30cd671145c62
I20260608 10:04:18.480410  1486 raft_consensus.cc:2749] T 00000000000000000000000000000000 P 1980034a3f834c47ac6b21a1e97b1915 [term 1 FOLLOWER]: Leader pre-election lost for term 2. Reason: could not achieve majority
I20260608 10:04:18.480741   978 tablet_service.cc:1917] Received RequestConsensusVote() RPC: tablet_id: "00000000000000000000000000000000" candidate_uuid: "d86e961fb7a14f07a4e30cd671145c62" candidate_term: 2 candidate_status { last_received { term: 1 index: 10 } } ignore_live_leader: false dest_uuid: "1980034a3f834c47ac6b21a1e97b1915" is_pre_election: true
I20260608 10:04:18.481446   978 raft_consensus.cc:2468] T 00000000000000000000000000000000 P 1980034a3f834c47ac6b21a1e97b1915 [term 1 FOLLOWER]: Leader pre-election vote request: Granting yes vote for candidate d86e961fb7a14f07a4e30cd671145c62 in term 1.
I20260608 10:04:18.483165  1021 leader_election.cc:304] T 00000000000000000000000000000000 P d86e961fb7a14f07a4e30cd671145c62 [CANDIDATE]: Term 2 pre-election: Election decided. Result: candidate won. Election summary: received 2 responses out of 3 voters: 2 yes votes; 0 no votes. yes voters: 1980034a3f834c47ac6b21a1e97b1915, d86e961fb7a14f07a4e30cd671145c62; no voters: 
I20260608 10:04:18.483940  1489 raft_consensus.cc:2804] T 00000000000000000000000000000000 P d86e961fb7a14f07a4e30cd671145c62 [term 1 FOLLOWER]: Leader pre-election won for term 2
I20260608 10:04:18.484337  1489 raft_consensus.cc:493] T 00000000000000000000000000000000 P d86e961fb7a14f07a4e30cd671145c62 [term 1 FOLLOWER]: Starting leader election (detected failure of leader 710a983de39740d0bb9b815037145ae6)
I20260608 10:04:18.484715  1489 raft_consensus.cc:3060] T 00000000000000000000000000000000 P d86e961fb7a14f07a4e30cd671145c62 [term 1 FOLLOWER]: Advancing to term 2
W20260608 10:04:18.486135  1021 leader_election.cc:336] T 00000000000000000000000000000000 P d86e961fb7a14f07a4e30cd671145c62 [CANDIDATE]: Term 2 pre-election: RPC error from VoteRequest() call to peer 710a983de39740d0bb9b815037145ae6 (127.31.147.188:37685): Network error: Client connection negotiation failed: client connection to 127.31.147.188:37685: connect: Connection refused (error 111)
I20260608 10:04:18.490063  1489 raft_consensus.cc:515] T 00000000000000000000000000000000 P d86e961fb7a14f07a4e30cd671145c62 [term 2 FOLLOWER]: Starting leader election with config: opid_index: -1 OBSOLETE_local: false peers { permanent_uuid: "1980034a3f834c47ac6b21a1e97b1915" member_type: VOTER last_known_addr { host: "127.31.147.190" port: 43109 } } peers { permanent_uuid: "d86e961fb7a14f07a4e30cd671145c62" member_type: VOTER last_known_addr { host: "127.31.147.189" port: 41171 } } peers { permanent_uuid: "710a983de39740d0bb9b815037145ae6" member_type: VOTER last_known_addr { host: "127.31.147.188" port: 37685 } }
I20260608 10:04:18.491971  1489 leader_election.cc:290] T 00000000000000000000000000000000 P d86e961fb7a14f07a4e30cd671145c62 [CANDIDATE]: Term 2 election: Requested vote from peers 1980034a3f834c47ac6b21a1e97b1915 (127.31.147.190:43109), 710a983de39740d0bb9b815037145ae6 (127.31.147.188:37685)
I20260608 10:04:18.492723   978 tablet_service.cc:1917] Received RequestConsensusVote() RPC: tablet_id: "00000000000000000000000000000000" candidate_uuid: "d86e961fb7a14f07a4e30cd671145c62" candidate_term: 2 candidate_status { last_received { term: 1 index: 10 } } ignore_live_leader: false dest_uuid: "1980034a3f834c47ac6b21a1e97b1915"
I20260608 10:04:18.493332   978 raft_consensus.cc:3060] T 00000000000000000000000000000000 P 1980034a3f834c47ac6b21a1e97b1915 [term 1 FOLLOWER]: Advancing to term 2
W20260608 10:04:18.496402  1021 leader_election.cc:336] T 00000000000000000000000000000000 P d86e961fb7a14f07a4e30cd671145c62 [CANDIDATE]: Term 2 election: RPC error from VoteRequest() call to peer 710a983de39740d0bb9b815037145ae6 (127.31.147.188:37685): Network error: Client connection negotiation failed: client connection to 127.31.147.188:37685: connect: Connection refused (error 111)
I20260608 10:04:18.499046   978 raft_consensus.cc:2468] T 00000000000000000000000000000000 P 1980034a3f834c47ac6b21a1e97b1915 [term 2 FOLLOWER]: Leader election vote request: Granting yes vote for candidate d86e961fb7a14f07a4e30cd671145c62 in term 2.
I20260608 10:04:18.500058  1021 leader_election.cc:304] T 00000000000000000000000000000000 P d86e961fb7a14f07a4e30cd671145c62 [CANDIDATE]: Term 2 election: Election decided. Result: candidate won. Election summary: received 3 responses out of 3 voters: 2 yes votes; 1 no votes. yes voters: 1980034a3f834c47ac6b21a1e97b1915, d86e961fb7a14f07a4e30cd671145c62; no voters: 710a983de39740d0bb9b815037145ae6
I20260608 10:04:18.500836  1489 raft_consensus.cc:2804] T 00000000000000000000000000000000 P d86e961fb7a14f07a4e30cd671145c62 [term 2 FOLLOWER]: Leader election won for term 2
I20260608 10:04:18.501991  1489 raft_consensus.cc:697] T 00000000000000000000000000000000 P d86e961fb7a14f07a4e30cd671145c62 [term 2 LEADER]: Becoming Leader. State: Replica: d86e961fb7a14f07a4e30cd671145c62, State: Running, Role: LEADER
I20260608 10:04:18.502699  1489 consensus_queue.cc:237] T 00000000000000000000000000000000 P d86e961fb7a14f07a4e30cd671145c62 [LEADER]: Queue going to LEADER mode. State: All replicated index: 0, Majority replicated index: 10, Committed index: 10, Last appended: 1.10, Last appended by leader: 10, Current term: 2, Majority size: 2, State: 0, Mode: LEADER, active raft config: opid_index: -1 OBSOLETE_local: false peers { permanent_uuid: "1980034a3f834c47ac6b21a1e97b1915" member_type: VOTER last_known_addr { host: "127.31.147.190" port: 43109 } } peers { permanent_uuid: "d86e961fb7a14f07a4e30cd671145c62" member_type: VOTER last_known_addr { host: "127.31.147.189" port: 41171 } } peers { permanent_uuid: "710a983de39740d0bb9b815037145ae6" member_type: VOTER last_known_addr { host: "127.31.147.188" port: 37685 } }
I20260608 10:04:18.507460  1492 sys_catalog.cc:455] T 00000000000000000000000000000000 P d86e961fb7a14f07a4e30cd671145c62 [sys.catalog]: SysCatalogTable state changed. Reason: New leader d86e961fb7a14f07a4e30cd671145c62. Latest consensus state: current_term: 2 leader_uuid: "d86e961fb7a14f07a4e30cd671145c62" committed_config { opid_index: -1 OBSOLETE_local: false peers { permanent_uuid: "1980034a3f834c47ac6b21a1e97b1915" member_type: VOTER last_known_addr { host: "127.31.147.190" port: 43109 } } peers { permanent_uuid: "d86e961fb7a14f07a4e30cd671145c62" member_type: VOTER last_known_addr { host: "127.31.147.189" port: 41171 } } peers { permanent_uuid: "710a983de39740d0bb9b815037145ae6" member_type: VOTER last_known_addr { host: "127.31.147.188" port: 37685 } } }
I20260608 10:04:18.508078  1492 sys_catalog.cc:458] T 00000000000000000000000000000000 P d86e961fb7a14f07a4e30cd671145c62 [sys.catalog]: This master's current role is: LEADER
I20260608 10:04:18.509689  1495 catalog_manager.cc:1510] Loading table and tablet metadata into memory...
I20260608 10:04:18.514739  1495 catalog_manager.cc:679] Loaded metadata for table test-workload [id=7dc7afd19a714787be15c4be8bcafee2]
I20260608 10:04:18.519543  1495 tablet_loader.cc:96] loaded metadata for tablet 05eb580243bd420894ad75255724bdda (table test-workload [id=7dc7afd19a714787be15c4be8bcafee2])
I20260608 10:04:18.520605  1495 tablet_loader.cc:96] loaded metadata for tablet 186daa29bcb74e3eb4fa89082a98ab63 (table test-workload [id=7dc7afd19a714787be15c4be8bcafee2])
I20260608 10:04:18.521524  1495 tablet_loader.cc:96] loaded metadata for tablet e8cad393be454ba79d00d1a64f822ec6 (table test-workload [id=7dc7afd19a714787be15c4be8bcafee2])
I20260608 10:04:18.522444  1495 catalog_manager.cc:1519] Initializing Kudu cluster ID...
I20260608 10:04:18.525653  1495 catalog_manager.cc:1294] Loaded cluster ID: 868a1a7c8f984de0ada66a526bafaaeb
I20260608 10:04:18.525899  1495 catalog_manager.cc:1530] Initializing Kudu internal certificate authority...
I20260608 10:04:18.530139  1495 catalog_manager.cc:1539] Loading token signing keys...
I20260608 10:04:18.533290  1495 catalog_manager.cc:6080] T 00000000000000000000000000000000 P d86e961fb7a14f07a4e30cd671145c62: Loaded TSK: 0
I20260608 10:04:18.534267  1495 catalog_manager.cc:1549] Initializing in-progress tserver states...
I20260608 10:04:18.565963  1158 auto_leader_rebalancer.cc:140] leader rebalance for table test-workload
I20260608 10:04:18.566402  1158 auto_leader_rebalancer.cc:451] All tables' leader rebalancing finished this round
I20260608 10:04:18.566581 32334 tablet_server.cc:179] TabletServer@127.31.147.129:0 shutting down...
I20260608 10:04:18.586517 32334 ts_tablet_manager.cc:1507] Shutting down tablet manager...
I20260608 10:04:18.587237 32334 tablet_replica.cc:333] T 05eb580243bd420894ad75255724bdda P 72d599f376534da8be57308c50c06591: stopping tablet replica
I20260608 10:04:18.587778 32334 raft_consensus.cc:2243] T 05eb580243bd420894ad75255724bdda P 72d599f376534da8be57308c50c06591 [term 1 LEADER]: Raft consensus shutting down.
I20260608 10:04:18.588231 32334 raft_consensus.cc:2272] T 05eb580243bd420894ad75255724bdda P 72d599f376534da8be57308c50c06591 [term 1 FOLLOWER]: Raft consensus is shut down!
I20260608 10:04:18.606600 32334 tablet_server.cc:196] TabletServer@127.31.147.129:0 shutdown complete.
I20260608 10:04:18.615353 32334 tablet_server.cc:179] TabletServer@127.31.147.130:0 shutting down...
I20260608 10:04:18.631973 32334 ts_tablet_manager.cc:1507] Shutting down tablet manager...
I20260608 10:04:18.632665 32334 tablet_replica.cc:333] T 186daa29bcb74e3eb4fa89082a98ab63 P e0682ef3ffd14fff8b1ff772743cefeb: stopping tablet replica
I20260608 10:04:18.633206 32334 raft_consensus.cc:2243] T 186daa29bcb74e3eb4fa89082a98ab63 P e0682ef3ffd14fff8b1ff772743cefeb [term 1 LEADER]: Raft consensus shutting down.
I20260608 10:04:18.633620 32334 raft_consensus.cc:2272] T 186daa29bcb74e3eb4fa89082a98ab63 P e0682ef3ffd14fff8b1ff772743cefeb [term 1 FOLLOWER]: Raft consensus is shut down!
I20260608 10:04:18.651571 32334 tablet_server.cc:196] TabletServer@127.31.147.130:0 shutdown complete.
I20260608 10:04:18.660006 32334 tablet_server.cc:179] TabletServer@127.31.147.131:0 shutting down...
I20260608 10:04:18.677495 32334 ts_tablet_manager.cc:1507] Shutting down tablet manager...
I20260608 10:04:18.678176 32334 tablet_replica.cc:333] T e8cad393be454ba79d00d1a64f822ec6 P de3dd00bc73b4055bf08ebdb276ddf89: stopping tablet replica
I20260608 10:04:18.678712 32334 raft_consensus.cc:2243] T e8cad393be454ba79d00d1a64f822ec6 P de3dd00bc73b4055bf08ebdb276ddf89 [term 1 LEADER]: Raft consensus shutting down.
I20260608 10:04:18.679215 32334 raft_consensus.cc:2272] T e8cad393be454ba79d00d1a64f822ec6 P de3dd00bc73b4055bf08ebdb276ddf89 [term 1 FOLLOWER]: Raft consensus is shut down!
I20260608 10:04:18.697646 32334 tablet_server.cc:196] TabletServer@127.31.147.131:0 shutdown complete.
I20260608 10:04:18.706394 32334 master.cc:562] Master@127.31.147.190:43109 shutting down...
I20260608 10:04:18.725013 32334 raft_consensus.cc:2243] T 00000000000000000000000000000000 P 1980034a3f834c47ac6b21a1e97b1915 [term 2 FOLLOWER]: Raft consensus shutting down.
I20260608 10:04:18.725716 32334 raft_consensus.cc:2272] T 00000000000000000000000000000000 P 1980034a3f834c47ac6b21a1e97b1915 [term 2 FOLLOWER]: Raft consensus is shut down!
I20260608 10:04:18.726102 32334 tablet_replica.cc:333] T 00000000000000000000000000000000 P 1980034a3f834c47ac6b21a1e97b1915: stopping tablet replica
I20260608 10:04:18.746001 32334 master.cc:584] Master@127.31.147.190:43109 shutdown complete.
I20260608 10:04:18.757773 32334 master.cc:562] Master@127.31.147.189:41171 shutting down...
I20260608 10:04:18.772903 32334 raft_consensus.cc:2243] T 00000000000000000000000000000000 P d86e961fb7a14f07a4e30cd671145c62 [term 2 LEADER]: Raft consensus shutting down.
I20260608 10:04:18.773648 32334 pending_rounds.cc:70] T 00000000000000000000000000000000 P d86e961fb7a14f07a4e30cd671145c62: Trying to abort 1 pending ops.
I20260608 10:04:18.773921 32334 pending_rounds.cc:77] T 00000000000000000000000000000000 P d86e961fb7a14f07a4e30cd671145c62: Aborting op as it isn't in flight: id { term: 2 index: 11 } timestamp: 7294619887636996096 op_type: NO_OP noop_request { }
I20260608 10:04:18.774253 32334 raft_consensus.cc:2889] T 00000000000000000000000000000000 P d86e961fb7a14f07a4e30cd671145c62 [term 2 LEADER]: NO_OP replication failed: Aborted: Op aborted
I20260608 10:04:18.774577 32334 raft_consensus.cc:2272] T 00000000000000000000000000000000 P d86e961fb7a14f07a4e30cd671145c62 [term 2 FOLLOWER]: Raft consensus is shut down!
I20260608 10:04:18.775036 32334 tablet_replica.cc:333] T 00000000000000000000000000000000 P d86e961fb7a14f07a4e30cd671145c62: stopping tablet replica
I20260608 10:04:18.794943 32334 master.cc:584] Master@127.31.147.189:41171 shutdown complete.
[       OK ] AutoRebalancerTest.NextLeaderResumesAutoRebalancing (4641 ms)
[ RUN      ] AutoRebalancerTest.MovesScheduledIfAddTserver
I20260608 10:04:18.822755 32334 internal_mini_cluster.cc:156] Creating distributed mini masters. Addrs: 127.31.147.190:41089
I20260608 10:04:18.823979 32334 file_cache.cc:492] Constructed file cache file cache with capacity 419430
W20260608 10:04:18.829064  1496 instance_detector.cc:116] could not retrieve AWS instance metadata: Network error: curl error: HTTP response code said error: The requested URL returned error: 404
W20260608 10:04:18.831046  1499 instance_detector.cc:116] could not retrieve OpenStack instance metadata: Network error: curl error: HTTP response code said error: The requested URL returned error: 404
I20260608 10:04:18.831424 32334 server_base.cc:1061] running on GCE node
W20260608 10:04:18.831451  1497 instance_detector.cc:116] could not retrieve Azure instance metadata: Network error: curl error: HTTP response code said error: The requested URL returned error: 404
I20260608 10:04:18.832651 32334 hybrid_clock.cc:584] initializing the hybrid clock with 'system_unsync' time source
W20260608 10:04:18.832839 32334 system_unsync_time.cc:38] NTP support is disabled. Clock error bounds will not be accurate. This configuration is not suitable for distributed clusters.
I20260608 10:04:18.832958 32334 hybrid_clock.cc:648] HybridClock initialized: now 1780913058832947 us; error 0 us; skew 500 ppm
I20260608 10:04:18.833485 32334 server_base.cc:861] Flag tcmalloc_max_total_thread_cache_bytes is not working since tcmalloc is not enabled.
I20260608 10:04:18.835992 32334 webserver.cc:533] Webserver started at http://127.31.147.190:33801/ using document root <none> and password file <none>
I20260608 10:04:18.836470 32334 fs_manager.cc:362] Metadata directory not provided
I20260608 10:04:18.836625 32334 fs_manager.cc:368] Using write-ahead log directory (fs_wal_dir) as metadata directory
I20260608 10:04:18.836835 32334 server_base.cc:909] This appears to be a new deployment of Kudu; creating new FS layout
I20260608 10:04:18.837883 32334 fs_manager.cc:1068] Generated new instance metadata in path /tmp/dist-test-taskXJMib5/test-tmp/auto_rebalancer-test.0.AutoRebalancerTest.MovesScheduledIfAddTserver.1780913040058016-32334-0/minicluster-data/master-0-root/instance:
uuid: "3786fac45d774608b9248853654a7d6d"
format_stamp: "Formatted at 2026-06-08 10:04:18 on dist-test-slave-qpgn"
I20260608 10:04:18.842531 32334 fs_manager.cc:696] Time spent creating directory manager: real 0.004s	user 0.002s	sys 0.004s
I20260608 10:04:18.846179  1504 log_block_manager.cc:4031] Time spent loading block containers with low live blocks: real 0.000s	user 0.000s	sys 0.000s
I20260608 10:04:18.847241 32334 fs_manager.cc:730] Time spent opening block manager: real 0.003s	user 0.003s	sys 0.000s
I20260608 10:04:18.847553 32334 fs_manager.cc:647] Opened local filesystem: /tmp/dist-test-taskXJMib5/test-tmp/auto_rebalancer-test.0.AutoRebalancerTest.MovesScheduledIfAddTserver.1780913040058016-32334-0/minicluster-data/master-0-root
uuid: "3786fac45d774608b9248853654a7d6d"
format_stamp: "Formatted at 2026-06-08 10:04:18 on dist-test-slave-qpgn"
I20260608 10:04:18.847837 32334 fs_report.cc:389] FS layout report
--------------------
wal directory: /tmp/dist-test-taskXJMib5/test-tmp/auto_rebalancer-test.0.AutoRebalancerTest.MovesScheduledIfAddTserver.1780913040058016-32334-0/minicluster-data/master-0-root
metadata directory: /tmp/dist-test-taskXJMib5/test-tmp/auto_rebalancer-test.0.AutoRebalancerTest.MovesScheduledIfAddTserver.1780913040058016-32334-0/minicluster-data/master-0-root
1 data directories: /tmp/dist-test-taskXJMib5/test-tmp/auto_rebalancer-test.0.AutoRebalancerTest.MovesScheduledIfAddTserver.1780913040058016-32334-0/minicluster-data/master-0-root/data
Total live blocks: 0
Total live bytes: 0
Total live bytes (after alignment): 0
Total number of LBM containers: 0 (0 full)
Did not check for missing blocks
Did not check for orphaned blocks
Total full LBM containers with extra space: 0 (0 repaired)
Total full LBM container extra space in bytes: 0 (0 repaired)
Total incomplete LBM containers: 0 (0 repaired)
Total LBM partial records: 0 (0 repaired)
Total corrupted LBM metadata records in RocksDB: 0 (0 repaired)
I20260608 10:04:18.862707 32334 rpc_server.cc:225] running with OpenSSL 1.1.1  11 Sep 2018
I20260608 10:04:18.863804 32334 kserver.cc:163] Server-wide thread pool size limit: 3276
I20260608 10:04:18.900108 32334 rpc_server.cc:307] RPC server started. Bound to: 127.31.147.190:41089
I20260608 10:04:18.900220  1555 acceptor_pool.cc:272] collecting diagnostics on the listening RPC socket 127.31.147.190:41089 every 8 connection(s)
I20260608 10:04:18.904214  1556 data_dirs.cc:400] Could only allocate 1 dirs of requested 3 for tablet 00000000000000000000000000000000. 1 dirs total, 0 dirs full, 0 dirs failed
I20260608 10:04:18.913789  1556 tablet_bootstrap.cc:492] T 00000000000000000000000000000000 P 3786fac45d774608b9248853654a7d6d: Bootstrap starting.
I20260608 10:04:18.918123  1556 tablet_bootstrap.cc:654] T 00000000000000000000000000000000 P 3786fac45d774608b9248853654a7d6d: Neither blocks nor log segments found. Creating new log.
I20260608 10:04:18.922140  1556 tablet_bootstrap.cc:492] T 00000000000000000000000000000000 P 3786fac45d774608b9248853654a7d6d: No bootstrap required, opened a new log
I20260608 10:04:18.924265  1556 raft_consensus.cc:359] T 00000000000000000000000000000000 P 3786fac45d774608b9248853654a7d6d [term 0 FOLLOWER]: Replica starting. Triggering 0 pending ops. Active config: opid_index: -1 OBSOLETE_local: true peers { permanent_uuid: "3786fac45d774608b9248853654a7d6d" member_type: VOTER }
I20260608 10:04:18.924671  1556 raft_consensus.cc:385] T 00000000000000000000000000000000 P 3786fac45d774608b9248853654a7d6d [term 0 FOLLOWER]: Consensus starting up: Expiring failure detector timer to make a prompt election more likely
I20260608 10:04:18.924904  1556 raft_consensus.cc:740] T 00000000000000000000000000000000 P 3786fac45d774608b9248853654a7d6d [term 0 FOLLOWER]: Becoming Follower/Learner. State: Replica: 3786fac45d774608b9248853654a7d6d, State: Initialized, Role: FOLLOWER
I20260608 10:04:18.925518  1556 consensus_queue.cc:260] T 00000000000000000000000000000000 P 3786fac45d774608b9248853654a7d6d [NON_LEADER]: Queue going to NON_LEADER mode. State: All replicated index: 0, Majority replicated index: 0, Committed index: 0, Last appended: 0.0, Last appended by leader: 0, Current term: 0, Majority size: -1, State: 0, Mode: NON_LEADER, active raft config: opid_index: -1 OBSOLETE_local: true peers { permanent_uuid: "3786fac45d774608b9248853654a7d6d" member_type: VOTER }
I20260608 10:04:18.926081  1556 raft_consensus.cc:399] T 00000000000000000000000000000000 P 3786fac45d774608b9248853654a7d6d [term 0 FOLLOWER]: Only one voter in the Raft config. Triggering election immediately
I20260608 10:04:18.926311  1556 raft_consensus.cc:493] T 00000000000000000000000000000000 P 3786fac45d774608b9248853654a7d6d [term 0 FOLLOWER]: Starting leader election (initial election of a single-replica configuration)
I20260608 10:04:18.926600  1556 raft_consensus.cc:3060] T 00000000000000000000000000000000 P 3786fac45d774608b9248853654a7d6d [term 0 FOLLOWER]: Advancing to term 1
I20260608 10:04:18.930925  1556 raft_consensus.cc:515] T 00000000000000000000000000000000 P 3786fac45d774608b9248853654a7d6d [term 1 FOLLOWER]: Starting leader election with config: opid_index: -1 OBSOLETE_local: true peers { permanent_uuid: "3786fac45d774608b9248853654a7d6d" member_type: VOTER }
I20260608 10:04:18.931504  1556 leader_election.cc:304] T 00000000000000000000000000000000 P 3786fac45d774608b9248853654a7d6d [CANDIDATE]: Term 1 election: Election decided. Result: candidate won. Election summary: received 1 responses out of 1 voters: 1 yes votes; 0 no votes. yes voters: 3786fac45d774608b9248853654a7d6d; no voters: 
I20260608 10:04:18.932650  1556 leader_election.cc:290] T 00000000000000000000000000000000 P 3786fac45d774608b9248853654a7d6d [CANDIDATE]: Term 1 election: Requested vote from peers 
I20260608 10:04:18.933063  1559 raft_consensus.cc:2804] T 00000000000000000000000000000000 P 3786fac45d774608b9248853654a7d6d [term 1 FOLLOWER]: Leader election won for term 1
I20260608 10:04:18.934437  1559 raft_consensus.cc:697] T 00000000000000000000000000000000 P 3786fac45d774608b9248853654a7d6d [term 1 LEADER]: Becoming Leader. State: Replica: 3786fac45d774608b9248853654a7d6d, State: Running, Role: LEADER
I20260608 10:04:18.935211  1559 consensus_queue.cc:237] T 00000000000000000000000000000000 P 3786fac45d774608b9248853654a7d6d [LEADER]: Queue going to LEADER mode. State: All replicated index: 0, Majority replicated index: 0, Committed index: 0, Last appended: 0.0, Last appended by leader: 0, Current term: 1, Majority size: 1, State: 0, Mode: LEADER, active raft config: opid_index: -1 OBSOLETE_local: true peers { permanent_uuid: "3786fac45d774608b9248853654a7d6d" member_type: VOTER }
I20260608 10:04:18.935730  1556 sys_catalog.cc:565] T 00000000000000000000000000000000 P 3786fac45d774608b9248853654a7d6d [sys.catalog]: configured and running, proceeding with master startup.
I20260608 10:04:18.938063  1561 sys_catalog.cc:455] T 00000000000000000000000000000000 P 3786fac45d774608b9248853654a7d6d [sys.catalog]: SysCatalogTable state changed. Reason: New leader 3786fac45d774608b9248853654a7d6d. Latest consensus state: current_term: 1 leader_uuid: "3786fac45d774608b9248853654a7d6d" committed_config { opid_index: -1 OBSOLETE_local: true peers { permanent_uuid: "3786fac45d774608b9248853654a7d6d" member_type: VOTER } }
I20260608 10:04:18.938073  1560 sys_catalog.cc:455] T 00000000000000000000000000000000 P 3786fac45d774608b9248853654a7d6d [sys.catalog]: SysCatalogTable state changed. Reason: RaftConsensus started. Latest consensus state: current_term: 1 leader_uuid: "3786fac45d774608b9248853654a7d6d" committed_config { opid_index: -1 OBSOLETE_local: true peers { permanent_uuid: "3786fac45d774608b9248853654a7d6d" member_type: VOTER } }
I20260608 10:04:18.939137  1560 sys_catalog.cc:458] T 00000000000000000000000000000000 P 3786fac45d774608b9248853654a7d6d [sys.catalog]: This master's current role is: LEADER
I20260608 10:04:18.938766  1561 sys_catalog.cc:458] T 00000000000000000000000000000000 P 3786fac45d774608b9248853654a7d6d [sys.catalog]: This master's current role is: LEADER
I20260608 10:04:18.944650  1566 catalog_manager.cc:1510] Loading table and tablet metadata into memory...
I20260608 10:04:18.952761  1566 catalog_manager.cc:1519] Initializing Kudu cluster ID...
I20260608 10:04:18.953780 32334 internal_mini_cluster.cc:184] Waiting to initialize catalog manager on master 0
I20260608 10:04:18.963501  1566 catalog_manager.cc:1382] Generated new cluster ID: ea97150480c94dbea3799725985e4e70
I20260608 10:04:18.963836  1566 catalog_manager.cc:1530] Initializing Kudu internal certificate authority...
I20260608 10:04:18.986888  1566 catalog_manager.cc:1405] Generated new certificate authority record
I20260608 10:04:18.988242  1566 catalog_manager.cc:1539] Loading token signing keys...
I20260608 10:04:19.006183  1566 catalog_manager.cc:6069] T 00000000000000000000000000000000 P 3786fac45d774608b9248853654a7d6d: Generated new TSK 0
I20260608 10:04:19.006875  1566 catalog_manager.cc:1549] Initializing in-progress tserver states...
I20260608 10:04:19.020514 32334 file_cache.cc:492] Constructed file cache file cache with capacity 419430
W20260608 10:04:19.026530  1578 instance_detector.cc:116] could not retrieve AWS instance metadata: Network error: curl error: HTTP response code said error: The requested URL returned error: 404
W20260608 10:04:19.028072  1579 instance_detector.cc:116] could not retrieve Azure instance metadata: Network error: curl error: HTTP response code said error: The requested URL returned error: 404
W20260608 10:04:19.029623  1581 instance_detector.cc:116] could not retrieve OpenStack instance metadata: Network error: curl error: HTTP response code said error: The requested URL returned error: 404
I20260608 10:04:19.029711 32334 server_base.cc:1061] running on GCE node
I20260608 10:04:19.030865 32334 hybrid_clock.cc:584] initializing the hybrid clock with 'system_unsync' time source
W20260608 10:04:19.031131 32334 system_unsync_time.cc:38] NTP support is disabled. Clock error bounds will not be accurate. This configuration is not suitable for distributed clusters.
I20260608 10:04:19.031263 32334 hybrid_clock.cc:648] HybridClock initialized: now 1780913059031251 us; error 0 us; skew 500 ppm
I20260608 10:04:19.031792 32334 server_base.cc:861] Flag tcmalloc_max_total_thread_cache_bytes is not working since tcmalloc is not enabled.
I20260608 10:04:19.034476 32334 webserver.cc:533] Webserver started at http://127.31.147.129:35817/ using document root <none> and password file <none>
I20260608 10:04:19.035212 32334 fs_manager.cc:362] Metadata directory not provided
I20260608 10:04:19.035379 32334 fs_manager.cc:368] Using write-ahead log directory (fs_wal_dir) as metadata directory
I20260608 10:04:19.035615 32334 server_base.cc:909] This appears to be a new deployment of Kudu; creating new FS layout
I20260608 10:04:19.036713 32334 fs_manager.cc:1068] Generated new instance metadata in path /tmp/dist-test-taskXJMib5/test-tmp/auto_rebalancer-test.0.AutoRebalancerTest.MovesScheduledIfAddTserver.1780913040058016-32334-0/minicluster-data/ts-0-root/instance:
uuid: "9ad22853eb91489c932ed467b88f69b6"
format_stamp: "Formatted at 2026-06-08 10:04:19 on dist-test-slave-qpgn"
I20260608 10:04:19.041484 32334 fs_manager.cc:696] Time spent creating directory manager: real 0.004s	user 0.006s	sys 0.000s
I20260608 10:04:19.044922  1586 log_block_manager.cc:4031] Time spent loading block containers with low live blocks: real 0.000s	user 0.000s	sys 0.000s
I20260608 10:04:19.045820 32334 fs_manager.cc:730] Time spent opening block manager: real 0.002s	user 0.002s	sys 0.000s
I20260608 10:04:19.046222 32334 fs_manager.cc:647] Opened local filesystem: /tmp/dist-test-taskXJMib5/test-tmp/auto_rebalancer-test.0.AutoRebalancerTest.MovesScheduledIfAddTserver.1780913040058016-32334-0/minicluster-data/ts-0-root
uuid: "9ad22853eb91489c932ed467b88f69b6"
format_stamp: "Formatted at 2026-06-08 10:04:19 on dist-test-slave-qpgn"
I20260608 10:04:19.046553 32334 fs_report.cc:389] FS layout report
--------------------
wal directory: /tmp/dist-test-taskXJMib5/test-tmp/auto_rebalancer-test.0.AutoRebalancerTest.MovesScheduledIfAddTserver.1780913040058016-32334-0/minicluster-data/ts-0-root
metadata directory: /tmp/dist-test-taskXJMib5/test-tmp/auto_rebalancer-test.0.AutoRebalancerTest.MovesScheduledIfAddTserver.1780913040058016-32334-0/minicluster-data/ts-0-root
1 data directories: /tmp/dist-test-taskXJMib5/test-tmp/auto_rebalancer-test.0.AutoRebalancerTest.MovesScheduledIfAddTserver.1780913040058016-32334-0/minicluster-data/ts-0-root/data
Total live blocks: 0
Total live bytes: 0
Total live bytes (after alignment): 0
Total number of LBM containers: 0 (0 full)
Did not check for missing blocks
Did not check for orphaned blocks
Total full LBM containers with extra space: 0 (0 repaired)
Total full LBM container extra space in bytes: 0 (0 repaired)
Total incomplete LBM containers: 0 (0 repaired)
Total LBM partial records: 0 (0 repaired)
Total corrupted LBM metadata records in RocksDB: 0 (0 repaired)
I20260608 10:04:19.060189 32334 rpc_server.cc:225] running with OpenSSL 1.1.1  11 Sep 2018
I20260608 10:04:19.061255 32334 kserver.cc:163] Server-wide thread pool size limit: 3276
I20260608 10:04:19.062759 32334 txn_system_client.cc:432] TxnSystemClient initialization is disabled...
I20260608 10:04:19.065155 32334 ts_tablet_manager.cc:585] Loaded tablet metadata (0 total tablets, 0 live tablets)
I20260608 10:04:19.065394 32334 ts_tablet_manager.cc:531] Time spent load tablet metadata: real 0.000s	user 0.000s	sys 0.000s
I20260608 10:04:19.065644 32334 ts_tablet_manager.cc:616] Registered 0 tablets
I20260608 10:04:19.065832 32334 ts_tablet_manager.cc:595] Time spent register tablets: real 0.000s	user 0.000s	sys 0.000s
I20260608 10:04:19.104050 32334 rpc_server.cc:307] RPC server started. Bound to: 127.31.147.129:34599
I20260608 10:04:19.104197  1649 acceptor_pool.cc:272] collecting diagnostics on the listening RPC socket 127.31.147.129:34599 every 8 connection(s)
I20260608 10:04:19.109392 32334 file_cache.cc:492] Constructed file cache file cache with capacity 419430
W20260608 10:04:19.117205  1654 instance_detector.cc:116] could not retrieve AWS instance metadata: Network error: curl error: HTTP response code said error: The requested URL returned error: 404
W20260608 10:04:19.118877  1655 instance_detector.cc:116] could not retrieve Azure instance metadata: Network error: curl error: HTTP response code said error: The requested URL returned error: 404
W20260608 10:04:19.121410  1657 instance_detector.cc:116] could not retrieve OpenStack instance metadata: Network error: curl error: HTTP response code said error: The requested URL returned error: 404
I20260608 10:04:19.121624 32334 server_base.cc:1061] running on GCE node
I20260608 10:04:19.122509 32334 hybrid_clock.cc:584] initializing the hybrid clock with 'system_unsync' time source
W20260608 10:04:19.122743 32334 system_unsync_time.cc:38] NTP support is disabled. Clock error bounds will not be accurate. This configuration is not suitable for distributed clusters.
I20260608 10:04:19.122943 32334 hybrid_clock.cc:648] HybridClock initialized: now 1780913059122924 us; error 0 us; skew 500 ppm
I20260608 10:04:19.123632 32334 server_base.cc:861] Flag tcmalloc_max_total_thread_cache_bytes is not working since tcmalloc is not enabled.
I20260608 10:04:19.126479  1650 heartbeater.cc:344] Connected to a master server at 127.31.147.190:41089
I20260608 10:04:19.126633 32334 webserver.cc:533] Webserver started at http://127.31.147.130:34897/ using document root <none> and password file <none>
I20260608 10:04:19.126840  1650 heartbeater.cc:461] Registering TS with master...
I20260608 10:04:19.127360 32334 fs_manager.cc:362] Metadata directory not provided
I20260608 10:04:19.127620 32334 fs_manager.cc:368] Using write-ahead log directory (fs_wal_dir) as metadata directory
I20260608 10:04:19.127599  1650 heartbeater.cc:507] Master 127.31.147.190:41089 requested a full tablet report, sending...
I20260608 10:04:19.128139 32334 server_base.cc:909] This appears to be a new deployment of Kudu; creating new FS layout
I20260608 10:04:19.129511 32334 fs_manager.cc:1068] Generated new instance metadata in path /tmp/dist-test-taskXJMib5/test-tmp/auto_rebalancer-test.0.AutoRebalancerTest.MovesScheduledIfAddTserver.1780913040058016-32334-0/minicluster-data/ts-1-root/instance:
uuid: "eb90f33825ac4b42ba7ffb3053e07e19"
format_stamp: "Formatted at 2026-06-08 10:04:19 on dist-test-slave-qpgn"
I20260608 10:04:19.130288  1521 ts_manager.cc:194] Registered new tserver with Master: 9ad22853eb91489c932ed467b88f69b6 (127.31.147.129:34599)
I20260608 10:04:19.132817  1521 master_service.cc:502] Signed X509 certificate for tserver {username='slave'} at 127.0.0.1:46320
I20260608 10:04:19.135702 32334 fs_manager.cc:696] Time spent creating directory manager: real 0.006s	user 0.006s	sys 0.002s
I20260608 10:04:19.139242  1662 log_block_manager.cc:4031] Time spent loading block containers with low live blocks: real 0.000s	user 0.000s	sys 0.000s
I20260608 10:04:19.140024 32334 fs_manager.cc:730] Time spent opening block manager: real 0.002s	user 0.002s	sys 0.001s
I20260608 10:04:19.140319 32334 fs_manager.cc:647] Opened local filesystem: /tmp/dist-test-taskXJMib5/test-tmp/auto_rebalancer-test.0.AutoRebalancerTest.MovesScheduledIfAddTserver.1780913040058016-32334-0/minicluster-data/ts-1-root
uuid: "eb90f33825ac4b42ba7ffb3053e07e19"
format_stamp: "Formatted at 2026-06-08 10:04:19 on dist-test-slave-qpgn"
I20260608 10:04:19.140661 32334 fs_report.cc:389] FS layout report
--------------------
wal directory: /tmp/dist-test-taskXJMib5/test-tmp/auto_rebalancer-test.0.AutoRebalancerTest.MovesScheduledIfAddTserver.1780913040058016-32334-0/minicluster-data/ts-1-root
metadata directory: /tmp/dist-test-taskXJMib5/test-tmp/auto_rebalancer-test.0.AutoRebalancerTest.MovesScheduledIfAddTserver.1780913040058016-32334-0/minicluster-data/ts-1-root
1 data directories: /tmp/dist-test-taskXJMib5/test-tmp/auto_rebalancer-test.0.AutoRebalancerTest.MovesScheduledIfAddTserver.1780913040058016-32334-0/minicluster-data/ts-1-root/data
Total live blocks: 0
Total live bytes: 0
Total live bytes (after alignment): 0
Total number of LBM containers: 0 (0 full)
Did not check for missing blocks
Did not check for orphaned blocks
Total full LBM containers with extra space: 0 (0 repaired)
Total full LBM container extra space in bytes: 0 (0 repaired)
Total incomplete LBM containers: 0 (0 repaired)
Total LBM partial records: 0 (0 repaired)
Total corrupted LBM metadata records in RocksDB: 0 (0 repaired)
I20260608 10:04:19.159518 32334 rpc_server.cc:225] running with OpenSSL 1.1.1  11 Sep 2018
I20260608 10:04:19.160656 32334 kserver.cc:163] Server-wide thread pool size limit: 3276
I20260608 10:04:19.162123 32334 txn_system_client.cc:432] TxnSystemClient initialization is disabled...
I20260608 10:04:19.164566 32334 ts_tablet_manager.cc:585] Loaded tablet metadata (0 total tablets, 0 live tablets)
I20260608 10:04:19.164988 32334 ts_tablet_manager.cc:531] Time spent load tablet metadata: real 0.000s	user 0.000s	sys 0.000s
I20260608 10:04:19.165271 32334 ts_tablet_manager.cc:616] Registered 0 tablets
I20260608 10:04:19.165591 32334 ts_tablet_manager.cc:595] Time spent register tablets: real 0.000s	user 0.000s	sys 0.000s
I20260608 10:04:19.204983 32334 rpc_server.cc:307] RPC server started. Bound to: 127.31.147.130:35735
I20260608 10:04:19.205097  1725 acceptor_pool.cc:272] collecting diagnostics on the listening RPC socket 127.31.147.130:35735 every 8 connection(s)
I20260608 10:04:19.209965 32334 file_cache.cc:492] Constructed file cache file cache with capacity 419430
W20260608 10:04:19.216995  1729 instance_detector.cc:116] could not retrieve AWS instance metadata: Network error: curl error: HTTP response code said error: The requested URL returned error: 404
W20260608 10:04:19.218276  1730 instance_detector.cc:116] could not retrieve Azure instance metadata: Network error: curl error: HTTP response code said error: The requested URL returned error: 404
I20260608 10:04:19.220064 32334 server_base.cc:1061] running on GCE node
I20260608 10:04:19.221323  1726 heartbeater.cc:344] Connected to a master server at 127.31.147.190:41089
W20260608 10:04:19.221562  1733 instance_detector.cc:116] could not retrieve OpenStack instance metadata: Network error: curl error: HTTP response code said error: The requested URL returned error: 404
I20260608 10:04:19.221735  1726 heartbeater.cc:461] Registering TS with master...
I20260608 10:04:19.222502 32334 hybrid_clock.cc:584] initializing the hybrid clock with 'system_unsync' time source
I20260608 10:04:19.222590  1726 heartbeater.cc:507] Master 127.31.147.190:41089 requested a full tablet report, sending...
W20260608 10:04:19.222772 32334 system_unsync_time.cc:38] NTP support is disabled. Clock error bounds will not be accurate. This configuration is not suitable for distributed clusters.
I20260608 10:04:19.223060 32334 hybrid_clock.cc:648] HybridClock initialized: now 1780913059223039 us; error 0 us; skew 500 ppm
I20260608 10:04:19.223726 32334 server_base.cc:861] Flag tcmalloc_max_total_thread_cache_bytes is not working since tcmalloc is not enabled.
I20260608 10:04:19.225008  1521 ts_manager.cc:194] Registered new tserver with Master: eb90f33825ac4b42ba7ffb3053e07e19 (127.31.147.130:35735)
I20260608 10:04:19.226423 32334 webserver.cc:533] Webserver started at http://127.31.147.131:36885/ using document root <none> and password file <none>
I20260608 10:04:19.226666  1521 master_service.cc:502] Signed X509 certificate for tserver {username='slave'} at 127.0.0.1:46332
I20260608 10:04:19.227099 32334 fs_manager.cc:362] Metadata directory not provided
I20260608 10:04:19.227350 32334 fs_manager.cc:368] Using write-ahead log directory (fs_wal_dir) as metadata directory
I20260608 10:04:19.227658 32334 server_base.cc:909] This appears to be a new deployment of Kudu; creating new FS layout
I20260608 10:04:19.229151 32334 fs_manager.cc:1068] Generated new instance metadata in path /tmp/dist-test-taskXJMib5/test-tmp/auto_rebalancer-test.0.AutoRebalancerTest.MovesScheduledIfAddTserver.1780913040058016-32334-0/minicluster-data/ts-2-root/instance:
uuid: "a93974aeac5a4292940d8cca3075a98b"
format_stamp: "Formatted at 2026-06-08 10:04:19 on dist-test-slave-qpgn"
I20260608 10:04:19.233880 32334 fs_manager.cc:696] Time spent creating directory manager: real 0.004s	user 0.006s	sys 0.000s
I20260608 10:04:19.237462  1737 log_block_manager.cc:4031] Time spent loading block containers with low live blocks: real 0.000s	user 0.000s	sys 0.000s
I20260608 10:04:19.238278 32334 fs_manager.cc:730] Time spent opening block manager: real 0.002s	user 0.002s	sys 0.000s
I20260608 10:04:19.238564 32334 fs_manager.cc:647] Opened local filesystem: /tmp/dist-test-taskXJMib5/test-tmp/auto_rebalancer-test.0.AutoRebalancerTest.MovesScheduledIfAddTserver.1780913040058016-32334-0/minicluster-data/ts-2-root
uuid: "a93974aeac5a4292940d8cca3075a98b"
format_stamp: "Formatted at 2026-06-08 10:04:19 on dist-test-slave-qpgn"
I20260608 10:04:19.238804 32334 fs_report.cc:389] FS layout report
--------------------
wal directory: /tmp/dist-test-taskXJMib5/test-tmp/auto_rebalancer-test.0.AutoRebalancerTest.MovesScheduledIfAddTserver.1780913040058016-32334-0/minicluster-data/ts-2-root
metadata directory: /tmp/dist-test-taskXJMib5/test-tmp/auto_rebalancer-test.0.AutoRebalancerTest.MovesScheduledIfAddTserver.1780913040058016-32334-0/minicluster-data/ts-2-root
