I20260608 10:05:17.615612  3127 raft_consensus.cc:493] T 1048e7debfe943a38e686ccbad14d574 P 5edc3058a373459092cb56e8952ed3a5 [term 0 FOLLOWER]: Starting leader election (no leader contacted us within the election timeout)
I20260608 10:05:17.616004  3127 raft_consensus.cc:3060] T 1048e7debfe943a38e686ccbad14d574 P 5edc3058a373459092cb56e8952ed3a5 [term 0 FOLLOWER]: Advancing to term 1
I20260608 10:05:17.618330  3209 consensus_queue.cc:260] T f1b855b39f1d473b9e9c5dee59c76e41 P bcd49f6678734c02b92b88f37ce3b53d [NON_LEADER]: Queue going to NON_LEADER mode. State: All replicated index: 0, Majority replicated index: 0, Committed index: 0, Last appended: 0.0, Last appended by leader: 0, Current term: 0, Majority size: -1, State: 0, Mode: NON_LEADER, active raft config: opid_index: -1 OBSOLETE_local: false peers { permanent_uuid: "b86840be54524c2e967370f94ec3fa54" member_type: VOTER last_known_addr { host: "127.31.147.132" port: 38653 } } peers { permanent_uuid: "70e655d3909f4692a9f273d3ac50e57a" member_type: VOTER last_known_addr { host: "127.31.147.129" port: 38155 } } peers { permanent_uuid: "bcd49f6678734c02b92b88f37ce3b53d" member_type: VOTER last_known_addr { host: "127.31.147.131" port: 35759 } }
I20260608 10:05:17.609594  3058 consensus_queue.cc:237] T 97b8b3faeb414802aace6ca0f477f92c P 5edc3058a373459092cb56e8952ed3a5 [LEADER]: Queue going to LEADER mode. State: All replicated index: 0, Majority replicated index: 0, Committed index: 0, Last appended: 0.0, Last appended by leader: 0, Current term: 1, Majority size: 2, State: 0, Mode: LEADER, active raft config: opid_index: -1 OBSOLETE_local: false peers { permanent_uuid: "5edc3058a373459092cb56e8952ed3a5" member_type: VOTER last_known_addr { host: "127.31.147.130" port: 38313 } } peers { permanent_uuid: "bcd49f6678734c02b92b88f37ce3b53d" member_type: VOTER last_known_addr { host: "127.31.147.131" port: 35759 } } peers { permanent_uuid: "b86840be54524c2e967370f94ec3fa54" member_type: VOTER last_known_addr { host: "127.31.147.132" port: 38653 } }
I20260608 10:05:17.622336  3208 tablet_bootstrap.cc:492] T 55f08e59444b4f08adb4832baac5acb5 P 5edc3058a373459092cb56e8952ed3a5: No bootstrap required, opened a new log
I20260608 10:05:17.629949  3208 ts_tablet_manager.cc:1403] T 55f08e59444b4f08adb4832baac5acb5 P 5edc3058a373459092cb56e8952ed3a5: Time spent bootstrapping tablet: real 0.133s	user 0.010s	sys 0.012s
I20260608 10:05:17.606591  2747 catalog_manager.cc:5696] T bc2bf55aecd047b4b55bd07ea26a23f9 P 70e655d3909f4692a9f273d3ac50e57a reported cstate change: term changed from 0 to 1, leader changed from <none> to 70e655d3909f4692a9f273d3ac50e57a (127.31.147.129). New cstate: current_term: 1 leader_uuid: "70e655d3909f4692a9f273d3ac50e57a" committed_config { opid_index: -1 OBSOLETE_local: false peers { permanent_uuid: "bcd49f6678734c02b92b88f37ce3b53d" member_type: VOTER last_known_addr { host: "127.31.147.131" port: 35759 } health_report { overall_health: UNKNOWN } } peers { permanent_uuid: "b86840be54524c2e967370f94ec3fa54" member_type: VOTER last_known_addr { host: "127.31.147.132" port: 38653 } health_report { overall_health: UNKNOWN } } peers { permanent_uuid: "70e655d3909f4692a9f273d3ac50e57a" member_type: VOTER last_known_addr { host: "127.31.147.129" port: 38155 } health_report { overall_health: HEALTHY } } }
I20260608 10:05:17.632860  3174 tablet_service.cc:1917] Received RequestConsensusVote() RPC: tablet_id: "97b8b3faeb414802aace6ca0f477f92c" candidate_uuid: "5edc3058a373459092cb56e8952ed3a5" candidate_term: 1 candidate_status { last_received { term: 0 index: 0 } } ignore_live_leader: false dest_uuid: "b86840be54524c2e967370f94ec3fa54" is_pre_election: true
I20260608 10:05:17.633569  3174 raft_consensus.cc:2468] T 97b8b3faeb414802aace6ca0f477f92c P b86840be54524c2e967370f94ec3fa54 [term 0 FOLLOWER]: Leader pre-election vote request: Granting yes vote for candidate 5edc3058a373459092cb56e8952ed3a5 in term 0.
I20260608 10:05:17.635169  3173 tablet_service.cc:1917] Received RequestConsensusVote() RPC: tablet_id: "97b8b3faeb414802aace6ca0f477f92c" candidate_uuid: "5edc3058a373459092cb56e8952ed3a5" candidate_term: 1 candidate_status { last_received { term: 0 index: 0 } } ignore_live_leader: false dest_uuid: "b86840be54524c2e967370f94ec3fa54"
I20260608 10:05:17.635910  3173 raft_consensus.cc:3060] T 97b8b3faeb414802aace6ca0f477f92c P b86840be54524c2e967370f94ec3fa54 [term 0 FOLLOWER]: Advancing to term 1
I20260608 10:05:17.635174  3209 ts_tablet_manager.cc:1434] T f1b855b39f1d473b9e9c5dee59c76e41 P bcd49f6678734c02b92b88f37ce3b53d: Time spent starting tablet: real 0.032s	user 0.006s	sys 0.002s
I20260608 10:05:17.638923  3172 tablet_service.cc:1917] Received RequestConsensusVote() RPC: tablet_id: "1048e7debfe943a38e686ccbad14d574" candidate_uuid: "5edc3058a373459092cb56e8952ed3a5" candidate_term: 1 candidate_status { last_received { term: 0 index: 0 } } ignore_live_leader: false dest_uuid: "b86840be54524c2e967370f94ec3fa54" is_pre_election: true
W20260608 10:05:17.645399  2899 leader_election.cc:343] T 1048e7debfe943a38e686ccbad14d574 P 5edc3058a373459092cb56e8952ed3a5 [CANDIDATE]: Term 1 pre-election: Tablet error from VoteRequest() call to peer b86840be54524c2e967370f94ec3fa54 (127.31.147.132:38653): Illegal state: must be running to vote when last-logged opid is not known
I20260608 10:05:17.645511  3207 tablet_bootstrap.cc:654] T 55f08e59444b4f08adb4832baac5acb5 P 70e655d3909f4692a9f273d3ac50e57a: Neither blocks nor log segments found. Creating new log.
I20260608 10:05:17.651249  3212 ts_tablet_manager.cc:1434] T 97b8b3faeb414802aace6ca0f477f92c P b86840be54524c2e967370f94ec3fa54: Time spent starting tablet: real 0.092s	user 0.006s	sys 0.003s
I20260608 10:05:17.653069  3208 raft_consensus.cc:359] T 55f08e59444b4f08adb4832baac5acb5 P 5edc3058a373459092cb56e8952ed3a5 [term 0 FOLLOWER]: Replica starting. Triggering 0 pending ops. Active config: opid_index: -1 OBSOLETE_local: false peers { permanent_uuid: "5edc3058a373459092cb56e8952ed3a5" member_type: VOTER last_known_addr { host: "127.31.147.130" port: 38313 } } peers { permanent_uuid: "b86840be54524c2e967370f94ec3fa54" member_type: VOTER last_known_addr { host: "127.31.147.132" port: 38653 } } peers { permanent_uuid: "70e655d3909f4692a9f273d3ac50e57a" member_type: VOTER last_known_addr { host: "127.31.147.129" port: 38155 } }
I20260608 10:05:17.653877  3208 raft_consensus.cc:385] T 55f08e59444b4f08adb4832baac5acb5 P 5edc3058a373459092cb56e8952ed3a5 [term 0 FOLLOWER]: Consensus starting up: Expiring failure detector timer to make a prompt election more likely
I20260608 10:05:17.654211  3208 raft_consensus.cc:740] T 55f08e59444b4f08adb4832baac5acb5 P 5edc3058a373459092cb56e8952ed3a5 [term 0 FOLLOWER]: Becoming Follower/Learner. State: Replica: 5edc3058a373459092cb56e8952ed3a5, State: Initialized, Role: FOLLOWER
I20260608 10:05:17.655019  3208 consensus_queue.cc:260] T 55f08e59444b4f08adb4832baac5acb5 P 5edc3058a373459092cb56e8952ed3a5 [NON_LEADER]: Queue going to NON_LEADER mode. State: All replicated index: 0, Majority replicated index: 0, Committed index: 0, Last appended: 0.0, Last appended by leader: 0, Current term: 0, Majority size: -1, State: 0, Mode: NON_LEADER, active raft config: opid_index: -1 OBSOLETE_local: false peers { permanent_uuid: "5edc3058a373459092cb56e8952ed3a5" member_type: VOTER last_known_addr { host: "127.31.147.130" port: 38313 } } peers { permanent_uuid: "b86840be54524c2e967370f94ec3fa54" member_type: VOTER last_known_addr { host: "127.31.147.132" port: 38653 } } peers { permanent_uuid: "70e655d3909f4692a9f273d3ac50e57a" member_type: VOTER last_known_addr { host: "127.31.147.129" port: 38155 } }
I20260608 10:05:17.656658  3127 raft_consensus.cc:515] T 1048e7debfe943a38e686ccbad14d574 P 5edc3058a373459092cb56e8952ed3a5 [term 1 FOLLOWER]: Starting leader election with config: opid_index: -1 OBSOLETE_local: false peers { permanent_uuid: "b86840be54524c2e967370f94ec3fa54" member_type: VOTER last_known_addr { host: "127.31.147.132" port: 38653 } } peers { permanent_uuid: "5edc3058a373459092cb56e8952ed3a5" member_type: VOTER last_known_addr { host: "127.31.147.130" port: 38313 } } peers { permanent_uuid: "bcd49f6678734c02b92b88f37ce3b53d" member_type: VOTER last_known_addr { host: "127.31.147.131" port: 35759 } }
I20260608 10:05:17.658258  3208 ts_tablet_manager.cc:1434] T 55f08e59444b4f08adb4832baac5acb5 P 5edc3058a373459092cb56e8952ed3a5: Time spent starting tablet: real 0.028s	user 0.003s	sys 0.004s
I20260608 10:05:17.660362  3127 leader_election.cc:290] T 1048e7debfe943a38e686ccbad14d574 P 5edc3058a373459092cb56e8952ed3a5 [CANDIDATE]: Term 1 election: Requested vote from peers b86840be54524c2e967370f94ec3fa54 (127.31.147.132:38653), bcd49f6678734c02b92b88f37ce3b53d (127.31.147.131:35759)
I20260608 10:05:17.660177  2747 catalog_manager.cc:5696] T d39ccca00a0d40efb0e268631e49a38f P 70e655d3909f4692a9f273d3ac50e57a reported cstate change: term changed from 0 to 1, leader changed from <none> to 70e655d3909f4692a9f273d3ac50e57a (127.31.147.129). New cstate: current_term: 1 leader_uuid: "70e655d3909f4692a9f273d3ac50e57a" committed_config { opid_index: -1 OBSOLETE_local: false peers { permanent_uuid: "70e655d3909f4692a9f273d3ac50e57a" member_type: VOTER last_known_addr { host: "127.31.147.129" port: 38155 } health_report { overall_health: HEALTHY } } peers { permanent_uuid: "b86840be54524c2e967370f94ec3fa54" member_type: VOTER last_known_addr { host: "127.31.147.132" port: 38653 } health_report { overall_health: UNKNOWN } } peers { permanent_uuid: "5edc3058a373459092cb56e8952ed3a5" member_type: VOTER last_known_addr { host: "127.31.147.130" port: 38313 } health_report { overall_health: UNKNOWN } } }
I20260608 10:05:17.664274  3172 tablet_service.cc:1917] Received RequestConsensusVote() RPC: tablet_id: "1048e7debfe943a38e686ccbad14d574" candidate_uuid: "5edc3058a373459092cb56e8952ed3a5" candidate_term: 1 candidate_status { last_received { term: 0 index: 0 } } ignore_live_leader: false dest_uuid: "b86840be54524c2e967370f94ec3fa54"
W20260608 10:05:17.666009  2899 leader_election.cc:343] T 1048e7debfe943a38e686ccbad14d574 P 5edc3058a373459092cb56e8952ed3a5 [CANDIDATE]: Term 1 election: Tablet error from VoteRequest() call to peer b86840be54524c2e967370f94ec3fa54 (127.31.147.132:38653): Illegal state: must be running to vote when last-logged opid is not known
I20260608 10:05:17.665098  3008 tablet_service.cc:1917] Received RequestConsensusVote() RPC: tablet_id: "1048e7debfe943a38e686ccbad14d574" candidate_uuid: "5edc3058a373459092cb56e8952ed3a5" candidate_term: 1 candidate_status { last_received { term: 0 index: 0 } } ignore_live_leader: false dest_uuid: "bcd49f6678734c02b92b88f37ce3b53d"
I20260608 10:05:17.666802  3008 raft_consensus.cc:3060] T 1048e7debfe943a38e686ccbad14d574 P bcd49f6678734c02b92b88f37ce3b53d [term 0 FOLLOWER]: Advancing to term 1
I20260608 10:05:17.667625  3173 raft_consensus.cc:2468] T 97b8b3faeb414802aace6ca0f477f92c P b86840be54524c2e967370f94ec3fa54 [term 1 FOLLOWER]: Leader election vote request: Granting yes vote for candidate 5edc3058a373459092cb56e8952ed3a5 in term 1.
I20260608 10:05:17.666808  2748 catalog_manager.cc:5696] T 97b8b3faeb414802aace6ca0f477f92c P 5edc3058a373459092cb56e8952ed3a5 reported cstate change: term changed from 0 to 1, leader changed from <none> to 5edc3058a373459092cb56e8952ed3a5 (127.31.147.130). New cstate: current_term: 1 leader_uuid: "5edc3058a373459092cb56e8952ed3a5" committed_config { opid_index: -1 OBSOLETE_local: false peers { permanent_uuid: "5edc3058a373459092cb56e8952ed3a5" member_type: VOTER last_known_addr { host: "127.31.147.130" port: 38313 } health_report { overall_health: HEALTHY } } peers { permanent_uuid: "bcd49f6678734c02b92b88f37ce3b53d" member_type: VOTER last_known_addr { host: "127.31.147.131" port: 35759 } health_report { overall_health: UNKNOWN } } peers { permanent_uuid: "b86840be54524c2e967370f94ec3fa54" member_type: VOTER last_known_addr { host: "127.31.147.132" port: 38653 } health_report { overall_health: UNKNOWN } } }
I20260608 10:05:17.670630  3218 raft_consensus.cc:493] T b8939d92178147608a332c0660fe4f27 P b86840be54524c2e967370f94ec3fa54 [term 0 FOLLOWER]: Starting pre-election (no leader contacted us within the election timeout)
I20260608 10:05:17.673561  3218 raft_consensus.cc:515] T b8939d92178147608a332c0660fe4f27 P b86840be54524c2e967370f94ec3fa54 [term 0 FOLLOWER]: Starting pre-election with config: opid_index: -1 OBSOLETE_local: false peers { permanent_uuid: "5edc3058a373459092cb56e8952ed3a5" member_type: VOTER last_known_addr { host: "127.31.147.130" port: 38313 } } peers { permanent_uuid: "70e655d3909f4692a9f273d3ac50e57a" member_type: VOTER last_known_addr { host: "127.31.147.129" port: 38155 } } peers { permanent_uuid: "b86840be54524c2e967370f94ec3fa54" member_type: VOTER last_known_addr { host: "127.31.147.132" port: 38653 } }
I20260608 10:05:17.677189  3008 raft_consensus.cc:2468] T 1048e7debfe943a38e686ccbad14d574 P bcd49f6678734c02b92b88f37ce3b53d [term 1 FOLLOWER]: Leader election vote request: Granting yes vote for candidate 5edc3058a373459092cb56e8952ed3a5 in term 1.
I20260608 10:05:17.679000  2897 leader_election.cc:304] T 1048e7debfe943a38e686ccbad14d574 P 5edc3058a373459092cb56e8952ed3a5 [CANDIDATE]: Term 1 election: Election decided. Result: candidate won. Election summary: received 3 responses out of 3 voters: 2 yes votes; 1 no votes. yes voters: 5edc3058a373459092cb56e8952ed3a5, bcd49f6678734c02b92b88f37ce3b53d; no voters: b86840be54524c2e967370f94ec3fa54
I20260608 10:05:17.680876  3212 tablet_bootstrap.cc:492] T 55f08e59444b4f08adb4832baac5acb5 P b86840be54524c2e967370f94ec3fa54: Bootstrap starting.
I20260608 10:05:17.681296  2855 tablet_service.cc:1917] Received RequestConsensusVote() RPC: tablet_id: "b8939d92178147608a332c0660fe4f27" candidate_uuid: "b86840be54524c2e967370f94ec3fa54" candidate_term: 1 candidate_status { last_received { term: 0 index: 0 } } ignore_live_leader: false dest_uuid: "70e655d3909f4692a9f273d3ac50e57a" is_pre_election: true
I20260608 10:05:17.683482  3127 raft_consensus.cc:2804] T 1048e7debfe943a38e686ccbad14d574 P 5edc3058a373459092cb56e8952ed3a5 [term 1 FOLLOWER]: Leader election won for term 1
I20260608 10:05:17.687316  3127 raft_consensus.cc:697] T 1048e7debfe943a38e686ccbad14d574 P 5edc3058a373459092cb56e8952ed3a5 [term 1 LEADER]: Becoming Leader. State: Replica: 5edc3058a373459092cb56e8952ed3a5, State: Running, Role: LEADER
I20260608 10:05:17.688259  3218 leader_election.cc:290] T b8939d92178147608a332c0660fe4f27 P b86840be54524c2e967370f94ec3fa54 [CANDIDATE]: Term 1 pre-election: Requested pre-vote from peers 5edc3058a373459092cb56e8952ed3a5 (127.31.147.130:38313), 70e655d3909f4692a9f273d3ac50e57a (127.31.147.129:38155)
I20260608 10:05:17.697918  3127 consensus_queue.cc:237] T 1048e7debfe943a38e686ccbad14d574 P 5edc3058a373459092cb56e8952ed3a5 [LEADER]: Queue going to LEADER mode. State: All replicated index: 0, Majority replicated index: 0, Committed index: 0, Last appended: 0.0, Last appended by leader: 0, Current term: 1, Majority size: 2, State: 0, Mode: LEADER, active raft config: opid_index: -1 OBSOLETE_local: false peers { permanent_uuid: "b86840be54524c2e967370f94ec3fa54" member_type: VOTER last_known_addr { host: "127.31.147.132" port: 38653 } } peers { permanent_uuid: "5edc3058a373459092cb56e8952ed3a5" member_type: VOTER last_known_addr { host: "127.31.147.130" port: 38313 } } peers { permanent_uuid: "bcd49f6678734c02b92b88f37ce3b53d" member_type: VOTER last_known_addr { host: "127.31.147.131" port: 35759 } }
I20260608 10:05:17.700304  3231 raft_consensus.cc:493] T f1b855b39f1d473b9e9c5dee59c76e41 P 70e655d3909f4692a9f273d3ac50e57a [term 0 FOLLOWER]: Starting pre-election (no leader contacted us within the election timeout)
I20260608 10:05:17.701404  3231 raft_consensus.cc:515] T f1b855b39f1d473b9e9c5dee59c76e41 P 70e655d3909f4692a9f273d3ac50e57a [term 0 FOLLOWER]: Starting pre-election with config: opid_index: -1 OBSOLETE_local: false peers { permanent_uuid: "b86840be54524c2e967370f94ec3fa54" member_type: VOTER last_known_addr { host: "127.31.147.132" port: 38653 } } peers { permanent_uuid: "70e655d3909f4692a9f273d3ac50e57a" member_type: VOTER last_known_addr { host: "127.31.147.129" port: 38155 } } peers { permanent_uuid: "bcd49f6678734c02b92b88f37ce3b53d" member_type: VOTER last_known_addr { host: "127.31.147.131" port: 35759 } }
I20260608 10:05:17.703276  3207 tablet_bootstrap.cc:492] T 55f08e59444b4f08adb4832baac5acb5 P 70e655d3909f4692a9f273d3ac50e57a: No bootstrap required, opened a new log
I20260608 10:05:17.703819  3207 ts_tablet_manager.cc:1403] T 55f08e59444b4f08adb4832baac5acb5 P 70e655d3909f4692a9f273d3ac50e57a: Time spent bootstrapping tablet: real 0.091s	user 0.030s	sys 0.010s
I20260608 10:05:17.705930  3173 tablet_service.cc:1917] Received RequestConsensusVote() RPC: tablet_id: "f1b855b39f1d473b9e9c5dee59c76e41" candidate_uuid: "70e655d3909f4692a9f273d3ac50e57a" candidate_term: 1 candidate_status { last_received { term: 0 index: 0 } } ignore_live_leader: false dest_uuid: "b86840be54524c2e967370f94ec3fa54" is_pre_election: true
I20260608 10:05:17.706125  3231 leader_election.cc:290] T f1b855b39f1d473b9e9c5dee59c76e41 P 70e655d3909f4692a9f273d3ac50e57a [CANDIDATE]: Term 1 pre-election: Requested pre-vote from peers b86840be54524c2e967370f94ec3fa54 (127.31.147.132:38653), bcd49f6678734c02b92b88f37ce3b53d (127.31.147.131:35759)
I20260608 10:05:17.706599  3173 raft_consensus.cc:2468] T f1b855b39f1d473b9e9c5dee59c76e41 P b86840be54524c2e967370f94ec3fa54 [term 0 FOLLOWER]: Leader pre-election vote request: Granting yes vote for candidate 70e655d3909f4692a9f273d3ac50e57a in term 0.
I20260608 10:05:17.707676  3008 tablet_service.cc:1917] Received RequestConsensusVote() RPC: tablet_id: "f1b855b39f1d473b9e9c5dee59c76e41" candidate_uuid: "70e655d3909f4692a9f273d3ac50e57a" candidate_term: 1 candidate_status { last_received { term: 0 index: 0 } } ignore_live_leader: false dest_uuid: "bcd49f6678734c02b92b88f37ce3b53d" is_pre_election: true
I20260608 10:05:17.707895  2822 leader_election.cc:304] T f1b855b39f1d473b9e9c5dee59c76e41 P 70e655d3909f4692a9f273d3ac50e57a [CANDIDATE]: Term 1 pre-election: Election decided. Result: candidate won. Election summary: received 2 responses out of 3 voters: 2 yes votes; 0 no votes. yes voters: 70e655d3909f4692a9f273d3ac50e57a, b86840be54524c2e967370f94ec3fa54; no voters: 
I20260608 10:05:17.708425  3008 raft_consensus.cc:2468] T f1b855b39f1d473b9e9c5dee59c76e41 P bcd49f6678734c02b92b88f37ce3b53d [term 0 FOLLOWER]: Leader pre-election vote request: Granting yes vote for candidate 70e655d3909f4692a9f273d3ac50e57a in term 0.
I20260608 10:05:17.710429  3207 raft_consensus.cc:359] T 55f08e59444b4f08adb4832baac5acb5 P 70e655d3909f4692a9f273d3ac50e57a [term 0 FOLLOWER]: Replica starting. Triggering 0 pending ops. Active config: opid_index: -1 OBSOLETE_local: false peers { permanent_uuid: "5edc3058a373459092cb56e8952ed3a5" member_type: VOTER last_known_addr { host: "127.31.147.130" port: 38313 } } peers { permanent_uuid: "b86840be54524c2e967370f94ec3fa54" member_type: VOTER last_known_addr { host: "127.31.147.132" port: 38653 } } peers { permanent_uuid: "70e655d3909f4692a9f273d3ac50e57a" member_type: VOTER last_known_addr { host: "127.31.147.129" port: 38155 } }
I20260608 10:05:17.711831  3231 raft_consensus.cc:2804] T f1b855b39f1d473b9e9c5dee59c76e41 P 70e655d3909f4692a9f273d3ac50e57a [term 0 FOLLOWER]: Leader pre-election won for term 1
I20260608 10:05:17.712337  3231 raft_consensus.cc:493] T f1b855b39f1d473b9e9c5dee59c76e41 P 70e655d3909f4692a9f273d3ac50e57a [term 0 FOLLOWER]: Starting leader election (no leader contacted us within the election timeout)
I20260608 10:05:17.712700  3231 raft_consensus.cc:3060] T f1b855b39f1d473b9e9c5dee59c76e41 P 70e655d3909f4692a9f273d3ac50e57a [term 0 FOLLOWER]: Advancing to term 1
I20260608 10:05:17.713472  3212 tablet_bootstrap.cc:654] T 55f08e59444b4f08adb4832baac5acb5 P b86840be54524c2e967370f94ec3fa54: Neither blocks nor log segments found. Creating new log.
I20260608 10:05:17.713385  3207 raft_consensus.cc:385] T 55f08e59444b4f08adb4832baac5acb5 P 70e655d3909f4692a9f273d3ac50e57a [term 0 FOLLOWER]: Consensus starting up: Expiring failure detector timer to make a prompt election more likely
I20260608 10:05:17.720386  3231 raft_consensus.cc:515] T f1b855b39f1d473b9e9c5dee59c76e41 P 70e655d3909f4692a9f273d3ac50e57a [term 1 FOLLOWER]: Starting leader election with config: opid_index: -1 OBSOLETE_local: false peers { permanent_uuid: "b86840be54524c2e967370f94ec3fa54" member_type: VOTER last_known_addr { host: "127.31.147.132" port: 38653 } } peers { permanent_uuid: "70e655d3909f4692a9f273d3ac50e57a" member_type: VOTER last_known_addr { host: "127.31.147.129" port: 38155 } } peers { permanent_uuid: "bcd49f6678734c02b92b88f37ce3b53d" member_type: VOTER last_known_addr { host: "127.31.147.131" port: 35759 } }
I20260608 10:05:17.723206  3231 leader_election.cc:290] T f1b855b39f1d473b9e9c5dee59c76e41 P 70e655d3909f4692a9f273d3ac50e57a [CANDIDATE]: Term 1 election: Requested vote from peers b86840be54524c2e967370f94ec3fa54 (127.31.147.132:38653), bcd49f6678734c02b92b88f37ce3b53d (127.31.147.131:35759)
I20260608 10:05:17.718518  3207 raft_consensus.cc:740] T 55f08e59444b4f08adb4832baac5acb5 P 70e655d3909f4692a9f273d3ac50e57a [term 0 FOLLOWER]: Becoming Follower/Learner. State: Replica: 70e655d3909f4692a9f273d3ac50e57a, State: Initialized, Role: FOLLOWER
I20260608 10:05:17.724975  3173 tablet_service.cc:1917] Received RequestConsensusVote() RPC: tablet_id: "f1b855b39f1d473b9e9c5dee59c76e41" candidate_uuid: "70e655d3909f4692a9f273d3ac50e57a" candidate_term: 1 candidate_status { last_received { term: 0 index: 0 } } ignore_live_leader: false dest_uuid: "b86840be54524c2e967370f94ec3fa54"
I20260608 10:05:17.725606  3173 raft_consensus.cc:3060] T f1b855b39f1d473b9e9c5dee59c76e41 P b86840be54524c2e967370f94ec3fa54 [term 0 FOLLOWER]: Advancing to term 1
I20260608 10:05:17.726006  3008 tablet_service.cc:1917] Received RequestConsensusVote() RPC: tablet_id: "f1b855b39f1d473b9e9c5dee59c76e41" candidate_uuid: "70e655d3909f4692a9f273d3ac50e57a" candidate_term: 1 candidate_status { last_received { term: 0 index: 0 } } ignore_live_leader: false dest_uuid: "bcd49f6678734c02b92b88f37ce3b53d"
I20260608 10:05:17.726610  3008 raft_consensus.cc:3060] T f1b855b39f1d473b9e9c5dee59c76e41 P bcd49f6678734c02b92b88f37ce3b53d [term 0 FOLLOWER]: Advancing to term 1
I20260608 10:05:17.727712  3207 consensus_queue.cc:260] T 55f08e59444b4f08adb4832baac5acb5 P 70e655d3909f4692a9f273d3ac50e57a [NON_LEADER]: Queue going to NON_LEADER mode. State: All replicated index: 0, Majority replicated index: 0, Committed index: 0, Last appended: 0.0, Last appended by leader: 0, Current term: 0, Majority size: -1, State: 0, Mode: NON_LEADER, active raft config: opid_index: -1 OBSOLETE_local: false peers { permanent_uuid: "5edc3058a373459092cb56e8952ed3a5" member_type: VOTER last_known_addr { host: "127.31.147.130" port: 38313 } } peers { permanent_uuid: "b86840be54524c2e967370f94ec3fa54" member_type: VOTER last_known_addr { host: "127.31.147.132" port: 38653 } } peers { permanent_uuid: "70e655d3909f4692a9f273d3ac50e57a" member_type: VOTER last_known_addr { host: "127.31.147.129" port: 38155 } }
I20260608 10:05:17.730700  3207 ts_tablet_manager.cc:1434] T 55f08e59444b4f08adb4832baac5acb5 P 70e655d3909f4692a9f273d3ac50e57a: Time spent starting tablet: real 0.027s	user 0.008s	sys 0.001s
I20260608 10:05:17.732916  3173 raft_consensus.cc:2468] T f1b855b39f1d473b9e9c5dee59c76e41 P b86840be54524c2e967370f94ec3fa54 [term 1 FOLLOWER]: Leader election vote request: Granting yes vote for candidate 70e655d3909f4692a9f273d3ac50e57a in term 1.
I20260608 10:05:17.734335  2822 leader_election.cc:304] T f1b855b39f1d473b9e9c5dee59c76e41 P 70e655d3909f4692a9f273d3ac50e57a [CANDIDATE]: Term 1 election: Election decided. Result: candidate won. Election summary: received 2 responses out of 3 voters: 2 yes votes; 0 no votes. yes voters: 70e655d3909f4692a9f273d3ac50e57a, b86840be54524c2e967370f94ec3fa54; no voters: 
I20260608 10:05:17.735106  3231 raft_consensus.cc:2804] T f1b855b39f1d473b9e9c5dee59c76e41 P 70e655d3909f4692a9f273d3ac50e57a [term 1 FOLLOWER]: Leader election won for term 1
I20260608 10:05:17.735605  3231 raft_consensus.cc:697] T f1b855b39f1d473b9e9c5dee59c76e41 P 70e655d3909f4692a9f273d3ac50e57a [term 1 LEADER]: Becoming Leader. State: Replica: 70e655d3909f4692a9f273d3ac50e57a, State: Running, Role: LEADER
I20260608 10:05:17.736452  3231 consensus_queue.cc:237] T f1b855b39f1d473b9e9c5dee59c76e41 P 70e655d3909f4692a9f273d3ac50e57a [LEADER]: Queue going to LEADER mode. State: All replicated index: 0, Majority replicated index: 0, Committed index: 0, Last appended: 0.0, Last appended by leader: 0, Current term: 1, Majority size: 2, State: 0, Mode: LEADER, active raft config: opid_index: -1 OBSOLETE_local: false peers { permanent_uuid: "b86840be54524c2e967370f94ec3fa54" member_type: VOTER last_known_addr { host: "127.31.147.132" port: 38653 } } peers { permanent_uuid: "70e655d3909f4692a9f273d3ac50e57a" member_type: VOTER last_known_addr { host: "127.31.147.129" port: 38155 } } peers { permanent_uuid: "bcd49f6678734c02b92b88f37ce3b53d" member_type: VOTER last_known_addr { host: "127.31.147.131" port: 35759 } }
I20260608 10:05:17.737144  2932 tablet_service.cc:1917] Received RequestConsensusVote() RPC: tablet_id: "b8939d92178147608a332c0660fe4f27" candidate_uuid: "b86840be54524c2e967370f94ec3fa54" candidate_term: 1 candidate_status { last_received { term: 0 index: 0 } } ignore_live_leader: false dest_uuid: "5edc3058a373459092cb56e8952ed3a5" is_pre_election: true
I20260608 10:05:17.737396  3008 raft_consensus.cc:2468] T f1b855b39f1d473b9e9c5dee59c76e41 P bcd49f6678734c02b92b88f37ce3b53d [term 1 FOLLOWER]: Leader election vote request: Granting yes vote for candidate 70e655d3909f4692a9f273d3ac50e57a in term 1.
I20260608 10:05:17.737993  2932 raft_consensus.cc:2393] T b8939d92178147608a332c0660fe4f27 P 5edc3058a373459092cb56e8952ed3a5 [term 1 FOLLOWER]: Leader pre-election vote request: Denying vote to candidate b86840be54524c2e967370f94ec3fa54 in current term 1: Already voted for candidate 70e655d3909f4692a9f273d3ac50e57a in this term.
I20260608 10:05:17.739703  3122 leader_election.cc:304] T b8939d92178147608a332c0660fe4f27 P b86840be54524c2e967370f94ec3fa54 [CANDIDATE]: Term 1 pre-election: Election decided. Result: candidate lost. Election summary: received 3 responses out of 3 voters: 1 yes votes; 2 no votes. yes voters: b86840be54524c2e967370f94ec3fa54; no voters: 5edc3058a373459092cb56e8952ed3a5, 70e655d3909f4692a9f273d3ac50e57a
I20260608 10:05:17.741132  3218 raft_consensus.cc:3060] T b8939d92178147608a332c0660fe4f27 P b86840be54524c2e967370f94ec3fa54 [term 0 FOLLOWER]: Advancing to term 1
I20260608 10:05:17.742501  2747 catalog_manager.cc:5696] T 1048e7debfe943a38e686ccbad14d574 P 5edc3058a373459092cb56e8952ed3a5 reported cstate change: term changed from 0 to 1, leader changed from <none> to 5edc3058a373459092cb56e8952ed3a5 (127.31.147.130). New cstate: current_term: 1 leader_uuid: "5edc3058a373459092cb56e8952ed3a5" committed_config { opid_index: -1 OBSOLETE_local: false peers { permanent_uuid: "b86840be54524c2e967370f94ec3fa54" member_type: VOTER last_known_addr { host: "127.31.147.132" port: 38653 } health_report { overall_health: UNKNOWN } } peers { permanent_uuid: "5edc3058a373459092cb56e8952ed3a5" member_type: VOTER last_known_addr { host: "127.31.147.130" port: 38313 } health_report { overall_health: HEALTHY } } peers { permanent_uuid: "bcd49f6678734c02b92b88f37ce3b53d" member_type: VOTER last_known_addr { host: "127.31.147.131" port: 35759 } health_report { overall_health: UNKNOWN } } }
I20260608 10:05:17.744606  3212 tablet_bootstrap.cc:492] T 55f08e59444b4f08adb4832baac5acb5 P b86840be54524c2e967370f94ec3fa54: No bootstrap required, opened a new log
I20260608 10:05:17.745160  3212 ts_tablet_manager.cc:1403] T 55f08e59444b4f08adb4832baac5acb5 P b86840be54524c2e967370f94ec3fa54: Time spent bootstrapping tablet: real 0.065s	user 0.010s	sys 0.010s
I20260608 10:05:17.748842  3212 raft_consensus.cc:359] T 55f08e59444b4f08adb4832baac5acb5 P b86840be54524c2e967370f94ec3fa54 [term 0 FOLLOWER]: Replica starting. Triggering 0 pending ops. Active config: opid_index: -1 OBSOLETE_local: false peers { permanent_uuid: "5edc3058a373459092cb56e8952ed3a5" member_type: VOTER last_known_addr { host: "127.31.147.130" port: 38313 } } peers { permanent_uuid: "b86840be54524c2e967370f94ec3fa54" member_type: VOTER last_known_addr { host: "127.31.147.132" port: 38653 } } peers { permanent_uuid: "70e655d3909f4692a9f273d3ac50e57a" member_type: VOTER last_known_addr { host: "127.31.147.129" port: 38155 } }
I20260608 10:05:17.749527  3212 raft_consensus.cc:385] T 55f08e59444b4f08adb4832baac5acb5 P b86840be54524c2e967370f94ec3fa54 [term 0 FOLLOWER]: Consensus starting up: Expiring failure detector timer to make a prompt election more likely
I20260608 10:05:17.749811  3212 raft_consensus.cc:740] T 55f08e59444b4f08adb4832baac5acb5 P b86840be54524c2e967370f94ec3fa54 [term 0 FOLLOWER]: Becoming Follower/Learner. State: Replica: b86840be54524c2e967370f94ec3fa54, State: Initialized, Role: FOLLOWER
I20260608 10:05:17.750568  3212 consensus_queue.cc:260] T 55f08e59444b4f08adb4832baac5acb5 P b86840be54524c2e967370f94ec3fa54 [NON_LEADER]: Queue going to NON_LEADER mode. State: All replicated index: 0, Majority replicated index: 0, Committed index: 0, Last appended: 0.0, Last appended by leader: 0, Current term: 0, Majority size: -1, State: 0, Mode: NON_LEADER, active raft config: opid_index: -1 OBSOLETE_local: false peers { permanent_uuid: "5edc3058a373459092cb56e8952ed3a5" member_type: VOTER last_known_addr { host: "127.31.147.130" port: 38313 } } peers { permanent_uuid: "b86840be54524c2e967370f94ec3fa54" member_type: VOTER last_known_addr { host: "127.31.147.132" port: 38653 } } peers { permanent_uuid: "70e655d3909f4692a9f273d3ac50e57a" member_type: VOTER last_known_addr { host: "127.31.147.129" port: 38155 } }
I20260608 10:05:17.759050  3218 raft_consensus.cc:2749] T b8939d92178147608a332c0660fe4f27 P b86840be54524c2e967370f94ec3fa54 [term 1 FOLLOWER]: Leader pre-election lost for term 1. Reason: could not achieve majority
I20260608 10:05:17.760475  3212 ts_tablet_manager.cc:1434] T 55f08e59444b4f08adb4832baac5acb5 P b86840be54524c2e967370f94ec3fa54: Time spent starting tablet: real 0.015s	user 0.012s	sys 0.004s
I20260608 10:05:17.761902  3212 tablet_bootstrap.cc:492] T d7e41e2390f44678a19608b1d16814a0 P b86840be54524c2e967370f94ec3fa54: Bootstrap starting.
I20260608 10:05:17.774061  3212 tablet_bootstrap.cc:654] T d7e41e2390f44678a19608b1d16814a0 P b86840be54524c2e967370f94ec3fa54: Neither blocks nor log segments found. Creating new log.
I20260608 10:05:17.775435  3231 consensus_queue.cc:1048] T b8939d92178147608a332c0660fe4f27 P 70e655d3909f4692a9f273d3ac50e57a [LEADER]: Connected to new peer: Peer: permanent_uuid: "b86840be54524c2e967370f94ec3fa54" member_type: VOTER last_known_addr { host: "127.31.147.132" port: 38653 }, Status: LMP_MISMATCH, Last received: 0.0, Next index: 1, Last known committed idx: 0, Time since last communication: 0.000s
I20260608 10:05:17.774935  2748 catalog_manager.cc:5696] T f1b855b39f1d473b9e9c5dee59c76e41 P 70e655d3909f4692a9f273d3ac50e57a reported cstate change: term changed from 0 to 1, leader changed from <none> to 70e655d3909f4692a9f273d3ac50e57a (127.31.147.129). New cstate: current_term: 1 leader_uuid: "70e655d3909f4692a9f273d3ac50e57a" committed_config { opid_index: -1 OBSOLETE_local: false peers { permanent_uuid: "b86840be54524c2e967370f94ec3fa54" member_type: VOTER last_known_addr { host: "127.31.147.132" port: 38653 } health_report { overall_health: UNKNOWN } } peers { permanent_uuid: "70e655d3909f4692a9f273d3ac50e57a" member_type: VOTER last_known_addr { host: "127.31.147.129" port: 38155 } health_report { overall_health: HEALTHY } } peers { permanent_uuid: "bcd49f6678734c02b92b88f37ce3b53d" member_type: VOTER last_known_addr { host: "127.31.147.131" port: 35759 } health_report { overall_health: UNKNOWN } } }
I20260608 10:05:17.782991  3212 tablet_bootstrap.cc:492] T d7e41e2390f44678a19608b1d16814a0 P b86840be54524c2e967370f94ec3fa54: No bootstrap required, opened a new log
I20260608 10:05:17.783663  3212 ts_tablet_manager.cc:1403] T d7e41e2390f44678a19608b1d16814a0 P b86840be54524c2e967370f94ec3fa54: Time spent bootstrapping tablet: real 0.022s	user 0.010s	sys 0.003s
I20260608 10:05:17.786885  3212 raft_consensus.cc:359] T d7e41e2390f44678a19608b1d16814a0 P b86840be54524c2e967370f94ec3fa54 [term 0 FOLLOWER]: Replica starting. Triggering 0 pending ops. Active config: opid_index: -1 OBSOLETE_local: false peers { permanent_uuid: "b86840be54524c2e967370f94ec3fa54" member_type: VOTER last_known_addr { host: "127.31.147.132" port: 38653 } } peers { permanent_uuid: "70e655d3909f4692a9f273d3ac50e57a" member_type: VOTER last_known_addr { host: "127.31.147.129" port: 38155 } } peers { permanent_uuid: "bcd49f6678734c02b92b88f37ce3b53d" member_type: VOTER last_known_addr { host: "127.31.147.131" port: 35759 } }
I20260608 10:05:17.787830  3212 raft_consensus.cc:385] T d7e41e2390f44678a19608b1d16814a0 P b86840be54524c2e967370f94ec3fa54 [term 0 FOLLOWER]: Consensus starting up: Expiring failure detector timer to make a prompt election more likely
I20260608 10:05:17.788249  3212 raft_consensus.cc:740] T d7e41e2390f44678a19608b1d16814a0 P b86840be54524c2e967370f94ec3fa54 [term 0 FOLLOWER]: Becoming Follower/Learner. State: Replica: b86840be54524c2e967370f94ec3fa54, State: Initialized, Role: FOLLOWER
I20260608 10:05:17.789139  3212 consensus_queue.cc:260] T d7e41e2390f44678a19608b1d16814a0 P b86840be54524c2e967370f94ec3fa54 [NON_LEADER]: Queue going to NON_LEADER mode. State: All replicated index: 0, Majority replicated index: 0, Committed index: 0, Last appended: 0.0, Last appended by leader: 0, Current term: 0, Majority size: -1, State: 0, Mode: NON_LEADER, active raft config: opid_index: -1 OBSOLETE_local: false peers { permanent_uuid: "b86840be54524c2e967370f94ec3fa54" member_type: VOTER last_known_addr { host: "127.31.147.132" port: 38653 } } peers { permanent_uuid: "70e655d3909f4692a9f273d3ac50e57a" member_type: VOTER last_known_addr { host: "127.31.147.129" port: 38155 } } peers { permanent_uuid: "bcd49f6678734c02b92b88f37ce3b53d" member_type: VOTER last_known_addr { host: "127.31.147.131" port: 35759 } }
I20260608 10:05:17.792137  3212 ts_tablet_manager.cc:1434] T d7e41e2390f44678a19608b1d16814a0 P b86840be54524c2e967370f94ec3fa54: Time spent starting tablet: real 0.008s	user 0.007s	sys 0.000s
I20260608 10:05:17.793434  3212 tablet_bootstrap.cc:492] T d39ccca00a0d40efb0e268631e49a38f P b86840be54524c2e967370f94ec3fa54: Bootstrap starting.
I20260608 10:05:17.795157  3136 consensus_queue.cc:1048] T b8939d92178147608a332c0660fe4f27 P 70e655d3909f4692a9f273d3ac50e57a [LEADER]: Connected to new peer: Peer: permanent_uuid: "5edc3058a373459092cb56e8952ed3a5" member_type: VOTER last_known_addr { host: "127.31.147.130" port: 38313 }, Status: LMP_MISMATCH, Last received: 0.0, Next index: 1, Last known committed idx: 0, Time since last communication: 0.001s
I20260608 10:05:17.800105  3212 tablet_bootstrap.cc:654] T d39ccca00a0d40efb0e268631e49a38f P b86840be54524c2e967370f94ec3fa54: Neither blocks nor log segments found. Creating new log.
I20260608 10:05:17.805078  3212 tablet_bootstrap.cc:492] T d39ccca00a0d40efb0e268631e49a38f P b86840be54524c2e967370f94ec3fa54: No bootstrap required, opened a new log
I20260608 10:05:17.805227  3250 raft_consensus.cc:493] T d7e41e2390f44678a19608b1d16814a0 P b86840be54524c2e967370f94ec3fa54 [term 0 FOLLOWER]: Starting pre-election (no leader contacted us within the election timeout)
I20260608 10:05:17.805545  3212 ts_tablet_manager.cc:1403] T d39ccca00a0d40efb0e268631e49a38f P b86840be54524c2e967370f94ec3fa54: Time spent bootstrapping tablet: real 0.013s	user 0.007s	sys 0.003s
I20260608 10:05:17.805902  3250 raft_consensus.cc:515] T d7e41e2390f44678a19608b1d16814a0 P b86840be54524c2e967370f94ec3fa54 [term 0 FOLLOWER]: Starting pre-election with config: opid_index: -1 OBSOLETE_local: false peers { permanent_uuid: "b86840be54524c2e967370f94ec3fa54" member_type: VOTER last_known_addr { host: "127.31.147.132" port: 38653 } } peers { permanent_uuid: "70e655d3909f4692a9f273d3ac50e57a" member_type: VOTER last_known_addr { host: "127.31.147.129" port: 38155 } } peers { permanent_uuid: "bcd49f6678734c02b92b88f37ce3b53d" member_type: VOTER last_known_addr { host: "127.31.147.131" port: 35759 } }
I20260608 10:05:17.808427  3212 raft_consensus.cc:359] T d39ccca00a0d40efb0e268631e49a38f P b86840be54524c2e967370f94ec3fa54 [term 0 FOLLOWER]: Replica starting. Triggering 0 pending ops. Active config: opid_index: -1 OBSOLETE_local: false peers { permanent_uuid: "70e655d3909f4692a9f273d3ac50e57a" member_type: VOTER last_known_addr { host: "127.31.147.129" port: 38155 } } peers { permanent_uuid: "b86840be54524c2e967370f94ec3fa54" member_type: VOTER last_known_addr { host: "127.31.147.132" port: 38653 } } peers { permanent_uuid: "5edc3058a373459092cb56e8952ed3a5" member_type: VOTER last_known_addr { host: "127.31.147.130" port: 38313 } }
I20260608 10:05:17.809190  3212 raft_consensus.cc:385] T d39ccca00a0d40efb0e268631e49a38f P b86840be54524c2e967370f94ec3fa54 [term 0 FOLLOWER]: Consensus starting up: Expiring failure detector timer to make a prompt election more likely
I20260608 10:05:17.809489  3212 raft_consensus.cc:740] T d39ccca00a0d40efb0e268631e49a38f P b86840be54524c2e967370f94ec3fa54 [term 0 FOLLOWER]: Becoming Follower/Learner. State: Replica: b86840be54524c2e967370f94ec3fa54, State: Initialized, Role: FOLLOWER
I20260608 10:05:17.809613  2856 tablet_service.cc:1917] Received RequestConsensusVote() RPC: tablet_id: "d7e41e2390f44678a19608b1d16814a0" candidate_uuid: "b86840be54524c2e967370f94ec3fa54" candidate_term: 1 candidate_status { last_received { term: 0 index: 0 } } ignore_live_leader: false dest_uuid: "70e655d3909f4692a9f273d3ac50e57a" is_pre_election: true
I20260608 10:05:17.810103  3008 tablet_service.cc:1917] Received RequestConsensusVote() RPC: tablet_id: "d7e41e2390f44678a19608b1d16814a0" candidate_uuid: "b86840be54524c2e967370f94ec3fa54" candidate_term: 1 candidate_status { last_received { term: 0 index: 0 } } ignore_live_leader: false dest_uuid: "bcd49f6678734c02b92b88f37ce3b53d" is_pre_election: true
I20260608 10:05:17.810238  2856 raft_consensus.cc:2468] T d7e41e2390f44678a19608b1d16814a0 P 70e655d3909f4692a9f273d3ac50e57a [term 0 FOLLOWER]: Leader pre-election vote request: Granting yes vote for candidate b86840be54524c2e967370f94ec3fa54 in term 0.
I20260608 10:05:17.810320  3212 consensus_queue.cc:260] T d39ccca00a0d40efb0e268631e49a38f P b86840be54524c2e967370f94ec3fa54 [NON_LEADER]: Queue going to NON_LEADER mode. State: All replicated index: 0, Majority replicated index: 0, Committed index: 0, Last appended: 0.0, Last appended by leader: 0, Current term: 0, Majority size: -1, State: 0, Mode: NON_LEADER, active raft config: opid_index: -1 OBSOLETE_local: false peers { permanent_uuid: "70e655d3909f4692a9f273d3ac50e57a" member_type: VOTER last_known_addr { host: "127.31.147.129" port: 38155 } } peers { permanent_uuid: "b86840be54524c2e967370f94ec3fa54" member_type: VOTER last_known_addr { host: "127.31.147.132" port: 38653 } } peers { permanent_uuid: "5edc3058a373459092cb56e8952ed3a5" member_type: VOTER last_known_addr { host: "127.31.147.130" port: 38313 } }
I20260608 10:05:17.810848  3008 raft_consensus.cc:2468] T d7e41e2390f44678a19608b1d16814a0 P bcd49f6678734c02b92b88f37ce3b53d [term 0 FOLLOWER]: Leader pre-election vote request: Granting yes vote for candidate b86840be54524c2e967370f94ec3fa54 in term 0.
I20260608 10:05:17.811944  3124 leader_election.cc:304] T d7e41e2390f44678a19608b1d16814a0 P b86840be54524c2e967370f94ec3fa54 [CANDIDATE]: Term 1 pre-election: Election decided. Result: candidate won. Election summary: received 2 responses out of 3 voters: 2 yes votes; 0 no votes. yes voters: 70e655d3909f4692a9f273d3ac50e57a, b86840be54524c2e967370f94ec3fa54; no voters: 
I20260608 10:05:17.812569  3250 leader_election.cc:290] T d7e41e2390f44678a19608b1d16814a0 P b86840be54524c2e967370f94ec3fa54 [CANDIDATE]: Term 1 pre-election: Requested pre-vote from peers 70e655d3909f4692a9f273d3ac50e57a (127.31.147.129:38155), bcd49f6678734c02b92b88f37ce3b53d (127.31.147.131:35759)
I20260608 10:05:17.812860  3218 raft_consensus.cc:2804] T d7e41e2390f44678a19608b1d16814a0 P b86840be54524c2e967370f94ec3fa54 [term 0 FOLLOWER]: Leader pre-election won for term 1
I20260608 10:05:17.813105  3212 ts_tablet_manager.cc:1434] T d39ccca00a0d40efb0e268631e49a38f P b86840be54524c2e967370f94ec3fa54: Time spent starting tablet: real 0.007s	user 0.004s	sys 0.004s
I20260608 10:05:17.813314  3218 raft_consensus.cc:493] T d7e41e2390f44678a19608b1d16814a0 P b86840be54524c2e967370f94ec3fa54 [term 0 FOLLOWER]: Starting leader election (no leader contacted us within the election timeout)
I20260608 10:05:17.813740  3218 raft_consensus.cc:3060] T d7e41e2390f44678a19608b1d16814a0 P b86840be54524c2e967370f94ec3fa54 [term 0 FOLLOWER]: Advancing to term 1
I20260608 10:05:17.814623  3212 tablet_bootstrap.cc:492] T 1048e7debfe943a38e686ccbad14d574 P b86840be54524c2e967370f94ec3fa54: Bootstrap starting.
I20260608 10:05:17.821411  3212 tablet_bootstrap.cc:654] T 1048e7debfe943a38e686ccbad14d574 P b86840be54524c2e967370f94ec3fa54: Neither blocks nor log segments found. Creating new log.
I20260608 10:05:17.823915  3218 raft_consensus.cc:515] T d7e41e2390f44678a19608b1d16814a0 P b86840be54524c2e967370f94ec3fa54 [term 1 FOLLOWER]: Starting leader election with config: opid_index: -1 OBSOLETE_local: false peers { permanent_uuid: "b86840be54524c2e967370f94ec3fa54" member_type: VOTER last_known_addr { host: "127.31.147.132" port: 38653 } } peers { permanent_uuid: "70e655d3909f4692a9f273d3ac50e57a" member_type: VOTER last_known_addr { host: "127.31.147.129" port: 38155 } } peers { permanent_uuid: "bcd49f6678734c02b92b88f37ce3b53d" member_type: VOTER last_known_addr { host: "127.31.147.131" port: 35759 } }
I20260608 10:05:17.827669  2856 tablet_service.cc:1917] Received RequestConsensusVote() RPC: tablet_id: "d7e41e2390f44678a19608b1d16814a0" candidate_uuid: "b86840be54524c2e967370f94ec3fa54" candidate_term: 1 candidate_status { last_received { term: 0 index: 0 } } ignore_live_leader: false dest_uuid: "70e655d3909f4692a9f273d3ac50e57a"
I20260608 10:05:17.828295  2856 raft_consensus.cc:3060] T d7e41e2390f44678a19608b1d16814a0 P 70e655d3909f4692a9f273d3ac50e57a [term 0 FOLLOWER]: Advancing to term 1
I20260608 10:05:17.828817  3008 tablet_service.cc:1917] Received RequestConsensusVote() RPC: tablet_id: "d7e41e2390f44678a19608b1d16814a0" candidate_uuid: "b86840be54524c2e967370f94ec3fa54" candidate_term: 1 candidate_status { last_received { term: 0 index: 0 } } ignore_live_leader: false dest_uuid: "bcd49f6678734c02b92b88f37ce3b53d"
I20260608 10:05:17.829485  3008 raft_consensus.cc:3060] T d7e41e2390f44678a19608b1d16814a0 P bcd49f6678734c02b92b88f37ce3b53d [term 0 FOLLOWER]: Advancing to term 1
I20260608 10:05:17.835546  3212 tablet_bootstrap.cc:492] T 1048e7debfe943a38e686ccbad14d574 P b86840be54524c2e967370f94ec3fa54: No bootstrap required, opened a new log
I20260608 10:05:17.836071  3212 ts_tablet_manager.cc:1403] T 1048e7debfe943a38e686ccbad14d574 P b86840be54524c2e967370f94ec3fa54: Time spent bootstrapping tablet: real 0.022s	user 0.011s	sys 0.007s
I20260608 10:05:17.837007  2856 raft_consensus.cc:2468] T d7e41e2390f44678a19608b1d16814a0 P 70e655d3909f4692a9f273d3ac50e57a [term 1 FOLLOWER]: Leader election vote request: Granting yes vote for candidate b86840be54524c2e967370f94ec3fa54 in term 1.
I20260608 10:05:17.838869  3124 leader_election.cc:304] T d7e41e2390f44678a19608b1d16814a0 P b86840be54524c2e967370f94ec3fa54 [CANDIDATE]: Term 1 election: Election decided. Result: candidate won. Election summary: received 2 responses out of 3 voters: 2 yes votes; 0 no votes. yes voters: 70e655d3909f4692a9f273d3ac50e57a, b86840be54524c2e967370f94ec3fa54; no voters: 
I20260608 10:05:17.838889  3212 raft_consensus.cc:359] T 1048e7debfe943a38e686ccbad14d574 P b86840be54524c2e967370f94ec3fa54 [term 0 FOLLOWER]: Replica starting. Triggering 0 pending ops. Active config: opid_index: -1 OBSOLETE_local: false peers { permanent_uuid: "b86840be54524c2e967370f94ec3fa54" member_type: VOTER last_known_addr { host: "127.31.147.132" port: 38653 } } peers { permanent_uuid: "5edc3058a373459092cb56e8952ed3a5" member_type: VOTER last_known_addr { host: "127.31.147.130" port: 38313 } } peers { permanent_uuid: "bcd49f6678734c02b92b88f37ce3b53d" member_type: VOTER last_known_addr { host: "127.31.147.131" port: 35759 } }
I20260608 10:05:17.839713  3212 raft_consensus.cc:385] T 1048e7debfe943a38e686ccbad14d574 P b86840be54524c2e967370f94ec3fa54 [term 0 FOLLOWER]: Consensus starting up: Expiring failure detector timer to make a prompt election more likely
I20260608 10:05:17.840096  3212 raft_consensus.cc:740] T 1048e7debfe943a38e686ccbad14d574 P b86840be54524c2e967370f94ec3fa54 [term 0 FOLLOWER]: Becoming Follower/Learner. State: Replica: b86840be54524c2e967370f94ec3fa54, State: Initialized, Role: FOLLOWER
I20260608 10:05:17.840646  3250 raft_consensus.cc:2804] T d7e41e2390f44678a19608b1d16814a0 P b86840be54524c2e967370f94ec3fa54 [term 1 FOLLOWER]: Leader election won for term 1
I20260608 10:05:17.841130  3008 raft_consensus.cc:2468] T d7e41e2390f44678a19608b1d16814a0 P bcd49f6678734c02b92b88f37ce3b53d [term 1 FOLLOWER]: Leader election vote request: Granting yes vote for candidate b86840be54524c2e967370f94ec3fa54 in term 1.
I20260608 10:05:17.840880  3212 consensus_queue.cc:260] T 1048e7debfe943a38e686ccbad14d574 P b86840be54524c2e967370f94ec3fa54 [NON_LEADER]: Queue going to NON_LEADER mode. State: All replicated index: 0, Majority replicated index: 0, Committed index: 0, Last appended: 0.0, Last appended by leader: 0, Current term: 0, Majority size: -1, State: 0, Mode: NON_LEADER, active raft config: opid_index: -1 OBSOLETE_local: false peers { permanent_uuid: "b86840be54524c2e967370f94ec3fa54" member_type: VOTER last_known_addr { host: "127.31.147.132" port: 38653 } } peers { permanent_uuid: "5edc3058a373459092cb56e8952ed3a5" member_type: VOTER last_known_addr { host: "127.31.147.130" port: 38313 } } peers { permanent_uuid: "bcd49f6678734c02b92b88f37ce3b53d" member_type: VOTER last_known_addr { host: "127.31.147.131" port: 35759 } }
I20260608 10:05:17.841965  3218 leader_election.cc:290] T d7e41e2390f44678a19608b1d16814a0 P b86840be54524c2e967370f94ec3fa54 [CANDIDATE]: Term 1 election: Requested vote from peers 70e655d3909f4692a9f273d3ac50e57a (127.31.147.129:38155), bcd49f6678734c02b92b88f37ce3b53d (127.31.147.131:35759)
I20260608 10:05:17.844487  3212 ts_tablet_manager.cc:1434] T 1048e7debfe943a38e686ccbad14d574 P b86840be54524c2e967370f94ec3fa54: Time spent starting tablet: real 0.008s	user 0.003s	sys 0.006s
I20260608 10:05:17.847378  3250 raft_consensus.cc:697] T d7e41e2390f44678a19608b1d16814a0 P b86840be54524c2e967370f94ec3fa54 [term 1 LEADER]: Becoming Leader. State: Replica: b86840be54524c2e967370f94ec3fa54, State: Running, Role: LEADER
I20260608 10:05:17.848361  3250 consensus_queue.cc:237] T d7e41e2390f44678a19608b1d16814a0 P b86840be54524c2e967370f94ec3fa54 [LEADER]: Queue going to LEADER mode. State: All replicated index: 0, Majority replicated index: 0, Committed index: 0, Last appended: 0.0, Last appended by leader: 0, Current term: 1, Majority size: 2, State: 0, Mode: LEADER, active raft config: opid_index: -1 OBSOLETE_local: false peers { permanent_uuid: "b86840be54524c2e967370f94ec3fa54" member_type: VOTER last_known_addr { host: "127.31.147.132" port: 38653 } } peers { permanent_uuid: "70e655d3909f4692a9f273d3ac50e57a" member_type: VOTER last_known_addr { host: "127.31.147.129" port: 38155 } } peers { permanent_uuid: "bcd49f6678734c02b92b88f37ce3b53d" member_type: VOTER last_known_addr { host: "127.31.147.131" port: 35759 } }
I20260608 10:05:17.855846  2749 catalog_manager.cc:5696] T d7e41e2390f44678a19608b1d16814a0 P b86840be54524c2e967370f94ec3fa54 reported cstate change: term changed from 0 to 1, leader changed from <none> to b86840be54524c2e967370f94ec3fa54 (127.31.147.132). New cstate: current_term: 1 leader_uuid: "b86840be54524c2e967370f94ec3fa54" committed_config { opid_index: -1 OBSOLETE_local: false peers { permanent_uuid: "b86840be54524c2e967370f94ec3fa54" member_type: VOTER last_known_addr { host: "127.31.147.132" port: 38653 } health_report { overall_health: HEALTHY } } peers { permanent_uuid: "70e655d3909f4692a9f273d3ac50e57a" member_type: VOTER last_known_addr { host: "127.31.147.129" port: 38155 } health_report { overall_health: UNKNOWN } } peers { permanent_uuid: "bcd49f6678734c02b92b88f37ce3b53d" member_type: VOTER last_known_addr { host: "127.31.147.131" port: 35759 } health_report { overall_health: UNKNOWN } } }
I20260608 10:05:17.892625  3250 raft_consensus.cc:493] T 55f08e59444b4f08adb4832baac5acb5 P b86840be54524c2e967370f94ec3fa54 [term 0 FOLLOWER]: Starting pre-election (no leader contacted us within the election timeout)
I20260608 10:05:17.893184  3250 raft_consensus.cc:515] T 55f08e59444b4f08adb4832baac5acb5 P b86840be54524c2e967370f94ec3fa54 [term 0 FOLLOWER]: Starting pre-election with config: opid_index: -1 OBSOLETE_local: false peers { permanent_uuid: "5edc3058a373459092cb56e8952ed3a5" member_type: VOTER last_known_addr { host: "127.31.147.130" port: 38313 } } peers { permanent_uuid: "b86840be54524c2e967370f94ec3fa54" member_type: VOTER last_known_addr { host: "127.31.147.132" port: 38653 } } peers { permanent_uuid: "70e655d3909f4692a9f273d3ac50e57a" member_type: VOTER last_known_addr { host: "127.31.147.129" port: 38155 } }
