I20260608 10:04:10.691800 18404 ts_tablet_manager.cc:933] T 9f36dfff4c0949a3acc657769d33c4c0 P efbe26441a7e4567aa96b2cdefc7c1b4: Initiating tablet copy from peer e083e1cdab824c0ca6ee85b0b70f2cc6 (127.16.239.131:34873)
I20260608 10:04:10.693369 18404 tablet_copy_client.cc:323] T 9f36dfff4c0949a3acc657769d33c4c0 P efbe26441a7e4567aa96b2cdefc7c1b4: tablet copy: Beginning tablet copy session from remote peer at address 127.16.239.131:34873
I20260608 10:04:10.694975 18168 tablet_copy_service.cc:140] P e083e1cdab824c0ca6ee85b0b70f2cc6: Received BeginTabletCopySession request for tablet 9f36dfff4c0949a3acc657769d33c4c0 from peer efbe26441a7e4567aa96b2cdefc7c1b4 ({username='slave'} at 127.0.0.1:40348)
I20260608 10:04:10.695482 18168 tablet_copy_service.cc:161] P e083e1cdab824c0ca6ee85b0b70f2cc6: Beginning new tablet copy session on tablet 9f36dfff4c0949a3acc657769d33c4c0 from peer efbe26441a7e4567aa96b2cdefc7c1b4 at {username='slave'} at 127.0.0.1:40348: session id = efbe26441a7e4567aa96b2cdefc7c1b4-9f36dfff4c0949a3acc657769d33c4c0
I20260608 10:04:10.701844 17342 tablet_server.cc:196] TabletServer@127.16.239.130:0 shutdown complete.
I20260608 10:04:10.702958 18168 tablet_copy_source_session.cc:215] T 9f36dfff4c0949a3acc657769d33c4c0 P e083e1cdab824c0ca6ee85b0b70f2cc6: Tablet Copy: opened 0 blocks and 1 log segments
I20260608 10:04:10.706297 18404 data_dirs.cc:400] Could only allocate 1 dirs of requested 3 for tablet 9f36dfff4c0949a3acc657769d33c4c0. 1 dirs total, 0 dirs full, 0 dirs failed
W20260608 10:04:10.707789 18401 tablet_copy_client.cc:1131] T c164fc467b30429bbac8dedce9974bbe P efbe26441a7e4567aa96b2cdefc7c1b4: tablet copy: Unable to close tablet copy session: Network error: failure ending tablet copy session: Client connection negotiation failed: client connection to 127.16.239.130:46627: connect: Connection refused (error 111)
I20260608 10:04:10.723125 18404 tablet_copy_client.cc:806] T 9f36dfff4c0949a3acc657769d33c4c0 P efbe26441a7e4567aa96b2cdefc7c1b4: tablet copy: Starting download of 0 data blocks...
I20260608 10:04:10.723817 18404 tablet_copy_client.cc:670] T 9f36dfff4c0949a3acc657769d33c4c0 P efbe26441a7e4567aa96b2cdefc7c1b4: tablet copy: Starting download of 1 WAL segments...
W20260608 10:04:10.724864 18123 consensus_peers.cc:597] T 9f36dfff4c0949a3acc657769d33c4c0 P e083e1cdab824c0ca6ee85b0b70f2cc6 -> Peer 8f92b233cf1d402aaaff111ebd4e3dbb (127.16.239.129:35217): Couldn't send request to peer 8f92b233cf1d402aaaff111ebd4e3dbb. Status: Network error: Client connection negotiation failed: client connection to 127.16.239.129:35217: connect: Connection refused (error 111). This is attempt 1: this message will repeat every 5th retry.
I20260608 10:04:10.727823 17342 tablet_server.cc:179] TabletServer@127.16.239.131:0 shutting down...
I20260608 10:04:10.729110 18404 tablet_copy_client.cc:538] T 9f36dfff4c0949a3acc657769d33c4c0 P efbe26441a7e4567aa96b2cdefc7c1b4: tablet copy: Tablet Copy complete. Replacing tablet superblock.
W20260608 10:04:10.738018 18121 consensus_peers.cc:597] T 9f36dfff4c0949a3acc657769d33c4c0 P e083e1cdab824c0ca6ee85b0b70f2cc6 -> Peer 9784df43a6574c60a4ddf5e1bbb1ae8f (127.16.239.130:46627): Couldn't send request to peer 9784df43a6574c60a4ddf5e1bbb1ae8f. Status: Network error: Client connection negotiation failed: client connection to 127.16.239.130:46627: connect: Connection refused (error 111). This is attempt 1: this message will repeat every 5th retry.
I20260608 10:04:10.738590 18404 tablet_bootstrap.cc:492] T 9f36dfff4c0949a3acc657769d33c4c0 P efbe26441a7e4567aa96b2cdefc7c1b4: Bootstrap starting.
I20260608 10:04:10.746520 17342 tablet_copy_service.cc:362] P e083e1cdab824c0ca6ee85b0b70f2cc6: Destroying tablet copy session efbe26441a7e4567aa96b2cdefc7c1b4-9f36dfff4c0949a3acc657769d33c4c0 due to service shutdown
I20260608 10:04:10.746856 17342 tablet_copy_service.cc:434] P e083e1cdab824c0ca6ee85b0b70f2cc6: ending tablet copy session efbe26441a7e4567aa96b2cdefc7c1b4-9f36dfff4c0949a3acc657769d33c4c0 on tablet 9f36dfff4c0949a3acc657769d33c4c0 with peer efbe26441a7e4567aa96b2cdefc7c1b4
I20260608 10:04:10.767555 18404 tablet_bootstrap.cc:492] T 9f36dfff4c0949a3acc657769d33c4c0 P efbe26441a7e4567aa96b2cdefc7c1b4: Bootstrap replayed 1/1 log segments. Stats: ops{read=2 overwritten=0 applied=2 ignored=0} inserts{seen=0 ignored=0} mutations{seen=0 ignored=0} orphaned_commits=0. Pending: 0 replicates
I20260608 10:04:10.768707 18404 tablet_bootstrap.cc:492] T 9f36dfff4c0949a3acc657769d33c4c0 P efbe26441a7e4567aa96b2cdefc7c1b4: Bootstrap complete.
I20260608 10:04:10.769551 18404 ts_tablet_manager.cc:1403] T 9f36dfff4c0949a3acc657769d33c4c0 P efbe26441a7e4567aa96b2cdefc7c1b4: Time spent bootstrapping tablet: real 0.031s	user 0.025s	sys 0.004s
I20260608 10:04:10.771912 18404 raft_consensus.cc:359] T 9f36dfff4c0949a3acc657769d33c4c0 P efbe26441a7e4567aa96b2cdefc7c1b4 [term 1 LEARNER]: Replica starting. Triggering 0 pending ops. Active config: opid_index: 2 OBSOLETE_local: false peers { permanent_uuid: "8f92b233cf1d402aaaff111ebd4e3dbb" member_type: VOTER last_known_addr { host: "127.16.239.129" port: 35217 } } peers { permanent_uuid: "9784df43a6574c60a4ddf5e1bbb1ae8f" member_type: VOTER last_known_addr { host: "127.16.239.130" port: 46627 } attrs { replace: true } } peers { permanent_uuid: "e083e1cdab824c0ca6ee85b0b70f2cc6" member_type: VOTER last_known_addr { host: "127.16.239.131" port: 34873 } } peers { permanent_uuid: "efbe26441a7e4567aa96b2cdefc7c1b4" member_type: NON_VOTER last_known_addr { host: "127.16.239.132" port: 45759 } attrs { promote: true } }
I20260608 10:04:10.772548 18404 raft_consensus.cc:740] T 9f36dfff4c0949a3acc657769d33c4c0 P efbe26441a7e4567aa96b2cdefc7c1b4 [term 1 LEARNER]: Becoming Follower/Learner. State: Replica: efbe26441a7e4567aa96b2cdefc7c1b4, State: Initialized, Role: LEARNER
I20260608 10:04:10.773310 18404 consensus_queue.cc:260] T 9f36dfff4c0949a3acc657769d33c4c0 P efbe26441a7e4567aa96b2cdefc7c1b4 [NON_LEADER]: Queue going to NON_LEADER mode. State: All replicated index: 0, Majority replicated index: 0, Committed index: 2, Last appended: 1.2, Last appended by leader: 2, Current term: 0, Majority size: -1, State: 0, Mode: NON_LEADER, active raft config: opid_index: 2 OBSOLETE_local: false peers { permanent_uuid: "8f92b233cf1d402aaaff111ebd4e3dbb" member_type: VOTER last_known_addr { host: "127.16.239.129" port: 35217 } } peers { permanent_uuid: "9784df43a6574c60a4ddf5e1bbb1ae8f" member_type: VOTER last_known_addr { host: "127.16.239.130" port: 46627 } attrs { replace: true } } peers { permanent_uuid: "e083e1cdab824c0ca6ee85b0b70f2cc6" member_type: VOTER last_known_addr { host: "127.16.239.131" port: 34873 } } peers { permanent_uuid: "efbe26441a7e4567aa96b2cdefc7c1b4" member_type: NON_VOTER last_known_addr { host: "127.16.239.132" port: 45759 } attrs { promote: true } }
I20260608 10:04:10.777953 18404 ts_tablet_manager.cc:1434] T 9f36dfff4c0949a3acc657769d33c4c0 P efbe26441a7e4567aa96b2cdefc7c1b4: Time spent starting tablet: real 0.008s	user 0.007s	sys 0.000s
I20260608 10:04:10.779266 17342 ts_tablet_manager.cc:1507] Shutting down tablet manager...
I20260608 10:04:10.780656 17342 tablet_replica.cc:333] T c164fc467b30429bbac8dedce9974bbe P e083e1cdab824c0ca6ee85b0b70f2cc6: stopping tablet replica
I20260608 10:04:10.781375 17342 raft_consensus.cc:2243] T c164fc467b30429bbac8dedce9974bbe P e083e1cdab824c0ca6ee85b0b70f2cc6 [term 1 FOLLOWER]: Raft consensus shutting down.
I20260608 10:04:10.781855 17342 raft_consensus.cc:2272] T c164fc467b30429bbac8dedce9974bbe P e083e1cdab824c0ca6ee85b0b70f2cc6 [term 1 FOLLOWER]: Raft consensus is shut down!
I20260608 10:04:10.784749 17342 tablet_replica.cc:333] T 8a4c4c8a232b4e90a8174c82cd8397ac P e083e1cdab824c0ca6ee85b0b70f2cc6: stopping tablet replica
I20260608 10:04:10.785291 17342 raft_consensus.cc:2243] T 8a4c4c8a232b4e90a8174c82cd8397ac P e083e1cdab824c0ca6ee85b0b70f2cc6 [term 1 FOLLOWER]: Raft consensus shutting down.
I20260608 10:04:10.785709 17342 raft_consensus.cc:2272] T 8a4c4c8a232b4e90a8174c82cd8397ac P e083e1cdab824c0ca6ee85b0b70f2cc6 [term 1 FOLLOWER]: Raft consensus is shut down!
I20260608 10:04:10.787683 17342 tablet_replica.cc:333] T d98feb5328704ad890d1252c33989d2d P e083e1cdab824c0ca6ee85b0b70f2cc6: stopping tablet replica
I20260608 10:04:10.788192 17342 raft_consensus.cc:2243] T d98feb5328704ad890d1252c33989d2d P e083e1cdab824c0ca6ee85b0b70f2cc6 [term 1 FOLLOWER]: Raft consensus shutting down.
I20260608 10:04:10.788606 17342 raft_consensus.cc:2272] T d98feb5328704ad890d1252c33989d2d P e083e1cdab824c0ca6ee85b0b70f2cc6 [term 1 FOLLOWER]: Raft consensus is shut down!
I20260608 10:04:10.790661 17342 tablet_replica.cc:333] T 1ad768fc08cb4cc6898bda87c5d3218b P e083e1cdab824c0ca6ee85b0b70f2cc6: stopping tablet replica
I20260608 10:04:10.791371 17342 raft_consensus.cc:2243] T 1ad768fc08cb4cc6898bda87c5d3218b P e083e1cdab824c0ca6ee85b0b70f2cc6 [term 2 LEADER]: Raft consensus shutting down.
I20260608 10:04:10.792244 17342 raft_consensus.cc:2272] T 1ad768fc08cb4cc6898bda87c5d3218b P e083e1cdab824c0ca6ee85b0b70f2cc6 [term 2 FOLLOWER]: Raft consensus is shut down!
I20260608 10:04:10.794723 17342 tablet_replica.cc:333] T 650b1fded23846ea9d56f10587444145 P e083e1cdab824c0ca6ee85b0b70f2cc6: stopping tablet replica
I20260608 10:04:10.795236 17342 raft_consensus.cc:2243] T 650b1fded23846ea9d56f10587444145 P e083e1cdab824c0ca6ee85b0b70f2cc6 [term 1 FOLLOWER]: Raft consensus shutting down.
I20260608 10:04:10.795742 17342 raft_consensus.cc:2272] T 650b1fded23846ea9d56f10587444145 P e083e1cdab824c0ca6ee85b0b70f2cc6 [term 1 FOLLOWER]: Raft consensus is shut down!
I20260608 10:04:10.798089 17342 tablet_replica.cc:333] T 9f36dfff4c0949a3acc657769d33c4c0 P e083e1cdab824c0ca6ee85b0b70f2cc6: stopping tablet replica
I20260608 10:04:10.798605 17342 raft_consensus.cc:2243] T 9f36dfff4c0949a3acc657769d33c4c0 P e083e1cdab824c0ca6ee85b0b70f2cc6 [term 1 LEADER]: Raft consensus shutting down.
I20260608 10:04:10.799471 17342 raft_consensus.cc:2272] T 9f36dfff4c0949a3acc657769d33c4c0 P e083e1cdab824c0ca6ee85b0b70f2cc6 [term 1 FOLLOWER]: Raft consensus is shut down!
I20260608 10:04:10.801677 17342 tablet_replica.cc:333] T abedd4e628a34a759ffadea82f3939f4 P e083e1cdab824c0ca6ee85b0b70f2cc6: stopping tablet replica
I20260608 10:04:10.802152 17342 raft_consensus.cc:2243] T abedd4e628a34a759ffadea82f3939f4 P e083e1cdab824c0ca6ee85b0b70f2cc6 [term 1 FOLLOWER]: Raft consensus shutting down.
I20260608 10:04:10.802554 17342 raft_consensus.cc:2272] T abedd4e628a34a759ffadea82f3939f4 P e083e1cdab824c0ca6ee85b0b70f2cc6 [term 1 FOLLOWER]: Raft consensus is shut down!
I20260608 10:04:10.804200 17342 tablet_replica.cc:333] T 491541ef6aac414fb602965eb2096485 P e083e1cdab824c0ca6ee85b0b70f2cc6: stopping tablet replica
I20260608 10:04:10.804780 17342 raft_consensus.cc:2243] T 491541ef6aac414fb602965eb2096485 P e083e1cdab824c0ca6ee85b0b70f2cc6 [term 1 FOLLOWER]: Raft consensus shutting down.
I20260608 10:04:10.805153 17342 raft_consensus.cc:2272] T 491541ef6aac414fb602965eb2096485 P e083e1cdab824c0ca6ee85b0b70f2cc6 [term 1 FOLLOWER]: Raft consensus is shut down!
W20260608 10:04:10.833125 18404 tablet_copy_client.cc:1131] T 9f36dfff4c0949a3acc657769d33c4c0 P efbe26441a7e4567aa96b2cdefc7c1b4: tablet copy: Unable to close tablet copy session: Network error: failure ending tablet copy session: Client connection negotiation failed: client connection to 127.16.239.131:34873: connect: Connection refused (error 111)
I20260608 10:04:10.835760 17342 tablet_server.cc:196] TabletServer@127.16.239.131:0 shutdown complete.
I20260608 10:04:10.862699 17342 tablet_server.cc:179] TabletServer@127.16.239.132:0 shutting down...
I20260608 10:04:10.899712 17342 ts_tablet_manager.cc:1507] Shutting down tablet manager...
I20260608 10:04:10.901072 17342 tablet_replica.cc:333] T 1ad768fc08cb4cc6898bda87c5d3218b P efbe26441a7e4567aa96b2cdefc7c1b4: stopping tablet replica
I20260608 10:04:10.901790 17342 raft_consensus.cc:2243] T 1ad768fc08cb4cc6898bda87c5d3218b P efbe26441a7e4567aa96b2cdefc7c1b4 [term 2 LEARNER]: Raft consensus shutting down.
I20260608 10:04:10.902302 17342 raft_consensus.cc:2272] T 1ad768fc08cb4cc6898bda87c5d3218b P efbe26441a7e4567aa96b2cdefc7c1b4 [term 2 LEARNER]: Raft consensus is shut down!
I20260608 10:04:10.904882 17342 tablet_replica.cc:333] T 9f36dfff4c0949a3acc657769d33c4c0 P efbe26441a7e4567aa96b2cdefc7c1b4: stopping tablet replica
I20260608 10:04:10.905565 17342 raft_consensus.cc:2243] T 9f36dfff4c0949a3acc657769d33c4c0 P efbe26441a7e4567aa96b2cdefc7c1b4 [term 1 LEARNER]: Raft consensus shutting down.
I20260608 10:04:10.906015 17342 raft_consensus.cc:2272] T 9f36dfff4c0949a3acc657769d33c4c0 P efbe26441a7e4567aa96b2cdefc7c1b4 [term 1 LEARNER]: Raft consensus is shut down!
I20260608 10:04:10.908397 17342 tablet_replica.cc:333] T c164fc467b30429bbac8dedce9974bbe P efbe26441a7e4567aa96b2cdefc7c1b4: stopping tablet replica
I20260608 10:04:10.909065 17342 raft_consensus.cc:2243] T c164fc467b30429bbac8dedce9974bbe P efbe26441a7e4567aa96b2cdefc7c1b4 [term 1 LEARNER]: Raft consensus shutting down.
I20260608 10:04:10.909519 17342 raft_consensus.cc:2272] T c164fc467b30429bbac8dedce9974bbe P efbe26441a7e4567aa96b2cdefc7c1b4 [term 1 LEARNER]: Raft consensus is shut down!
I20260608 10:04:10.932531 17342 tablet_server.cc:196] TabletServer@127.16.239.132:0 shutdown complete.
I20260608 10:04:10.949256 17342 master.cc:562] Master@127.16.239.190:42721 shutting down...
W20260608 10:04:10.970978 17955 auto_rebalancer.cc:835] Removing replace marker failed: Catalog manager is not initialized. State: Closing
W20260608 10:04:10.971215 17955 auto_rebalancer.cc:863] Could not move replica: Service unavailable: Catalog manager is not initialized. State: Closing
W20260608 10:04:10.971369 17955 auto_rebalancer.cc:301] scheduled replica move failed to complete: Service unavailable: Catalog manager is not initialized. State: Closing
I20260608 10:04:10.972378 17342 raft_consensus.cc:2243] T 00000000000000000000000000000000 P df21dbfb19a24f649e6963e9ec37a361 [term 1 LEADER]: Raft consensus shutting down.
I20260608 10:04:10.972913 17342 raft_consensus.cc:2272] T 00000000000000000000000000000000 P df21dbfb19a24f649e6963e9ec37a361 [term 1 FOLLOWER]: Raft consensus is shut down!
I20260608 10:04:10.973265 17342 tablet_replica.cc:333] T 00000000000000000000000000000000 P df21dbfb19a24f649e6963e9ec37a361: stopping tablet replica
I20260608 10:04:10.992520 17342 master.cc:584] Master@127.16.239.190:42721 shutdown complete.
[       OK ] AutoRebalancerTest.AutoRebalancingTurnOffAndOn (9251 ms)
[ RUN      ] AutoRebalancerTest.NextLeaderResumesAutoRebalancing
I20260608 10:04:11.032497 17342 internal_mini_cluster.cc:156] Creating distributed mini masters. Addrs: 127.16.239.190:33407,127.16.239.189:43773,127.16.239.188:46275
I20260608 10:04:11.033938 17342 file_cache.cc:492] Constructed file cache file cache with capacity 419430
W20260608 10:04:11.039049 18415 instance_detector.cc:116] could not retrieve AWS instance metadata: Network error: curl error: HTTP response code said error: The requested URL returned error: 404
W20260608 10:04:11.039655 18416 instance_detector.cc:116] could not retrieve Azure instance metadata: Network error: curl error: HTTP response code said error: The requested URL returned error: 404
W20260608 10:04:11.040670 18418 instance_detector.cc:116] could not retrieve OpenStack instance metadata: Network error: curl error: HTTP response code said error: The requested URL returned error: 404
I20260608 10:04:11.041489 17342 server_base.cc:1061] running on GCE node
I20260608 10:04:11.042269 17342 hybrid_clock.cc:584] initializing the hybrid clock with 'system_unsync' time source
W20260608 10:04:11.042484 17342 system_unsync_time.cc:38] NTP support is disabled. Clock error bounds will not be accurate. This configuration is not suitable for distributed clusters.
I20260608 10:04:11.042651 17342 hybrid_clock.cc:648] HybridClock initialized: now 1780913051042621 us; error 0 us; skew 500 ppm
I20260608 10:04:11.043203 17342 server_base.cc:861] Flag tcmalloc_max_total_thread_cache_bytes is not working since tcmalloc is not enabled.
I20260608 10:04:11.045811 17342 webserver.cc:533] Webserver started at http://127.16.239.190:39991/ using document root <none> and password file <none>
I20260608 10:04:11.046319 17342 fs_manager.cc:362] Metadata directory not provided
I20260608 10:04:11.046518 17342 fs_manager.cc:368] Using write-ahead log directory (fs_wal_dir) as metadata directory
I20260608 10:04:11.046793 17342 server_base.cc:909] This appears to be a new deployment of Kudu; creating new FS layout
I20260608 10:04:11.047843 17342 fs_manager.cc:1068] Generated new instance metadata in path /tmp/dist-test-taskbIcjCi/test-tmp/auto_rebalancer-test.0.AutoRebalancerTest.NextLeaderResumesAutoRebalancing.1780913036741846-17342-0/minicluster-data/master-0-root/instance:
uuid: "6395343e144b4b95b1961c1d794776b2"
format_stamp: "Formatted at 2026-06-08 10:04:11 on dist-test-slave-wc69"
I20260608 10:04:11.052212 17342 fs_manager.cc:696] Time spent creating directory manager: real 0.004s	user 0.006s	sys 0.000s
I20260608 10:04:11.055603 18423 log_block_manager.cc:4031] Time spent loading block containers with low live blocks: real 0.000s	user 0.000s	sys 0.000s
I20260608 10:04:11.056342 17342 fs_manager.cc:730] Time spent opening block manager: real 0.002s	user 0.000s	sys 0.002s
I20260608 10:04:11.056681 17342 fs_manager.cc:647] Opened local filesystem: /tmp/dist-test-taskbIcjCi/test-tmp/auto_rebalancer-test.0.AutoRebalancerTest.NextLeaderResumesAutoRebalancing.1780913036741846-17342-0/minicluster-data/master-0-root
uuid: "6395343e144b4b95b1961c1d794776b2"
format_stamp: "Formatted at 2026-06-08 10:04:11 on dist-test-slave-wc69"
I20260608 10:04:11.056978 17342 fs_report.cc:389] FS layout report
--------------------
wal directory: /tmp/dist-test-taskbIcjCi/test-tmp/auto_rebalancer-test.0.AutoRebalancerTest.NextLeaderResumesAutoRebalancing.1780913036741846-17342-0/minicluster-data/master-0-root
metadata directory: /tmp/dist-test-taskbIcjCi/test-tmp/auto_rebalancer-test.0.AutoRebalancerTest.NextLeaderResumesAutoRebalancing.1780913036741846-17342-0/minicluster-data/master-0-root
1 data directories: /tmp/dist-test-taskbIcjCi/test-tmp/auto_rebalancer-test.0.AutoRebalancerTest.NextLeaderResumesAutoRebalancing.1780913036741846-17342-0/minicluster-data/master-0-root/data
Total live blocks: 0
Total live bytes: 0
Total live bytes (after alignment): 0
Total number of LBM containers: 0 (0 full)
Did not check for missing blocks
Did not check for orphaned blocks
Total full LBM containers with extra space: 0 (0 repaired)
Total full LBM container extra space in bytes: 0 (0 repaired)
Total incomplete LBM containers: 0 (0 repaired)
Total LBM partial records: 0 (0 repaired)
Total corrupted LBM metadata records in RocksDB: 0 (0 repaired)
I20260608 10:04:11.069134 17342 rpc_server.cc:225] running with OpenSSL 1.1.1  11 Sep 2018
I20260608 10:04:11.070286 17342 kserver.cc:163] Server-wide thread pool size limit: 3276
I20260608 10:04:11.107767 17342 rpc_server.cc:307] RPC server started. Bound to: 127.16.239.190:33407
I20260608 10:04:11.107875 18474 acceptor_pool.cc:272] collecting diagnostics on the listening RPC socket 127.16.239.190:33407 every 8 connection(s)
I20260608 10:04:11.112035 18475 data_dirs.cc:400] Could only allocate 1 dirs of requested 3 for tablet 00000000000000000000000000000000. 1 dirs total, 0 dirs full, 0 dirs failed
I20260608 10:04:11.112157 17342 file_cache.cc:492] Constructed file cache file cache with capacity 419430
W20260608 10:04:11.117476 18477 instance_detector.cc:116] could not retrieve AWS instance metadata: Network error: curl error: HTTP response code said error: The requested URL returned error: 404
I20260608 10:04:11.119127 18475 sys_catalog.cc:422] member_type: VOTER last_known_addr { host: "127.16.239.190" port: 33407 } has no permanent_uuid. Determining permanent_uuid...
W20260608 10:04:11.119263 18478 instance_detector.cc:116] could not retrieve Azure instance metadata: Network error: curl error: HTTP response code said error: The requested URL returned error: 404
W20260608 10:04:11.120342 18480 instance_detector.cc:116] could not retrieve OpenStack instance metadata: Network error: curl error: HTTP response code said error: The requested URL returned error: 404
I20260608 10:04:11.123318 17342 server_base.cc:1061] running on GCE node
I20260608 10:04:11.124265 17342 hybrid_clock.cc:584] initializing the hybrid clock with 'system_unsync' time source
W20260608 10:04:11.124457 17342 system_unsync_time.cc:38] NTP support is disabled. Clock error bounds will not be accurate. This configuration is not suitable for distributed clusters.
I20260608 10:04:11.124712 17342 hybrid_clock.cc:648] HybridClock initialized: now 1780913051124692 us; error 0 us; skew 500 ppm
I20260608 10:04:11.125524 17342 server_base.cc:861] Flag tcmalloc_max_total_thread_cache_bytes is not working since tcmalloc is not enabled.
I20260608 10:04:11.128168 17342 webserver.cc:533] Webserver started at http://127.16.239.189:42961/ using document root <none> and password file <none>
I20260608 10:04:11.128876 17342 fs_manager.cc:362] Metadata directory not provided
I20260608 10:04:11.129118 17342 fs_manager.cc:368] Using write-ahead log directory (fs_wal_dir) as metadata directory
I20260608 10:04:11.129470 17342 server_base.cc:909] This appears to be a new deployment of Kudu; creating new FS layout
I20260608 10:04:11.130929 17342 fs_manager.cc:1068] Generated new instance metadata in path /tmp/dist-test-taskbIcjCi/test-tmp/auto_rebalancer-test.0.AutoRebalancerTest.NextLeaderResumesAutoRebalancing.1780913036741846-17342-0/minicluster-data/master-1-root/instance:
uuid: "9b6c10073a3543ae9543b4c9e2af072e"
format_stamp: "Formatted at 2026-06-08 10:04:11 on dist-test-slave-wc69"
I20260608 10:04:11.133607 18475 sys_catalog.cc:422] member_type: VOTER last_known_addr { host: "127.16.239.189" port: 43773 } has no permanent_uuid. Determining permanent_uuid...
I20260608 10:04:11.136569 17342 fs_manager.cc:696] Time spent creating directory manager: real 0.005s	user 0.006s	sys 0.001s
W20260608 10:04:11.139205 18475 consensus_peers.cc:760] Error getting permanent uuid from config peer 127.16.239.189:43773: Network error: Client connection negotiation failed: client connection to 127.16.239.189:43773: connect: Connection refused (error 111)
I20260608 10:04:11.140928 18488 log_block_manager.cc:4031] Time spent loading block containers with low live blocks: real 0.000s	user 0.000s	sys 0.000s
I20260608 10:04:11.141700 17342 fs_manager.cc:730] Time spent opening block manager: real 0.002s	user 0.004s	sys 0.000s
I20260608 10:04:11.141947 17342 fs_manager.cc:647] Opened local filesystem: /tmp/dist-test-taskbIcjCi/test-tmp/auto_rebalancer-test.0.AutoRebalancerTest.NextLeaderResumesAutoRebalancing.1780913036741846-17342-0/minicluster-data/master-1-root
uuid: "9b6c10073a3543ae9543b4c9e2af072e"
format_stamp: "Formatted at 2026-06-08 10:04:11 on dist-test-slave-wc69"
I20260608 10:04:11.142174 17342 fs_report.cc:389] FS layout report
--------------------
wal directory: /tmp/dist-test-taskbIcjCi/test-tmp/auto_rebalancer-test.0.AutoRebalancerTest.NextLeaderResumesAutoRebalancing.1780913036741846-17342-0/minicluster-data/master-1-root
metadata directory: /tmp/dist-test-taskbIcjCi/test-tmp/auto_rebalancer-test.0.AutoRebalancerTest.NextLeaderResumesAutoRebalancing.1780913036741846-17342-0/minicluster-data/master-1-root
1 data directories: /tmp/dist-test-taskbIcjCi/test-tmp/auto_rebalancer-test.0.AutoRebalancerTest.NextLeaderResumesAutoRebalancing.1780913036741846-17342-0/minicluster-data/master-1-root/data
Total live blocks: 0
Total live bytes: 0
Total live bytes (after alignment): 0
Total number of LBM containers: 0 (0 full)
Did not check for missing blocks
Did not check for orphaned blocks
Total full LBM containers with extra space: 0 (0 repaired)
Total full LBM container extra space in bytes: 0 (0 repaired)
Total incomplete LBM containers: 0 (0 repaired)
Total LBM partial records: 0 (0 repaired)
Total corrupted LBM metadata records in RocksDB: 0 (0 repaired)
I20260608 10:04:11.152875 17342 rpc_server.cc:225] running with OpenSSL 1.1.1  11 Sep 2018
I20260608 10:04:11.153940 17342 kserver.cc:163] Server-wide thread pool size limit: 3276
I20260608 10:04:11.171690 18475 consensus_peers.cc:770] Retrying to get permanent uuid for remote peer: member_type: VOTER last_known_addr { host: "127.16.239.189" port: 43773 } attempt: 1
W20260608 10:04:11.176981 18475 consensus_peers.cc:760] Error getting permanent uuid from config peer 127.16.239.189:43773: Network error: Client connection negotiation failed: client connection to 127.16.239.189:43773: connect: Connection refused (error 111)
I20260608 10:04:11.193301 17342 rpc_server.cc:307] RPC server started. Bound to: 127.16.239.189:43773
I20260608 10:04:11.193414 18539 acceptor_pool.cc:272] collecting diagnostics on the listening RPC socket 127.16.239.189:43773 every 8 connection(s)
I20260608 10:04:11.197328 18540 data_dirs.cc:400] Could only allocate 1 dirs of requested 3 for tablet 00000000000000000000000000000000. 1 dirs total, 0 dirs full, 0 dirs failed
I20260608 10:04:11.197391 17342 file_cache.cc:492] Constructed file cache file cache with capacity 419430
W20260608 10:04:11.202818 18542 instance_detector.cc:116] could not retrieve AWS instance metadata: Network error: curl error: HTTP response code said error: The requested URL returned error: 404
W20260608 10:04:11.203835 18543 instance_detector.cc:116] could not retrieve Azure instance metadata: Network error: curl error: HTTP response code said error: The requested URL returned error: 404
I20260608 10:04:11.204396 18540 sys_catalog.cc:422] member_type: VOTER last_known_addr { host: "127.16.239.190" port: 33407 } has no permanent_uuid. Determining permanent_uuid...
W20260608 10:04:11.206432 18545 instance_detector.cc:116] could not retrieve OpenStack instance metadata: Network error: curl error: HTTP response code said error: The requested URL returned error: 404
I20260608 10:04:11.207233 17342 server_base.cc:1061] running on GCE node
I20260608 10:04:11.208361 17342 hybrid_clock.cc:584] initializing the hybrid clock with 'system_unsync' time source
W20260608 10:04:11.208643 17342 system_unsync_time.cc:38] NTP support is disabled. Clock error bounds will not be accurate. This configuration is not suitable for distributed clusters.
I20260608 10:04:11.208881 17342 hybrid_clock.cc:648] HybridClock initialized: now 1780913051208861 us; error 0 us; skew 500 ppm
I20260608 10:04:11.209604 17342 server_base.cc:861] Flag tcmalloc_max_total_thread_cache_bytes is not working since tcmalloc is not enabled.
I20260608 10:04:11.212333 17342 webserver.cc:533] Webserver started at http://127.16.239.188:32949/ using document root <none> and password file <none>
I20260608 10:04:11.213024 17342 fs_manager.cc:362] Metadata directory not provided
I20260608 10:04:11.213267 17342 fs_manager.cc:368] Using write-ahead log directory (fs_wal_dir) as metadata directory
I20260608 10:04:11.213581 17342 server_base.cc:909] This appears to be a new deployment of Kudu; creating new FS layout
I20260608 10:04:11.215003 17342 fs_manager.cc:1068] Generated new instance metadata in path /tmp/dist-test-taskbIcjCi/test-tmp/auto_rebalancer-test.0.AutoRebalancerTest.NextLeaderResumesAutoRebalancing.1780913036741846-17342-0/minicluster-data/master-2-root/instance:
uuid: "7cd01a31fb6f4e0eb862467244bc8e4d"
format_stamp: "Formatted at 2026-06-08 10:04:11 on dist-test-slave-wc69"
I20260608 10:04:11.217403 18475 consensus_peers.cc:770] Retrying to get permanent uuid for remote peer: member_type: VOTER last_known_addr { host: "127.16.239.189" port: 43773 } attempt: 2
I20260608 10:04:11.218041 18540 sys_catalog.cc:422] member_type: VOTER last_known_addr { host: "127.16.239.189" port: 43773 } has no permanent_uuid. Determining permanent_uuid...
I20260608 10:04:11.226166 17342 fs_manager.cc:696] Time spent creating directory manager: real 0.011s	user 0.007s	sys 0.004s
I20260608 10:04:11.231736 18475 sys_catalog.cc:422] member_type: VOTER last_known_addr { host: "127.16.239.188" port: 46275 } has no permanent_uuid. Determining permanent_uuid...
I20260608 10:04:11.233959 18553 log_block_manager.cc:4031] Time spent loading block containers with low live blocks: real 0.000s	user 0.000s	sys 0.000s
I20260608 10:04:11.235366 17342 fs_manager.cc:730] Time spent opening block manager: real 0.006s	user 0.001s	sys 0.004s
I20260608 10:04:11.235675 17342 fs_manager.cc:647] Opened local filesystem: /tmp/dist-test-taskbIcjCi/test-tmp/auto_rebalancer-test.0.AutoRebalancerTest.NextLeaderResumesAutoRebalancing.1780913036741846-17342-0/minicluster-data/master-2-root
uuid: "7cd01a31fb6f4e0eb862467244bc8e4d"
format_stamp: "Formatted at 2026-06-08 10:04:11 on dist-test-slave-wc69"
I20260608 10:04:11.235963 17342 fs_report.cc:389] FS layout report
--------------------
wal directory: /tmp/dist-test-taskbIcjCi/test-tmp/auto_rebalancer-test.0.AutoRebalancerTest.NextLeaderResumesAutoRebalancing.1780913036741846-17342-0/minicluster-data/master-2-root
metadata directory: /tmp/dist-test-taskbIcjCi/test-tmp/auto_rebalancer-test.0.AutoRebalancerTest.NextLeaderResumesAutoRebalancing.1780913036741846-17342-0/minicluster-data/master-2-root
1 data directories: /tmp/dist-test-taskbIcjCi/test-tmp/auto_rebalancer-test.0.AutoRebalancerTest.NextLeaderResumesAutoRebalancing.1780913036741846-17342-0/minicluster-data/master-2-root/data
Total live blocks: 0
Total live bytes: 0
Total live bytes (after alignment): 0
Total number of LBM containers: 0 (0 full)
Did not check for missing blocks
Did not check for orphaned blocks
Total full LBM containers with extra space: 0 (0 repaired)
Total full LBM container extra space in bytes: 0 (0 repaired)
Total incomplete LBM containers: 0 (0 repaired)
Total LBM partial records: 0 (0 repaired)
Total corrupted LBM metadata records in RocksDB: 0 (0 repaired)
I20260608 10:04:11.236670 18540 sys_catalog.cc:422] member_type: VOTER last_known_addr { host: "127.16.239.188" port: 46275 } has no permanent_uuid. Determining permanent_uuid...
W20260608 10:04:11.237504 18475 consensus_peers.cc:760] Error getting permanent uuid from config peer 127.16.239.188:46275: Network error: Client connection negotiation failed: client connection to 127.16.239.188:46275: connect: Connection refused (error 111)
W20260608 10:04:11.242878 18540 consensus_peers.cc:760] Error getting permanent uuid from config peer 127.16.239.188:46275: Network error: Client connection negotiation failed: client connection to 127.16.239.188:46275: connect: Connection refused (error 111)
I20260608 10:04:11.247752 17342 rpc_server.cc:225] running with OpenSSL 1.1.1  11 Sep 2018
I20260608 10:04:11.248934 17342 kserver.cc:163] Server-wide thread pool size limit: 3276
I20260608 10:04:11.285373 17342 rpc_server.cc:307] RPC server started. Bound to: 127.16.239.188:46275
I20260608 10:04:11.285485 18605 acceptor_pool.cc:272] collecting diagnostics on the listening RPC socket 127.16.239.188:46275 every 8 connection(s)
I20260608 10:04:11.288539 17342 internal_mini_cluster.cc:184] Waiting to initialize catalog manager on master 0
I20260608 10:04:11.288947 18475 consensus_peers.cc:770] Retrying to get permanent uuid for remote peer: member_type: VOTER last_known_addr { host: "127.16.239.188" port: 46275 } attempt: 1
I20260608 10:04:11.289474 18606 data_dirs.cc:400] Could only allocate 1 dirs of requested 3 for tablet 00000000000000000000000000000000. 1 dirs total, 0 dirs full, 0 dirs failed
I20260608 10:04:11.295876 18606 sys_catalog.cc:422] member_type: VOTER last_known_addr { host: "127.16.239.190" port: 33407 } has no permanent_uuid. Determining permanent_uuid...
I20260608 10:04:11.305962 18475 tablet_bootstrap.cc:492] T 00000000000000000000000000000000 P 6395343e144b4b95b1961c1d794776b2: Bootstrap starting.
I20260608 10:04:11.306316 18540 consensus_peers.cc:770] Retrying to get permanent uuid for remote peer: member_type: VOTER last_known_addr { host: "127.16.239.188" port: 46275 } attempt: 1
I20260608 10:04:11.308593 18606 sys_catalog.cc:422] member_type: VOTER last_known_addr { host: "127.16.239.189" port: 43773 } has no permanent_uuid. Determining permanent_uuid...
I20260608 10:04:11.313496 18475 tablet_bootstrap.cc:654] T 00000000000000000000000000000000 P 6395343e144b4b95b1961c1d794776b2: Neither blocks nor log segments found. Creating new log.
I20260608 10:04:11.319499 18475 tablet_bootstrap.cc:492] T 00000000000000000000000000000000 P 6395343e144b4b95b1961c1d794776b2: No bootstrap required, opened a new log
I20260608 10:04:11.322443 18475 raft_consensus.cc:359] T 00000000000000000000000000000000 P 6395343e144b4b95b1961c1d794776b2 [term 0 FOLLOWER]: Replica starting. Triggering 0 pending ops. Active config: opid_index: -1 OBSOLETE_local: false peers { permanent_uuid: "6395343e144b4b95b1961c1d794776b2" member_type: VOTER last_known_addr { host: "127.16.239.190" port: 33407 } } peers { permanent_uuid: "9b6c10073a3543ae9543b4c9e2af072e" member_type: VOTER last_known_addr { host: "127.16.239.189" port: 43773 } } peers { permanent_uuid: "7cd01a31fb6f4e0eb862467244bc8e4d" member_type: VOTER last_known_addr { host: "127.16.239.188" port: 46275 } }
I20260608 10:04:11.323197 18475 raft_consensus.cc:385] T 00000000000000000000000000000000 P 6395343e144b4b95b1961c1d794776b2 [term 0 FOLLOWER]: Consensus starting up: Expiring failure detector timer to make a prompt election more likely
I20260608 10:04:11.323567 18475 raft_consensus.cc:740] T 00000000000000000000000000000000 P 6395343e144b4b95b1961c1d794776b2 [term 0 FOLLOWER]: Becoming Follower/Learner. State: Replica: 6395343e144b4b95b1961c1d794776b2, State: Initialized, Role: FOLLOWER
I20260608 10:04:11.324450 18540 tablet_bootstrap.cc:492] T 00000000000000000000000000000000 P 9b6c10073a3543ae9543b4c9e2af072e: Bootstrap starting.
I20260608 10:04:11.324779 18606 sys_catalog.cc:422] member_type: VOTER last_known_addr { host: "127.16.239.188" port: 46275 } has no permanent_uuid. Determining permanent_uuid...
I20260608 10:04:11.324384 18475 consensus_queue.cc:260] T 00000000000000000000000000000000 P 6395343e144b4b95b1961c1d794776b2 [NON_LEADER]: Queue going to NON_LEADER mode. State: All replicated index: 0, Majority replicated index: 0, Committed index: 0, Last appended: 0.0, Last appended by leader: 0, Current term: 0, Majority size: -1, State: 0, Mode: NON_LEADER, active raft config: opid_index: -1 OBSOLETE_local: false peers { permanent_uuid: "6395343e144b4b95b1961c1d794776b2" member_type: VOTER last_known_addr { host: "127.16.239.190" port: 33407 } } peers { permanent_uuid: "9b6c10073a3543ae9543b4c9e2af072e" member_type: VOTER last_known_addr { host: "127.16.239.189" port: 43773 } } peers { permanent_uuid: "7cd01a31fb6f4e0eb862467244bc8e4d" member_type: VOTER last_known_addr { host: "127.16.239.188" port: 46275 } }
I20260608 10:04:11.326855 18611 sys_catalog.cc:455] T 00000000000000000000000000000000 P 6395343e144b4b95b1961c1d794776b2 [sys.catalog]: SysCatalogTable state changed. Reason: RaftConsensus started. Latest consensus state: current_term: 0 committed_config { opid_index: -1 OBSOLETE_local: false peers { permanent_uuid: "6395343e144b4b95b1961c1d794776b2" member_type: VOTER last_known_addr { host: "127.16.239.190" port: 33407 } } peers { permanent_uuid: "9b6c10073a3543ae9543b4c9e2af072e" member_type: VOTER last_known_addr { host: "127.16.239.189" port: 43773 } } peers { permanent_uuid: "7cd01a31fb6f4e0eb862467244bc8e4d" member_type: VOTER last_known_addr { host: "127.16.239.188" port: 46275 } } }
I20260608 10:04:11.327608 18611 sys_catalog.cc:458] T 00000000000000000000000000000000 P 6395343e144b4b95b1961c1d794776b2 [sys.catalog]: This master's current role is: FOLLOWER
I20260608 10:04:11.328408 18475 sys_catalog.cc:565] T 00000000000000000000000000000000 P 6395343e144b4b95b1961c1d794776b2 [sys.catalog]: configured and running, proceeding with master startup.
I20260608 10:04:11.331471 18540 tablet_bootstrap.cc:654] T 00000000000000000000000000000000 P 9b6c10073a3543ae9543b4c9e2af072e: Neither blocks nor log segments found. Creating new log.
I20260608 10:04:11.337646 18540 tablet_bootstrap.cc:492] T 00000000000000000000000000000000 P 9b6c10073a3543ae9543b4c9e2af072e: No bootstrap required, opened a new log
I20260608 10:04:11.340541 18540 raft_consensus.cc:359] T 00000000000000000000000000000000 P 9b6c10073a3543ae9543b4c9e2af072e [term 0 FOLLOWER]: Replica starting. Triggering 0 pending ops. Active config: opid_index: -1 OBSOLETE_local: false peers { permanent_uuid: "6395343e144b4b95b1961c1d794776b2" member_type: VOTER last_known_addr { host: "127.16.239.190" port: 33407 } } peers { permanent_uuid: "9b6c10073a3543ae9543b4c9e2af072e" member_type: VOTER last_known_addr { host: "127.16.239.189" port: 43773 } } peers { permanent_uuid: "7cd01a31fb6f4e0eb862467244bc8e4d" member_type: VOTER last_known_addr { host: "127.16.239.188" port: 46275 } }
I20260608 10:04:11.341338 18540 raft_consensus.cc:385] T 00000000000000000000000000000000 P 9b6c10073a3543ae9543b4c9e2af072e [term 0 FOLLOWER]: Consensus starting up: Expiring failure detector timer to make a prompt election more likely
I20260608 10:04:11.341699 18540 raft_consensus.cc:740] T 00000000000000000000000000000000 P 9b6c10073a3543ae9543b4c9e2af072e [term 0 FOLLOWER]: Becoming Follower/Learner. State: Replica: 9b6c10073a3543ae9543b4c9e2af072e, State: Initialized, Role: FOLLOWER
I20260608 10:04:11.342682 18540 consensus_queue.cc:260] T 00000000000000000000000000000000 P 9b6c10073a3543ae9543b4c9e2af072e [NON_LEADER]: Queue going to NON_LEADER mode. State: All replicated index: 0, Majority replicated index: 0, Committed index: 0, Last appended: 0.0, Last appended by leader: 0, Current term: 0, Majority size: -1, State: 0, Mode: NON_LEADER, active raft config: opid_index: -1 OBSOLETE_local: false peers { permanent_uuid: "6395343e144b4b95b1961c1d794776b2" member_type: VOTER last_known_addr { host: "127.16.239.190" port: 33407 } } peers { permanent_uuid: "9b6c10073a3543ae9543b4c9e2af072e" member_type: VOTER last_known_addr { host: "127.16.239.189" port: 43773 } } peers { permanent_uuid: "7cd01a31fb6f4e0eb862467244bc8e4d" member_type: VOTER last_known_addr { host: "127.16.239.188" port: 46275 } }
I20260608 10:04:11.343503 17342 internal_mini_cluster.cc:184] Waiting to initialize catalog manager on master 1
I20260608 10:04:11.345613 18624 sys_catalog.cc:455] T 00000000000000000000000000000000 P 9b6c10073a3543ae9543b4c9e2af072e [sys.catalog]: SysCatalogTable state changed. Reason: RaftConsensus started. Latest consensus state: current_term: 0 committed_config { opid_index: -1 OBSOLETE_local: false peers { permanent_uuid: "6395343e144b4b95b1961c1d794776b2" member_type: VOTER last_known_addr { host: "127.16.239.190" port: 33407 } } peers { permanent_uuid: "9b6c10073a3543ae9543b4c9e2af072e" member_type: VOTER last_known_addr { host: "127.16.239.189" port: 43773 } } peers { permanent_uuid: "7cd01a31fb6f4e0eb862467244bc8e4d" member_type: VOTER last_known_addr { host: "127.16.239.188" port: 46275 } } }
I20260608 10:04:11.346225 18606 tablet_bootstrap.cc:492] T 00000000000000000000000000000000 P 7cd01a31fb6f4e0eb862467244bc8e4d: Bootstrap starting.
I20260608 10:04:11.346407 18624 sys_catalog.cc:458] T 00000000000000000000000000000000 P 9b6c10073a3543ae9543b4c9e2af072e [sys.catalog]: This master's current role is: FOLLOWER
I20260608 10:04:11.347182 18540 sys_catalog.cc:565] T 00000000000000000000000000000000 P 9b6c10073a3543ae9543b4c9e2af072e [sys.catalog]: configured and running, proceeding with master startup.
W20260608 10:04:11.347708 18623 catalog_manager.cc:1593] T 00000000000000000000000000000000 P 6395343e144b4b95b1961c1d794776b2: loading cluster ID for follower catalog manager: Not found: cluster ID entry not found
W20260608 10:04:11.347998 18623 catalog_manager.cc:883] Not found: cluster ID entry not found: failed to prepare follower catalog manager, will retry
I20260608 10:04:11.355639 18606 tablet_bootstrap.cc:654] T 00000000000000000000000000000000 P 7cd01a31fb6f4e0eb862467244bc8e4d: Neither blocks nor log segments found. Creating new log.
I20260608 10:04:11.363387 18606 tablet_bootstrap.cc:492] T 00000000000000000000000000000000 P 7cd01a31fb6f4e0eb862467244bc8e4d: No bootstrap required, opened a new log
I20260608 10:04:11.366817 17342 internal_mini_cluster.cc:184] Waiting to initialize catalog manager on master 2
I20260608 10:04:11.366868 18606 raft_consensus.cc:359] T 00000000000000000000000000000000 P 7cd01a31fb6f4e0eb862467244bc8e4d [term 0 FOLLOWER]: Replica starting. Triggering 0 pending ops. Active config: opid_index: -1 OBSOLETE_local: false peers { permanent_uuid: "6395343e144b4b95b1961c1d794776b2" member_type: VOTER last_known_addr { host: "127.16.239.190" port: 33407 } } peers { permanent_uuid: "9b6c10073a3543ae9543b4c9e2af072e" member_type: VOTER last_known_addr { host: "127.16.239.189" port: 43773 } } peers { permanent_uuid: "7cd01a31fb6f4e0eb862467244bc8e4d" member_type: VOTER last_known_addr { host: "127.16.239.188" port: 46275 } }
I20260608 10:04:11.367739 18606 raft_consensus.cc:385] T 00000000000000000000000000000000 P 7cd01a31fb6f4e0eb862467244bc8e4d [term 0 FOLLOWER]: Consensus starting up: Expiring failure detector timer to make a prompt election more likely
I20260608 10:04:11.367982 18606 raft_consensus.cc:740] T 00000000000000000000000000000000 P 7cd01a31fb6f4e0eb862467244bc8e4d [term 0 FOLLOWER]: Becoming Follower/Learner. State: Replica: 7cd01a31fb6f4e0eb862467244bc8e4d, State: Initialized, Role: FOLLOWER
I20260608 10:04:11.368746 18606 consensus_queue.cc:260] T 00000000000000000000000000000000 P 7cd01a31fb6f4e0eb862467244bc8e4d [NON_LEADER]: Queue going to NON_LEADER mode. State: All replicated index: 0, Majority replicated index: 0, Committed index: 0, Last appended: 0.0, Last appended by leader: 0, Current term: 0, Majority size: -1, State: 0, Mode: NON_LEADER, active raft config: opid_index: -1 OBSOLETE_local: false peers { permanent_uuid: "6395343e144b4b95b1961c1d794776b2" member_type: VOTER last_known_addr { host: "127.16.239.190" port: 33407 } } peers { permanent_uuid: "9b6c10073a3543ae9543b4c9e2af072e" member_type: VOTER last_known_addr { host: "127.16.239.189" port: 43773 } } peers { permanent_uuid: "7cd01a31fb6f4e0eb862467244bc8e4d" member_type: VOTER last_known_addr { host: "127.16.239.188" port: 46275 } }
I20260608 10:04:11.371173 18637 sys_catalog.cc:455] T 00000000000000000000000000000000 P 7cd01a31fb6f4e0eb862467244bc8e4d [sys.catalog]: SysCatalogTable state changed. Reason: RaftConsensus started. Latest consensus state: current_term: 0 committed_config { opid_index: -1 OBSOLETE_local: false peers { permanent_uuid: "6395343e144b4b95b1961c1d794776b2" member_type: VOTER last_known_addr { host: "127.16.239.190" port: 33407 } } peers { permanent_uuid: "9b6c10073a3543ae9543b4c9e2af072e" member_type: VOTER last_known_addr { host: "127.16.239.189" port: 43773 } } peers { permanent_uuid: "7cd01a31fb6f4e0eb862467244bc8e4d" member_type: VOTER last_known_addr { host: "127.16.239.188" port: 46275 } } }
W20260608 10:04:11.371748 18636 catalog_manager.cc:1593] T 00000000000000000000000000000000 P 9b6c10073a3543ae9543b4c9e2af072e: loading cluster ID for follower catalog manager: Not found: cluster ID entry not found
W20260608 10:04:11.372126 18636 catalog_manager.cc:883] Not found: cluster ID entry not found: failed to prepare follower catalog manager, will retry
I20260608 10:04:11.371994 18637 sys_catalog.cc:458] T 00000000000000000000000000000000 P 7cd01a31fb6f4e0eb862467244bc8e4d [sys.catalog]: This master's current role is: FOLLOWER
I20260608 10:04:11.372974 18606 sys_catalog.cc:565] T 00000000000000000000000000000000 P 7cd01a31fb6f4e0eb862467244bc8e4d [sys.catalog]: configured and running, proceeding with master startup.
I20260608 10:04:11.390652 17342 file_cache.cc:492] Constructed file cache file cache with capacity 419430
W20260608 10:04:11.393766 18648 catalog_manager.cc:1593] T 00000000000000000000000000000000 P 7cd01a31fb6f4e0eb862467244bc8e4d: loading cluster ID for follower catalog manager: Not found: cluster ID entry not found
W20260608 10:04:11.394129 18648 catalog_manager.cc:883] Not found: cluster ID entry not found: failed to prepare follower catalog manager, will retry
W20260608 10:04:11.398267 18649 instance_detector.cc:116] could not retrieve AWS instance metadata: Network error: curl error: HTTP response code said error: The requested URL returned error: 404
W20260608 10:04:11.402531 18650 instance_detector.cc:116] could not retrieve Azure instance metadata: Network error: curl error: HTTP response code said error: The requested URL returned error: 404
W20260608 10:04:11.404451 18652 instance_detector.cc:116] could not retrieve OpenStack instance metadata: Network error: curl error: HTTP response code said error: The requested URL returned error: 404
I20260608 10:04:11.405118 17342 server_base.cc:1061] running on GCE node
I20260608 10:04:11.405877 17342 hybrid_clock.cc:584] initializing the hybrid clock with 'system_unsync' time source
W20260608 10:04:11.406083 17342 system_unsync_time.cc:38] NTP support is disabled. Clock error bounds will not be accurate. This configuration is not suitable for distributed clusters.
I20260608 10:04:11.406267 17342 hybrid_clock.cc:648] HybridClock initialized: now 1780913051406248 us; error 0 us; skew 500 ppm
I20260608 10:04:11.406841 17342 server_base.cc:861] Flag tcmalloc_max_total_thread_cache_bytes is not working since tcmalloc is not enabled.
I20260608 10:04:11.409343 17342 webserver.cc:533] Webserver started at http://127.16.239.129:39131/ using document root <none> and password file <none>
I20260608 10:04:11.410043 17342 fs_manager.cc:362] Metadata directory not provided
I20260608 10:04:11.410303 17342 fs_manager.cc:368] Using write-ahead log directory (fs_wal_dir) as metadata directory
I20260608 10:04:11.410673 17342 server_base.cc:909] This appears to be a new deployment of Kudu; creating new FS layout
I20260608 10:04:11.412245 17342 fs_manager.cc:1068] Generated new instance metadata in path /tmp/dist-test-taskbIcjCi/test-tmp/auto_rebalancer-test.0.AutoRebalancerTest.NextLeaderResumesAutoRebalancing.1780913036741846-17342-0/minicluster-data/ts-0-root/instance:
uuid: "bdcd7a6ca352429d8df4c8f2f80a8474"
format_stamp: "Formatted at 2026-06-08 10:04:11 on dist-test-slave-wc69"
I20260608 10:04:11.417968 17342 fs_manager.cc:696] Time spent creating directory manager: real 0.005s	user 0.004s	sys 0.000s
I20260608 10:04:11.421289 18657 log_block_manager.cc:4031] Time spent loading block containers with low live blocks: real 0.000s	user 0.000s	sys 0.000s
I20260608 10:04:11.422072 17342 fs_manager.cc:730] Time spent opening block manager: real 0.002s	user 0.002s	sys 0.001s
I20260608 10:04:11.422389 17342 fs_manager.cc:647] Opened local filesystem: /tmp/dist-test-taskbIcjCi/test-tmp/auto_rebalancer-test.0.AutoRebalancerTest.NextLeaderResumesAutoRebalancing.1780913036741846-17342-0/minicluster-data/ts-0-root
uuid: "bdcd7a6ca352429d8df4c8f2f80a8474"
format_stamp: "Formatted at 2026-06-08 10:04:11 on dist-test-slave-wc69"
I20260608 10:04:11.422680 17342 fs_report.cc:389] FS layout report
--------------------
wal directory: /tmp/dist-test-taskbIcjCi/test-tmp/auto_rebalancer-test.0.AutoRebalancerTest.NextLeaderResumesAutoRebalancing.1780913036741846-17342-0/minicluster-data/ts-0-root
metadata directory: /tmp/dist-test-taskbIcjCi/test-tmp/auto_rebalancer-test.0.AutoRebalancerTest.NextLeaderResumesAutoRebalancing.1780913036741846-17342-0/minicluster-data/ts-0-root
1 data directories: /tmp/dist-test-taskbIcjCi/test-tmp/auto_rebalancer-test.0.AutoRebalancerTest.NextLeaderResumesAutoRebalancing.1780913036741846-17342-0/minicluster-data/ts-0-root/data
Total live blocks: 0
Total live bytes: 0
Total live bytes (after alignment): 0
Total number of LBM containers: 0 (0 full)
Did not check for missing blocks
Did not check for orphaned blocks
Total full LBM containers with extra space: 0 (0 repaired)
Total full LBM container extra space in bytes: 0 (0 repaired)
Total incomplete LBM containers: 0 (0 repaired)
Total LBM partial records: 0 (0 repaired)
Total corrupted LBM metadata records in RocksDB: 0 (0 repaired)
I20260608 10:04:11.453680 17342 rpc_server.cc:225] running with OpenSSL 1.1.1  11 Sep 2018
I20260608 10:04:11.454178 18624 raft_consensus.cc:493] T 00000000000000000000000000000000 P 9b6c10073a3543ae9543b4c9e2af072e [term 0 FOLLOWER]: Starting pre-election (no leader contacted us within the election timeout)
I20260608 10:04:11.454651 18624 raft_consensus.cc:515] T 00000000000000000000000000000000 P 9b6c10073a3543ae9543b4c9e2af072e [term 0 FOLLOWER]: Starting pre-election with config: opid_index: -1 OBSOLETE_local: false peers { permanent_uuid: "6395343e144b4b95b1961c1d794776b2" member_type: VOTER last_known_addr { host: "127.16.239.190" port: 33407 } } peers { permanent_uuid: "9b6c10073a3543ae9543b4c9e2af072e" member_type: VOTER last_known_addr { host: "127.16.239.189" port: 43773 } } peers { permanent_uuid: "7cd01a31fb6f4e0eb862467244bc8e4d" member_type: VOTER last_known_addr { host: "127.16.239.188" port: 46275 } }
I20260608 10:04:11.455027 17342 kserver.cc:163] Server-wide thread pool size limit: 3276
I20260608 10:04:11.456665 18624 leader_election.cc:290] T 00000000000000000000000000000000 P 9b6c10073a3543ae9543b4c9e2af072e [CANDIDATE]: Term 1 pre-election: Requested pre-vote from peers 6395343e144b4b95b1961c1d794776b2 (127.16.239.190:33407), 7cd01a31fb6f4e0eb862467244bc8e4d (127.16.239.188:46275)
I20260608 10:04:11.457549 17342 txn_system_client.cc:432] TxnSystemClient initialization is disabled...
