I20260608 10:05:59.750634 29916 acceptor_pool.cc:272] collecting diagnostics on the listening RPC socket 127.24.93.4:44239 every 8 connection(s)
I20260608 10:05:59.756668 24948 file_cache.cc:492] Constructed file cache file cache with capacity 419430
W20260608 10:05:59.765064 29921 instance_detector.cc:116] could not retrieve AWS instance metadata: Network error: curl error: HTTP response code said error: The requested URL returned error: 404
W20260608 10:05:59.765193 29922 instance_detector.cc:116] could not retrieve Azure instance metadata: Network error: curl error: HTTP response code said error: The requested URL returned error: 404
W20260608 10:05:59.768792 29924 instance_detector.cc:116] could not retrieve OpenStack instance metadata: Network error: curl error: HTTP response code said error: The requested URL returned error: 404
I20260608 10:05:59.770191 24948 server_base.cc:1061] running on GCE node
I20260608 10:05:59.773958 24948 hybrid_clock.cc:584] initializing the hybrid clock with 'system_unsync' time source
W20260608 10:05:59.774237 24948 system_unsync_time.cc:38] NTP support is disabled. Clock error bounds will not be accurate. This configuration is not suitable for distributed clusters.
I20260608 10:05:59.774441 24948 hybrid_clock.cc:648] HybridClock initialized: now 1780913159774427 us; error 0 us; skew 500 ppm
I20260608 10:05:59.775084 24948 server_base.cc:861] Flag tcmalloc_max_total_thread_cache_bytes is not working since tcmalloc is not enabled.
I20260608 10:05:59.778275 24948 webserver.cc:533] Webserver started at http://127.24.93.5:45255/ using document root <none> and password file <none>
I20260608 10:05:59.778970 24948 fs_manager.cc:362] Metadata directory not provided
I20260608 10:05:59.779198 24948 fs_manager.cc:368] Using write-ahead log directory (fs_wal_dir) as metadata directory
I20260608 10:05:59.779505 24948 server_base.cc:909] This appears to be a new deployment of Kudu; creating new FS layout
I20260608 10:05:59.779779 29917 heartbeater.cc:344] Connected to a master server at 127.24.93.62:34757
I20260608 10:05:59.780220 29917 heartbeater.cc:461] Registering TS with master...
I20260608 10:05:59.781082 29917 heartbeater.cc:507] Master 127.24.93.62:34757 requested a full tablet report, sending...
I20260608 10:05:59.781116 24948 fs_manager.cc:1068] Generated new instance metadata in path /tmp/dist-test-taskseeYhQ/test-tmp/auto_rebalancer-test.0.AutoRebalancerTest.TestMaxMovesPerServer.1780913033965723-24948-0/minicluster-data/ts-4-root/instance:
uuid: "2c0cfcb819d14692bb5881855ea54437"
format_stamp: "Formatted at 2026-06-08 10:05:59 on dist-test-slave-7kpx"
I20260608 10:05:59.783365 29331 ts_manager.cc:194] Registered new tserver with Master: 75437d74f71040cd932024221e81cff7 (127.24.93.4:44239)
I20260608 10:05:59.784924 29331 master_service.cc:502] Signed X509 certificate for tserver {username='slave'} at 127.0.0.1:53630
I20260608 10:05:59.786574 24948 fs_manager.cc:696] Time spent creating directory manager: real 0.005s	user 0.005s	sys 0.000s
I20260608 10:05:59.790385 29929 log_block_manager.cc:4031] Time spent loading block containers with low live blocks: real 0.000s	user 0.000s	sys 0.000s
I20260608 10:05:59.791203 24948 fs_manager.cc:730] Time spent opening block manager: real 0.002s	user 0.004s	sys 0.000s
I20260608 10:05:59.791512 24948 fs_manager.cc:647] Opened local filesystem: /tmp/dist-test-taskseeYhQ/test-tmp/auto_rebalancer-test.0.AutoRebalancerTest.TestMaxMovesPerServer.1780913033965723-24948-0/minicluster-data/ts-4-root
uuid: "2c0cfcb819d14692bb5881855ea54437"
format_stamp: "Formatted at 2026-06-08 10:05:59 on dist-test-slave-7kpx"
I20260608 10:05:59.791791 24948 fs_report.cc:389] FS layout report
--------------------
wal directory: /tmp/dist-test-taskseeYhQ/test-tmp/auto_rebalancer-test.0.AutoRebalancerTest.TestMaxMovesPerServer.1780913033965723-24948-0/minicluster-data/ts-4-root
metadata directory: /tmp/dist-test-taskseeYhQ/test-tmp/auto_rebalancer-test.0.AutoRebalancerTest.TestMaxMovesPerServer.1780913033965723-24948-0/minicluster-data/ts-4-root
1 data directories: /tmp/dist-test-taskseeYhQ/test-tmp/auto_rebalancer-test.0.AutoRebalancerTest.TestMaxMovesPerServer.1780913033965723-24948-0/minicluster-data/ts-4-root/data
Total live blocks: 0
Total live bytes: 0
Total live bytes (after alignment): 0
Total number of LBM containers: 0 (0 full)
Did not check for missing blocks
Did not check for orphaned blocks
Total full LBM containers with extra space: 0 (0 repaired)
Total full LBM container extra space in bytes: 0 (0 repaired)
Total incomplete LBM containers: 0 (0 repaired)
Total LBM partial records: 0 (0 repaired)
Total corrupted LBM metadata records in RocksDB: 0 (0 repaired)
I20260608 10:05:59.804275 24948 rpc_server.cc:225] running with OpenSSL 1.1.1  11 Sep 2018
I20260608 10:05:59.805698 24948 kserver.cc:163] Server-wide thread pool size limit: 3276
I20260608 10:05:59.807221 24948 txn_system_client.cc:432] TxnSystemClient initialization is disabled...
I20260608 10:05:59.809684 24948 ts_tablet_manager.cc:585] Loaded tablet metadata (0 total tablets, 0 live tablets)
I20260608 10:05:59.809926 24948 ts_tablet_manager.cc:531] Time spent load tablet metadata: real 0.000s	user 0.000s	sys 0.000s
I20260608 10:05:59.810180 24948 ts_tablet_manager.cc:616] Registered 0 tablets
I20260608 10:05:59.810367 24948 ts_tablet_manager.cc:595] Time spent register tablets: real 0.000s	user 0.000s	sys 0.000s
I20260608 10:05:59.872174 24948 rpc_server.cc:307] RPC server started. Bound to: 127.24.93.5:33261
I20260608 10:05:59.872282 29991 acceptor_pool.cc:272] collecting diagnostics on the listening RPC socket 127.24.93.5:33261 every 8 connection(s)
I20260608 10:05:59.879345 24948 file_cache.cc:492] Constructed file cache file cache with capacity 419430
W20260608 10:05:59.891062 29995 instance_detector.cc:116] could not retrieve AWS instance metadata: Network error: curl error: HTTP response code said error: The requested URL returned error: 404
W20260608 10:05:59.892316 29996 instance_detector.cc:116] could not retrieve Azure instance metadata: Network error: curl error: HTTP response code said error: The requested URL returned error: 404
W20260608 10:05:59.898661 29998 instance_detector.cc:116] could not retrieve OpenStack instance metadata: Network error: curl error: HTTP response code said error: The requested URL returned error: 404
I20260608 10:05:59.900813 24948 server_base.cc:1061] running on GCE node
I20260608 10:05:59.901054 29992 heartbeater.cc:344] Connected to a master server at 127.24.93.62:34757
I20260608 10:05:59.901808 29992 heartbeater.cc:461] Registering TS with master...
I20260608 10:05:59.902613 24948 hybrid_clock.cc:584] initializing the hybrid clock with 'system_unsync' time source
W20260608 10:05:59.902987 24948 system_unsync_time.cc:38] NTP support is disabled. Clock error bounds will not be accurate. This configuration is not suitable for distributed clusters.
I20260608 10:05:59.903065 29992 heartbeater.cc:507] Master 127.24.93.62:34757 requested a full tablet report, sending...
I20260608 10:05:59.903328 24948 hybrid_clock.cc:648] HybridClock initialized: now 1780913159903303 us; error 0 us; skew 500 ppm
I20260608 10:05:59.904381 24948 server_base.cc:861] Flag tcmalloc_max_total_thread_cache_bytes is not working since tcmalloc is not enabled.
I20260608 10:05:59.906136 29331 ts_manager.cc:194] Registered new tserver with Master: 2c0cfcb819d14692bb5881855ea54437 (127.24.93.5:33261)
I20260608 10:05:59.907573 24948 webserver.cc:533] Webserver started at http://127.24.93.6:35175/ using document root <none> and password file <none>
I20260608 10:05:59.907876 29331 master_service.cc:502] Signed X509 certificate for tserver {username='slave'} at 127.0.0.1:53642
I20260608 10:05:59.908274 24948 fs_manager.cc:362] Metadata directory not provided
I20260608 10:05:59.908581 24948 fs_manager.cc:368] Using write-ahead log directory (fs_wal_dir) as metadata directory
I20260608 10:05:59.908949 24948 server_base.cc:909] This appears to be a new deployment of Kudu; creating new FS layout
I20260608 10:05:59.910804 24948 fs_manager.cc:1068] Generated new instance metadata in path /tmp/dist-test-taskseeYhQ/test-tmp/auto_rebalancer-test.0.AutoRebalancerTest.TestMaxMovesPerServer.1780913033965723-24948-0/minicluster-data/ts-5-root/instance:
uuid: "1d3021c3b6d4437e97daed31efc08b01"
format_stamp: "Formatted at 2026-06-08 10:05:59 on dist-test-slave-7kpx"
I20260608 10:05:59.916182 24948 fs_manager.cc:696] Time spent creating directory manager: real 0.005s	user 0.006s	sys 0.000s
I20260608 10:05:59.920156 30003 log_block_manager.cc:4031] Time spent loading block containers with low live blocks: real 0.000s	user 0.000s	sys 0.000s
I20260608 10:05:59.921084 24948 fs_manager.cc:730] Time spent opening block manager: real 0.003s	user 0.003s	sys 0.000s
I20260608 10:05:59.921396 24948 fs_manager.cc:647] Opened local filesystem: /tmp/dist-test-taskseeYhQ/test-tmp/auto_rebalancer-test.0.AutoRebalancerTest.TestMaxMovesPerServer.1780913033965723-24948-0/minicluster-data/ts-5-root
uuid: "1d3021c3b6d4437e97daed31efc08b01"
format_stamp: "Formatted at 2026-06-08 10:05:59 on dist-test-slave-7kpx"
I20260608 10:05:59.921649 24948 fs_report.cc:389] FS layout report
--------------------
wal directory: /tmp/dist-test-taskseeYhQ/test-tmp/auto_rebalancer-test.0.AutoRebalancerTest.TestMaxMovesPerServer.1780913033965723-24948-0/minicluster-data/ts-5-root
metadata directory: /tmp/dist-test-taskseeYhQ/test-tmp/auto_rebalancer-test.0.AutoRebalancerTest.TestMaxMovesPerServer.1780913033965723-24948-0/minicluster-data/ts-5-root
1 data directories: /tmp/dist-test-taskseeYhQ/test-tmp/auto_rebalancer-test.0.AutoRebalancerTest.TestMaxMovesPerServer.1780913033965723-24948-0/minicluster-data/ts-5-root/data
Total live blocks: 0
Total live bytes: 0
Total live bytes (after alignment): 0
Total number of LBM containers: 0 (0 full)
Did not check for missing blocks
Did not check for orphaned blocks
Total full LBM containers with extra space: 0 (0 repaired)
Total full LBM container extra space in bytes: 0 (0 repaired)
Total incomplete LBM containers: 0 (0 repaired)
Total LBM partial records: 0 (0 repaired)
Total corrupted LBM metadata records in RocksDB: 0 (0 repaired)
I20260608 10:05:59.946457 24948 rpc_server.cc:225] running with OpenSSL 1.1.1  11 Sep 2018
I20260608 10:05:59.948222 24948 kserver.cc:163] Server-wide thread pool size limit: 3276
I20260608 10:05:59.949853 24948 txn_system_client.cc:432] TxnSystemClient initialization is disabled...
I20260608 10:05:59.952741 24948 ts_tablet_manager.cc:585] Loaded tablet metadata (0 total tablets, 0 live tablets)
I20260608 10:05:59.953032 24948 ts_tablet_manager.cc:531] Time spent load tablet metadata: real 0.000s	user 0.001s	sys 0.000s
I20260608 10:05:59.953354 24948 ts_tablet_manager.cc:616] Registered 0 tablets
I20260608 10:05:59.953555 24948 ts_tablet_manager.cc:595] Time spent register tablets: real 0.000s	user 0.000s	sys 0.000s
I20260608 10:06:00.047470 24948 rpc_server.cc:307] RPC server started. Bound to: 127.24.93.6:40377
I20260608 10:06:00.047601 30065 acceptor_pool.cc:272] collecting diagnostics on the listening RPC socket 127.24.93.6:40377 every 8 connection(s)
I20260608 10:06:00.066257 30066 heartbeater.cc:344] Connected to a master server at 127.24.93.62:34757
I20260608 10:06:00.066810 30066 heartbeater.cc:461] Registering TS with master...
I20260608 10:06:00.067826 30066 heartbeater.cc:507] Master 127.24.93.62:34757 requested a full tablet report, sending...
I20260608 10:06:00.070631 29331 ts_manager.cc:194] Registered new tserver with Master: 1d3021c3b6d4437e97daed31efc08b01 (127.24.93.6:40377)
I20260608 10:06:00.072471 29331 master_service.cc:502] Signed X509 certificate for tserver {username='slave'} at 127.0.0.1:53644
I20260608 10:06:00.725621 29581 consensus_queue.cc:237] T 8d423a5aa6164023b2796a7860c02e71 P 29b7d65ba9da4bd7992d96a24cc7bbed [LEADER]: Queue going to LEADER mode. State: All replicated index: 0, Majority replicated index: 25, Committed index: 25, Last appended: 1.25, Last appended by leader: 0, Current term: 1, Majority size: 2, State: 0, Mode: LEADER, active raft config: opid_index: 26 OBSOLETE_local: false peers { permanent_uuid: "81d6527748aa4c1e9394a83f7fa9da4f" member_type: VOTER last_known_addr { host: "127.24.93.1" port: 40837 } } peers { permanent_uuid: "05d9e82b396a408798babbd2e30cf6f3" member_type: VOTER last_known_addr { host: "127.24.93.2" port: 42951 } attrs { replace: true } } peers { permanent_uuid: "29b7d65ba9da4bd7992d96a24cc7bbed" member_type: VOTER last_known_addr { host: "127.24.93.3" port: 39073 } } peers { permanent_uuid: "2c0cfcb819d14692bb5881855ea54437" member_type: NON_VOTER last_known_addr { host: "127.24.93.5" port: 33261 } attrs { promote: true } }
I20260608 10:06:00.734398 29509 raft_consensus.cc:1275] T 8d423a5aa6164023b2796a7860c02e71 P 05d9e82b396a408798babbd2e30cf6f3 [term 1 FOLLOWER]: Refusing update from remote peer 29b7d65ba9da4bd7992d96a24cc7bbed: Log matching property violated. Preceding OpId in replica: term: 1 index: 25. Preceding OpId from leader: term: 1 index: 26. (index mismatch)
I20260608 10:06:00.737061 30073 consensus_queue.cc:1048] T 8d423a5aa6164023b2796a7860c02e71 P 29b7d65ba9da4bd7992d96a24cc7bbed [LEADER]: Connected to new peer: Peer: permanent_uuid: "05d9e82b396a408798babbd2e30cf6f3" member_type: VOTER last_known_addr { host: "127.24.93.2" port: 42951 } attrs { replace: true }, Status: LMP_MISMATCH, Last received: 0.0, Next index: 26, Last known committed idx: 25, Time since last communication: 0.001s
I20260608 10:06:00.738368 29435 raft_consensus.cc:1275] T 8d423a5aa6164023b2796a7860c02e71 P 81d6527748aa4c1e9394a83f7fa9da4f [term 1 FOLLOWER]: Refusing update from remote peer 29b7d65ba9da4bd7992d96a24cc7bbed: Log matching property violated. Preceding OpId in replica: term: 1 index: 25. Preceding OpId from leader: term: 1 index: 26. (index mismatch)
I20260608 10:06:00.740024 30073 consensus_queue.cc:1048] T 8d423a5aa6164023b2796a7860c02e71 P 29b7d65ba9da4bd7992d96a24cc7bbed [LEADER]: Connected to new peer: Peer: permanent_uuid: "81d6527748aa4c1e9394a83f7fa9da4f" member_type: VOTER last_known_addr { host: "127.24.93.1" port: 40837 }, Status: LMP_MISMATCH, Last received: 0.0, Next index: 26, Last known committed idx: 25, Time since last communication: 0.000s
I20260608 10:06:00.747514 29839 raft_consensus.cc:2955] T 8d423a5aa6164023b2796a7860c02e71 P 29b7d65ba9da4bd7992d96a24cc7bbed [term 1 LEADER]: Committing config change with OpId 1.26: config changed from index -1 to 26, NON_VOTER 2c0cfcb819d14692bb5881855ea54437 (127.24.93.5) added. New config: { opid_index: 26 OBSOLETE_local: false peers { permanent_uuid: "81d6527748aa4c1e9394a83f7fa9da4f" member_type: VOTER last_known_addr { host: "127.24.93.1" port: 40837 } } peers { permanent_uuid: "05d9e82b396a408798babbd2e30cf6f3" member_type: VOTER last_known_addr { host: "127.24.93.2" port: 42951 } attrs { replace: true } } peers { permanent_uuid: "29b7d65ba9da4bd7992d96a24cc7bbed" member_type: VOTER last_known_addr { host: "127.24.93.3" port: 39073 } } peers { permanent_uuid: "2c0cfcb819d14692bb5881855ea54437" member_type: NON_VOTER last_known_addr { host: "127.24.93.5" port: 33261 } attrs { promote: true } } }
I20260608 10:06:00.749425 29509 raft_consensus.cc:2955] T 8d423a5aa6164023b2796a7860c02e71 P 05d9e82b396a408798babbd2e30cf6f3 [term 1 FOLLOWER]: Committing config change with OpId 1.26: config changed from index -1 to 26, NON_VOTER 2c0cfcb819d14692bb5881855ea54437 (127.24.93.5) added. New config: { opid_index: 26 OBSOLETE_local: false peers { permanent_uuid: "81d6527748aa4c1e9394a83f7fa9da4f" member_type: VOTER last_known_addr { host: "127.24.93.1" port: 40837 } } peers { permanent_uuid: "05d9e82b396a408798babbd2e30cf6f3" member_type: VOTER last_known_addr { host: "127.24.93.2" port: 42951 } attrs { replace: true } } peers { permanent_uuid: "29b7d65ba9da4bd7992d96a24cc7bbed" member_type: VOTER last_known_addr { host: "127.24.93.3" port: 39073 } } peers { permanent_uuid: "2c0cfcb819d14692bb5881855ea54437" member_type: NON_VOTER last_known_addr { host: "127.24.93.5" port: 33261 } attrs { promote: true } } }
W20260608 10:06:00.752483 29552 consensus_peers.cc:597] T 8d423a5aa6164023b2796a7860c02e71 P 29b7d65ba9da4bd7992d96a24cc7bbed -> Peer 2c0cfcb819d14692bb5881855ea54437 (127.24.93.5:33261): Couldn't send request to peer 2c0cfcb819d14692bb5881855ea54437. Error code: TABLET_NOT_FOUND (6). Status: Not found: Tablet not found: 8d423a5aa6164023b2796a7860c02e71. This is attempt 1: this message will repeat every 5th retry.
I20260608 10:06:00.757704 29435 raft_consensus.cc:2955] T 8d423a5aa6164023b2796a7860c02e71 P 81d6527748aa4c1e9394a83f7fa9da4f [term 1 FOLLOWER]: Committing config change with OpId 1.26: config changed from index -1 to 26, NON_VOTER 2c0cfcb819d14692bb5881855ea54437 (127.24.93.5) added. New config: { opid_index: 26 OBSOLETE_local: false peers { permanent_uuid: "81d6527748aa4c1e9394a83f7fa9da4f" member_type: VOTER last_known_addr { host: "127.24.93.1" port: 40837 } } peers { permanent_uuid: "05d9e82b396a408798babbd2e30cf6f3" member_type: VOTER last_known_addr { host: "127.24.93.2" port: 42951 } attrs { replace: true } } peers { permanent_uuid: "29b7d65ba9da4bd7992d96a24cc7bbed" member_type: VOTER last_known_addr { host: "127.24.93.3" port: 39073 } } peers { permanent_uuid: "2c0cfcb819d14692bb5881855ea54437" member_type: NON_VOTER last_known_addr { host: "127.24.93.5" port: 33261 } attrs { promote: true } } }
I20260608 10:06:00.768268 29331 catalog_manager.cc:5696] T 8d423a5aa6164023b2796a7860c02e71 P 05d9e82b396a408798babbd2e30cf6f3 reported cstate change: config changed from index -1 to 26, NON_VOTER 2c0cfcb819d14692bb5881855ea54437 (127.24.93.5) added. New cstate: current_term: 1 leader_uuid: "29b7d65ba9da4bd7992d96a24cc7bbed" committed_config { opid_index: 26 OBSOLETE_local: false peers { permanent_uuid: "81d6527748aa4c1e9394a83f7fa9da4f" member_type: VOTER last_known_addr { host: "127.24.93.1" port: 40837 } } peers { permanent_uuid: "05d9e82b396a408798babbd2e30cf6f3" member_type: VOTER last_known_addr { host: "127.24.93.2" port: 42951 } attrs { replace: true } } peers { permanent_uuid: "29b7d65ba9da4bd7992d96a24cc7bbed" member_type: VOTER last_known_addr { host: "127.24.93.3" port: 39073 } } peers { permanent_uuid: "2c0cfcb819d14692bb5881855ea54437" member_type: NON_VOTER last_known_addr { host: "127.24.93.5" port: 33261 } attrs { promote: true } } }
I20260608 10:06:00.780815 29435 consensus_queue.cc:237] T 7eacc4eb47634b8cb59d9e532f062fc2 P 81d6527748aa4c1e9394a83f7fa9da4f [LEADER]: Queue going to LEADER mode. State: All replicated index: 0, Majority replicated index: 24, Committed index: 24, Last appended: 1.24, Last appended by leader: 0, Current term: 1, Majority size: 2, State: 0, Mode: LEADER, active raft config: opid_index: 25 OBSOLETE_local: false peers { permanent_uuid: "81d6527748aa4c1e9394a83f7fa9da4f" member_type: VOTER last_known_addr { host: "127.24.93.1" port: 40837 } } peers { permanent_uuid: "05d9e82b396a408798babbd2e30cf6f3" member_type: VOTER last_known_addr { host: "127.24.93.2" port: 42951 } } peers { permanent_uuid: "29b7d65ba9da4bd7992d96a24cc7bbed" member_type: VOTER last_known_addr { host: "127.24.93.3" port: 39073 } attrs { replace: true } } peers { permanent_uuid: "1d3021c3b6d4437e97daed31efc08b01" member_type: NON_VOTER last_known_addr { host: "127.24.93.6" port: 40377 } attrs { promote: true } }
I20260608 10:06:00.787753 29917 heartbeater.cc:499] Master 127.24.93.62:34757 was elected leader, sending a full tablet report...
I20260608 10:06:00.791920 29581 raft_consensus.cc:1275] T 7eacc4eb47634b8cb59d9e532f062fc2 P 29b7d65ba9da4bd7992d96a24cc7bbed [term 1 FOLLOWER]: Refusing update from remote peer 81d6527748aa4c1e9394a83f7fa9da4f: Log matching property violated. Preceding OpId in replica: term: 1 index: 24. Preceding OpId from leader: term: 1 index: 25. (index mismatch)
I20260608 10:06:00.796391 29715 consensus_queue.cc:1048] T 7eacc4eb47634b8cb59d9e532f062fc2 P 81d6527748aa4c1e9394a83f7fa9da4f [LEADER]: Connected to new peer: Peer: permanent_uuid: "29b7d65ba9da4bd7992d96a24cc7bbed" member_type: VOTER last_known_addr { host: "127.24.93.3" port: 39073 } attrs { replace: true }, Status: LMP_MISMATCH, Last received: 0.0, Next index: 25, Last known committed idx: 24, Time since last communication: 0.001s
I20260608 10:06:00.805290 29509 raft_consensus.cc:1275] T 7eacc4eb47634b8cb59d9e532f062fc2 P 05d9e82b396a408798babbd2e30cf6f3 [term 1 FOLLOWER]: Refusing update from remote peer 81d6527748aa4c1e9394a83f7fa9da4f: Log matching property violated. Preceding OpId in replica: term: 1 index: 24. Preceding OpId from leader: term: 1 index: 25. (index mismatch)
I20260608 10:06:00.807183 30069 consensus_queue.cc:1048] T 7eacc4eb47634b8cb59d9e532f062fc2 P 81d6527748aa4c1e9394a83f7fa9da4f [LEADER]: Connected to new peer: Peer: permanent_uuid: "05d9e82b396a408798babbd2e30cf6f3" member_type: VOTER last_known_addr { host: "127.24.93.2" port: 42951 }, Status: LMP_MISMATCH, Last received: 0.0, Next index: 25, Last known committed idx: 24, Time since last communication: 0.001s
I20260608 10:06:00.810177 29715 raft_consensus.cc:2955] T 7eacc4eb47634b8cb59d9e532f062fc2 P 81d6527748aa4c1e9394a83f7fa9da4f [term 1 LEADER]: Committing config change with OpId 1.25: config changed from index -1 to 25, NON_VOTER 1d3021c3b6d4437e97daed31efc08b01 (127.24.93.6) added. New config: { opid_index: 25 OBSOLETE_local: false peers { permanent_uuid: "81d6527748aa4c1e9394a83f7fa9da4f" member_type: VOTER last_known_addr { host: "127.24.93.1" port: 40837 } } peers { permanent_uuid: "05d9e82b396a408798babbd2e30cf6f3" member_type: VOTER last_known_addr { host: "127.24.93.2" port: 42951 } } peers { permanent_uuid: "29b7d65ba9da4bd7992d96a24cc7bbed" member_type: VOTER last_known_addr { host: "127.24.93.3" port: 39073 } attrs { replace: true } } peers { permanent_uuid: "1d3021c3b6d4437e97daed31efc08b01" member_type: NON_VOTER last_known_addr { host: "127.24.93.6" port: 40377 } attrs { promote: true } } }
I20260608 10:06:00.811702 29581 raft_consensus.cc:2955] T 7eacc4eb47634b8cb59d9e532f062fc2 P 29b7d65ba9da4bd7992d96a24cc7bbed [term 1 FOLLOWER]: Committing config change with OpId 1.25: config changed from index -1 to 25, NON_VOTER 1d3021c3b6d4437e97daed31efc08b01 (127.24.93.6) added. New config: { opid_index: 25 OBSOLETE_local: false peers { permanent_uuid: "81d6527748aa4c1e9394a83f7fa9da4f" member_type: VOTER last_known_addr { host: "127.24.93.1" port: 40837 } } peers { permanent_uuid: "05d9e82b396a408798babbd2e30cf6f3" member_type: VOTER last_known_addr { host: "127.24.93.2" port: 42951 } } peers { permanent_uuid: "29b7d65ba9da4bd7992d96a24cc7bbed" member_type: VOTER last_known_addr { host: "127.24.93.3" port: 39073 } attrs { replace: true } } peers { permanent_uuid: "1d3021c3b6d4437e97daed31efc08b01" member_type: NON_VOTER last_known_addr { host: "127.24.93.6" port: 40377 } attrs { promote: true } } }
W20260608 10:06:00.821534 29402 consensus_peers.cc:597] T 7eacc4eb47634b8cb59d9e532f062fc2 P 81d6527748aa4c1e9394a83f7fa9da4f -> Peer 1d3021c3b6d4437e97daed31efc08b01 (127.24.93.6:40377): Couldn't send request to peer 1d3021c3b6d4437e97daed31efc08b01. Error code: TABLET_NOT_FOUND (6). Status: Not found: Tablet not found: 7eacc4eb47634b8cb59d9e532f062fc2. This is attempt 1: this message will repeat every 5th retry.
I20260608 10:06:00.826692 29333 catalog_manager.cc:5696] T 7eacc4eb47634b8cb59d9e532f062fc2 P 81d6527748aa4c1e9394a83f7fa9da4f reported cstate change: config changed from index -1 to 25, NON_VOTER 1d3021c3b6d4437e97daed31efc08b01 (127.24.93.6) added. New cstate: current_term: 1 leader_uuid: "81d6527748aa4c1e9394a83f7fa9da4f" committed_config { opid_index: 25 OBSOLETE_local: false peers { permanent_uuid: "81d6527748aa4c1e9394a83f7fa9da4f" member_type: VOTER last_known_addr { host: "127.24.93.1" port: 40837 } health_report { overall_health: HEALTHY } } peers { permanent_uuid: "05d9e82b396a408798babbd2e30cf6f3" member_type: VOTER last_known_addr { host: "127.24.93.2" port: 42951 } health_report { overall_health: UNKNOWN } } peers { permanent_uuid: "29b7d65ba9da4bd7992d96a24cc7bbed" member_type: VOTER last_known_addr { host: "127.24.93.3" port: 39073 } attrs { replace: true } health_report { overall_health: HEALTHY } } peers { permanent_uuid: "1d3021c3b6d4437e97daed31efc08b01" member_type: NON_VOTER last_known_addr { host: "127.24.93.6" port: 40377 } attrs { promote: true } health_report { overall_health: UNKNOWN } } }
I20260608 10:06:00.827701 29583 consensus_queue.cc:237] T 37c30edf56cb43cbaaa5ed9f286a5246 P 29b7d65ba9da4bd7992d96a24cc7bbed [LEADER]: Queue going to LEADER mode. State: All replicated index: 0, Majority replicated index: 26, Committed index: 26, Last appended: 1.26, Last appended by leader: 0, Current term: 1, Majority size: 2, State: 0, Mode: LEADER, active raft config: opid_index: 27 OBSOLETE_local: false peers { permanent_uuid: "81d6527748aa4c1e9394a83f7fa9da4f" member_type: VOTER last_known_addr { host: "127.24.93.1" port: 40837 } attrs { replace: true } } peers { permanent_uuid: "05d9e82b396a408798babbd2e30cf6f3" member_type: VOTER last_known_addr { host: "127.24.93.2" port: 42951 } } peers { permanent_uuid: "29b7d65ba9da4bd7992d96a24cc7bbed" member_type: VOTER last_known_addr { host: "127.24.93.3" port: 39073 } } peers { permanent_uuid: "75437d74f71040cd932024221e81cff7" member_type: NON_VOTER last_known_addr { host: "127.24.93.4" port: 44239 } attrs { promote: true } }
I20260608 10:06:00.833971 29509 raft_consensus.cc:2955] T 7eacc4eb47634b8cb59d9e532f062fc2 P 05d9e82b396a408798babbd2e30cf6f3 [term 1 FOLLOWER]: Committing config change with OpId 1.25: config changed from index -1 to 25, NON_VOTER 1d3021c3b6d4437e97daed31efc08b01 (127.24.93.6) added. New config: { opid_index: 25 OBSOLETE_local: false peers { permanent_uuid: "81d6527748aa4c1e9394a83f7fa9da4f" member_type: VOTER last_known_addr { host: "127.24.93.1" port: 40837 } } peers { permanent_uuid: "05d9e82b396a408798babbd2e30cf6f3" member_type: VOTER last_known_addr { host: "127.24.93.2" port: 42951 } } peers { permanent_uuid: "29b7d65ba9da4bd7992d96a24cc7bbed" member_type: VOTER last_known_addr { host: "127.24.93.3" port: 39073 } attrs { replace: true } } peers { permanent_uuid: "1d3021c3b6d4437e97daed31efc08b01" member_type: NON_VOTER last_known_addr { host: "127.24.93.6" port: 40377 } attrs { promote: true } } }
I20260608 10:06:00.845208 29512 raft_consensus.cc:1275] T 37c30edf56cb43cbaaa5ed9f286a5246 P 05d9e82b396a408798babbd2e30cf6f3 [term 1 FOLLOWER]: Refusing update from remote peer 29b7d65ba9da4bd7992d96a24cc7bbed: Log matching property violated. Preceding OpId in replica: term: 1 index: 26. Preceding OpId from leader: term: 1 index: 27. (index mismatch)
I20260608 10:06:00.845942 29435 raft_consensus.cc:1275] T 37c30edf56cb43cbaaa5ed9f286a5246 P 81d6527748aa4c1e9394a83f7fa9da4f [term 1 FOLLOWER]: Refusing update from remote peer 29b7d65ba9da4bd7992d96a24cc7bbed: Log matching property violated. Preceding OpId in replica: term: 1 index: 26. Preceding OpId from leader: term: 1 index: 27. (index mismatch)
I20260608 10:06:00.849752 30073 consensus_queue.cc:1048] T 37c30edf56cb43cbaaa5ed9f286a5246 P 29b7d65ba9da4bd7992d96a24cc7bbed [LEADER]: Connected to new peer: Peer: permanent_uuid: "81d6527748aa4c1e9394a83f7fa9da4f" member_type: VOTER last_known_addr { host: "127.24.93.1" port: 40837 } attrs { replace: true }, Status: LMP_MISMATCH, Last received: 0.0, Next index: 27, Last known committed idx: 26, Time since last communication: 0.000s
I20260608 10:06:00.850888 30090 consensus_queue.cc:1048] T 37c30edf56cb43cbaaa5ed9f286a5246 P 29b7d65ba9da4bd7992d96a24cc7bbed [LEADER]: Connected to new peer: Peer: permanent_uuid: "05d9e82b396a408798babbd2e30cf6f3" member_type: VOTER last_known_addr { host: "127.24.93.2" port: 42951 }, Status: LMP_MISMATCH, Last received: 0.0, Next index: 27, Last known committed idx: 26, Time since last communication: 0.001s
I20260608 10:06:00.863940 30090 raft_consensus.cc:2955] T 37c30edf56cb43cbaaa5ed9f286a5246 P 29b7d65ba9da4bd7992d96a24cc7bbed [term 1 LEADER]: Committing config change with OpId 1.27: config changed from index -1 to 27, NON_VOTER 75437d74f71040cd932024221e81cff7 (127.24.93.4) added. New config: { opid_index: 27 OBSOLETE_local: false peers { permanent_uuid: "81d6527748aa4c1e9394a83f7fa9da4f" member_type: VOTER last_known_addr { host: "127.24.93.1" port: 40837 } attrs { replace: true } } peers { permanent_uuid: "05d9e82b396a408798babbd2e30cf6f3" member_type: VOTER last_known_addr { host: "127.24.93.2" port: 42951 } } peers { permanent_uuid: "29b7d65ba9da4bd7992d96a24cc7bbed" member_type: VOTER last_known_addr { host: "127.24.93.3" port: 39073 } } peers { permanent_uuid: "75437d74f71040cd932024221e81cff7" member_type: NON_VOTER last_known_addr { host: "127.24.93.4" port: 44239 } attrs { promote: true } } }
W20260608 10:06:00.867812 29551 consensus_peers.cc:597] T 37c30edf56cb43cbaaa5ed9f286a5246 P 29b7d65ba9da4bd7992d96a24cc7bbed -> Peer 75437d74f71040cd932024221e81cff7 (127.24.93.4:44239): Couldn't send request to peer 75437d74f71040cd932024221e81cff7. Error code: TABLET_NOT_FOUND (6). Status: Not found: Tablet not found: 37c30edf56cb43cbaaa5ed9f286a5246. This is attempt 1: this message will repeat every 5th retry.
I20260608 10:06:00.868628 29435 raft_consensus.cc:2955] T 37c30edf56cb43cbaaa5ed9f286a5246 P 81d6527748aa4c1e9394a83f7fa9da4f [term 1 FOLLOWER]: Committing config change with OpId 1.27: config changed from index -1 to 27, NON_VOTER 75437d74f71040cd932024221e81cff7 (127.24.93.4) added. New config: { opid_index: 27 OBSOLETE_local: false peers { permanent_uuid: "81d6527748aa4c1e9394a83f7fa9da4f" member_type: VOTER last_known_addr { host: "127.24.93.1" port: 40837 } attrs { replace: true } } peers { permanent_uuid: "05d9e82b396a408798babbd2e30cf6f3" member_type: VOTER last_known_addr { host: "127.24.93.2" port: 42951 } } peers { permanent_uuid: "29b7d65ba9da4bd7992d96a24cc7bbed" member_type: VOTER last_known_addr { host: "127.24.93.3" port: 39073 } } peers { permanent_uuid: "75437d74f71040cd932024221e81cff7" member_type: NON_VOTER last_known_addr { host: "127.24.93.4" port: 44239 } attrs { promote: true } } }
I20260608 10:06:00.871380 29509 raft_consensus.cc:2955] T 37c30edf56cb43cbaaa5ed9f286a5246 P 05d9e82b396a408798babbd2e30cf6f3 [term 1 FOLLOWER]: Committing config change with OpId 1.27: config changed from index -1 to 27, NON_VOTER 75437d74f71040cd932024221e81cff7 (127.24.93.4) added. New config: { opid_index: 27 OBSOLETE_local: false peers { permanent_uuid: "81d6527748aa4c1e9394a83f7fa9da4f" member_type: VOTER last_known_addr { host: "127.24.93.1" port: 40837 } attrs { replace: true } } peers { permanent_uuid: "05d9e82b396a408798babbd2e30cf6f3" member_type: VOTER last_known_addr { host: "127.24.93.2" port: 42951 } } peers { permanent_uuid: "29b7d65ba9da4bd7992d96a24cc7bbed" member_type: VOTER last_known_addr { host: "127.24.93.3" port: 39073 } } peers { permanent_uuid: "75437d74f71040cd932024221e81cff7" member_type: NON_VOTER last_known_addr { host: "127.24.93.4" port: 44239 } attrs { promote: true } } }
I20260608 10:06:00.880163 29329 catalog_manager.cc:5696] T 37c30edf56cb43cbaaa5ed9f286a5246 P 29b7d65ba9da4bd7992d96a24cc7bbed reported cstate change: config changed from index -1 to 27, NON_VOTER 75437d74f71040cd932024221e81cff7 (127.24.93.4) added. New cstate: current_term: 1 leader_uuid: "29b7d65ba9da4bd7992d96a24cc7bbed" committed_config { opid_index: 27 OBSOLETE_local: false peers { permanent_uuid: "81d6527748aa4c1e9394a83f7fa9da4f" member_type: VOTER last_known_addr { host: "127.24.93.1" port: 40837 } attrs { replace: true } health_report { overall_health: HEALTHY } } peers { permanent_uuid: "05d9e82b396a408798babbd2e30cf6f3" member_type: VOTER last_known_addr { host: "127.24.93.2" port: 42951 } health_report { overall_health: HEALTHY } } peers { permanent_uuid: "29b7d65ba9da4bd7992d96a24cc7bbed" member_type: VOTER last_known_addr { host: "127.24.93.3" port: 39073 } health_report { overall_health: HEALTHY } } peers { permanent_uuid: "75437d74f71040cd932024221e81cff7" member_type: NON_VOTER last_known_addr { host: "127.24.93.4" port: 44239 } attrs { promote: true } health_report { overall_health: UNKNOWN } } }
I20260608 10:06:00.904224 29509 consensus_queue.cc:237] T 64c1874ca5cd418dbb68261587a5f26d P 05d9e82b396a408798babbd2e30cf6f3 [LEADER]: Queue going to LEADER mode. State: All replicated index: 0, Majority replicated index: 26, Committed index: 26, Last appended: 1.26, Last appended by leader: 0, Current term: 1, Majority size: 2, State: 0, Mode: LEADER, active raft config: opid_index: 27 OBSOLETE_local: false peers { permanent_uuid: "81d6527748aa4c1e9394a83f7fa9da4f" member_type: VOTER last_known_addr { host: "127.24.93.1" port: 40837 } attrs { replace: true } } peers { permanent_uuid: "05d9e82b396a408798babbd2e30cf6f3" member_type: VOTER last_known_addr { host: "127.24.93.2" port: 42951 } } peers { permanent_uuid: "29b7d65ba9da4bd7992d96a24cc7bbed" member_type: VOTER last_known_addr { host: "127.24.93.3" port: 39073 } } peers { permanent_uuid: "2c0cfcb819d14692bb5881855ea54437" member_type: NON_VOTER last_known_addr { host: "127.24.93.5" port: 33261 } attrs { promote: true } }
I20260608 10:06:00.911970 29992 heartbeater.cc:499] Master 127.24.93.62:34757 was elected leader, sending a full tablet report...
I20260608 10:06:00.921207 29581 raft_consensus.cc:1275] T 64c1874ca5cd418dbb68261587a5f26d P 29b7d65ba9da4bd7992d96a24cc7bbed [term 1 FOLLOWER]: Refusing update from remote peer 05d9e82b396a408798babbd2e30cf6f3: Log matching property violated. Preceding OpId in replica: term: 1 index: 26. Preceding OpId from leader: term: 1 index: 27. (index mismatch)
I20260608 10:06:00.922281 29435 raft_consensus.cc:1275] T 64c1874ca5cd418dbb68261587a5f26d P 81d6527748aa4c1e9394a83f7fa9da4f [term 1 FOLLOWER]: Refusing update from remote peer 05d9e82b396a408798babbd2e30cf6f3: Log matching property violated. Preceding OpId in replica: term: 1 index: 26. Preceding OpId from leader: term: 1 index: 27. (index mismatch)
I20260608 10:06:00.923012 30096 consensus_queue.cc:1048] T 64c1874ca5cd418dbb68261587a5f26d P 05d9e82b396a408798babbd2e30cf6f3 [LEADER]: Connected to new peer: Peer: permanent_uuid: "29b7d65ba9da4bd7992d96a24cc7bbed" member_type: VOTER last_known_addr { host: "127.24.93.3" port: 39073 }, Status: LMP_MISMATCH, Last received: 0.0, Next index: 27, Last known committed idx: 26, Time since last communication: 0.001s
I20260608 10:06:00.924466 29826 consensus_queue.cc:1048] T 64c1874ca5cd418dbb68261587a5f26d P 05d9e82b396a408798babbd2e30cf6f3 [LEADER]: Connected to new peer: Peer: permanent_uuid: "81d6527748aa4c1e9394a83f7fa9da4f" member_type: VOTER last_known_addr { host: "127.24.93.1" port: 40837 } attrs { replace: true }, Status: LMP_MISMATCH, Last received: 0.0, Next index: 27, Last known committed idx: 26, Time since last communication: 0.001s
W20260608 10:06:00.926347 29478 consensus_peers.cc:597] T 64c1874ca5cd418dbb68261587a5f26d P 05d9e82b396a408798babbd2e30cf6f3 -> Peer 2c0cfcb819d14692bb5881855ea54437 (127.24.93.5:33261): Couldn't send request to peer 2c0cfcb819d14692bb5881855ea54437. Error code: TABLET_NOT_FOUND (6). Status: Not found: Tablet not found: 64c1874ca5cd418dbb68261587a5f26d. This is attempt 1: this message will repeat every 5th retry.
I20260608 10:06:00.932782 30098 raft_consensus.cc:2955] T 64c1874ca5cd418dbb68261587a5f26d P 05d9e82b396a408798babbd2e30cf6f3 [term 1 LEADER]: Committing config change with OpId 1.27: config changed from index -1 to 27, NON_VOTER 2c0cfcb819d14692bb5881855ea54437 (127.24.93.5) added. New config: { opid_index: 27 OBSOLETE_local: false peers { permanent_uuid: "81d6527748aa4c1e9394a83f7fa9da4f" member_type: VOTER last_known_addr { host: "127.24.93.1" port: 40837 } attrs { replace: true } } peers { permanent_uuid: "05d9e82b396a408798babbd2e30cf6f3" member_type: VOTER last_known_addr { host: "127.24.93.2" port: 42951 } } peers { permanent_uuid: "29b7d65ba9da4bd7992d96a24cc7bbed" member_type: VOTER last_known_addr { host: "127.24.93.3" port: 39073 } } peers { permanent_uuid: "2c0cfcb819d14692bb5881855ea54437" member_type: NON_VOTER last_known_addr { host: "127.24.93.5" port: 33261 } attrs { promote: true } } }
I20260608 10:06:00.934624 29435 raft_consensus.cc:2955] T 64c1874ca5cd418dbb68261587a5f26d P 81d6527748aa4c1e9394a83f7fa9da4f [term 1 FOLLOWER]: Committing config change with OpId 1.27: config changed from index -1 to 27, NON_VOTER 2c0cfcb819d14692bb5881855ea54437 (127.24.93.5) added. New config: { opid_index: 27 OBSOLETE_local: false peers { permanent_uuid: "81d6527748aa4c1e9394a83f7fa9da4f" member_type: VOTER last_known_addr { host: "127.24.93.1" port: 40837 } attrs { replace: true } } peers { permanent_uuid: "05d9e82b396a408798babbd2e30cf6f3" member_type: VOTER last_known_addr { host: "127.24.93.2" port: 42951 } } peers { permanent_uuid: "29b7d65ba9da4bd7992d96a24cc7bbed" member_type: VOTER last_known_addr { host: "127.24.93.3" port: 39073 } } peers { permanent_uuid: "2c0cfcb819d14692bb5881855ea54437" member_type: NON_VOTER last_known_addr { host: "127.24.93.5" port: 33261 } attrs { promote: true } } }
I20260608 10:06:00.934890 29581 raft_consensus.cc:2955] T 64c1874ca5cd418dbb68261587a5f26d P 29b7d65ba9da4bd7992d96a24cc7bbed [term 1 FOLLOWER]: Committing config change with OpId 1.27: config changed from index -1 to 27, NON_VOTER 2c0cfcb819d14692bb5881855ea54437 (127.24.93.5) added. New config: { opid_index: 27 OBSOLETE_local: false peers { permanent_uuid: "81d6527748aa4c1e9394a83f7fa9da4f" member_type: VOTER last_known_addr { host: "127.24.93.1" port: 40837 } attrs { replace: true } } peers { permanent_uuid: "05d9e82b396a408798babbd2e30cf6f3" member_type: VOTER last_known_addr { host: "127.24.93.2" port: 42951 } } peers { permanent_uuid: "29b7d65ba9da4bd7992d96a24cc7bbed" member_type: VOTER last_known_addr { host: "127.24.93.3" port: 39073 } } peers { permanent_uuid: "2c0cfcb819d14692bb5881855ea54437" member_type: NON_VOTER last_known_addr { host: "127.24.93.5" port: 33261 } attrs { promote: true } } }
I20260608 10:06:00.946379 29333 catalog_manager.cc:5696] T 64c1874ca5cd418dbb68261587a5f26d P 81d6527748aa4c1e9394a83f7fa9da4f reported cstate change: config changed from index -1 to 27, NON_VOTER 2c0cfcb819d14692bb5881855ea54437 (127.24.93.5) added. New cstate: current_term: 1 leader_uuid: "05d9e82b396a408798babbd2e30cf6f3" committed_config { opid_index: 27 OBSOLETE_local: false peers { permanent_uuid: "81d6527748aa4c1e9394a83f7fa9da4f" member_type: VOTER last_known_addr { host: "127.24.93.1" port: 40837 } attrs { replace: true } } peers { permanent_uuid: "05d9e82b396a408798babbd2e30cf6f3" member_type: VOTER last_known_addr { host: "127.24.93.2" port: 42951 } } peers { permanent_uuid: "29b7d65ba9da4bd7992d96a24cc7bbed" member_type: VOTER last_known_addr { host: "127.24.93.3" port: 39073 } } peers { permanent_uuid: "2c0cfcb819d14692bb5881855ea54437" member_type: NON_VOTER last_known_addr { host: "127.24.93.5" port: 33261 } attrs { promote: true } } }
I20260608 10:06:00.952665 29436 consensus_queue.cc:237] T b290fb1c84ba46dcb765316b00c96b65 P 81d6527748aa4c1e9394a83f7fa9da4f [LEADER]: Queue going to LEADER mode. State: All replicated index: 0, Majority replicated index: 26, Committed index: 26, Last appended: 1.26, Last appended by leader: 0, Current term: 1, Majority size: 2, State: 0, Mode: LEADER, active raft config: opid_index: 27 OBSOLETE_local: false peers { permanent_uuid: "81d6527748aa4c1e9394a83f7fa9da4f" member_type: VOTER last_known_addr { host: "127.24.93.1" port: 40837 } } peers { permanent_uuid: "05d9e82b396a408798babbd2e30cf6f3" member_type: VOTER last_known_addr { host: "127.24.93.2" port: 42951 } } peers { permanent_uuid: "29b7d65ba9da4bd7992d96a24cc7bbed" member_type: VOTER last_known_addr { host: "127.24.93.3" port: 39073 } attrs { replace: true } } peers { permanent_uuid: "1d3021c3b6d4437e97daed31efc08b01" member_type: NON_VOTER last_known_addr { host: "127.24.93.6" port: 40377 } attrs { promote: true } }
I20260608 10:06:00.961031 29581 raft_consensus.cc:1275] T b290fb1c84ba46dcb765316b00c96b65 P 29b7d65ba9da4bd7992d96a24cc7bbed [term 1 FOLLOWER]: Refusing update from remote peer 81d6527748aa4c1e9394a83f7fa9da4f: Log matching property violated. Preceding OpId in replica: term: 1 index: 26. Preceding OpId from leader: term: 1 index: 27. (index mismatch)
I20260608 10:06:00.961529 29509 raft_consensus.cc:1275] T b290fb1c84ba46dcb765316b00c96b65 P 05d9e82b396a408798babbd2e30cf6f3 [term 1 FOLLOWER]: Refusing update from remote peer 81d6527748aa4c1e9394a83f7fa9da4f: Log matching property violated. Preceding OpId in replica: term: 1 index: 26. Preceding OpId from leader: term: 1 index: 27. (index mismatch)
W20260608 10:06:00.962864 29402 consensus_peers.cc:597] T b290fb1c84ba46dcb765316b00c96b65 P 81d6527748aa4c1e9394a83f7fa9da4f -> Peer 1d3021c3b6d4437e97daed31efc08b01 (127.24.93.6:40377): Couldn't send request to peer 1d3021c3b6d4437e97daed31efc08b01. Error code: TABLET_NOT_FOUND (6). Status: Not found: Tablet not found: b290fb1c84ba46dcb765316b00c96b65. This is attempt 1: this message will repeat every 5th retry.
I20260608 10:06:00.963357 29715 consensus_queue.cc:1048] T b290fb1c84ba46dcb765316b00c96b65 P 81d6527748aa4c1e9394a83f7fa9da4f [LEADER]: Connected to new peer: Peer: permanent_uuid: "05d9e82b396a408798babbd2e30cf6f3" member_type: VOTER last_known_addr { host: "127.24.93.2" port: 42951 }, Status: LMP_MISMATCH, Last received: 0.0, Next index: 27, Last known committed idx: 26, Time since last communication: 0.000s
I20260608 10:06:00.965221 30069 consensus_queue.cc:1048] T b290fb1c84ba46dcb765316b00c96b65 P 81d6527748aa4c1e9394a83f7fa9da4f [LEADER]: Connected to new peer: Peer: permanent_uuid: "29b7d65ba9da4bd7992d96a24cc7bbed" member_type: VOTER last_known_addr { host: "127.24.93.3" port: 39073 } attrs { replace: true }, Status: LMP_MISMATCH, Last received: 0.0, Next index: 27, Last known committed idx: 26, Time since last communication: 0.000s
I20260608 10:06:00.983814 29715 raft_consensus.cc:2955] T b290fb1c84ba46dcb765316b00c96b65 P 81d6527748aa4c1e9394a83f7fa9da4f [term 1 LEADER]: Committing config change with OpId 1.27: config changed from index -1 to 27, NON_VOTER 1d3021c3b6d4437e97daed31efc08b01 (127.24.93.6) added. New config: { opid_index: 27 OBSOLETE_local: false peers { permanent_uuid: "81d6527748aa4c1e9394a83f7fa9da4f" member_type: VOTER last_known_addr { host: "127.24.93.1" port: 40837 } } peers { permanent_uuid: "05d9e82b396a408798babbd2e30cf6f3" member_type: VOTER last_known_addr { host: "127.24.93.2" port: 42951 } } peers { permanent_uuid: "29b7d65ba9da4bd7992d96a24cc7bbed" member_type: VOTER last_known_addr { host: "127.24.93.3" port: 39073 } attrs { replace: true } } peers { permanent_uuid: "1d3021c3b6d4437e97daed31efc08b01" member_type: NON_VOTER last_known_addr { host: "127.24.93.6" port: 40377 } attrs { promote: true } } }
I20260608 10:06:00.986868 29581 raft_consensus.cc:2955] T b290fb1c84ba46dcb765316b00c96b65 P 29b7d65ba9da4bd7992d96a24cc7bbed [term 1 FOLLOWER]: Committing config change with OpId 1.27: config changed from index -1 to 27, NON_VOTER 1d3021c3b6d4437e97daed31efc08b01 (127.24.93.6) added. New config: { opid_index: 27 OBSOLETE_local: false peers { permanent_uuid: "81d6527748aa4c1e9394a83f7fa9da4f" member_type: VOTER last_known_addr { host: "127.24.93.1" port: 40837 } } peers { permanent_uuid: "05d9e82b396a408798babbd2e30cf6f3" member_type: VOTER last_known_addr { host: "127.24.93.2" port: 42951 } } peers { permanent_uuid: "29b7d65ba9da4bd7992d96a24cc7bbed" member_type: VOTER last_known_addr { host: "127.24.93.3" port: 39073 } attrs { replace: true } } peers { permanent_uuid: "1d3021c3b6d4437e97daed31efc08b01" member_type: NON_VOTER last_known_addr { host: "127.24.93.6" port: 40377 } attrs { promote: true } } }
I20260608 10:06:00.991536 29509 raft_consensus.cc:2955] T b290fb1c84ba46dcb765316b00c96b65 P 05d9e82b396a408798babbd2e30cf6f3 [term 1 FOLLOWER]: Committing config change with OpId 1.27: config changed from index -1 to 27, NON_VOTER 1d3021c3b6d4437e97daed31efc08b01 (127.24.93.6) added. New config: { opid_index: 27 OBSOLETE_local: false peers { permanent_uuid: "81d6527748aa4c1e9394a83f7fa9da4f" member_type: VOTER last_known_addr { host: "127.24.93.1" port: 40837 } } peers { permanent_uuid: "05d9e82b396a408798babbd2e30cf6f3" member_type: VOTER last_known_addr { host: "127.24.93.2" port: 42951 } } peers { permanent_uuid: "29b7d65ba9da4bd7992d96a24cc7bbed" member_type: VOTER last_known_addr { host: "127.24.93.3" port: 39073 } attrs { replace: true } } peers { permanent_uuid: "1d3021c3b6d4437e97daed31efc08b01" member_type: NON_VOTER last_known_addr { host: "127.24.93.6" port: 40377 } attrs { promote: true } } }
I20260608 10:06:01.001839 29329 catalog_manager.cc:5696] T b290fb1c84ba46dcb765316b00c96b65 P 81d6527748aa4c1e9394a83f7fa9da4f reported cstate change: config changed from index -1 to 27, NON_VOTER 1d3021c3b6d4437e97daed31efc08b01 (127.24.93.6) added. New cstate: current_term: 1 leader_uuid: "81d6527748aa4c1e9394a83f7fa9da4f" committed_config { opid_index: 27 OBSOLETE_local: false peers { permanent_uuid: "81d6527748aa4c1e9394a83f7fa9da4f" member_type: VOTER last_known_addr { host: "127.24.93.1" port: 40837 } health_report { overall_health: HEALTHY } } peers { permanent_uuid: "05d9e82b396a408798babbd2e30cf6f3" member_type: VOTER last_known_addr { host: "127.24.93.2" port: 42951 } health_report { overall_health: HEALTHY } } peers { permanent_uuid: "29b7d65ba9da4bd7992d96a24cc7bbed" member_type: VOTER last_known_addr { host: "127.24.93.3" port: 39073 } attrs { replace: true } health_report { overall_health: HEALTHY } } peers { permanent_uuid: "1d3021c3b6d4437e97daed31efc08b01" member_type: NON_VOTER last_known_addr { host: "127.24.93.6" port: 40377 } attrs { promote: true } health_report { overall_health: UNKNOWN } } }
I20260608 10:06:01.001899 29581 consensus_queue.cc:237] T ab1aad7402804da88b2638660475a815 P 29b7d65ba9da4bd7992d96a24cc7bbed [LEADER]: Queue going to LEADER mode. State: All replicated index: 0, Majority replicated index: 26, Committed index: 26, Last appended: 1.26, Last appended by leader: 0, Current term: 1, Majority size: 2, State: 0, Mode: LEADER, active raft config: opid_index: 27 OBSOLETE_local: false peers { permanent_uuid: "81d6527748aa4c1e9394a83f7fa9da4f" member_type: VOTER last_known_addr { host: "127.24.93.1" port: 40837 } } peers { permanent_uuid: "05d9e82b396a408798babbd2e30cf6f3" member_type: VOTER last_known_addr { host: "127.24.93.2" port: 42951 } attrs { replace: true } } peers { permanent_uuid: "29b7d65ba9da4bd7992d96a24cc7bbed" member_type: VOTER last_known_addr { host: "127.24.93.3" port: 39073 } } peers { permanent_uuid: "75437d74f71040cd932024221e81cff7" member_type: NON_VOTER last_known_addr { host: "127.24.93.4" port: 44239 } attrs { promote: true } }
I20260608 10:06:01.011224 29436 raft_consensus.cc:1275] T ab1aad7402804da88b2638660475a815 P 81d6527748aa4c1e9394a83f7fa9da4f [term 1 FOLLOWER]: Refusing update from remote peer 29b7d65ba9da4bd7992d96a24cc7bbed: Log matching property violated. Preceding OpId in replica: term: 1 index: 26. Preceding OpId from leader: term: 1 index: 27. (index mismatch)
I20260608 10:06:01.011638 29509 raft_consensus.cc:1275] T ab1aad7402804da88b2638660475a815 P 05d9e82b396a408798babbd2e30cf6f3 [term 1 FOLLOWER]: Refusing update from remote peer 29b7d65ba9da4bd7992d96a24cc7bbed: Log matching property violated. Preceding OpId in replica: term: 1 index: 26. Preceding OpId from leader: term: 1 index: 27. (index mismatch)
W20260608 10:06:01.013036 29551 consensus_peers.cc:597] T ab1aad7402804da88b2638660475a815 P 29b7d65ba9da4bd7992d96a24cc7bbed -> Peer 75437d74f71040cd932024221e81cff7 (127.24.93.4:44239): Couldn't send request to peer 75437d74f71040cd932024221e81cff7. Error code: TABLET_NOT_FOUND (6). Status: Not found: Tablet not found: ab1aad7402804da88b2638660475a815. This is attempt 1: this message will repeat every 5th retry.
I20260608 10:06:01.013180 30073 consensus_queue.cc:1048] T ab1aad7402804da88b2638660475a815 P 29b7d65ba9da4bd7992d96a24cc7bbed [LEADER]: Connected to new peer: Peer: permanent_uuid: "81d6527748aa4c1e9394a83f7fa9da4f" member_type: VOTER last_known_addr { host: "127.24.93.1" port: 40837 }, Status: LMP_MISMATCH, Last received: 0.0, Next index: 27, Last known committed idx: 26, Time since last communication: 0.001s
I20260608 10:06:01.014339 29839 consensus_queue.cc:1048] T ab1aad7402804da88b2638660475a815 P 29b7d65ba9da4bd7992d96a24cc7bbed [LEADER]: Connected to new peer: Peer: permanent_uuid: "05d9e82b396a408798babbd2e30cf6f3" member_type: VOTER last_known_addr { host: "127.24.93.2" port: 42951 } attrs { replace: true }, Status: LMP_MISMATCH, Last received: 0.0, Next index: 27, Last known committed idx: 26, Time since last communication: 0.000s
I20260608 10:06:01.029565 29839 raft_consensus.cc:2955] T ab1aad7402804da88b2638660475a815 P 29b7d65ba9da4bd7992d96a24cc7bbed [term 1 LEADER]: Committing config change with OpId 1.27: config changed from index -1 to 27, NON_VOTER 75437d74f71040cd932024221e81cff7 (127.24.93.4) added. New config: { opid_index: 27 OBSOLETE_local: false peers { permanent_uuid: "81d6527748aa4c1e9394a83f7fa9da4f" member_type: VOTER last_known_addr { host: "127.24.93.1" port: 40837 } } peers { permanent_uuid: "05d9e82b396a408798babbd2e30cf6f3" member_type: VOTER last_known_addr { host: "127.24.93.2" port: 42951 } attrs { replace: true } } peers { permanent_uuid: "29b7d65ba9da4bd7992d96a24cc7bbed" member_type: VOTER last_known_addr { host: "127.24.93.3" port: 39073 } } peers { permanent_uuid: "75437d74f71040cd932024221e81cff7" member_type: NON_VOTER last_known_addr { host: "127.24.93.4" port: 44239 } attrs { promote: true } } }
