I20260608 10:05:09.417874 31023 raft_consensus.cc:740] T 89755f8e618742d4996a6c58c1f66b0c P 5a023012c4d547318b3bc94dd40c42ef [term 0 FOLLOWER]: Becoming Follower/Learner. State: Replica: 5a023012c4d547318b3bc94dd40c42ef, State: Initialized, Role: FOLLOWER
I20260608 10:05:09.418812 31023 consensus_queue.cc:260] T 89755f8e618742d4996a6c58c1f66b0c P 5a023012c4d547318b3bc94dd40c42ef [NON_LEADER]: Queue going to NON_LEADER mode. State: All replicated index: 0, Majority replicated index: 0, Committed index: 0, Last appended: 0.0, Last appended by leader: 0, Current term: 0, Majority size: -1, State: 0, Mode: NON_LEADER, active raft config: opid_index: -1 OBSOLETE_local: false peers { permanent_uuid: "26aca31a11cd479cb786628e798238fd" member_type: VOTER last_known_addr { host: "127.27.125.2" port: 34259 } } peers { permanent_uuid: "5a023012c4d547318b3bc94dd40c42ef" member_type: VOTER last_known_addr { host: "127.27.125.1" port: 43431 } } peers { permanent_uuid: "445b2a366fd8459cab3788751076d5be" member_type: VOTER last_known_addr { host: "127.27.125.3" port: 39405 } }
I20260608 10:05:09.423074 31025 tablet_bootstrap.cc:492] T 5ef572789e2a4c4b8b952c2bd9946a96 P 445b2a366fd8459cab3788751076d5be: Bootstrap starting.
I20260608 10:05:09.432828 31023 ts_tablet_manager.cc:1434] T 89755f8e618742d4996a6c58c1f66b0c P 5a023012c4d547318b3bc94dd40c42ef: Time spent starting tablet: real 0.019s	user 0.008s	sys 0.010s
I20260608 10:05:09.433291 31025 tablet_bootstrap.cc:654] T 5ef572789e2a4c4b8b952c2bd9946a96 P 445b2a366fd8459cab3788751076d5be: Neither blocks nor log segments found. Creating new log.
I20260608 10:05:09.433923 31023 tablet_bootstrap.cc:492] T c857e1cb0aa14a1792e389973316a031 P 5a023012c4d547318b3bc94dd40c42ef: Bootstrap starting.
I20260608 10:05:09.436733 31022 tablet_bootstrap.cc:492] T 89755f8e618742d4996a6c58c1f66b0c P 26aca31a11cd479cb786628e798238fd: No bootstrap required, opened a new log
I20260608 10:05:09.437305 31022 ts_tablet_manager.cc:1403] T 89755f8e618742d4996a6c58c1f66b0c P 26aca31a11cd479cb786628e798238fd: Time spent bootstrapping tablet: real 0.060s	user 0.016s	sys 0.004s
I20260608 10:05:09.441073 31023 tablet_bootstrap.cc:654] T c857e1cb0aa14a1792e389973316a031 P 5a023012c4d547318b3bc94dd40c42ef: Neither blocks nor log segments found. Creating new log.
I20260608 10:05:09.440639 31022 raft_consensus.cc:359] T 89755f8e618742d4996a6c58c1f66b0c P 26aca31a11cd479cb786628e798238fd [term 0 FOLLOWER]: Replica starting. Triggering 0 pending ops. Active config: opid_index: -1 OBSOLETE_local: false peers { permanent_uuid: "26aca31a11cd479cb786628e798238fd" member_type: VOTER last_known_addr { host: "127.27.125.2" port: 34259 } } peers { permanent_uuid: "5a023012c4d547318b3bc94dd40c42ef" member_type: VOTER last_known_addr { host: "127.27.125.1" port: 43431 } } peers { permanent_uuid: "445b2a366fd8459cab3788751076d5be" member_type: VOTER last_known_addr { host: "127.27.125.3" port: 39405 } }
I20260608 10:05:09.442101 31022 raft_consensus.cc:385] T 89755f8e618742d4996a6c58c1f66b0c P 26aca31a11cd479cb786628e798238fd [term 0 FOLLOWER]: Consensus starting up: Expiring failure detector timer to make a prompt election more likely
I20260608 10:05:09.443075 31022 raft_consensus.cc:740] T 89755f8e618742d4996a6c58c1f66b0c P 26aca31a11cd479cb786628e798238fd [term 0 FOLLOWER]: Becoming Follower/Learner. State: Replica: 26aca31a11cd479cb786628e798238fd, State: Initialized, Role: FOLLOWER
I20260608 10:05:09.443967 31025 tablet_bootstrap.cc:492] T 5ef572789e2a4c4b8b952c2bd9946a96 P 445b2a366fd8459cab3788751076d5be: No bootstrap required, opened a new log
I20260608 10:05:09.444604 31025 ts_tablet_manager.cc:1403] T 5ef572789e2a4c4b8b952c2bd9946a96 P 445b2a366fd8459cab3788751076d5be: Time spent bootstrapping tablet: real 0.022s	user 0.009s	sys 0.009s
I20260608 10:05:09.444005 31022 consensus_queue.cc:260] T 89755f8e618742d4996a6c58c1f66b0c P 26aca31a11cd479cb786628e798238fd [NON_LEADER]: Queue going to NON_LEADER mode. State: All replicated index: 0, Majority replicated index: 0, Committed index: 0, Last appended: 0.0, Last appended by leader: 0, Current term: 0, Majority size: -1, State: 0, Mode: NON_LEADER, active raft config: opid_index: -1 OBSOLETE_local: false peers { permanent_uuid: "26aca31a11cd479cb786628e798238fd" member_type: VOTER last_known_addr { host: "127.27.125.2" port: 34259 } } peers { permanent_uuid: "5a023012c4d547318b3bc94dd40c42ef" member_type: VOTER last_known_addr { host: "127.27.125.1" port: 43431 } } peers { permanent_uuid: "445b2a366fd8459cab3788751076d5be" member_type: VOTER last_known_addr { host: "127.27.125.3" port: 39405 } }
I20260608 10:05:09.447959 31022 ts_tablet_manager.cc:1434] T 89755f8e618742d4996a6c58c1f66b0c P 26aca31a11cd479cb786628e798238fd: Time spent starting tablet: real 0.010s	user 0.007s	sys 0.000s
I20260608 10:05:09.448307 31023 tablet_bootstrap.cc:492] T c857e1cb0aa14a1792e389973316a031 P 5a023012c4d547318b3bc94dd40c42ef: No bootstrap required, opened a new log
I20260608 10:05:09.448412 31025 raft_consensus.cc:359] T 5ef572789e2a4c4b8b952c2bd9946a96 P 445b2a366fd8459cab3788751076d5be [term 0 FOLLOWER]: Replica starting. Triggering 0 pending ops. Active config: opid_index: -1 OBSOLETE_local: false peers { permanent_uuid: "5a023012c4d547318b3bc94dd40c42ef" member_type: VOTER last_known_addr { host: "127.27.125.1" port: 43431 } } peers { permanent_uuid: "26aca31a11cd479cb786628e798238fd" member_type: VOTER last_known_addr { host: "127.27.125.2" port: 34259 } } peers { permanent_uuid: "445b2a366fd8459cab3788751076d5be" member_type: VOTER last_known_addr { host: "127.27.125.3" port: 39405 } }
I20260608 10:05:09.448905 31023 ts_tablet_manager.cc:1403] T c857e1cb0aa14a1792e389973316a031 P 5a023012c4d547318b3bc94dd40c42ef: Time spent bootstrapping tablet: real 0.015s	user 0.009s	sys 0.005s
I20260608 10:05:09.449013 31022 tablet_bootstrap.cc:492] T 67bd333008744156a07d27f3de7cdf1d P 26aca31a11cd479cb786628e798238fd: Bootstrap starting.
I20260608 10:05:09.449219 31025 raft_consensus.cc:385] T 5ef572789e2a4c4b8b952c2bd9946a96 P 445b2a366fd8459cab3788751076d5be [term 0 FOLLOWER]: Consensus starting up: Expiring failure detector timer to make a prompt election more likely
I20260608 10:05:09.449622 31025 raft_consensus.cc:740] T 5ef572789e2a4c4b8b952c2bd9946a96 P 445b2a366fd8459cab3788751076d5be [term 0 FOLLOWER]: Becoming Follower/Learner. State: Replica: 445b2a366fd8459cab3788751076d5be, State: Initialized, Role: FOLLOWER
I20260608 10:05:09.450464 31025 consensus_queue.cc:260] T 5ef572789e2a4c4b8b952c2bd9946a96 P 445b2a366fd8459cab3788751076d5be [NON_LEADER]: Queue going to NON_LEADER mode. State: All replicated index: 0, Majority replicated index: 0, Committed index: 0, Last appended: 0.0, Last appended by leader: 0, Current term: 0, Majority size: -1, State: 0, Mode: NON_LEADER, active raft config: opid_index: -1 OBSOLETE_local: false peers { permanent_uuid: "5a023012c4d547318b3bc94dd40c42ef" member_type: VOTER last_known_addr { host: "127.27.125.1" port: 43431 } } peers { permanent_uuid: "26aca31a11cd479cb786628e798238fd" member_type: VOTER last_known_addr { host: "127.27.125.2" port: 34259 } } peers { permanent_uuid: "445b2a366fd8459cab3788751076d5be" member_type: VOTER last_known_addr { host: "127.27.125.3" port: 39405 } }
I20260608 10:05:09.452095 31023 raft_consensus.cc:359] T c857e1cb0aa14a1792e389973316a031 P 5a023012c4d547318b3bc94dd40c42ef [term 0 FOLLOWER]: Replica starting. Triggering 0 pending ops. Active config: opid_index: -1 OBSOLETE_local: false peers { permanent_uuid: "5a023012c4d547318b3bc94dd40c42ef" member_type: VOTER last_known_addr { host: "127.27.125.1" port: 43431 } } peers { permanent_uuid: "26aca31a11cd479cb786628e798238fd" member_type: VOTER last_known_addr { host: "127.27.125.2" port: 34259 } } peers { permanent_uuid: "445b2a366fd8459cab3788751076d5be" member_type: VOTER last_known_addr { host: "127.27.125.3" port: 39405 } }
I20260608 10:05:09.452898 31023 raft_consensus.cc:385] T c857e1cb0aa14a1792e389973316a031 P 5a023012c4d547318b3bc94dd40c42ef [term 0 FOLLOWER]: Consensus starting up: Expiring failure detector timer to make a prompt election more likely
I20260608 10:05:09.453229 31023 raft_consensus.cc:740] T c857e1cb0aa14a1792e389973316a031 P 5a023012c4d547318b3bc94dd40c42ef [term 0 FOLLOWER]: Becoming Follower/Learner. State: Replica: 5a023012c4d547318b3bc94dd40c42ef, State: Initialized, Role: FOLLOWER
I20260608 10:05:09.454221 31023 consensus_queue.cc:260] T c857e1cb0aa14a1792e389973316a031 P 5a023012c4d547318b3bc94dd40c42ef [NON_LEADER]: Queue going to NON_LEADER mode. State: All replicated index: 0, Majority replicated index: 0, Committed index: 0, Last appended: 0.0, Last appended by leader: 0, Current term: 0, Majority size: -1, State: 0, Mode: NON_LEADER, active raft config: opid_index: -1 OBSOLETE_local: false peers { permanent_uuid: "5a023012c4d547318b3bc94dd40c42ef" member_type: VOTER last_known_addr { host: "127.27.125.1" port: 43431 } } peers { permanent_uuid: "26aca31a11cd479cb786628e798238fd" member_type: VOTER last_known_addr { host: "127.27.125.2" port: 34259 } } peers { permanent_uuid: "445b2a366fd8459cab3788751076d5be" member_type: VOTER last_known_addr { host: "127.27.125.3" port: 39405 } }
I20260608 10:05:09.456611 31023 ts_tablet_manager.cc:1434] T c857e1cb0aa14a1792e389973316a031 P 5a023012c4d547318b3bc94dd40c42ef: Time spent starting tablet: real 0.007s	user 0.005s	sys 0.000s
I20260608 10:05:09.456806 31022 tablet_bootstrap.cc:654] T 67bd333008744156a07d27f3de7cdf1d P 26aca31a11cd479cb786628e798238fd: Neither blocks nor log segments found. Creating new log.
I20260608 10:05:09.457681 31023 tablet_bootstrap.cc:492] T 67bd333008744156a07d27f3de7cdf1d P 5a023012c4d547318b3bc94dd40c42ef: Bootstrap starting.
I20260608 10:05:09.461321 31025 ts_tablet_manager.cc:1434] T 5ef572789e2a4c4b8b952c2bd9946a96 P 445b2a366fd8459cab3788751076d5be: Time spent starting tablet: real 0.016s	user 0.014s	sys 0.000s
I20260608 10:05:09.462379 31025 tablet_bootstrap.cc:492] T 67bd333008744156a07d27f3de7cdf1d P 445b2a366fd8459cab3788751076d5be: Bootstrap starting.
W20260608 10:05:09.464067 31003 tablet.cc:2404] T 5ef572789e2a4c4b8b952c2bd9946a96 P 445b2a366fd8459cab3788751076d5be: Can't schedule compaction. Clean time has not been advanced past its initial value.
I20260608 10:05:09.467830 31023 tablet_bootstrap.cc:654] T 67bd333008744156a07d27f3de7cdf1d P 5a023012c4d547318b3bc94dd40c42ef: Neither blocks nor log segments found. Creating new log.
I20260608 10:05:09.471877 31022 tablet_bootstrap.cc:492] T 67bd333008744156a07d27f3de7cdf1d P 26aca31a11cd479cb786628e798238fd: No bootstrap required, opened a new log
I20260608 10:05:09.472040 31025 tablet_bootstrap.cc:654] T 67bd333008744156a07d27f3de7cdf1d P 445b2a366fd8459cab3788751076d5be: Neither blocks nor log segments found. Creating new log.
I20260608 10:05:09.472436 31022 ts_tablet_manager.cc:1403] T 67bd333008744156a07d27f3de7cdf1d P 26aca31a11cd479cb786628e798238fd: Time spent bootstrapping tablet: real 0.024s	user 0.012s	sys 0.004s
I20260608 10:05:09.475667 31022 raft_consensus.cc:359] T 67bd333008744156a07d27f3de7cdf1d P 26aca31a11cd479cb786628e798238fd [term 0 FOLLOWER]: Replica starting. Triggering 0 pending ops. Active config: opid_index: -1 OBSOLETE_local: false peers { permanent_uuid: "5a023012c4d547318b3bc94dd40c42ef" member_type: VOTER last_known_addr { host: "127.27.125.1" port: 43431 } } peers { permanent_uuid: "26aca31a11cd479cb786628e798238fd" member_type: VOTER last_known_addr { host: "127.27.125.2" port: 34259 } } peers { permanent_uuid: "445b2a366fd8459cab3788751076d5be" member_type: VOTER last_known_addr { host: "127.27.125.3" port: 39405 } }
I20260608 10:05:09.476097 31023 tablet_bootstrap.cc:492] T 67bd333008744156a07d27f3de7cdf1d P 5a023012c4d547318b3bc94dd40c42ef: No bootstrap required, opened a new log
I20260608 10:05:09.476343 31022 raft_consensus.cc:385] T 67bd333008744156a07d27f3de7cdf1d P 26aca31a11cd479cb786628e798238fd [term 0 FOLLOWER]: Consensus starting up: Expiring failure detector timer to make a prompt election more likely
I20260608 10:05:09.476579 31023 ts_tablet_manager.cc:1403] T 67bd333008744156a07d27f3de7cdf1d P 5a023012c4d547318b3bc94dd40c42ef: Time spent bootstrapping tablet: real 0.019s	user 0.009s	sys 0.004s
I20260608 10:05:09.476720 31022 raft_consensus.cc:740] T 67bd333008744156a07d27f3de7cdf1d P 26aca31a11cd479cb786628e798238fd [term 0 FOLLOWER]: Becoming Follower/Learner. State: Replica: 26aca31a11cd479cb786628e798238fd, State: Initialized, Role: FOLLOWER
I20260608 10:05:09.477522 31025 tablet_bootstrap.cc:492] T 67bd333008744156a07d27f3de7cdf1d P 445b2a366fd8459cab3788751076d5be: No bootstrap required, opened a new log
I20260608 10:05:09.477635 31022 consensus_queue.cc:260] T 67bd333008744156a07d27f3de7cdf1d P 26aca31a11cd479cb786628e798238fd [NON_LEADER]: Queue going to NON_LEADER mode. State: All replicated index: 0, Majority replicated index: 0, Committed index: 0, Last appended: 0.0, Last appended by leader: 0, Current term: 0, Majority size: -1, State: 0, Mode: NON_LEADER, active raft config: opid_index: -1 OBSOLETE_local: false peers { permanent_uuid: "5a023012c4d547318b3bc94dd40c42ef" member_type: VOTER last_known_addr { host: "127.27.125.1" port: 43431 } } peers { permanent_uuid: "26aca31a11cd479cb786628e798238fd" member_type: VOTER last_known_addr { host: "127.27.125.2" port: 34259 } } peers { permanent_uuid: "445b2a366fd8459cab3788751076d5be" member_type: VOTER last_known_addr { host: "127.27.125.3" port: 39405 } }
I20260608 10:05:09.478029 31025 ts_tablet_manager.cc:1403] T 67bd333008744156a07d27f3de7cdf1d P 445b2a366fd8459cab3788751076d5be: Time spent bootstrapping tablet: real 0.016s	user 0.008s	sys 0.004s
I20260608 10:05:09.479683 31022 ts_tablet_manager.cc:1434] T 67bd333008744156a07d27f3de7cdf1d P 26aca31a11cd479cb786628e798238fd: Time spent starting tablet: real 0.007s	user 0.005s	sys 0.000s
I20260608 10:05:09.479723 31023 raft_consensus.cc:359] T 67bd333008744156a07d27f3de7cdf1d P 5a023012c4d547318b3bc94dd40c42ef [term 0 FOLLOWER]: Replica starting. Triggering 0 pending ops. Active config: opid_index: -1 OBSOLETE_local: false peers { permanent_uuid: "5a023012c4d547318b3bc94dd40c42ef" member_type: VOTER last_known_addr { host: "127.27.125.1" port: 43431 } } peers { permanent_uuid: "26aca31a11cd479cb786628e798238fd" member_type: VOTER last_known_addr { host: "127.27.125.2" port: 34259 } } peers { permanent_uuid: "445b2a366fd8459cab3788751076d5be" member_type: VOTER last_known_addr { host: "127.27.125.3" port: 39405 } }
I20260608 10:05:09.480592 31023 raft_consensus.cc:385] T 67bd333008744156a07d27f3de7cdf1d P 5a023012c4d547318b3bc94dd40c42ef [term 0 FOLLOWER]: Consensus starting up: Expiring failure detector timer to make a prompt election more likely
I20260608 10:05:09.480829 31022 tablet_bootstrap.cc:492] T 5ef572789e2a4c4b8b952c2bd9946a96 P 26aca31a11cd479cb786628e798238fd: Bootstrap starting.
I20260608 10:05:09.480939 31023 raft_consensus.cc:740] T 67bd333008744156a07d27f3de7cdf1d P 5a023012c4d547318b3bc94dd40c42ef [term 0 FOLLOWER]: Becoming Follower/Learner. State: Replica: 5a023012c4d547318b3bc94dd40c42ef, State: Initialized, Role: FOLLOWER
I20260608 10:05:09.481055 31025 raft_consensus.cc:359] T 67bd333008744156a07d27f3de7cdf1d P 445b2a366fd8459cab3788751076d5be [term 0 FOLLOWER]: Replica starting. Triggering 0 pending ops. Active config: opid_index: -1 OBSOLETE_local: false peers { permanent_uuid: "5a023012c4d547318b3bc94dd40c42ef" member_type: VOTER last_known_addr { host: "127.27.125.1" port: 43431 } } peers { permanent_uuid: "26aca31a11cd479cb786628e798238fd" member_type: VOTER last_known_addr { host: "127.27.125.2" port: 34259 } } peers { permanent_uuid: "445b2a366fd8459cab3788751076d5be" member_type: VOTER last_known_addr { host: "127.27.125.3" port: 39405 } }
I20260608 10:05:09.481835 31025 raft_consensus.cc:385] T 67bd333008744156a07d27f3de7cdf1d P 445b2a366fd8459cab3788751076d5be [term 0 FOLLOWER]: Consensus starting up: Expiring failure detector timer to make a prompt election more likely
I20260608 10:05:09.482190 31025 raft_consensus.cc:740] T 67bd333008744156a07d27f3de7cdf1d P 445b2a366fd8459cab3788751076d5be [term 0 FOLLOWER]: Becoming Follower/Learner. State: Replica: 445b2a366fd8459cab3788751076d5be, State: Initialized, Role: FOLLOWER
I20260608 10:05:09.482064 31023 consensus_queue.cc:260] T 67bd333008744156a07d27f3de7cdf1d P 5a023012c4d547318b3bc94dd40c42ef [NON_LEADER]: Queue going to NON_LEADER mode. State: All replicated index: 0, Majority replicated index: 0, Committed index: 0, Last appended: 0.0, Last appended by leader: 0, Current term: 0, Majority size: -1, State: 0, Mode: NON_LEADER, active raft config: opid_index: -1 OBSOLETE_local: false peers { permanent_uuid: "5a023012c4d547318b3bc94dd40c42ef" member_type: VOTER last_known_addr { host: "127.27.125.1" port: 43431 } } peers { permanent_uuid: "26aca31a11cd479cb786628e798238fd" member_type: VOTER last_known_addr { host: "127.27.125.2" port: 34259 } } peers { permanent_uuid: "445b2a366fd8459cab3788751076d5be" member_type: VOTER last_known_addr { host: "127.27.125.3" port: 39405 } }
I20260608 10:05:09.483009 31025 consensus_queue.cc:260] T 67bd333008744156a07d27f3de7cdf1d P 445b2a366fd8459cab3788751076d5be [NON_LEADER]: Queue going to NON_LEADER mode. State: All replicated index: 0, Majority replicated index: 0, Committed index: 0, Last appended: 0.0, Last appended by leader: 0, Current term: 0, Majority size: -1, State: 0, Mode: NON_LEADER, active raft config: opid_index: -1 OBSOLETE_local: false peers { permanent_uuid: "5a023012c4d547318b3bc94dd40c42ef" member_type: VOTER last_known_addr { host: "127.27.125.1" port: 43431 } } peers { permanent_uuid: "26aca31a11cd479cb786628e798238fd" member_type: VOTER last_known_addr { host: "127.27.125.2" port: 34259 } } peers { permanent_uuid: "445b2a366fd8459cab3788751076d5be" member_type: VOTER last_known_addr { host: "127.27.125.3" port: 39405 } }
I20260608 10:05:09.485119 31025 ts_tablet_manager.cc:1434] T 67bd333008744156a07d27f3de7cdf1d P 445b2a366fd8459cab3788751076d5be: Time spent starting tablet: real 0.007s	user 0.005s	sys 0.000s
I20260608 10:05:09.486074 31025 tablet_bootstrap.cc:492] T c857e1cb0aa14a1792e389973316a031 P 445b2a366fd8459cab3788751076d5be: Bootstrap starting.
I20260608 10:05:09.486980 31023 ts_tablet_manager.cc:1434] T 67bd333008744156a07d27f3de7cdf1d P 5a023012c4d547318b3bc94dd40c42ef: Time spent starting tablet: real 0.010s	user 0.006s	sys 0.000s
I20260608 10:05:09.487881 31022 tablet_bootstrap.cc:654] T 5ef572789e2a4c4b8b952c2bd9946a96 P 26aca31a11cd479cb786628e798238fd: Neither blocks nor log segments found. Creating new log.
I20260608 10:05:09.487986 31023 tablet_bootstrap.cc:492] T 5ef572789e2a4c4b8b952c2bd9946a96 P 5a023012c4d547318b3bc94dd40c42ef: Bootstrap starting.
I20260608 10:05:09.492537 31025 tablet_bootstrap.cc:654] T c857e1cb0aa14a1792e389973316a031 P 445b2a366fd8459cab3788751076d5be: Neither blocks nor log segments found. Creating new log.
I20260608 10:05:09.494812 31023 tablet_bootstrap.cc:654] T 5ef572789e2a4c4b8b952c2bd9946a96 P 5a023012c4d547318b3bc94dd40c42ef: Neither blocks nor log segments found. Creating new log.
I20260608 10:05:09.500180 31031 raft_consensus.cc:493] T 5ef572789e2a4c4b8b952c2bd9946a96 P 445b2a366fd8459cab3788751076d5be [term 0 FOLLOWER]: Starting pre-election (no leader contacted us within the election timeout)
I20260608 10:05:09.500775 31031 raft_consensus.cc:515] T 5ef572789e2a4c4b8b952c2bd9946a96 P 445b2a366fd8459cab3788751076d5be [term 0 FOLLOWER]: Starting pre-election with config: opid_index: -1 OBSOLETE_local: false peers { permanent_uuid: "5a023012c4d547318b3bc94dd40c42ef" member_type: VOTER last_known_addr { host: "127.27.125.1" port: 43431 } } peers { permanent_uuid: "26aca31a11cd479cb786628e798238fd" member_type: VOTER last_known_addr { host: "127.27.125.2" port: 34259 } } peers { permanent_uuid: "445b2a366fd8459cab3788751076d5be" member_type: VOTER last_known_addr { host: "127.27.125.3" port: 39405 } }
I20260608 10:05:09.508786 31023 tablet_bootstrap.cc:492] T 5ef572789e2a4c4b8b952c2bd9946a96 P 5a023012c4d547318b3bc94dd40c42ef: No bootstrap required, opened a new log
I20260608 10:05:09.510170 31023 ts_tablet_manager.cc:1403] T 5ef572789e2a4c4b8b952c2bd9946a96 P 5a023012c4d547318b3bc94dd40c42ef: Time spent bootstrapping tablet: real 0.022s	user 0.016s	sys 0.002s
I20260608 10:05:09.513520 31023 raft_consensus.cc:359] T 5ef572789e2a4c4b8b952c2bd9946a96 P 5a023012c4d547318b3bc94dd40c42ef [term 0 FOLLOWER]: Replica starting. Triggering 0 pending ops. Active config: opid_index: -1 OBSOLETE_local: false peers { permanent_uuid: "5a023012c4d547318b3bc94dd40c42ef" member_type: VOTER last_known_addr { host: "127.27.125.1" port: 43431 } } peers { permanent_uuid: "26aca31a11cd479cb786628e798238fd" member_type: VOTER last_known_addr { host: "127.27.125.2" port: 34259 } } peers { permanent_uuid: "445b2a366fd8459cab3788751076d5be" member_type: VOTER last_known_addr { host: "127.27.125.3" port: 39405 } }
I20260608 10:05:09.515154 31023 raft_consensus.cc:385] T 5ef572789e2a4c4b8b952c2bd9946a96 P 5a023012c4d547318b3bc94dd40c42ef [term 0 FOLLOWER]: Consensus starting up: Expiring failure detector timer to make a prompt election more likely
I20260608 10:05:09.515522 31023 raft_consensus.cc:740] T 5ef572789e2a4c4b8b952c2bd9946a96 P 5a023012c4d547318b3bc94dd40c42ef [term 0 FOLLOWER]: Becoming Follower/Learner. State: Replica: 5a023012c4d547318b3bc94dd40c42ef, State: Initialized, Role: FOLLOWER
I20260608 10:05:09.516440 31023 consensus_queue.cc:260] T 5ef572789e2a4c4b8b952c2bd9946a96 P 5a023012c4d547318b3bc94dd40c42ef [NON_LEADER]: Queue going to NON_LEADER mode. State: All replicated index: 0, Majority replicated index: 0, Committed index: 0, Last appended: 0.0, Last appended by leader: 0, Current term: 0, Majority size: -1, State: 0, Mode: NON_LEADER, active raft config: opid_index: -1 OBSOLETE_local: false peers { permanent_uuid: "5a023012c4d547318b3bc94dd40c42ef" member_type: VOTER last_known_addr { host: "127.27.125.1" port: 43431 } } peers { permanent_uuid: "26aca31a11cd479cb786628e798238fd" member_type: VOTER last_known_addr { host: "127.27.125.2" port: 34259 } } peers { permanent_uuid: "445b2a366fd8459cab3788751076d5be" member_type: VOTER last_known_addr { host: "127.27.125.3" port: 39405 } }
I20260608 10:05:09.517030 31025 tablet_bootstrap.cc:492] T c857e1cb0aa14a1792e389973316a031 P 445b2a366fd8459cab3788751076d5be: No bootstrap required, opened a new log
I20260608 10:05:09.518690 31031 leader_election.cc:290] T 5ef572789e2a4c4b8b952c2bd9946a96 P 445b2a366fd8459cab3788751076d5be [CANDIDATE]: Term 1 pre-election: Requested pre-vote from peers 5a023012c4d547318b3bc94dd40c42ef (127.27.125.1:43431), 26aca31a11cd479cb786628e798238fd (127.27.125.2:34259)
I20260608 10:05:09.519644 31025 ts_tablet_manager.cc:1403] T c857e1cb0aa14a1792e389973316a031 P 445b2a366fd8459cab3788751076d5be: Time spent bootstrapping tablet: real 0.034s	user 0.012s	sys 0.009s
I20260608 10:05:09.523239 31025 raft_consensus.cc:359] T c857e1cb0aa14a1792e389973316a031 P 445b2a366fd8459cab3788751076d5be [term 0 FOLLOWER]: Replica starting. Triggering 0 pending ops. Active config: opid_index: -1 OBSOLETE_local: false peers { permanent_uuid: "5a023012c4d547318b3bc94dd40c42ef" member_type: VOTER last_known_addr { host: "127.27.125.1" port: 43431 } } peers { permanent_uuid: "26aca31a11cd479cb786628e798238fd" member_type: VOTER last_known_addr { host: "127.27.125.2" port: 34259 } } peers { permanent_uuid: "445b2a366fd8459cab3788751076d5be" member_type: VOTER last_known_addr { host: "127.27.125.3" port: 39405 } }
I20260608 10:05:09.526041 31022 tablet_bootstrap.cc:492] T 5ef572789e2a4c4b8b952c2bd9946a96 P 26aca31a11cd479cb786628e798238fd: No bootstrap required, opened a new log
I20260608 10:05:09.527716 31025 raft_consensus.cc:385] T c857e1cb0aa14a1792e389973316a031 P 445b2a366fd8459cab3788751076d5be [term 0 FOLLOWER]: Consensus starting up: Expiring failure detector timer to make a prompt election more likely
I20260608 10:05:09.527902 31022 ts_tablet_manager.cc:1403] T 5ef572789e2a4c4b8b952c2bd9946a96 P 26aca31a11cd479cb786628e798238fd: Time spent bootstrapping tablet: real 0.047s	user 0.030s	sys 0.013s
I20260608 10:05:09.528334 31023 ts_tablet_manager.cc:1434] T 5ef572789e2a4c4b8b952c2bd9946a96 P 5a023012c4d547318b3bc94dd40c42ef: Time spent starting tablet: real 0.018s	user 0.005s	sys 0.001s
I20260608 10:05:09.532872 31022 raft_consensus.cc:359] T 5ef572789e2a4c4b8b952c2bd9946a96 P 26aca31a11cd479cb786628e798238fd [term 0 FOLLOWER]: Replica starting. Triggering 0 pending ops. Active config: opid_index: -1 OBSOLETE_local: false peers { permanent_uuid: "5a023012c4d547318b3bc94dd40c42ef" member_type: VOTER last_known_addr { host: "127.27.125.1" port: 43431 } } peers { permanent_uuid: "26aca31a11cd479cb786628e798238fd" member_type: VOTER last_known_addr { host: "127.27.125.2" port: 34259 } } peers { permanent_uuid: "445b2a366fd8459cab3788751076d5be" member_type: VOTER last_known_addr { host: "127.27.125.3" port: 39405 } }
I20260608 10:05:09.533648 31022 raft_consensus.cc:385] T 5ef572789e2a4c4b8b952c2bd9946a96 P 26aca31a11cd479cb786628e798238fd [term 0 FOLLOWER]: Consensus starting up: Expiring failure detector timer to make a prompt election more likely
I20260608 10:05:09.534004 31022 raft_consensus.cc:740] T 5ef572789e2a4c4b8b952c2bd9946a96 P 26aca31a11cd479cb786628e798238fd [term 0 FOLLOWER]: Becoming Follower/Learner. State: Replica: 26aca31a11cd479cb786628e798238fd, State: Initialized, Role: FOLLOWER
I20260608 10:05:09.534984 31022 consensus_queue.cc:260] T 5ef572789e2a4c4b8b952c2bd9946a96 P 26aca31a11cd479cb786628e798238fd [NON_LEADER]: Queue going to NON_LEADER mode. State: All replicated index: 0, Majority replicated index: 0, Committed index: 0, Last appended: 0.0, Last appended by leader: 0, Current term: 0, Majority size: -1, State: 0, Mode: NON_LEADER, active raft config: opid_index: -1 OBSOLETE_local: false peers { permanent_uuid: "5a023012c4d547318b3bc94dd40c42ef" member_type: VOTER last_known_addr { host: "127.27.125.1" port: 43431 } } peers { permanent_uuid: "26aca31a11cd479cb786628e798238fd" member_type: VOTER last_known_addr { host: "127.27.125.2" port: 34259 } } peers { permanent_uuid: "445b2a366fd8459cab3788751076d5be" member_type: VOTER last_known_addr { host: "127.27.125.3" port: 39405 } }
I20260608 10:05:09.537257 31025 raft_consensus.cc:740] T c857e1cb0aa14a1792e389973316a031 P 445b2a366fd8459cab3788751076d5be [term 0 FOLLOWER]: Becoming Follower/Learner. State: Replica: 445b2a366fd8459cab3788751076d5be, State: Initialized, Role: FOLLOWER
I20260608 10:05:09.538249 31025 consensus_queue.cc:260] T c857e1cb0aa14a1792e389973316a031 P 445b2a366fd8459cab3788751076d5be [NON_LEADER]: Queue going to NON_LEADER mode. State: All replicated index: 0, Majority replicated index: 0, Committed index: 0, Last appended: 0.0, Last appended by leader: 0, Current term: 0, Majority size: -1, State: 0, Mode: NON_LEADER, active raft config: opid_index: -1 OBSOLETE_local: false peers { permanent_uuid: "5a023012c4d547318b3bc94dd40c42ef" member_type: VOTER last_known_addr { host: "127.27.125.1" port: 43431 } } peers { permanent_uuid: "26aca31a11cd479cb786628e798238fd" member_type: VOTER last_known_addr { host: "127.27.125.2" port: 34259 } } peers { permanent_uuid: "445b2a366fd8459cab3788751076d5be" member_type: VOTER last_known_addr { host: "127.27.125.3" port: 39405 } }
I20260608 10:05:09.539170 31022 ts_tablet_manager.cc:1434] T 5ef572789e2a4c4b8b952c2bd9946a96 P 26aca31a11cd479cb786628e798238fd: Time spent starting tablet: real 0.009s	user 0.004s	sys 0.002s
I20260608 10:05:09.539304 30828 tablet_service.cc:1917] Received RequestConsensusVote() RPC: tablet_id: "5ef572789e2a4c4b8b952c2bd9946a96" candidate_uuid: "445b2a366fd8459cab3788751076d5be" candidate_term: 1 candidate_status { last_received { term: 0 index: 0 } } ignore_live_leader: false dest_uuid: "5a023012c4d547318b3bc94dd40c42ef" is_pre_election: true
I20260608 10:05:09.540014 30828 raft_consensus.cc:2468] T 5ef572789e2a4c4b8b952c2bd9946a96 P 5a023012c4d547318b3bc94dd40c42ef [term 0 FOLLOWER]: Leader pre-election vote request: Granting yes vote for candidate 445b2a366fd8459cab3788751076d5be in term 0.
I20260608 10:05:09.540302 31022 tablet_bootstrap.cc:492] T c857e1cb0aa14a1792e389973316a031 P 26aca31a11cd479cb786628e798238fd: Bootstrap starting.
I20260608 10:05:09.540587 31025 ts_tablet_manager.cc:1434] T c857e1cb0aa14a1792e389973316a031 P 445b2a366fd8459cab3788751076d5be: Time spent starting tablet: real 0.020s	user 0.006s	sys 0.000s
I20260608 10:05:09.541643 31025 tablet_bootstrap.cc:492] T 89755f8e618742d4996a6c58c1f66b0c P 445b2a366fd8459cab3788751076d5be: Bootstrap starting.
I20260608 10:05:09.548336 31022 tablet_bootstrap.cc:654] T c857e1cb0aa14a1792e389973316a031 P 26aca31a11cd479cb786628e798238fd: Neither blocks nor log segments found. Creating new log.
I20260608 10:05:09.548328 31025 tablet_bootstrap.cc:654] T 89755f8e618742d4996a6c58c1f66b0c P 445b2a366fd8459cab3788751076d5be: Neither blocks nor log segments found. Creating new log.
I20260608 10:05:09.551306 30940 leader_election.cc:304] T 5ef572789e2a4c4b8b952c2bd9946a96 P 445b2a366fd8459cab3788751076d5be [CANDIDATE]: Term 1 pre-election: Election decided. Result: candidate won. Election summary: received 2 responses out of 3 voters: 2 yes votes; 0 no votes. yes voters: 445b2a366fd8459cab3788751076d5be, 5a023012c4d547318b3bc94dd40c42ef; no voters: 
I20260608 10:05:09.552528 31031 raft_consensus.cc:2804] T 5ef572789e2a4c4b8b952c2bd9946a96 P 445b2a366fd8459cab3788751076d5be [term 0 FOLLOWER]: Leader pre-election won for term 1
I20260608 10:05:09.552937 31031 raft_consensus.cc:493] T 5ef572789e2a4c4b8b952c2bd9946a96 P 445b2a366fd8459cab3788751076d5be [term 0 FOLLOWER]: Starting leader election (no leader contacted us within the election timeout)
I20260608 10:05:09.553325 31031 raft_consensus.cc:3060] T 5ef572789e2a4c4b8b952c2bd9946a96 P 445b2a366fd8459cab3788751076d5be [term 0 FOLLOWER]: Advancing to term 1
I20260608 10:05:09.555721 31025 tablet_bootstrap.cc:492] T 89755f8e618742d4996a6c58c1f66b0c P 445b2a366fd8459cab3788751076d5be: No bootstrap required, opened a new log
I20260608 10:05:09.556373 31025 ts_tablet_manager.cc:1403] T 89755f8e618742d4996a6c58c1f66b0c P 445b2a366fd8459cab3788751076d5be: Time spent bootstrapping tablet: real 0.015s	user 0.013s	sys 0.000s
I20260608 10:05:09.557042 30903 tablet_service.cc:1917] Received RequestConsensusVote() RPC: tablet_id: "5ef572789e2a4c4b8b952c2bd9946a96" candidate_uuid: "445b2a366fd8459cab3788751076d5be" candidate_term: 1 candidate_status { last_received { term: 0 index: 0 } } ignore_live_leader: false dest_uuid: "26aca31a11cd479cb786628e798238fd" is_pre_election: true
I20260608 10:05:09.557724 30903 raft_consensus.cc:2468] T 5ef572789e2a4c4b8b952c2bd9946a96 P 26aca31a11cd479cb786628e798238fd [term 0 FOLLOWER]: Leader pre-election vote request: Granting yes vote for candidate 445b2a366fd8459cab3788751076d5be in term 0.
I20260608 10:05:09.560181 31025 raft_consensus.cc:359] T 89755f8e618742d4996a6c58c1f66b0c P 445b2a366fd8459cab3788751076d5be [term 0 FOLLOWER]: Replica starting. Triggering 0 pending ops. Active config: opid_index: -1 OBSOLETE_local: false peers { permanent_uuid: "26aca31a11cd479cb786628e798238fd" member_type: VOTER last_known_addr { host: "127.27.125.2" port: 34259 } } peers { permanent_uuid: "5a023012c4d547318b3bc94dd40c42ef" member_type: VOTER last_known_addr { host: "127.27.125.1" port: 43431 } } peers { permanent_uuid: "445b2a366fd8459cab3788751076d5be" member_type: VOTER last_known_addr { host: "127.27.125.3" port: 39405 } }
I20260608 10:05:09.560809 31025 raft_consensus.cc:385] T 89755f8e618742d4996a6c58c1f66b0c P 445b2a366fd8459cab3788751076d5be [term 0 FOLLOWER]: Consensus starting up: Expiring failure detector timer to make a prompt election more likely
I20260608 10:05:09.560633 31031 raft_consensus.cc:515] T 5ef572789e2a4c4b8b952c2bd9946a96 P 445b2a366fd8459cab3788751076d5be [term 1 FOLLOWER]: Starting leader election with config: opid_index: -1 OBSOLETE_local: false peers { permanent_uuid: "5a023012c4d547318b3bc94dd40c42ef" member_type: VOTER last_known_addr { host: "127.27.125.1" port: 43431 } } peers { permanent_uuid: "26aca31a11cd479cb786628e798238fd" member_type: VOTER last_known_addr { host: "127.27.125.2" port: 34259 } } peers { permanent_uuid: "445b2a366fd8459cab3788751076d5be" member_type: VOTER last_known_addr { host: "127.27.125.3" port: 39405 } }
I20260608 10:05:09.561141 31025 raft_consensus.cc:740] T 89755f8e618742d4996a6c58c1f66b0c P 445b2a366fd8459cab3788751076d5be [term 0 FOLLOWER]: Becoming Follower/Learner. State: Replica: 445b2a366fd8459cab3788751076d5be, State: Initialized, Role: FOLLOWER
I20260608 10:05:09.561906 31022 tablet_bootstrap.cc:492] T c857e1cb0aa14a1792e389973316a031 P 26aca31a11cd479cb786628e798238fd: No bootstrap required, opened a new log
I20260608 10:05:09.562494 31022 ts_tablet_manager.cc:1403] T c857e1cb0aa14a1792e389973316a031 P 26aca31a11cd479cb786628e798238fd: Time spent bootstrapping tablet: real 0.022s	user 0.013s	sys 0.008s
I20260608 10:05:09.562884 31031 leader_election.cc:290] T 5ef572789e2a4c4b8b952c2bd9946a96 P 445b2a366fd8459cab3788751076d5be [CANDIDATE]: Term 1 election: Requested vote from peers 5a023012c4d547318b3bc94dd40c42ef (127.27.125.1:43431), 26aca31a11cd479cb786628e798238fd (127.27.125.2:34259)
I20260608 10:05:09.563525 30828 tablet_service.cc:1917] Received RequestConsensusVote() RPC: tablet_id: "5ef572789e2a4c4b8b952c2bd9946a96" candidate_uuid: "445b2a366fd8459cab3788751076d5be" candidate_term: 1 candidate_status { last_received { term: 0 index: 0 } } ignore_live_leader: false dest_uuid: "5a023012c4d547318b3bc94dd40c42ef"
I20260608 10:05:09.564085 30828 raft_consensus.cc:3060] T 5ef572789e2a4c4b8b952c2bd9946a96 P 5a023012c4d547318b3bc94dd40c42ef [term 0 FOLLOWER]: Advancing to term 1
I20260608 10:05:09.565459 31022 raft_consensus.cc:359] T c857e1cb0aa14a1792e389973316a031 P 26aca31a11cd479cb786628e798238fd [term 0 FOLLOWER]: Replica starting. Triggering 0 pending ops. Active config: opid_index: -1 OBSOLETE_local: false peers { permanent_uuid: "5a023012c4d547318b3bc94dd40c42ef" member_type: VOTER last_known_addr { host: "127.27.125.1" port: 43431 } } peers { permanent_uuid: "26aca31a11cd479cb786628e798238fd" member_type: VOTER last_known_addr { host: "127.27.125.2" port: 34259 } } peers { permanent_uuid: "445b2a366fd8459cab3788751076d5be" member_type: VOTER last_known_addr { host: "127.27.125.3" port: 39405 } }
I20260608 10:05:09.561980 31025 consensus_queue.cc:260] T 89755f8e618742d4996a6c58c1f66b0c P 445b2a366fd8459cab3788751076d5be [NON_LEADER]: Queue going to NON_LEADER mode. State: All replicated index: 0, Majority replicated index: 0, Committed index: 0, Last appended: 0.0, Last appended by leader: 0, Current term: 0, Majority size: -1, State: 0, Mode: NON_LEADER, active raft config: opid_index: -1 OBSOLETE_local: false peers { permanent_uuid: "26aca31a11cd479cb786628e798238fd" member_type: VOTER last_known_addr { host: "127.27.125.2" port: 34259 } } peers { permanent_uuid: "5a023012c4d547318b3bc94dd40c42ef" member_type: VOTER last_known_addr { host: "127.27.125.1" port: 43431 } } peers { permanent_uuid: "445b2a366fd8459cab3788751076d5be" member_type: VOTER last_known_addr { host: "127.27.125.3" port: 39405 } }
I20260608 10:05:09.566186 31022 raft_consensus.cc:385] T c857e1cb0aa14a1792e389973316a031 P 26aca31a11cd479cb786628e798238fd [term 0 FOLLOWER]: Consensus starting up: Expiring failure detector timer to make a prompt election more likely
I20260608 10:05:09.566097 30903 tablet_service.cc:1917] Received RequestConsensusVote() RPC: tablet_id: "5ef572789e2a4c4b8b952c2bd9946a96" candidate_uuid: "445b2a366fd8459cab3788751076d5be" candidate_term: 1 candidate_status { last_received { term: 0 index: 0 } } ignore_live_leader: false dest_uuid: "26aca31a11cd479cb786628e798238fd"
I20260608 10:05:09.566761 31022 raft_consensus.cc:740] T c857e1cb0aa14a1792e389973316a031 P 26aca31a11cd479cb786628e798238fd [term 0 FOLLOWER]: Becoming Follower/Learner. State: Replica: 26aca31a11cd479cb786628e798238fd, State: Initialized, Role: FOLLOWER
I20260608 10:05:09.566951 30903 raft_consensus.cc:3060] T 5ef572789e2a4c4b8b952c2bd9946a96 P 26aca31a11cd479cb786628e798238fd [term 0 FOLLOWER]: Advancing to term 1
I20260608 10:05:09.567942 31025 ts_tablet_manager.cc:1434] T 89755f8e618742d4996a6c58c1f66b0c P 445b2a366fd8459cab3788751076d5be: Time spent starting tablet: real 0.011s	user 0.006s	sys 0.000s
I20260608 10:05:09.567708 31022 consensus_queue.cc:260] T c857e1cb0aa14a1792e389973316a031 P 26aca31a11cd479cb786628e798238fd [NON_LEADER]: Queue going to NON_LEADER mode. State: All replicated index: 0, Majority replicated index: 0, Committed index: 0, Last appended: 0.0, Last appended by leader: 0, Current term: 0, Majority size: -1, State: 0, Mode: NON_LEADER, active raft config: opid_index: -1 OBSOLETE_local: false peers { permanent_uuid: "5a023012c4d547318b3bc94dd40c42ef" member_type: VOTER last_known_addr { host: "127.27.125.1" port: 43431 } } peers { permanent_uuid: "26aca31a11cd479cb786628e798238fd" member_type: VOTER last_known_addr { host: "127.27.125.2" port: 34259 } } peers { permanent_uuid: "445b2a366fd8459cab3788751076d5be" member_type: VOTER last_known_addr { host: "127.27.125.3" port: 39405 } }
I20260608 10:05:09.569936 31022 ts_tablet_manager.cc:1434] T c857e1cb0aa14a1792e389973316a031 P 26aca31a11cd479cb786628e798238fd: Time spent starting tablet: real 0.007s	user 0.007s	sys 0.000s
I20260608 10:05:09.571215 30828 raft_consensus.cc:2468] T 5ef572789e2a4c4b8b952c2bd9946a96 P 5a023012c4d547318b3bc94dd40c42ef [term 1 FOLLOWER]: Leader election vote request: Granting yes vote for candidate 445b2a366fd8459cab3788751076d5be in term 1.
I20260608 10:05:09.572512 30940 leader_election.cc:304] T 5ef572789e2a4c4b8b952c2bd9946a96 P 445b2a366fd8459cab3788751076d5be [CANDIDATE]: Term 1 election: Election decided. Result: candidate won. Election summary: received 2 responses out of 3 voters: 2 yes votes; 0 no votes. yes voters: 445b2a366fd8459cab3788751076d5be, 5a023012c4d547318b3bc94dd40c42ef; no voters: 
I20260608 10:05:09.573490 31031 raft_consensus.cc:2804] T 5ef572789e2a4c4b8b952c2bd9946a96 P 445b2a366fd8459cab3788751076d5be [term 1 FOLLOWER]: Leader election won for term 1
I20260608 10:05:09.574919 31031 raft_consensus.cc:697] T 5ef572789e2a4c4b8b952c2bd9946a96 P 445b2a366fd8459cab3788751076d5be [term 1 LEADER]: Becoming Leader. State: Replica: 445b2a366fd8459cab3788751076d5be, State: Running, Role: LEADER
I20260608 10:05:09.575799 31031 consensus_queue.cc:237] T 5ef572789e2a4c4b8b952c2bd9946a96 P 445b2a366fd8459cab3788751076d5be [LEADER]: Queue going to LEADER mode. State: All replicated index: 0, Majority replicated index: 0, Committed index: 0, Last appended: 0.0, Last appended by leader: 0, Current term: 1, Majority size: 2, State: 0, Mode: LEADER, active raft config: opid_index: -1 OBSOLETE_local: false peers { permanent_uuid: "5a023012c4d547318b3bc94dd40c42ef" member_type: VOTER last_known_addr { host: "127.27.125.1" port: 43431 } } peers { permanent_uuid: "26aca31a11cd479cb786628e798238fd" member_type: VOTER last_known_addr { host: "127.27.125.2" port: 34259 } } peers { permanent_uuid: "445b2a366fd8459cab3788751076d5be" member_type: VOTER last_known_addr { host: "127.27.125.3" port: 39405 } }
I20260608 10:05:09.576267 30903 raft_consensus.cc:2468] T 5ef572789e2a4c4b8b952c2bd9946a96 P 26aca31a11cd479cb786628e798238fd [term 1 FOLLOWER]: Leader election vote request: Granting yes vote for candidate 445b2a366fd8459cab3788751076d5be in term 1.
I20260608 10:05:09.580888 31027 raft_consensus.cc:493] T c857e1cb0aa14a1792e389973316a031 P 5a023012c4d547318b3bc94dd40c42ef [term 0 FOLLOWER]: Starting pre-election (no leader contacted us within the election timeout)
I20260608 10:05:09.581377 31027 raft_consensus.cc:515] T c857e1cb0aa14a1792e389973316a031 P 5a023012c4d547318b3bc94dd40c42ef [term 0 FOLLOWER]: Starting pre-election with config: opid_index: -1 OBSOLETE_local: false peers { permanent_uuid: "5a023012c4d547318b3bc94dd40c42ef" member_type: VOTER last_known_addr { host: "127.27.125.1" port: 43431 } } peers { permanent_uuid: "26aca31a11cd479cb786628e798238fd" member_type: VOTER last_known_addr { host: "127.27.125.2" port: 34259 } } peers { permanent_uuid: "445b2a366fd8459cab3788751076d5be" member_type: VOTER last_known_addr { host: "127.27.125.3" port: 39405 } }
I20260608 10:05:09.584213 31027 leader_election.cc:290] T c857e1cb0aa14a1792e389973316a031 P 5a023012c4d547318b3bc94dd40c42ef [CANDIDATE]: Term 1 pre-election: Requested pre-vote from peers 26aca31a11cd479cb786628e798238fd (127.27.125.2:34259), 445b2a366fd8459cab3788751076d5be (127.27.125.3:39405)
I20260608 10:05:09.585111 30725 catalog_manager.cc:5696] T 5ef572789e2a4c4b8b952c2bd9946a96 P 445b2a366fd8459cab3788751076d5be reported cstate change: term changed from 0 to 1, leader changed from <none> to 445b2a366fd8459cab3788751076d5be (127.27.125.3). New cstate: current_term: 1 leader_uuid: "445b2a366fd8459cab3788751076d5be" committed_config { opid_index: -1 OBSOLETE_local: false peers { permanent_uuid: "5a023012c4d547318b3bc94dd40c42ef" member_type: VOTER last_known_addr { host: "127.27.125.1" port: 43431 } health_report { overall_health: UNKNOWN } } peers { permanent_uuid: "26aca31a11cd479cb786628e798238fd" member_type: VOTER last_known_addr { host: "127.27.125.2" port: 34259 } health_report { overall_health: UNKNOWN } } peers { permanent_uuid: "445b2a366fd8459cab3788751076d5be" member_type: VOTER last_known_addr { host: "127.27.125.3" port: 39405 } health_report { overall_health: HEALTHY } } }
I20260608 10:05:09.597097 30903 tablet_service.cc:1917] Received RequestConsensusVote() RPC: tablet_id: "c857e1cb0aa14a1792e389973316a031" candidate_uuid: "5a023012c4d547318b3bc94dd40c42ef" candidate_term: 1 candidate_status { last_received { term: 0 index: 0 } } ignore_live_leader: false dest_uuid: "26aca31a11cd479cb786628e798238fd" is_pre_election: true
I20260608 10:05:09.597785 30903 raft_consensus.cc:2468] T c857e1cb0aa14a1792e389973316a031 P 26aca31a11cd479cb786628e798238fd [term 0 FOLLOWER]: Leader pre-election vote request: Granting yes vote for candidate 5a023012c4d547318b3bc94dd40c42ef in term 0.
I20260608 10:05:09.598986 30794 leader_election.cc:304] T c857e1cb0aa14a1792e389973316a031 P 5a023012c4d547318b3bc94dd40c42ef [CANDIDATE]: Term 1 pre-election: Election decided. Result: candidate won. Election summary: received 2 responses out of 3 voters: 2 yes votes; 0 no votes. yes voters: 26aca31a11cd479cb786628e798238fd, 5a023012c4d547318b3bc94dd40c42ef; no voters: 
I20260608 10:05:09.599187 30977 tablet_service.cc:1917] Received RequestConsensusVote() RPC: tablet_id: "c857e1cb0aa14a1792e389973316a031" candidate_uuid: "5a023012c4d547318b3bc94dd40c42ef" candidate_term: 1 candidate_status { last_received { term: 0 index: 0 } } ignore_live_leader: false dest_uuid: "445b2a366fd8459cab3788751076d5be" is_pre_election: true
I20260608 10:05:09.599814 31027 raft_consensus.cc:2804] T c857e1cb0aa14a1792e389973316a031 P 5a023012c4d547318b3bc94dd40c42ef [term 0 FOLLOWER]: Leader pre-election won for term 1
I20260608 10:05:09.599843 30977 raft_consensus.cc:2468] T c857e1cb0aa14a1792e389973316a031 P 445b2a366fd8459cab3788751076d5be [term 0 FOLLOWER]: Leader pre-election vote request: Granting yes vote for candidate 5a023012c4d547318b3bc94dd40c42ef in term 0.
I20260608 10:05:09.600257 31027 raft_consensus.cc:493] T c857e1cb0aa14a1792e389973316a031 P 5a023012c4d547318b3bc94dd40c42ef [term 0 FOLLOWER]: Starting leader election (no leader contacted us within the election timeout)
I20260608 10:05:09.600591 31027 raft_consensus.cc:3060] T c857e1cb0aa14a1792e389973316a031 P 5a023012c4d547318b3bc94dd40c42ef [term 0 FOLLOWER]: Advancing to term 1
I20260608 10:05:09.605281 31027 raft_consensus.cc:515] T c857e1cb0aa14a1792e389973316a031 P 5a023012c4d547318b3bc94dd40c42ef [term 1 FOLLOWER]: Starting leader election with config: opid_index: -1 OBSOLETE_local: false peers { permanent_uuid: "5a023012c4d547318b3bc94dd40c42ef" member_type: VOTER last_known_addr { host: "127.27.125.1" port: 43431 } } peers { permanent_uuid: "26aca31a11cd479cb786628e798238fd" member_type: VOTER last_known_addr { host: "127.27.125.2" port: 34259 } } peers { permanent_uuid: "445b2a366fd8459cab3788751076d5be" member_type: VOTER last_known_addr { host: "127.27.125.3" port: 39405 } }
I20260608 10:05:09.606856 31027 leader_election.cc:290] T c857e1cb0aa14a1792e389973316a031 P 5a023012c4d547318b3bc94dd40c42ef [CANDIDATE]: Term 1 election: Requested vote from peers 26aca31a11cd479cb786628e798238fd (127.27.125.2:34259), 445b2a366fd8459cab3788751076d5be (127.27.125.3:39405)
I20260608 10:05:09.607604 30903 tablet_service.cc:1917] Received RequestConsensusVote() RPC: tablet_id: "c857e1cb0aa14a1792e389973316a031" candidate_uuid: "5a023012c4d547318b3bc94dd40c42ef" candidate_term: 1 candidate_status { last_received { term: 0 index: 0 } } ignore_live_leader: false dest_uuid: "26aca31a11cd479cb786628e798238fd"
I20260608 10:05:09.607884 30977 tablet_service.cc:1917] Received RequestConsensusVote() RPC: tablet_id: "c857e1cb0aa14a1792e389973316a031" candidate_uuid: "5a023012c4d547318b3bc94dd40c42ef" candidate_term: 1 candidate_status { last_received { term: 0 index: 0 } } ignore_live_leader: false dest_uuid: "445b2a366fd8459cab3788751076d5be"
I20260608 10:05:09.608035 30903 raft_consensus.cc:3060] T c857e1cb0aa14a1792e389973316a031 P 26aca31a11cd479cb786628e798238fd [term 0 FOLLOWER]: Advancing to term 1
I20260608 10:05:09.608392 30977 raft_consensus.cc:3060] T c857e1cb0aa14a1792e389973316a031 P 445b2a366fd8459cab3788751076d5be [term 0 FOLLOWER]: Advancing to term 1
I20260608 10:05:09.612349 30903 raft_consensus.cc:2468] T c857e1cb0aa14a1792e389973316a031 P 26aca31a11cd479cb786628e798238fd [term 1 FOLLOWER]: Leader election vote request: Granting yes vote for candidate 5a023012c4d547318b3bc94dd40c42ef in term 1.
I20260608 10:05:09.613102 30977 raft_consensus.cc:2468] T c857e1cb0aa14a1792e389973316a031 P 445b2a366fd8459cab3788751076d5be [term 1 FOLLOWER]: Leader election vote request: Granting yes vote for candidate 5a023012c4d547318b3bc94dd40c42ef in term 1.
I20260608 10:05:09.613226 30794 leader_election.cc:304] T c857e1cb0aa14a1792e389973316a031 P 5a023012c4d547318b3bc94dd40c42ef [CANDIDATE]: Term 1 election: Election decided. Result: candidate won. Election summary: received 2 responses out of 3 voters: 2 yes votes; 0 no votes. yes voters: 26aca31a11cd479cb786628e798238fd, 5a023012c4d547318b3bc94dd40c42ef; no voters: 
I20260608 10:05:09.613955 31027 raft_consensus.cc:2804] T c857e1cb0aa14a1792e389973316a031 P 5a023012c4d547318b3bc94dd40c42ef [term 1 FOLLOWER]: Leader election won for term 1
I20260608 10:05:09.614966 31027 raft_consensus.cc:697] T c857e1cb0aa14a1792e389973316a031 P 5a023012c4d547318b3bc94dd40c42ef [term 1 LEADER]: Becoming Leader. State: Replica: 5a023012c4d547318b3bc94dd40c42ef, State: Running, Role: LEADER
I20260608 10:05:09.615726 31027 consensus_queue.cc:237] T c857e1cb0aa14a1792e389973316a031 P 5a023012c4d547318b3bc94dd40c42ef [LEADER]: Queue going to LEADER mode. State: All replicated index: 0, Majority replicated index: 0, Committed index: 0, Last appended: 0.0, Last appended by leader: 0, Current term: 1, Majority size: 2, State: 0, Mode: LEADER, active raft config: opid_index: -1 OBSOLETE_local: false peers { permanent_uuid: "5a023012c4d547318b3bc94dd40c42ef" member_type: VOTER last_known_addr { host: "127.27.125.1" port: 43431 } } peers { permanent_uuid: "26aca31a11cd479cb786628e798238fd" member_type: VOTER last_known_addr { host: "127.27.125.2" port: 34259 } } peers { permanent_uuid: "445b2a366fd8459cab3788751076d5be" member_type: VOTER last_known_addr { host: "127.27.125.3" port: 39405 } }
I20260608 10:05:09.622526 30725 catalog_manager.cc:5696] T c857e1cb0aa14a1792e389973316a031 P 5a023012c4d547318b3bc94dd40c42ef reported cstate change: term changed from 0 to 1, leader changed from <none> to 5a023012c4d547318b3bc94dd40c42ef (127.27.125.1). New cstate: current_term: 1 leader_uuid: "5a023012c4d547318b3bc94dd40c42ef" committed_config { opid_index: -1 OBSOLETE_local: false peers { permanent_uuid: "5a023012c4d547318b3bc94dd40c42ef" member_type: VOTER last_known_addr { host: "127.27.125.1" port: 43431 } health_report { overall_health: HEALTHY } } peers { permanent_uuid: "26aca31a11cd479cb786628e798238fd" member_type: VOTER last_known_addr { host: "127.27.125.2" port: 34259 } health_report { overall_health: UNKNOWN } } peers { permanent_uuid: "445b2a366fd8459cab3788751076d5be" member_type: VOTER last_known_addr { host: "127.27.125.3" port: 39405 } health_report { overall_health: UNKNOWN } } }
I20260608 10:05:09.658977 31030 raft_consensus.cc:493] T 67bd333008744156a07d27f3de7cdf1d P 26aca31a11cd479cb786628e798238fd [term 0 FOLLOWER]: Starting pre-election (no leader contacted us within the election timeout)
I20260608 10:05:09.659550 31030 raft_consensus.cc:515] T 67bd333008744156a07d27f3de7cdf1d P 26aca31a11cd479cb786628e798238fd [term 0 FOLLOWER]: Starting pre-election with config: opid_index: -1 OBSOLETE_local: false peers { permanent_uuid: "5a023012c4d547318b3bc94dd40c42ef" member_type: VOTER last_known_addr { host: "127.27.125.1" port: 43431 } } peers { permanent_uuid: "26aca31a11cd479cb786628e798238fd" member_type: VOTER last_known_addr { host: "127.27.125.2" port: 34259 } } peers { permanent_uuid: "445b2a366fd8459cab3788751076d5be" member_type: VOTER last_known_addr { host: "127.27.125.3" port: 39405 } }
