I20260608 10:05:59.544386 32575 catalog_manager.cc:5696] T 97c31419b34c46598e76906d281081fa P 3adb6229c520403fb722e534cf06e51c reported cstate change: config changed from index -1 to 25, NON_VOTER 5ced318fd284410d92102be3f701f0fd (127.27.125.6) added. New cstate: current_term: 1 leader_uuid: "3adb6229c520403fb722e534cf06e51c" committed_config { opid_index: 25 OBSOLETE_local: false peers { permanent_uuid: "1a41fdc7441a4ebc8549a05dd1e8983c" member_type: VOTER last_known_addr { host: "127.27.125.1" port: 33411 } health_report { overall_health: HEALTHY } } peers { permanent_uuid: "3346e3a3c7044f76b4a8b53d00d31630" member_type: VOTER last_known_addr { host: "127.27.125.2" port: 33047 } attrs { replace: true } health_report { overall_health: HEALTHY } } peers { permanent_uuid: "3adb6229c520403fb722e534cf06e51c" member_type: VOTER last_known_addr { host: "127.27.125.3" port: 36615 } health_report { overall_health: HEALTHY } } peers { permanent_uuid: "5ced318fd284410d92102be3f701f0fd" member_type: NON_VOTER last_known_addr { host: "127.27.125.6" port: 46049 } attrs { promote: true } health_report { overall_health: UNKNOWN } } }
I20260608 10:05:59.555239   361 raft_consensus.cc:1275] T 9471f493f7a0412b8c4c421b49050395 P 3adb6229c520403fb722e534cf06e51c [term 1 FOLLOWER]: Refusing update from remote peer 3346e3a3c7044f76b4a8b53d00d31630: Log matching property violated. Preceding OpId in replica: term: 1 index: 24. Preceding OpId from leader: term: 1 index: 25. (index mismatch)
W20260608 10:05:59.555819 32725 consensus_peers.cc:597] T 9471f493f7a0412b8c4c421b49050395 P 3346e3a3c7044f76b4a8b53d00d31630 -> Peer ae26eb1c592f4e8290aa4ac0e9ca4808 (127.27.125.5:45813): Couldn't send request to peer ae26eb1c592f4e8290aa4ac0e9ca4808. Error code: TABLET_NOT_FOUND (6). Status: Not found: Tablet not found: 9471f493f7a0412b8c4c421b49050395. This is attempt 1: this message will repeat every 5th retry.
I20260608 10:05:59.556733   852 consensus_queue.cc:1048] T 9471f493f7a0412b8c4c421b49050395 P 3346e3a3c7044f76b4a8b53d00d31630 [LEADER]: Connected to new peer: Peer: permanent_uuid: "3adb6229c520403fb722e534cf06e51c" member_type: VOTER last_known_addr { host: "127.27.125.3" port: 36615 }, Status: LMP_MISMATCH, Last received: 0.0, Next index: 25, Last known committed idx: 24, Time since last communication: 0.000s
I20260608 10:05:59.561183 32683 raft_consensus.cc:1275] T 9471f493f7a0412b8c4c421b49050395 P 1a41fdc7441a4ebc8549a05dd1e8983c [term 1 FOLLOWER]: Refusing update from remote peer 3346e3a3c7044f76b4a8b53d00d31630: Log matching property violated. Preceding OpId in replica: term: 1 index: 24. Preceding OpId from leader: term: 1 index: 25. (index mismatch)
I20260608 10:05:59.562733   855 consensus_queue.cc:1048] T 9471f493f7a0412b8c4c421b49050395 P 3346e3a3c7044f76b4a8b53d00d31630 [LEADER]: Connected to new peer: Peer: permanent_uuid: "1a41fdc7441a4ebc8549a05dd1e8983c" member_type: VOTER last_known_addr { host: "127.27.125.1" port: 33411 } attrs { replace: true }, Status: LMP_MISMATCH, Last received: 0.0, Next index: 25, Last known committed idx: 24, Time since last communication: 0.001s
I20260608 10:05:59.564855   855 raft_consensus.cc:2955] T 9471f493f7a0412b8c4c421b49050395 P 3346e3a3c7044f76b4a8b53d00d31630 [term 1 LEADER]: Committing config change with OpId 1.25: config changed from index -1 to 25, NON_VOTER ae26eb1c592f4e8290aa4ac0e9ca4808 (127.27.125.5) added. New config: { opid_index: 25 OBSOLETE_local: false peers { permanent_uuid: "1a41fdc7441a4ebc8549a05dd1e8983c" member_type: VOTER last_known_addr { host: "127.27.125.1" port: 33411 } attrs { replace: true } } peers { permanent_uuid: "3346e3a3c7044f76b4a8b53d00d31630" member_type: VOTER last_known_addr { host: "127.27.125.2" port: 33047 } } peers { permanent_uuid: "3adb6229c520403fb722e534cf06e51c" member_type: VOTER last_known_addr { host: "127.27.125.3" port: 36615 } } peers { permanent_uuid: "ae26eb1c592f4e8290aa4ac0e9ca4808" member_type: NON_VOTER last_known_addr { host: "127.27.125.5" port: 45813 } attrs { promote: true } } }
I20260608 10:05:59.566725   361 raft_consensus.cc:2955] T 9471f493f7a0412b8c4c421b49050395 P 3adb6229c520403fb722e534cf06e51c [term 1 FOLLOWER]: Committing config change with OpId 1.25: config changed from index -1 to 25, NON_VOTER ae26eb1c592f4e8290aa4ac0e9ca4808 (127.27.125.5) added. New config: { opid_index: 25 OBSOLETE_local: false peers { permanent_uuid: "1a41fdc7441a4ebc8549a05dd1e8983c" member_type: VOTER last_known_addr { host: "127.27.125.1" port: 33411 } attrs { replace: true } } peers { permanent_uuid: "3346e3a3c7044f76b4a8b53d00d31630" member_type: VOTER last_known_addr { host: "127.27.125.2" port: 33047 } } peers { permanent_uuid: "3adb6229c520403fb722e534cf06e51c" member_type: VOTER last_known_addr { host: "127.27.125.3" port: 36615 } } peers { permanent_uuid: "ae26eb1c592f4e8290aa4ac0e9ca4808" member_type: NON_VOTER last_known_addr { host: "127.27.125.5" port: 45813 } attrs { promote: true } } }
I20260608 10:05:59.578600 32683 raft_consensus.cc:2955] T 9471f493f7a0412b8c4c421b49050395 P 1a41fdc7441a4ebc8549a05dd1e8983c [term 1 FOLLOWER]: Committing config change with OpId 1.25: config changed from index -1 to 25, NON_VOTER ae26eb1c592f4e8290aa4ac0e9ca4808 (127.27.125.5) added. New config: { opid_index: 25 OBSOLETE_local: false peers { permanent_uuid: "1a41fdc7441a4ebc8549a05dd1e8983c" member_type: VOTER last_known_addr { host: "127.27.125.1" port: 33411 } attrs { replace: true } } peers { permanent_uuid: "3346e3a3c7044f76b4a8b53d00d31630" member_type: VOTER last_known_addr { host: "127.27.125.2" port: 33047 } } peers { permanent_uuid: "3adb6229c520403fb722e534cf06e51c" member_type: VOTER last_known_addr { host: "127.27.125.3" port: 36615 } } peers { permanent_uuid: "ae26eb1c592f4e8290aa4ac0e9ca4808" member_type: NON_VOTER last_known_addr { host: "127.27.125.5" port: 45813 } attrs { promote: true } } }
I20260608 10:05:59.581736   757 heartbeater.cc:499] Master 127.27.125.62:36411 was elected leader, sending a full tablet report...
I20260608 10:05:59.585106 32575 catalog_manager.cc:5696] T 9471f493f7a0412b8c4c421b49050395 P 3adb6229c520403fb722e534cf06e51c reported cstate change: config changed from index -1 to 25, NON_VOTER ae26eb1c592f4e8290aa4ac0e9ca4808 (127.27.125.5) added. New cstate: current_term: 1 leader_uuid: "3346e3a3c7044f76b4a8b53d00d31630" committed_config { opid_index: 25 OBSOLETE_local: false peers { permanent_uuid: "1a41fdc7441a4ebc8549a05dd1e8983c" member_type: VOTER last_known_addr { host: "127.27.125.1" port: 33411 } attrs { replace: true } } peers { permanent_uuid: "3346e3a3c7044f76b4a8b53d00d31630" member_type: VOTER last_known_addr { host: "127.27.125.2" port: 33047 } } peers { permanent_uuid: "3adb6229c520403fb722e534cf06e51c" member_type: VOTER last_known_addr { host: "127.27.125.3" port: 36615 } } peers { permanent_uuid: "ae26eb1c592f4e8290aa4ac0e9ca4808" member_type: NON_VOTER last_known_addr { host: "127.27.125.5" port: 45813 } attrs { promote: true } } }
I20260608 10:05:59.594295 32683 consensus_queue.cc:237] T 7accc5b45f10464c8582d184b58eb417 P 1a41fdc7441a4ebc8549a05dd1e8983c [LEADER]: Queue going to LEADER mode. State: All replicated index: 0, Majority replicated index: 25, Committed index: 25, Last appended: 1.25, Last appended by leader: 0, Current term: 1, Majority size: 2, State: 0, Mode: LEADER, active raft config: opid_index: 26 OBSOLETE_local: false peers { permanent_uuid: "1a41fdc7441a4ebc8549a05dd1e8983c" member_type: VOTER last_known_addr { host: "127.27.125.1" port: 33411 } } peers { permanent_uuid: "3346e3a3c7044f76b4a8b53d00d31630" member_type: VOTER last_known_addr { host: "127.27.125.2" port: 33047 } attrs { replace: true } } peers { permanent_uuid: "3adb6229c520403fb722e534cf06e51c" member_type: VOTER last_known_addr { host: "127.27.125.3" port: 36615 } } peers { permanent_uuid: "5ced318fd284410d92102be3f701f0fd" member_type: NON_VOTER last_known_addr { host: "127.27.125.6" port: 46049 } attrs { promote: true } }
I20260608 10:05:59.602926   361 raft_consensus.cc:1275] T 7accc5b45f10464c8582d184b58eb417 P 3adb6229c520403fb722e534cf06e51c [term 1 FOLLOWER]: Refusing update from remote peer 1a41fdc7441a4ebc8549a05dd1e8983c: Log matching property violated. Preceding OpId in replica: term: 1 index: 25. Preceding OpId from leader: term: 1 index: 26. (index mismatch)
I20260608 10:05:59.604914   549 consensus_queue.cc:1048] T 7accc5b45f10464c8582d184b58eb417 P 1a41fdc7441a4ebc8549a05dd1e8983c [LEADER]: Connected to new peer: Peer: permanent_uuid: "3adb6229c520403fb722e534cf06e51c" member_type: VOTER last_known_addr { host: "127.27.125.3" port: 36615 }, Status: LMP_MISMATCH, Last received: 0.0, Next index: 26, Last known committed idx: 25, Time since last communication: 0.001s
I20260608 10:05:59.605417 32755 raft_consensus.cc:1275] T 7accc5b45f10464c8582d184b58eb417 P 3346e3a3c7044f76b4a8b53d00d31630 [term 1 FOLLOWER]: Refusing update from remote peer 1a41fdc7441a4ebc8549a05dd1e8983c: Log matching property violated. Preceding OpId in replica: term: 1 index: 25. Preceding OpId from leader: term: 1 index: 26. (index mismatch)
I20260608 10:05:59.607051   865 consensus_queue.cc:1048] T 7accc5b45f10464c8582d184b58eb417 P 1a41fdc7441a4ebc8549a05dd1e8983c [LEADER]: Connected to new peer: Peer: permanent_uuid: "3346e3a3c7044f76b4a8b53d00d31630" member_type: VOTER last_known_addr { host: "127.27.125.2" port: 33047 } attrs { replace: true }, Status: LMP_MISMATCH, Last received: 0.0, Next index: 26, Last known committed idx: 25, Time since last communication: 0.001s
I20260608 10:05:59.613526   549 raft_consensus.cc:2955] T 7accc5b45f10464c8582d184b58eb417 P 1a41fdc7441a4ebc8549a05dd1e8983c [term 1 LEADER]: Committing config change with OpId 1.26: config changed from index -1 to 26, NON_VOTER 5ced318fd284410d92102be3f701f0fd (127.27.125.6) added. New config: { opid_index: 26 OBSOLETE_local: false peers { permanent_uuid: "1a41fdc7441a4ebc8549a05dd1e8983c" member_type: VOTER last_known_addr { host: "127.27.125.1" port: 33411 } } peers { permanent_uuid: "3346e3a3c7044f76b4a8b53d00d31630" member_type: VOTER last_known_addr { host: "127.27.125.2" port: 33047 } attrs { replace: true } } peers { permanent_uuid: "3adb6229c520403fb722e534cf06e51c" member_type: VOTER last_known_addr { host: "127.27.125.3" port: 36615 } } peers { permanent_uuid: "5ced318fd284410d92102be3f701f0fd" member_type: NON_VOTER last_known_addr { host: "127.27.125.6" port: 46049 } attrs { promote: true } } }
W20260608 10:05:59.618399 32649 consensus_peers.cc:597] T 7accc5b45f10464c8582d184b58eb417 P 1a41fdc7441a4ebc8549a05dd1e8983c -> Peer 5ced318fd284410d92102be3f701f0fd (127.27.125.6:46049): Couldn't send request to peer 5ced318fd284410d92102be3f701f0fd. Error code: TABLET_NOT_FOUND (6). Status: Not found: Tablet not found: 7accc5b45f10464c8582d184b58eb417. This is attempt 1: this message will repeat every 5th retry.
I20260608 10:05:59.619519   361 raft_consensus.cc:2955] T 7accc5b45f10464c8582d184b58eb417 P 3adb6229c520403fb722e534cf06e51c [term 1 FOLLOWER]: Committing config change with OpId 1.26: config changed from index -1 to 26, NON_VOTER 5ced318fd284410d92102be3f701f0fd (127.27.125.6) added. New config: { opid_index: 26 OBSOLETE_local: false peers { permanent_uuid: "1a41fdc7441a4ebc8549a05dd1e8983c" member_type: VOTER last_known_addr { host: "127.27.125.1" port: 33411 } } peers { permanent_uuid: "3346e3a3c7044f76b4a8b53d00d31630" member_type: VOTER last_known_addr { host: "127.27.125.2" port: 33047 } attrs { replace: true } } peers { permanent_uuid: "3adb6229c520403fb722e534cf06e51c" member_type: VOTER last_known_addr { host: "127.27.125.3" port: 36615 } } peers { permanent_uuid: "5ced318fd284410d92102be3f701f0fd" member_type: NON_VOTER last_known_addr { host: "127.27.125.6" port: 46049 } attrs { promote: true } } }
I20260608 10:05:59.619822 32755 raft_consensus.cc:2955] T 7accc5b45f10464c8582d184b58eb417 P 3346e3a3c7044f76b4a8b53d00d31630 [term 1 FOLLOWER]: Committing config change with OpId 1.26: config changed from index -1 to 26, NON_VOTER 5ced318fd284410d92102be3f701f0fd (127.27.125.6) added. New config: { opid_index: 26 OBSOLETE_local: false peers { permanent_uuid: "1a41fdc7441a4ebc8549a05dd1e8983c" member_type: VOTER last_known_addr { host: "127.27.125.1" port: 33411 } } peers { permanent_uuid: "3346e3a3c7044f76b4a8b53d00d31630" member_type: VOTER last_known_addr { host: "127.27.125.2" port: 33047 } attrs { replace: true } } peers { permanent_uuid: "3adb6229c520403fb722e534cf06e51c" member_type: VOTER last_known_addr { host: "127.27.125.3" port: 36615 } } peers { permanent_uuid: "5ced318fd284410d92102be3f701f0fd" member_type: NON_VOTER last_known_addr { host: "127.27.125.6" port: 46049 } attrs { promote: true } } }
I20260608 10:05:59.628043 32758 consensus_queue.cc:237] T 6e05716ea13a479eb30197fe81f3c0e1 P 3346e3a3c7044f76b4a8b53d00d31630 [LEADER]: Queue going to LEADER mode. State: All replicated index: 0, Majority replicated index: 24, Committed index: 24, Last appended: 1.24, Last appended by leader: 0, Current term: 1, Majority size: 2, State: 0, Mode: LEADER, active raft config: opid_index: 25 OBSOLETE_local: false peers { permanent_uuid: "1a41fdc7441a4ebc8549a05dd1e8983c" member_type: VOTER last_known_addr { host: "127.27.125.1" port: 33411 } } peers { permanent_uuid: "3346e3a3c7044f76b4a8b53d00d31630" member_type: VOTER last_known_addr { host: "127.27.125.2" port: 33047 } } peers { permanent_uuid: "3adb6229c520403fb722e534cf06e51c" member_type: VOTER last_known_addr { host: "127.27.125.3" port: 36615 } attrs { replace: true } } peers { permanent_uuid: "4039d55f213d4ed3b16b82b36e401d81" member_type: NON_VOTER last_known_addr { host: "127.27.125.4" port: 38773 } attrs { promote: true } }
I20260608 10:05:59.635277 32578 catalog_manager.cc:5696] T 7accc5b45f10464c8582d184b58eb417 P 3346e3a3c7044f76b4a8b53d00d31630 reported cstate change: config changed from index -1 to 26, NON_VOTER 5ced318fd284410d92102be3f701f0fd (127.27.125.6) added. New cstate: current_term: 1 leader_uuid: "1a41fdc7441a4ebc8549a05dd1e8983c" committed_config { opid_index: 26 OBSOLETE_local: false peers { permanent_uuid: "1a41fdc7441a4ebc8549a05dd1e8983c" member_type: VOTER last_known_addr { host: "127.27.125.1" port: 33411 } } peers { permanent_uuid: "3346e3a3c7044f76b4a8b53d00d31630" member_type: VOTER last_known_addr { host: "127.27.125.2" port: 33047 } attrs { replace: true } } peers { permanent_uuid: "3adb6229c520403fb722e534cf06e51c" member_type: VOTER last_known_addr { host: "127.27.125.3" port: 36615 } } peers { permanent_uuid: "5ced318fd284410d92102be3f701f0fd" member_type: NON_VOTER last_known_addr { host: "127.27.125.6" port: 46049 } attrs { promote: true } } }
I20260608 10:05:59.642210   361 raft_consensus.cc:1275] T 6e05716ea13a479eb30197fe81f3c0e1 P 3adb6229c520403fb722e534cf06e51c [term 1 FOLLOWER]: Refusing update from remote peer 3346e3a3c7044f76b4a8b53d00d31630: Log matching property violated. Preceding OpId in replica: term: 1 index: 24. Preceding OpId from leader: term: 1 index: 25. (index mismatch)
I20260608 10:05:59.643445 32683 raft_consensus.cc:1275] T 6e05716ea13a479eb30197fe81f3c0e1 P 1a41fdc7441a4ebc8549a05dd1e8983c [term 1 FOLLOWER]: Refusing update from remote peer 3346e3a3c7044f76b4a8b53d00d31630: Log matching property violated. Preceding OpId in replica: term: 1 index: 24. Preceding OpId from leader: term: 1 index: 25. (index mismatch)
I20260608 10:05:59.643810   855 consensus_queue.cc:1048] T 6e05716ea13a479eb30197fe81f3c0e1 P 3346e3a3c7044f76b4a8b53d00d31630 [LEADER]: Connected to new peer: Peer: permanent_uuid: "3adb6229c520403fb722e534cf06e51c" member_type: VOTER last_known_addr { host: "127.27.125.3" port: 36615 } attrs { replace: true }, Status: LMP_MISMATCH, Last received: 0.0, Next index: 25, Last known committed idx: 24, Time since last communication: 0.000s
I20260608 10:05:59.645277   567 consensus_queue.cc:1048] T 6e05716ea13a479eb30197fe81f3c0e1 P 3346e3a3c7044f76b4a8b53d00d31630 [LEADER]: Connected to new peer: Peer: permanent_uuid: "1a41fdc7441a4ebc8549a05dd1e8983c" member_type: VOTER last_known_addr { host: "127.27.125.1" port: 33411 }, Status: LMP_MISMATCH, Last received: 0.0, Next index: 25, Last known committed idx: 24, Time since last communication: 0.000s
I20260608 10:05:59.656049   567 raft_consensus.cc:2955] T 6e05716ea13a479eb30197fe81f3c0e1 P 3346e3a3c7044f76b4a8b53d00d31630 [term 1 LEADER]: Committing config change with OpId 1.25: config changed from index -1 to 25, NON_VOTER 4039d55f213d4ed3b16b82b36e401d81 (127.27.125.4) added. New config: { opid_index: 25 OBSOLETE_local: false peers { permanent_uuid: "1a41fdc7441a4ebc8549a05dd1e8983c" member_type: VOTER last_known_addr { host: "127.27.125.1" port: 33411 } } peers { permanent_uuid: "3346e3a3c7044f76b4a8b53d00d31630" member_type: VOTER last_known_addr { host: "127.27.125.2" port: 33047 } } peers { permanent_uuid: "3adb6229c520403fb722e534cf06e51c" member_type: VOTER last_known_addr { host: "127.27.125.3" port: 36615 } attrs { replace: true } } peers { permanent_uuid: "4039d55f213d4ed3b16b82b36e401d81" member_type: NON_VOTER last_known_addr { host: "127.27.125.4" port: 38773 } attrs { promote: true } } }
W20260608 10:05:59.657200 32724 consensus_peers.cc:597] T 6e05716ea13a479eb30197fe81f3c0e1 P 3346e3a3c7044f76b4a8b53d00d31630 -> Peer 4039d55f213d4ed3b16b82b36e401d81 (127.27.125.4:38773): Couldn't send request to peer 4039d55f213d4ed3b16b82b36e401d81. Error code: TABLET_NOT_FOUND (6). Status: Not found: Tablet not found: 6e05716ea13a479eb30197fe81f3c0e1. This is attempt 1: this message will repeat every 5th retry.
I20260608 10:05:59.659271 32683 raft_consensus.cc:2955] T 6e05716ea13a479eb30197fe81f3c0e1 P 1a41fdc7441a4ebc8549a05dd1e8983c [term 1 FOLLOWER]: Committing config change with OpId 1.25: config changed from index -1 to 25, NON_VOTER 4039d55f213d4ed3b16b82b36e401d81 (127.27.125.4) added. New config: { opid_index: 25 OBSOLETE_local: false peers { permanent_uuid: "1a41fdc7441a4ebc8549a05dd1e8983c" member_type: VOTER last_known_addr { host: "127.27.125.1" port: 33411 } } peers { permanent_uuid: "3346e3a3c7044f76b4a8b53d00d31630" member_type: VOTER last_known_addr { host: "127.27.125.2" port: 33047 } } peers { permanent_uuid: "3adb6229c520403fb722e534cf06e51c" member_type: VOTER last_known_addr { host: "127.27.125.3" port: 36615 } attrs { replace: true } } peers { permanent_uuid: "4039d55f213d4ed3b16b82b36e401d81" member_type: NON_VOTER last_known_addr { host: "127.27.125.4" port: 38773 } attrs { promote: true } } }
I20260608 10:05:59.663187   361 raft_consensus.cc:2955] T 6e05716ea13a479eb30197fe81f3c0e1 P 3adb6229c520403fb722e534cf06e51c [term 1 FOLLOWER]: Committing config change with OpId 1.25: config changed from index -1 to 25, NON_VOTER 4039d55f213d4ed3b16b82b36e401d81 (127.27.125.4) added. New config: { opid_index: 25 OBSOLETE_local: false peers { permanent_uuid: "1a41fdc7441a4ebc8549a05dd1e8983c" member_type: VOTER last_known_addr { host: "127.27.125.1" port: 33411 } } peers { permanent_uuid: "3346e3a3c7044f76b4a8b53d00d31630" member_type: VOTER last_known_addr { host: "127.27.125.2" port: 33047 } } peers { permanent_uuid: "3adb6229c520403fb722e534cf06e51c" member_type: VOTER last_known_addr { host: "127.27.125.3" port: 36615 } attrs { replace: true } } peers { permanent_uuid: "4039d55f213d4ed3b16b82b36e401d81" member_type: NON_VOTER last_known_addr { host: "127.27.125.4" port: 38773 } attrs { promote: true } } }
I20260608 10:05:59.673660 32577 catalog_manager.cc:5696] T 6e05716ea13a479eb30197fe81f3c0e1 P 3346e3a3c7044f76b4a8b53d00d31630 reported cstate change: config changed from index -1 to 25, NON_VOTER 4039d55f213d4ed3b16b82b36e401d81 (127.27.125.4) added. New cstate: current_term: 1 leader_uuid: "3346e3a3c7044f76b4a8b53d00d31630" committed_config { opid_index: 25 OBSOLETE_local: false peers { permanent_uuid: "1a41fdc7441a4ebc8549a05dd1e8983c" member_type: VOTER last_known_addr { host: "127.27.125.1" port: 33411 } health_report { overall_health: HEALTHY } } peers { permanent_uuid: "3346e3a3c7044f76b4a8b53d00d31630" member_type: VOTER last_known_addr { host: "127.27.125.2" port: 33047 } health_report { overall_health: HEALTHY } } peers { permanent_uuid: "3adb6229c520403fb722e534cf06e51c" member_type: VOTER last_known_addr { host: "127.27.125.3" port: 36615 } attrs { replace: true } health_report { overall_health: HEALTHY } } peers { permanent_uuid: "4039d55f213d4ed3b16b82b36e401d81" member_type: NON_VOTER last_known_addr { host: "127.27.125.4" port: 38773 } attrs { promote: true } health_report { overall_health: UNKNOWN } } }
I20260608 10:05:59.727622   832 heartbeater.cc:499] Master 127.27.125.62:36411 was elected leader, sending a full tablet report...
I20260608 10:05:59.905702   873 ts_tablet_manager.cc:933] T a16cf38e6d1448f78821fc23ced18b3f P ae26eb1c592f4e8290aa4ac0e9ca4808: Initiating tablet copy from peer 3346e3a3c7044f76b4a8b53d00d31630 (127.27.125.2:33047)
I20260608 10:05:59.908643   873 tablet_copy_client.cc:323] T a16cf38e6d1448f78821fc23ced18b3f P ae26eb1c592f4e8290aa4ac0e9ca4808: tablet copy: Beginning tablet copy session from remote peer at address 127.27.125.2:33047
I20260608 10:05:59.920985   302 tablet_copy_service.cc:140] P 3346e3a3c7044f76b4a8b53d00d31630: Received BeginTabletCopySession request for tablet a16cf38e6d1448f78821fc23ced18b3f from peer ae26eb1c592f4e8290aa4ac0e9ca4808 ({username='slave'} at 127.0.0.1:54858)
I20260608 10:05:59.921615   302 tablet_copy_service.cc:161] P 3346e3a3c7044f76b4a8b53d00d31630: Beginning new tablet copy session on tablet a16cf38e6d1448f78821fc23ced18b3f from peer ae26eb1c592f4e8290aa4ac0e9ca4808 at {username='slave'} at 127.0.0.1:54858: session id = ae26eb1c592f4e8290aa4ac0e9ca4808-a16cf38e6d1448f78821fc23ced18b3f
I20260608 10:05:59.929500   302 tablet_copy_source_session.cc:215] T a16cf38e6d1448f78821fc23ced18b3f P 3346e3a3c7044f76b4a8b53d00d31630: Tablet Copy: opened 0 blocks and 1 log segments
I20260608 10:05:59.932416   873 data_dirs.cc:400] Could only allocate 1 dirs of requested 3 for tablet a16cf38e6d1448f78821fc23ced18b3f. 1 dirs total, 0 dirs full, 0 dirs failed
I20260608 10:05:59.943243   873 tablet_copy_client.cc:806] T a16cf38e6d1448f78821fc23ced18b3f P ae26eb1c592f4e8290aa4ac0e9ca4808: tablet copy: Starting download of 0 data blocks...
I20260608 10:05:59.943806   873 tablet_copy_client.cc:670] T a16cf38e6d1448f78821fc23ced18b3f P ae26eb1c592f4e8290aa4ac0e9ca4808: tablet copy: Starting download of 1 WAL segments...
I20260608 10:05:59.947570   874 tablet_copy_client.cc:1025] T a16cf38e6d1448f78821fc23ced18b3f P ae26eb1c592f4e8290aa4ac0e9ca4808: tablet copy: Injecting latency into file download: 2000
I20260608 10:05:59.952450   876 ts_tablet_manager.cc:933] T f2b3340bf5bb446c844a094f16cbd5cc P 4039d55f213d4ed3b16b82b36e401d81: Initiating tablet copy from peer 3adb6229c520403fb722e534cf06e51c (127.27.125.3:36615)
I20260608 10:05:59.954269   876 tablet_copy_client.cc:323] T f2b3340bf5bb446c844a094f16cbd5cc P 4039d55f213d4ed3b16b82b36e401d81: tablet copy: Beginning tablet copy session from remote peer at address 127.27.125.3:36615
I20260608 10:05:59.966691   376 tablet_copy_service.cc:140] P 3adb6229c520403fb722e534cf06e51c: Received BeginTabletCopySession request for tablet f2b3340bf5bb446c844a094f16cbd5cc from peer 4039d55f213d4ed3b16b82b36e401d81 ({username='slave'} at 127.0.0.1:34808)
I20260608 10:05:59.967378   376 tablet_copy_service.cc:161] P 3adb6229c520403fb722e534cf06e51c: Beginning new tablet copy session on tablet f2b3340bf5bb446c844a094f16cbd5cc from peer 4039d55f213d4ed3b16b82b36e401d81 at {username='slave'} at 127.0.0.1:34808: session id = 4039d55f213d4ed3b16b82b36e401d81-f2b3340bf5bb446c844a094f16cbd5cc
I20260608 10:05:59.975327   376 tablet_copy_source_session.cc:215] T f2b3340bf5bb446c844a094f16cbd5cc P 3adb6229c520403fb722e534cf06e51c: Tablet Copy: opened 0 blocks and 1 log segments
I20260608 10:05:59.978267   876 data_dirs.cc:400] Could only allocate 1 dirs of requested 3 for tablet f2b3340bf5bb446c844a094f16cbd5cc. 1 dirs total, 0 dirs full, 0 dirs failed
I20260608 10:05:59.990968   876 tablet_copy_client.cc:806] T f2b3340bf5bb446c844a094f16cbd5cc P 4039d55f213d4ed3b16b82b36e401d81: tablet copy: Starting download of 0 data blocks...
I20260608 10:05:59.991449   876 tablet_copy_client.cc:670] T f2b3340bf5bb446c844a094f16cbd5cc P 4039d55f213d4ed3b16b82b36e401d81: tablet copy: Starting download of 1 WAL segments...
I20260608 10:05:59.995409   877 tablet_copy_client.cc:1025] T f2b3340bf5bb446c844a094f16cbd5cc P 4039d55f213d4ed3b16b82b36e401d81: tablet copy: Injecting latency into file download: 2000
I20260608 10:05:59.998009   880 ts_tablet_manager.cc:933] T 97c31419b34c46598e76906d281081fa P 5ced318fd284410d92102be3f701f0fd: Initiating tablet copy from peer 3adb6229c520403fb722e534cf06e51c (127.27.125.3:36615)
I20260608 10:05:59.999663   880 tablet_copy_client.cc:323] T 97c31419b34c46598e76906d281081fa P 5ced318fd284410d92102be3f701f0fd: tablet copy: Beginning tablet copy session from remote peer at address 127.27.125.3:36615
I20260608 10:06:00.009691   376 tablet_copy_service.cc:140] P 3adb6229c520403fb722e534cf06e51c: Received BeginTabletCopySession request for tablet 97c31419b34c46598e76906d281081fa from peer 5ced318fd284410d92102be3f701f0fd ({username='slave'} at 127.0.0.1:34812)
I20260608 10:06:00.010385   376 tablet_copy_service.cc:161] P 3adb6229c520403fb722e534cf06e51c: Beginning new tablet copy session on tablet 97c31419b34c46598e76906d281081fa from peer 5ced318fd284410d92102be3f701f0fd at {username='slave'} at 127.0.0.1:34812: session id = 5ced318fd284410d92102be3f701f0fd-97c31419b34c46598e76906d281081fa
I20260608 10:06:00.016130   376 tablet_copy_source_session.cc:215] T 97c31419b34c46598e76906d281081fa P 3adb6229c520403fb722e534cf06e51c: Tablet Copy: opened 0 blocks and 1 log segments
I20260608 10:06:00.016852   883 ts_tablet_manager.cc:933] T 9471f493f7a0412b8c4c421b49050395 P ae26eb1c592f4e8290aa4ac0e9ca4808: Initiating tablet copy from peer 3346e3a3c7044f76b4a8b53d00d31630 (127.27.125.2:33047)
I20260608 10:06:00.019093   883 tablet_copy_client.cc:323] T 9471f493f7a0412b8c4c421b49050395 P ae26eb1c592f4e8290aa4ac0e9ca4808: tablet copy: Beginning tablet copy session from remote peer at address 127.27.125.2:33047
I20260608 10:06:00.019833   880 data_dirs.cc:400] Could only allocate 1 dirs of requested 3 for tablet 97c31419b34c46598e76906d281081fa. 1 dirs total, 0 dirs full, 0 dirs failed
I20260608 10:06:00.021350   302 tablet_copy_service.cc:140] P 3346e3a3c7044f76b4a8b53d00d31630: Received BeginTabletCopySession request for tablet 9471f493f7a0412b8c4c421b49050395 from peer ae26eb1c592f4e8290aa4ac0e9ca4808 ({username='slave'} at 127.0.0.1:54858)
I20260608 10:06:00.021981   302 tablet_copy_service.cc:161] P 3346e3a3c7044f76b4a8b53d00d31630: Beginning new tablet copy session on tablet 9471f493f7a0412b8c4c421b49050395 from peer ae26eb1c592f4e8290aa4ac0e9ca4808 at {username='slave'} at 127.0.0.1:54858: session id = ae26eb1c592f4e8290aa4ac0e9ca4808-9471f493f7a0412b8c4c421b49050395
I20260608 10:06:00.029170   302 tablet_copy_source_session.cc:215] T 9471f493f7a0412b8c4c421b49050395 P 3346e3a3c7044f76b4a8b53d00d31630: Tablet Copy: opened 0 blocks and 1 log segments
I20260608 10:06:00.031730   880 tablet_copy_client.cc:806] T 97c31419b34c46598e76906d281081fa P 5ced318fd284410d92102be3f701f0fd: tablet copy: Starting download of 0 data blocks...
I20260608 10:06:00.032362   880 tablet_copy_client.cc:670] T 97c31419b34c46598e76906d281081fa P 5ced318fd284410d92102be3f701f0fd: tablet copy: Starting download of 1 WAL segments...
I20260608 10:06:00.032738   883 data_dirs.cc:400] Could only allocate 1 dirs of requested 3 for tablet 9471f493f7a0412b8c4c421b49050395. 1 dirs total, 0 dirs full, 0 dirs failed
I20260608 10:06:00.037685   881 tablet_copy_client.cc:1025] T 97c31419b34c46598e76906d281081fa P 5ced318fd284410d92102be3f701f0fd: tablet copy: Injecting latency into file download: 2000
I20260608 10:06:00.047314   885 ts_tablet_manager.cc:933] T 7accc5b45f10464c8582d184b58eb417 P 5ced318fd284410d92102be3f701f0fd: Initiating tablet copy from peer 1a41fdc7441a4ebc8549a05dd1e8983c (127.27.125.1:33411)
I20260608 10:06:00.047789   883 tablet_copy_client.cc:806] T 9471f493f7a0412b8c4c421b49050395 P ae26eb1c592f4e8290aa4ac0e9ca4808: tablet copy: Starting download of 0 data blocks...
I20260608 10:06:00.048353   883 tablet_copy_client.cc:670] T 9471f493f7a0412b8c4c421b49050395 P ae26eb1c592f4e8290aa4ac0e9ca4808: tablet copy: Starting download of 1 WAL segments...
I20260608 10:06:00.051421   885 tablet_copy_client.cc:323] T 7accc5b45f10464c8582d184b58eb417 P 5ced318fd284410d92102be3f701f0fd: tablet copy: Beginning tablet copy session from remote peer at address 127.27.125.1:33411
I20260608 10:06:00.052592   884 tablet_copy_client.cc:1025] T 9471f493f7a0412b8c4c421b49050395 P ae26eb1c592f4e8290aa4ac0e9ca4808: tablet copy: Injecting latency into file download: 2000
I20260608 10:06:00.062223 32694 tablet_copy_service.cc:140] P 1a41fdc7441a4ebc8549a05dd1e8983c: Received BeginTabletCopySession request for tablet 7accc5b45f10464c8582d184b58eb417 from peer 5ced318fd284410d92102be3f701f0fd ({username='slave'} at 127.0.0.1:48342)
I20260608 10:06:00.062794 32694 tablet_copy_service.cc:161] P 1a41fdc7441a4ebc8549a05dd1e8983c: Beginning new tablet copy session on tablet 7accc5b45f10464c8582d184b58eb417 from peer 5ced318fd284410d92102be3f701f0fd at {username='slave'} at 127.0.0.1:48342: session id = 5ced318fd284410d92102be3f701f0fd-7accc5b45f10464c8582d184b58eb417
I20260608 10:06:00.068005 32694 tablet_copy_source_session.cc:215] T 7accc5b45f10464c8582d184b58eb417 P 1a41fdc7441a4ebc8549a05dd1e8983c: Tablet Copy: opened 0 blocks and 1 log segments
I20260608 10:06:00.070842   885 data_dirs.cc:400] Could only allocate 1 dirs of requested 3 for tablet 7accc5b45f10464c8582d184b58eb417. 1 dirs total, 0 dirs full, 0 dirs failed
I20260608 10:06:00.081758   885 tablet_copy_client.cc:806] T 7accc5b45f10464c8582d184b58eb417 P 5ced318fd284410d92102be3f701f0fd: tablet copy: Starting download of 0 data blocks...
I20260608 10:06:00.082278   885 tablet_copy_client.cc:670] T 7accc5b45f10464c8582d184b58eb417 P 5ced318fd284410d92102be3f701f0fd: tablet copy: Starting download of 1 WAL segments...
I20260608 10:06:00.086400   886 tablet_copy_client.cc:1025] T 7accc5b45f10464c8582d184b58eb417 P 5ced318fd284410d92102be3f701f0fd: tablet copy: Injecting latency into file download: 2000
I20260608 10:06:00.158533   887 ts_tablet_manager.cc:933] T 6e05716ea13a479eb30197fe81f3c0e1 P 4039d55f213d4ed3b16b82b36e401d81: Initiating tablet copy from peer 3346e3a3c7044f76b4a8b53d00d31630 (127.27.125.2:33047)
I20260608 10:06:00.160341   887 tablet_copy_client.cc:323] T 6e05716ea13a479eb30197fe81f3c0e1 P 4039d55f213d4ed3b16b82b36e401d81: tablet copy: Beginning tablet copy session from remote peer at address 127.27.125.2:33047
I20260608 10:06:00.169950   302 tablet_copy_service.cc:140] P 3346e3a3c7044f76b4a8b53d00d31630: Received BeginTabletCopySession request for tablet 6e05716ea13a479eb30197fe81f3c0e1 from peer 4039d55f213d4ed3b16b82b36e401d81 ({username='slave'} at 127.0.0.1:54868)
I20260608 10:06:00.170543   302 tablet_copy_service.cc:161] P 3346e3a3c7044f76b4a8b53d00d31630: Beginning new tablet copy session on tablet 6e05716ea13a479eb30197fe81f3c0e1 from peer 4039d55f213d4ed3b16b82b36e401d81 at {username='slave'} at 127.0.0.1:54868: session id = 4039d55f213d4ed3b16b82b36e401d81-6e05716ea13a479eb30197fe81f3c0e1
I20260608 10:06:00.178298   302 tablet_copy_source_session.cc:215] T 6e05716ea13a479eb30197fe81f3c0e1 P 3346e3a3c7044f76b4a8b53d00d31630: Tablet Copy: opened 0 blocks and 1 log segments
I20260608 10:06:00.181464   887 data_dirs.cc:400] Could only allocate 1 dirs of requested 3 for tablet 6e05716ea13a479eb30197fe81f3c0e1. 1 dirs total, 0 dirs full, 0 dirs failed
I20260608 10:06:00.194157   887 tablet_copy_client.cc:806] T 6e05716ea13a479eb30197fe81f3c0e1 P 4039d55f213d4ed3b16b82b36e401d81: tablet copy: Starting download of 0 data blocks...
I20260608 10:06:00.194748   887 tablet_copy_client.cc:670] T 6e05716ea13a479eb30197fe81f3c0e1 P 4039d55f213d4ed3b16b82b36e401d81: tablet copy: Starting download of 1 WAL segments...
I20260608 10:06:00.200881   888 tablet_copy_client.cc:1025] T 6e05716ea13a479eb30197fe81f3c0e1 P 4039d55f213d4ed3b16b82b36e401d81: tablet copy: Injecting latency into file download: 2000
I20260608 10:06:01.949149   873 tablet_copy_client.cc:538] T a16cf38e6d1448f78821fc23ced18b3f P ae26eb1c592f4e8290aa4ac0e9ca4808: tablet copy: Tablet Copy complete. Replacing tablet superblock.
I20260608 10:06:01.963500   873 tablet_bootstrap.cc:492] T a16cf38e6d1448f78821fc23ced18b3f P ae26eb1c592f4e8290aa4ac0e9ca4808: Bootstrap starting.
I20260608 10:06:01.996879   876 tablet_copy_client.cc:538] T f2b3340bf5bb446c844a094f16cbd5cc P 4039d55f213d4ed3b16b82b36e401d81: tablet copy: Tablet Copy complete. Replacing tablet superblock.
I20260608 10:06:02.008275   876 tablet_bootstrap.cc:492] T f2b3340bf5bb446c844a094f16cbd5cc P 4039d55f213d4ed3b16b82b36e401d81: Bootstrap starting.
I20260608 10:06:02.041698   880 tablet_copy_client.cc:538] T 97c31419b34c46598e76906d281081fa P 5ced318fd284410d92102be3f701f0fd: tablet copy: Tablet Copy complete. Replacing tablet superblock.
I20260608 10:06:02.054064   883 tablet_copy_client.cc:538] T 9471f493f7a0412b8c4c421b49050395 P ae26eb1c592f4e8290aa4ac0e9ca4808: tablet copy: Tablet Copy complete. Replacing tablet superblock.
I20260608 10:06:02.059329   880 tablet_bootstrap.cc:492] T 97c31419b34c46598e76906d281081fa P 5ced318fd284410d92102be3f701f0fd: Bootstrap starting.
I20260608 10:06:02.074210   883 tablet_bootstrap.cc:492] T 9471f493f7a0412b8c4c421b49050395 P ae26eb1c592f4e8290aa4ac0e9ca4808: Bootstrap starting.
I20260608 10:06:02.087898   885 tablet_copy_client.cc:538] T 7accc5b45f10464c8582d184b58eb417 P 5ced318fd284410d92102be3f701f0fd: tablet copy: Tablet Copy complete. Replacing tablet superblock.
I20260608 10:06:02.100775   885 tablet_bootstrap.cc:492] T 7accc5b45f10464c8582d184b58eb417 P 5ced318fd284410d92102be3f701f0fd: Bootstrap starting.
I20260608 10:06:02.202345   887 tablet_copy_client.cc:538] T 6e05716ea13a479eb30197fe81f3c0e1 P 4039d55f213d4ed3b16b82b36e401d81: tablet copy: Tablet Copy complete. Replacing tablet superblock.
I20260608 10:06:02.203606   876 tablet_bootstrap.cc:492] T f2b3340bf5bb446c844a094f16cbd5cc P 4039d55f213d4ed3b16b82b36e401d81: Bootstrap replayed 1/1 log segments. Stats: ops{read=25 overwritten=0 applied=25 ignored=0} inserts{seen=96 ignored=0} mutations{seen=0 ignored=0} orphaned_commits=0. Pending: 0 replicates
I20260608 10:06:02.204546   876 tablet_bootstrap.cc:492] T f2b3340bf5bb446c844a094f16cbd5cc P 4039d55f213d4ed3b16b82b36e401d81: Bootstrap complete.
I20260608 10:06:02.205186   876 ts_tablet_manager.cc:1403] T f2b3340bf5bb446c844a094f16cbd5cc P 4039d55f213d4ed3b16b82b36e401d81: Time spent bootstrapping tablet: real 0.197s	user 0.132s	sys 0.023s
I20260608 10:06:02.208817   876 raft_consensus.cc:359] T f2b3340bf5bb446c844a094f16cbd5cc P 4039d55f213d4ed3b16b82b36e401d81 [term 1 LEARNER]: Replica starting. Triggering 0 pending ops. Active config: opid_index: 25 OBSOLETE_local: false peers { permanent_uuid: "1a41fdc7441a4ebc8549a05dd1e8983c" member_type: VOTER last_known_addr { host: "127.27.125.1" port: 33411 } attrs { replace: true } } peers { permanent_uuid: "3346e3a3c7044f76b4a8b53d00d31630" member_type: VOTER last_known_addr { host: "127.27.125.2" port: 33047 } } peers { permanent_uuid: "3adb6229c520403fb722e534cf06e51c" member_type: VOTER last_known_addr { host: "127.27.125.3" port: 36615 } } peers { permanent_uuid: "4039d55f213d4ed3b16b82b36e401d81" member_type: NON_VOTER last_known_addr { host: "127.27.125.4" port: 38773 } attrs { promote: true } }
I20260608 10:06:02.210112   876 raft_consensus.cc:740] T f2b3340bf5bb446c844a094f16cbd5cc P 4039d55f213d4ed3b16b82b36e401d81 [term 1 LEARNER]: Becoming Follower/Learner. State: Replica: 4039d55f213d4ed3b16b82b36e401d81, State: Initialized, Role: LEARNER
I20260608 10:06:02.210800   876 consensus_queue.cc:260] T f2b3340bf5bb446c844a094f16cbd5cc P 4039d55f213d4ed3b16b82b36e401d81 [NON_LEADER]: Queue going to NON_LEADER mode. State: All replicated index: 0, Majority replicated index: 0, Committed index: 25, Last appended: 1.25, Last appended by leader: 25, Current term: 0, Majority size: -1, State: 0, Mode: NON_LEADER, active raft config: opid_index: 25 OBSOLETE_local: false peers { permanent_uuid: "1a41fdc7441a4ebc8549a05dd1e8983c" member_type: VOTER last_known_addr { host: "127.27.125.1" port: 33411 } attrs { replace: true } } peers { permanent_uuid: "3346e3a3c7044f76b4a8b53d00d31630" member_type: VOTER last_known_addr { host: "127.27.125.2" port: 33047 } } peers { permanent_uuid: "3adb6229c520403fb722e534cf06e51c" member_type: VOTER last_known_addr { host: "127.27.125.3" port: 36615 } } peers { permanent_uuid: "4039d55f213d4ed3b16b82b36e401d81" member_type: NON_VOTER last_known_addr { host: "127.27.125.4" port: 38773 } attrs { promote: true } }
I20260608 10:06:02.213722   887 tablet_bootstrap.cc:492] T 6e05716ea13a479eb30197fe81f3c0e1 P 4039d55f213d4ed3b16b82b36e401d81: Bootstrap starting.
I20260608 10:06:02.235384   876 ts_tablet_manager.cc:1434] T f2b3340bf5bb446c844a094f16cbd5cc P 4039d55f213d4ed3b16b82b36e401d81: Time spent starting tablet: real 0.030s	user 0.013s	sys 0.008s
I20260608 10:06:02.239066   376 tablet_copy_service.cc:342] P 3adb6229c520403fb722e534cf06e51c: Request end of tablet copy session 4039d55f213d4ed3b16b82b36e401d81-f2b3340bf5bb446c844a094f16cbd5cc received from {username='slave'} at 127.0.0.1:34808
I20260608 10:06:02.239667   376 tablet_copy_service.cc:434] P 3adb6229c520403fb722e534cf06e51c: ending tablet copy session 4039d55f213d4ed3b16b82b36e401d81-f2b3340bf5bb446c844a094f16cbd5cc on tablet f2b3340bf5bb446c844a094f16cbd5cc with peer 4039d55f213d4ed3b16b82b36e401d81
I20260608 10:06:02.264431   873 tablet_bootstrap.cc:492] T a16cf38e6d1448f78821fc23ced18b3f P ae26eb1c592f4e8290aa4ac0e9ca4808: Bootstrap replayed 1/1 log segments. Stats: ops{read=26 overwritten=0 applied=26 ignored=0} inserts{seen=103 ignored=0} mutations{seen=0 ignored=0} orphaned_commits=0. Pending: 0 replicates
I20260608 10:06:02.265626   873 tablet_bootstrap.cc:492] T a16cf38e6d1448f78821fc23ced18b3f P ae26eb1c592f4e8290aa4ac0e9ca4808: Bootstrap complete.
I20260608 10:06:02.268808   873 ts_tablet_manager.cc:1403] T a16cf38e6d1448f78821fc23ced18b3f P ae26eb1c592f4e8290aa4ac0e9ca4808: Time spent bootstrapping tablet: real 0.306s	user 0.134s	sys 0.020s
I20260608 10:06:02.277845   873 raft_consensus.cc:359] T a16cf38e6d1448f78821fc23ced18b3f P ae26eb1c592f4e8290aa4ac0e9ca4808 [term 1 LEARNER]: Replica starting. Triggering 0 pending ops. Active config: opid_index: 26 OBSOLETE_local: false peers { permanent_uuid: "1a41fdc7441a4ebc8549a05dd1e8983c" member_type: VOTER last_known_addr { host: "127.27.125.1" port: 33411 } } peers { permanent_uuid: "3346e3a3c7044f76b4a8b53d00d31630" member_type: VOTER last_known_addr { host: "127.27.125.2" port: 33047 } } peers { permanent_uuid: "3adb6229c520403fb722e534cf06e51c" member_type: VOTER last_known_addr { host: "127.27.125.3" port: 36615 } attrs { replace: true } } peers { permanent_uuid: "ae26eb1c592f4e8290aa4ac0e9ca4808" member_type: NON_VOTER last_known_addr { host: "127.27.125.5" port: 45813 } attrs { promote: true } }
I20260608 10:06:02.281816   873 raft_consensus.cc:740] T a16cf38e6d1448f78821fc23ced18b3f P ae26eb1c592f4e8290aa4ac0e9ca4808 [term 1 LEARNER]: Becoming Follower/Learner. State: Replica: ae26eb1c592f4e8290aa4ac0e9ca4808, State: Initialized, Role: LEARNER
I20260608 10:06:02.282505   873 consensus_queue.cc:260] T a16cf38e6d1448f78821fc23ced18b3f P ae26eb1c592f4e8290aa4ac0e9ca4808 [NON_LEADER]: Queue going to NON_LEADER mode. State: All replicated index: 0, Majority replicated index: 0, Committed index: 26, Last appended: 1.26, Last appended by leader: 26, Current term: 0, Majority size: -1, State: 0, Mode: NON_LEADER, active raft config: opid_index: 26 OBSOLETE_local: false peers { permanent_uuid: "1a41fdc7441a4ebc8549a05dd1e8983c" member_type: VOTER last_known_addr { host: "127.27.125.1" port: 33411 } } peers { permanent_uuid: "3346e3a3c7044f76b4a8b53d00d31630" member_type: VOTER last_known_addr { host: "127.27.125.2" port: 33047 } } peers { permanent_uuid: "3adb6229c520403fb722e534cf06e51c" member_type: VOTER last_known_addr { host: "127.27.125.3" port: 36615 } attrs { replace: true } } peers { permanent_uuid: "ae26eb1c592f4e8290aa4ac0e9ca4808" member_type: NON_VOTER last_known_addr { host: "127.27.125.5" port: 45813 } attrs { promote: true } }
I20260608 10:06:02.294093   873 ts_tablet_manager.cc:1434] T a16cf38e6d1448f78821fc23ced18b3f P ae26eb1c592f4e8290aa4ac0e9ca4808: Time spent starting tablet: real 0.022s	user 0.008s	sys 0.000s
I20260608 10:06:02.312582   302 tablet_copy_service.cc:342] P 3346e3a3c7044f76b4a8b53d00d31630: Request end of tablet copy session ae26eb1c592f4e8290aa4ac0e9ca4808-a16cf38e6d1448f78821fc23ced18b3f received from {username='slave'} at 127.0.0.1:54858
I20260608 10:06:02.313184   302 tablet_copy_service.cc:434] P 3346e3a3c7044f76b4a8b53d00d31630: ending tablet copy session ae26eb1c592f4e8290aa4ac0e9ca4808-a16cf38e6d1448f78821fc23ced18b3f on tablet a16cf38e6d1448f78821fc23ced18b3f with peer ae26eb1c592f4e8290aa4ac0e9ca4808
I20260608 10:06:02.362542   885 tablet_bootstrap.cc:492] T 7accc5b45f10464c8582d184b58eb417 P 5ced318fd284410d92102be3f701f0fd: Bootstrap replayed 1/1 log segments. Stats: ops{read=26 overwritten=0 applied=26 ignored=0} inserts{seen=94 ignored=0} mutations{seen=0 ignored=0} orphaned_commits=0. Pending: 0 replicates
I20260608 10:06:02.363530   885 tablet_bootstrap.cc:492] T 7accc5b45f10464c8582d184b58eb417 P 5ced318fd284410d92102be3f701f0fd: Bootstrap complete.
I20260608 10:06:02.364234   885 ts_tablet_manager.cc:1403] T 7accc5b45f10464c8582d184b58eb417 P 5ced318fd284410d92102be3f701f0fd: Time spent bootstrapping tablet: real 0.264s	user 0.136s	sys 0.026s
I20260608 10:06:02.367161   885 raft_consensus.cc:359] T 7accc5b45f10464c8582d184b58eb417 P 5ced318fd284410d92102be3f701f0fd [term 1 LEARNER]: Replica starting. Triggering 0 pending ops. Active config: opid_index: 26 OBSOLETE_local: false peers { permanent_uuid: "1a41fdc7441a4ebc8549a05dd1e8983c" member_type: VOTER last_known_addr { host: "127.27.125.1" port: 33411 } } peers { permanent_uuid: "3346e3a3c7044f76b4a8b53d00d31630" member_type: VOTER last_known_addr { host: "127.27.125.2" port: 33047 } attrs { replace: true } } peers { permanent_uuid: "3adb6229c520403fb722e534cf06e51c" member_type: VOTER last_known_addr { host: "127.27.125.3" port: 36615 } } peers { permanent_uuid: "5ced318fd284410d92102be3f701f0fd" member_type: NON_VOTER last_known_addr { host: "127.27.125.6" port: 46049 } attrs { promote: true } }
I20260608 10:06:02.367977   885 raft_consensus.cc:740] T 7accc5b45f10464c8582d184b58eb417 P 5ced318fd284410d92102be3f701f0fd [term 1 LEARNER]: Becoming Follower/Learner. State: Replica: 5ced318fd284410d92102be3f701f0fd, State: Initialized, Role: LEARNER
I20260608 10:06:02.368634   885 consensus_queue.cc:260] T 7accc5b45f10464c8582d184b58eb417 P 5ced318fd284410d92102be3f701f0fd [NON_LEADER]: Queue going to NON_LEADER mode. State: All replicated index: 0, Majority replicated index: 0, Committed index: 26, Last appended: 1.26, Last appended by leader: 26, Current term: 0, Majority size: -1, State: 0, Mode: NON_LEADER, active raft config: opid_index: 26 OBSOLETE_local: false peers { permanent_uuid: "1a41fdc7441a4ebc8549a05dd1e8983c" member_type: VOTER last_known_addr { host: "127.27.125.1" port: 33411 } } peers { permanent_uuid: "3346e3a3c7044f76b4a8b53d00d31630" member_type: VOTER last_known_addr { host: "127.27.125.2" port: 33047 } attrs { replace: true } } peers { permanent_uuid: "3adb6229c520403fb722e534cf06e51c" member_type: VOTER last_known_addr { host: "127.27.125.3" port: 36615 } } peers { permanent_uuid: "5ced318fd284410d92102be3f701f0fd" member_type: NON_VOTER last_known_addr { host: "127.27.125.6" port: 46049 } attrs { promote: true } }
I20260608 10:06:02.378455   885 ts_tablet_manager.cc:1434] T 7accc5b45f10464c8582d184b58eb417 P 5ced318fd284410d92102be3f701f0fd: Time spent starting tablet: real 0.014s	user 0.005s	sys 0.007s
I20260608 10:06:02.380725   883 tablet_bootstrap.cc:492] T 9471f493f7a0412b8c4c421b49050395 P ae26eb1c592f4e8290aa4ac0e9ca4808: Bootstrap replayed 1/1 log segments. Stats: ops{read=25 overwritten=0 applied=25 ignored=0} inserts{seen=99 ignored=0} mutations{seen=0 ignored=0} orphaned_commits=0. Pending: 0 replicates
I20260608 10:06:02.381701   883 tablet_bootstrap.cc:492] T 9471f493f7a0412b8c4c421b49050395 P ae26eb1c592f4e8290aa4ac0e9ca4808: Bootstrap complete.
I20260608 10:06:02.382416   883 ts_tablet_manager.cc:1403] T 9471f493f7a0412b8c4c421b49050395 P ae26eb1c592f4e8290aa4ac0e9ca4808: Time spent bootstrapping tablet: real 0.308s	user 0.133s	sys 0.016s
I20260608 10:06:02.385195   883 raft_consensus.cc:359] T 9471f493f7a0412b8c4c421b49050395 P ae26eb1c592f4e8290aa4ac0e9ca4808 [term 1 LEARNER]: Replica starting. Triggering 0 pending ops. Active config: opid_index: 25 OBSOLETE_local: false peers { permanent_uuid: "1a41fdc7441a4ebc8549a05dd1e8983c" member_type: VOTER last_known_addr { host: "127.27.125.1" port: 33411 } attrs { replace: true } } peers { permanent_uuid: "3346e3a3c7044f76b4a8b53d00d31630" member_type: VOTER last_known_addr { host: "127.27.125.2" port: 33047 } } peers { permanent_uuid: "3adb6229c520403fb722e534cf06e51c" member_type: VOTER last_known_addr { host: "127.27.125.3" port: 36615 } } peers { permanent_uuid: "ae26eb1c592f4e8290aa4ac0e9ca4808" member_type: NON_VOTER last_known_addr { host: "127.27.125.5" port: 45813 } attrs { promote: true } }
I20260608 10:06:02.386020   883 raft_consensus.cc:740] T 9471f493f7a0412b8c4c421b49050395 P ae26eb1c592f4e8290aa4ac0e9ca4808 [term 1 LEARNER]: Becoming Follower/Learner. State: Replica: ae26eb1c592f4e8290aa4ac0e9ca4808, State: Initialized, Role: LEARNER
I20260608 10:06:02.389537 32694 tablet_copy_service.cc:342] P 1a41fdc7441a4ebc8549a05dd1e8983c: Request end of tablet copy session 5ced318fd284410d92102be3f701f0fd-7accc5b45f10464c8582d184b58eb417 received from {username='slave'} at 127.0.0.1:48342
I20260608 10:06:02.390187 32694 tablet_copy_service.cc:434] P 1a41fdc7441a4ebc8549a05dd1e8983c: ending tablet copy session 5ced318fd284410d92102be3f701f0fd-7accc5b45f10464c8582d184b58eb417 on tablet 7accc5b45f10464c8582d184b58eb417 with peer 5ced318fd284410d92102be3f701f0fd
I20260608 10:06:02.391264   657 raft_consensus.cc:1217] T f2b3340bf5bb446c844a094f16cbd5cc P 4039d55f213d4ed3b16b82b36e401d81 [term 1 LEARNER]: Deduplicated request from leader. Original: 1.24->[1.25-1.25]   Dedup: 1.25->[]
I20260608 10:06:02.391708   880 tablet_bootstrap.cc:492] T 97c31419b34c46598e76906d281081fa P 5ced318fd284410d92102be3f701f0fd: Bootstrap replayed 1/1 log segments. Stats: ops{read=25 overwritten=0 applied=25 ignored=0} inserts{seen=88 ignored=0} mutations{seen=0 ignored=0} orphaned_commits=0. Pending: 0 replicates
I20260608 10:06:02.392714   880 tablet_bootstrap.cc:492] T 97c31419b34c46598e76906d281081fa P 5ced318fd284410d92102be3f701f0fd: Bootstrap complete.
I20260608 10:06:02.393471   880 ts_tablet_manager.cc:1403] T 97c31419b34c46598e76906d281081fa P 5ced318fd284410d92102be3f701f0fd: Time spent bootstrapping tablet: real 0.335s	user 0.149s	sys 0.004s
I20260608 10:06:02.396653   880 raft_consensus.cc:359] T 97c31419b34c46598e76906d281081fa P 5ced318fd284410d92102be3f701f0fd [term 1 LEARNER]: Replica starting. Triggering 0 pending ops. Active config: opid_index: 25 OBSOLETE_local: false peers { permanent_uuid: "1a41fdc7441a4ebc8549a05dd1e8983c" member_type: VOTER last_known_addr { host: "127.27.125.1" port: 33411 } } peers { permanent_uuid: "3346e3a3c7044f76b4a8b53d00d31630" member_type: VOTER last_known_addr { host: "127.27.125.2" port: 33047 } attrs { replace: true } } peers { permanent_uuid: "3adb6229c520403fb722e534cf06e51c" member_type: VOTER last_known_addr { host: "127.27.125.3" port: 36615 } } peers { permanent_uuid: "5ced318fd284410d92102be3f701f0fd" member_type: NON_VOTER last_known_addr { host: "127.27.125.6" port: 46049 } attrs { promote: true } }
I20260608 10:06:02.397511   880 raft_consensus.cc:740] T 97c31419b34c46598e76906d281081fa P 5ced318fd284410d92102be3f701f0fd [term 1 LEARNER]: Becoming Follower/Learner. State: Replica: 5ced318fd284410d92102be3f701f0fd, State: Initialized, Role: LEARNER
I20260608 10:06:02.398226   880 consensus_queue.cc:260] T 97c31419b34c46598e76906d281081fa P 5ced318fd284410d92102be3f701f0fd [NON_LEADER]: Queue going to NON_LEADER mode. State: All replicated index: 0, Majority replicated index: 0, Committed index: 25, Last appended: 1.25, Last appended by leader: 25, Current term: 0, Majority size: -1, State: 0, Mode: NON_LEADER, active raft config: opid_index: 25 OBSOLETE_local: false peers { permanent_uuid: "1a41fdc7441a4ebc8549a05dd1e8983c" member_type: VOTER last_known_addr { host: "127.27.125.1" port: 33411 } } peers { permanent_uuid: "3346e3a3c7044f76b4a8b53d00d31630" member_type: VOTER last_known_addr { host: "127.27.125.2" port: 33047 } attrs { replace: true } } peers { permanent_uuid: "3adb6229c520403fb722e534cf06e51c" member_type: VOTER last_known_addr { host: "127.27.125.3" port: 36615 } } peers { permanent_uuid: "5ced318fd284410d92102be3f701f0fd" member_type: NON_VOTER last_known_addr { host: "127.27.125.6" port: 46049 } attrs { promote: true } }
