I20260608 10:05:14.529292 11830 raft_consensus.cc:1275] T 96366ba7ae524df7aa79bb6c5b6de161 P 9dd63c857c8b4f5ca550bb53534a0235 [term 1 FOLLOWER]: Refusing update from remote peer d3bdd0217b0740db8277443d96e64456: Log matching property violated. Preceding OpId in replica: term: 1 index: 1. Preceding OpId from leader: term: 1 index: 2. (index mismatch)
I20260608 10:05:14.529390 12113 consensus_queue.cc:1048] T 96366ba7ae524df7aa79bb6c5b6de161 P d3bdd0217b0740db8277443d96e64456 [LEADER]: Connected to new peer: Peer: permanent_uuid: "c372cc4e74cb4c4a944ac794bb2519d8" member_type: VOTER last_known_addr { host: "127.8.91.130" port: 33141 }, Status: LMP_MISMATCH, Last received: 0.0, Next index: 2, Last known committed idx: 1, Time since last communication: 0.000s
I20260608 10:05:14.530931 12131 consensus_queue.cc:1048] T 96366ba7ae524df7aa79bb6c5b6de161 P d3bdd0217b0740db8277443d96e64456 [LEADER]: Connected to new peer: Peer: permanent_uuid: "9dd63c857c8b4f5ca550bb53534a0235" member_type: VOTER last_known_addr { host: "127.8.91.132" port: 33643 } attrs { replace: true }, Status: LMP_MISMATCH, Last received: 0.0, Next index: 2, Last known committed idx: 1, Time since last communication: 0.000s
I20260608 10:05:14.537735 12113 raft_consensus.cc:2955] T 96366ba7ae524df7aa79bb6c5b6de161 P d3bdd0217b0740db8277443d96e64456 [term 1 LEADER]: Committing config change with OpId 1.2: config changed from index -1 to 2, NON_VOTER 7fdeb68b45254db1ae5c69d4f290bba9 (127.8.91.131) added. New config: { opid_index: 2 OBSOLETE_local: false peers { permanent_uuid: "9dd63c857c8b4f5ca550bb53534a0235" member_type: VOTER last_known_addr { host: "127.8.91.132" port: 33643 } attrs { replace: true } } peers { permanent_uuid: "d3bdd0217b0740db8277443d96e64456" member_type: VOTER last_known_addr { host: "127.8.91.129" port: 35679 } } peers { permanent_uuid: "c372cc4e74cb4c4a944ac794bb2519d8" member_type: VOTER last_known_addr { host: "127.8.91.130" port: 33141 } } peers { permanent_uuid: "7fdeb68b45254db1ae5c69d4f290bba9" member_type: NON_VOTER last_known_addr { host: "127.8.91.131" port: 41691 } attrs { promote: true } } }
I20260608 10:05:14.539886 11612 raft_consensus.cc:2955] T 96366ba7ae524df7aa79bb6c5b6de161 P c372cc4e74cb4c4a944ac794bb2519d8 [term 1 FOLLOWER]: Committing config change with OpId 1.2: config changed from index -1 to 2, NON_VOTER 7fdeb68b45254db1ae5c69d4f290bba9 (127.8.91.131) added. New config: { opid_index: 2 OBSOLETE_local: false peers { permanent_uuid: "9dd63c857c8b4f5ca550bb53534a0235" member_type: VOTER last_known_addr { host: "127.8.91.132" port: 33643 } attrs { replace: true } } peers { permanent_uuid: "d3bdd0217b0740db8277443d96e64456" member_type: VOTER last_known_addr { host: "127.8.91.129" port: 35679 } } peers { permanent_uuid: "c372cc4e74cb4c4a944ac794bb2519d8" member_type: VOTER last_known_addr { host: "127.8.91.130" port: 33141 } } peers { permanent_uuid: "7fdeb68b45254db1ae5c69d4f290bba9" member_type: NON_VOTER last_known_addr { host: "127.8.91.131" port: 41691 } attrs { promote: true } } }
I20260608 10:05:14.541121 11830 raft_consensus.cc:2955] T 96366ba7ae524df7aa79bb6c5b6de161 P 9dd63c857c8b4f5ca550bb53534a0235 [term 1 FOLLOWER]: Committing config change with OpId 1.2: config changed from index -1 to 2, NON_VOTER 7fdeb68b45254db1ae5c69d4f290bba9 (127.8.91.131) added. New config: { opid_index: 2 OBSOLETE_local: false peers { permanent_uuid: "9dd63c857c8b4f5ca550bb53534a0235" member_type: VOTER last_known_addr { host: "127.8.91.132" port: 33643 } attrs { replace: true } } peers { permanent_uuid: "d3bdd0217b0740db8277443d96e64456" member_type: VOTER last_known_addr { host: "127.8.91.129" port: 35679 } } peers { permanent_uuid: "c372cc4e74cb4c4a944ac794bb2519d8" member_type: VOTER last_known_addr { host: "127.8.91.130" port: 33141 } } peers { permanent_uuid: "7fdeb68b45254db1ae5c69d4f290bba9" member_type: NON_VOTER last_known_addr { host: "127.8.91.131" port: 41691 } attrs { promote: true } } }
I20260608 10:05:14.556034 11433 catalog_manager.cc:5696] T 96366ba7ae524df7aa79bb6c5b6de161 P c372cc4e74cb4c4a944ac794bb2519d8 reported cstate change: config changed from index -1 to 2, NON_VOTER 7fdeb68b45254db1ae5c69d4f290bba9 (127.8.91.131) added. New cstate: current_term: 1 leader_uuid: "d3bdd0217b0740db8277443d96e64456" committed_config { opid_index: 2 OBSOLETE_local: false peers { permanent_uuid: "9dd63c857c8b4f5ca550bb53534a0235" member_type: VOTER last_known_addr { host: "127.8.91.132" port: 33643 } attrs { replace: true } } peers { permanent_uuid: "d3bdd0217b0740db8277443d96e64456" member_type: VOTER last_known_addr { host: "127.8.91.129" port: 35679 } } peers { permanent_uuid: "c372cc4e74cb4c4a944ac794bb2519d8" member_type: VOTER last_known_addr { host: "127.8.91.130" port: 33141 } } peers { permanent_uuid: "7fdeb68b45254db1ae5c69d4f290bba9" member_type: NON_VOTER last_known_addr { host: "127.8.91.131" port: 41691 } attrs { promote: true } } }
I20260608 10:05:15.094245 12140 ts_tablet_manager.cc:933] T 96366ba7ae524df7aa79bb6c5b6de161 P 7fdeb68b45254db1ae5c69d4f290bba9: Initiating tablet copy from peer d3bdd0217b0740db8277443d96e64456 (127.8.91.129:35679)
I20260608 10:05:15.096073 12140 tablet_copy_client.cc:323] T 96366ba7ae524df7aa79bb6c5b6de161 P 7fdeb68b45254db1ae5c69d4f290bba9: tablet copy: Beginning tablet copy session from remote peer at address 127.8.91.129:35679
I20260608 10:05:15.097781 11549 tablet_copy_service.cc:140] P d3bdd0217b0740db8277443d96e64456: Received BeginTabletCopySession request for tablet 96366ba7ae524df7aa79bb6c5b6de161 from peer 7fdeb68b45254db1ae5c69d4f290bba9 ({username='slave'} at 127.0.0.1:37432)
I20260608 10:05:15.098241 11549 tablet_copy_service.cc:161] P d3bdd0217b0740db8277443d96e64456: Beginning new tablet copy session on tablet 96366ba7ae524df7aa79bb6c5b6de161 from peer 7fdeb68b45254db1ae5c69d4f290bba9 at {username='slave'} at 127.0.0.1:37432: session id = 7fdeb68b45254db1ae5c69d4f290bba9-96366ba7ae524df7aa79bb6c5b6de161
I20260608 10:05:15.103525 11549 tablet_copy_source_session.cc:215] T 96366ba7ae524df7aa79bb6c5b6de161 P d3bdd0217b0740db8277443d96e64456: Tablet Copy: opened 0 blocks and 1 log segments
I20260608 10:05:15.106752 12140 data_dirs.cc:400] Could only allocate 1 dirs of requested 3 for tablet 96366ba7ae524df7aa79bb6c5b6de161. 1 dirs total, 0 dirs full, 0 dirs failed
I20260608 10:05:15.118750 12140 tablet_copy_client.cc:806] T 96366ba7ae524df7aa79bb6c5b6de161 P 7fdeb68b45254db1ae5c69d4f290bba9: tablet copy: Starting download of 0 data blocks...
I20260608 10:05:15.119323 12140 tablet_copy_client.cc:670] T 96366ba7ae524df7aa79bb6c5b6de161 P 7fdeb68b45254db1ae5c69d4f290bba9: tablet copy: Starting download of 1 WAL segments...
I20260608 10:05:15.123358 12140 tablet_copy_client.cc:538] T 96366ba7ae524df7aa79bb6c5b6de161 P 7fdeb68b45254db1ae5c69d4f290bba9: tablet copy: Tablet Copy complete. Replacing tablet superblock.
I20260608 10:05:15.130086 12140 tablet_bootstrap.cc:492] T 96366ba7ae524df7aa79bb6c5b6de161 P 7fdeb68b45254db1ae5c69d4f290bba9: Bootstrap starting.
I20260608 10:05:15.147203 12140 tablet_bootstrap.cc:492] T 96366ba7ae524df7aa79bb6c5b6de161 P 7fdeb68b45254db1ae5c69d4f290bba9: Bootstrap replayed 1/1 log segments. Stats: ops{read=2 overwritten=0 applied=2 ignored=0} inserts{seen=0 ignored=0} mutations{seen=0 ignored=0} orphaned_commits=0. Pending: 0 replicates
I20260608 10:05:15.147953 12140 tablet_bootstrap.cc:492] T 96366ba7ae524df7aa79bb6c5b6de161 P 7fdeb68b45254db1ae5c69d4f290bba9: Bootstrap complete.
I20260608 10:05:15.148514 12140 ts_tablet_manager.cc:1403] T 96366ba7ae524df7aa79bb6c5b6de161 P 7fdeb68b45254db1ae5c69d4f290bba9: Time spent bootstrapping tablet: real 0.019s	user 0.011s	sys 0.004s
I20260608 10:05:15.150871 12140 raft_consensus.cc:359] T 96366ba7ae524df7aa79bb6c5b6de161 P 7fdeb68b45254db1ae5c69d4f290bba9 [term 1 LEARNER]: Replica starting. Triggering 0 pending ops. Active config: opid_index: 2 OBSOLETE_local: false peers { permanent_uuid: "9dd63c857c8b4f5ca550bb53534a0235" member_type: VOTER last_known_addr { host: "127.8.91.132" port: 33643 } attrs { replace: true } } peers { permanent_uuid: "d3bdd0217b0740db8277443d96e64456" member_type: VOTER last_known_addr { host: "127.8.91.129" port: 35679 } } peers { permanent_uuid: "c372cc4e74cb4c4a944ac794bb2519d8" member_type: VOTER last_known_addr { host: "127.8.91.130" port: 33141 } } peers { permanent_uuid: "7fdeb68b45254db1ae5c69d4f290bba9" member_type: NON_VOTER last_known_addr { host: "127.8.91.131" port: 41691 } attrs { promote: true } }
I20260608 10:05:15.151484 12140 raft_consensus.cc:740] T 96366ba7ae524df7aa79bb6c5b6de161 P 7fdeb68b45254db1ae5c69d4f290bba9 [term 1 LEARNER]: Becoming Follower/Learner. State: Replica: 7fdeb68b45254db1ae5c69d4f290bba9, State: Initialized, Role: LEARNER
I20260608 10:05:15.152040 12140 consensus_queue.cc:260] T 96366ba7ae524df7aa79bb6c5b6de161 P 7fdeb68b45254db1ae5c69d4f290bba9 [NON_LEADER]: Queue going to NON_LEADER mode. State: All replicated index: 0, Majority replicated index: 0, Committed index: 2, Last appended: 1.2, Last appended by leader: 2, Current term: 0, Majority size: -1, State: 0, Mode: NON_LEADER, active raft config: opid_index: 2 OBSOLETE_local: false peers { permanent_uuid: "9dd63c857c8b4f5ca550bb53534a0235" member_type: VOTER last_known_addr { host: "127.8.91.132" port: 33643 } attrs { replace: true } } peers { permanent_uuid: "d3bdd0217b0740db8277443d96e64456" member_type: VOTER last_known_addr { host: "127.8.91.129" port: 35679 } } peers { permanent_uuid: "c372cc4e74cb4c4a944ac794bb2519d8" member_type: VOTER last_known_addr { host: "127.8.91.130" port: 33141 } } peers { permanent_uuid: "7fdeb68b45254db1ae5c69d4f290bba9" member_type: NON_VOTER last_known_addr { host: "127.8.91.131" port: 41691 } attrs { promote: true } }
I20260608 10:05:15.154294 12140 ts_tablet_manager.cc:1434] T 96366ba7ae524df7aa79bb6c5b6de161 P 7fdeb68b45254db1ae5c69d4f290bba9: Time spent starting tablet: real 0.006s	user 0.008s	sys 0.000s
I20260608 10:05:15.156039 11549 tablet_copy_service.cc:342] P d3bdd0217b0740db8277443d96e64456: Request end of tablet copy session 7fdeb68b45254db1ae5c69d4f290bba9-96366ba7ae524df7aa79bb6c5b6de161 received from {username='slave'} at 127.0.0.1:37432
I20260608 10:05:15.156461 11549 tablet_copy_service.cc:434] P d3bdd0217b0740db8277443d96e64456: ending tablet copy session 7fdeb68b45254db1ae5c69d4f290bba9-96366ba7ae524df7aa79bb6c5b6de161 on tablet 96366ba7ae524df7aa79bb6c5b6de161 with peer 7fdeb68b45254db1ae5c69d4f290bba9
I20260608 10:05:15.553968 11490 auto_leader_rebalancer.cc:140] leader rebalance for table range_aware_rebalance_new_range
I20260608 10:05:15.569276 11490 auto_leader_rebalancer.cc:388] table: range_aware_rebalance_new_range, leader rebalance finish, leader transfer count: 0
I20260608 10:05:15.570055 11490 auto_leader_rebalancer.cc:451] All tables' leader rebalancing finished this round
I20260608 10:05:15.697791 11685 raft_consensus.cc:1217] T 96366ba7ae524df7aa79bb6c5b6de161 P 7fdeb68b45254db1ae5c69d4f290bba9 [term 1 LEARNER]: Deduplicated request from leader. Original: 1.1->[1.2-1.2]   Dedup: 1.2->[]
I20260608 10:05:16.310416 12145 raft_consensus.cc:1064] T 96366ba7ae524df7aa79bb6c5b6de161 P d3bdd0217b0740db8277443d96e64456: attempting to promote NON_VOTER 7fdeb68b45254db1ae5c69d4f290bba9 to VOTER
I20260608 10:05:16.312449 12145 consensus_queue.cc:237] T 96366ba7ae524df7aa79bb6c5b6de161 P d3bdd0217b0740db8277443d96e64456 [LEADER]: Queue going to LEADER mode. State: All replicated index: 0, Majority replicated index: 2, Committed index: 2, Last appended: 1.2, Last appended by leader: 0, Current term: 1, Majority size: 3, State: 0, Mode: LEADER, active raft config: opid_index: 3 OBSOLETE_local: false peers { permanent_uuid: "9dd63c857c8b4f5ca550bb53534a0235" member_type: VOTER last_known_addr { host: "127.8.91.132" port: 33643 } attrs { replace: true } } peers { permanent_uuid: "d3bdd0217b0740db8277443d96e64456" member_type: VOTER last_known_addr { host: "127.8.91.129" port: 35679 } } peers { permanent_uuid: "c372cc4e74cb4c4a944ac794bb2519d8" member_type: VOTER last_known_addr { host: "127.8.91.130" port: 33141 } } peers { permanent_uuid: "7fdeb68b45254db1ae5c69d4f290bba9" member_type: VOTER last_known_addr { host: "127.8.91.131" port: 41691 } attrs { promote: false } }
I20260608 10:05:16.321412 11612 raft_consensus.cc:1275] T 96366ba7ae524df7aa79bb6c5b6de161 P c372cc4e74cb4c4a944ac794bb2519d8 [term 1 FOLLOWER]: Refusing update from remote peer d3bdd0217b0740db8277443d96e64456: Log matching property violated. Preceding OpId in replica: term: 1 index: 2. Preceding OpId from leader: term: 1 index: 3. (index mismatch)
I20260608 10:05:16.321452 11832 raft_consensus.cc:1275] T 96366ba7ae524df7aa79bb6c5b6de161 P 9dd63c857c8b4f5ca550bb53534a0235 [term 1 FOLLOWER]: Refusing update from remote peer d3bdd0217b0740db8277443d96e64456: Log matching property violated. Preceding OpId in replica: term: 1 index: 2. Preceding OpId from leader: term: 1 index: 3. (index mismatch)
I20260608 10:05:16.320519 11685 raft_consensus.cc:1275] T 96366ba7ae524df7aa79bb6c5b6de161 P 7fdeb68b45254db1ae5c69d4f290bba9 [term 1 LEARNER]: Refusing update from remote peer d3bdd0217b0740db8277443d96e64456: Log matching property violated. Preceding OpId in replica: term: 1 index: 2. Preceding OpId from leader: term: 1 index: 3. (index mismatch)
I20260608 10:05:16.323194 12143 consensus_queue.cc:1048] T 96366ba7ae524df7aa79bb6c5b6de161 P d3bdd0217b0740db8277443d96e64456 [LEADER]: Connected to new peer: Peer: permanent_uuid: "9dd63c857c8b4f5ca550bb53534a0235" member_type: VOTER last_known_addr { host: "127.8.91.132" port: 33643 } attrs { replace: true }, Status: LMP_MISMATCH, Last received: 0.0, Next index: 3, Last known committed idx: 2, Time since last communication: 0.000s
I20260608 10:05:16.324115 12145 consensus_queue.cc:1048] T 96366ba7ae524df7aa79bb6c5b6de161 P d3bdd0217b0740db8277443d96e64456 [LEADER]: Connected to new peer: Peer: permanent_uuid: "c372cc4e74cb4c4a944ac794bb2519d8" member_type: VOTER last_known_addr { host: "127.8.91.130" port: 33141 }, Status: LMP_MISMATCH, Last received: 0.0, Next index: 3, Last known committed idx: 2, Time since last communication: 0.000s
I20260608 10:05:16.325287 12147 consensus_queue.cc:1048] T 96366ba7ae524df7aa79bb6c5b6de161 P d3bdd0217b0740db8277443d96e64456 [LEADER]: Connected to new peer: Peer: permanent_uuid: "7fdeb68b45254db1ae5c69d4f290bba9" member_type: VOTER last_known_addr { host: "127.8.91.131" port: 41691 } attrs { promote: false }, Status: LMP_MISMATCH, Last received: 0.0, Next index: 3, Last known committed idx: 2, Time since last communication: 0.000s
I20260608 10:05:16.348644 12143 raft_consensus.cc:2955] T 96366ba7ae524df7aa79bb6c5b6de161 P d3bdd0217b0740db8277443d96e64456 [term 1 LEADER]: Committing config change with OpId 1.3: config changed from index 2 to 3, 7fdeb68b45254db1ae5c69d4f290bba9 (127.8.91.131) changed from NON_VOTER to VOTER. New config: { opid_index: 3 OBSOLETE_local: false peers { permanent_uuid: "9dd63c857c8b4f5ca550bb53534a0235" member_type: VOTER last_known_addr { host: "127.8.91.132" port: 33643 } attrs { replace: true } } peers { permanent_uuid: "d3bdd0217b0740db8277443d96e64456" member_type: VOTER last_known_addr { host: "127.8.91.129" port: 35679 } } peers { permanent_uuid: "c372cc4e74cb4c4a944ac794bb2519d8" member_type: VOTER last_known_addr { host: "127.8.91.130" port: 33141 } } peers { permanent_uuid: "7fdeb68b45254db1ae5c69d4f290bba9" member_type: VOTER last_known_addr { host: "127.8.91.131" port: 41691 } attrs { promote: false } } }
I20260608 10:05:16.350930 11832 raft_consensus.cc:2955] T 96366ba7ae524df7aa79bb6c5b6de161 P 9dd63c857c8b4f5ca550bb53534a0235 [term 1 FOLLOWER]: Committing config change with OpId 1.3: config changed from index 2 to 3, 7fdeb68b45254db1ae5c69d4f290bba9 (127.8.91.131) changed from NON_VOTER to VOTER. New config: { opid_index: 3 OBSOLETE_local: false peers { permanent_uuid: "9dd63c857c8b4f5ca550bb53534a0235" member_type: VOTER last_known_addr { host: "127.8.91.132" port: 33643 } attrs { replace: true } } peers { permanent_uuid: "d3bdd0217b0740db8277443d96e64456" member_type: VOTER last_known_addr { host: "127.8.91.129" port: 35679 } } peers { permanent_uuid: "c372cc4e74cb4c4a944ac794bb2519d8" member_type: VOTER last_known_addr { host: "127.8.91.130" port: 33141 } } peers { permanent_uuid: "7fdeb68b45254db1ae5c69d4f290bba9" member_type: VOTER last_known_addr { host: "127.8.91.131" port: 41691 } attrs { promote: false } } }
I20260608 10:05:16.350965 11612 raft_consensus.cc:2955] T 96366ba7ae524df7aa79bb6c5b6de161 P c372cc4e74cb4c4a944ac794bb2519d8 [term 1 FOLLOWER]: Committing config change with OpId 1.3: config changed from index 2 to 3, 7fdeb68b45254db1ae5c69d4f290bba9 (127.8.91.131) changed from NON_VOTER to VOTER. New config: { opid_index: 3 OBSOLETE_local: false peers { permanent_uuid: "9dd63c857c8b4f5ca550bb53534a0235" member_type: VOTER last_known_addr { host: "127.8.91.132" port: 33643 } attrs { replace: true } } peers { permanent_uuid: "d3bdd0217b0740db8277443d96e64456" member_type: VOTER last_known_addr { host: "127.8.91.129" port: 35679 } } peers { permanent_uuid: "c372cc4e74cb4c4a944ac794bb2519d8" member_type: VOTER last_known_addr { host: "127.8.91.130" port: 33141 } } peers { permanent_uuid: "7fdeb68b45254db1ae5c69d4f290bba9" member_type: VOTER last_known_addr { host: "127.8.91.131" port: 41691 } attrs { promote: false } } }
I20260608 10:05:16.366688 11436 catalog_manager.cc:5696] T 96366ba7ae524df7aa79bb6c5b6de161 P 9dd63c857c8b4f5ca550bb53534a0235 reported cstate change: config changed from index 2 to 3, 7fdeb68b45254db1ae5c69d4f290bba9 (127.8.91.131) changed from NON_VOTER to VOTER. New cstate: current_term: 1 leader_uuid: "d3bdd0217b0740db8277443d96e64456" committed_config { opid_index: 3 OBSOLETE_local: false peers { permanent_uuid: "9dd63c857c8b4f5ca550bb53534a0235" member_type: VOTER last_known_addr { host: "127.8.91.132" port: 33643 } attrs { replace: true } } peers { permanent_uuid: "d3bdd0217b0740db8277443d96e64456" member_type: VOTER last_known_addr { host: "127.8.91.129" port: 35679 } } peers { permanent_uuid: "c372cc4e74cb4c4a944ac794bb2519d8" member_type: VOTER last_known_addr { host: "127.8.91.130" port: 33141 } } peers { permanent_uuid: "7fdeb68b45254db1ae5c69d4f290bba9" member_type: VOTER last_known_addr { host: "127.8.91.131" port: 41691 } attrs { promote: false } } }
I20260608 10:05:16.376433 11685 raft_consensus.cc:2955] T 96366ba7ae524df7aa79bb6c5b6de161 P 7fdeb68b45254db1ae5c69d4f290bba9 [term 1 FOLLOWER]: Committing config change with OpId 1.3: config changed from index 2 to 3, 7fdeb68b45254db1ae5c69d4f290bba9 (127.8.91.131) changed from NON_VOTER to VOTER. New config: { opid_index: 3 OBSOLETE_local: false peers { permanent_uuid: "9dd63c857c8b4f5ca550bb53534a0235" member_type: VOTER last_known_addr { host: "127.8.91.132" port: 33643 } attrs { replace: true } } peers { permanent_uuid: "d3bdd0217b0740db8277443d96e64456" member_type: VOTER last_known_addr { host: "127.8.91.129" port: 35679 } } peers { permanent_uuid: "c372cc4e74cb4c4a944ac794bb2519d8" member_type: VOTER last_known_addr { host: "127.8.91.130" port: 33141 } } peers { permanent_uuid: "7fdeb68b45254db1ae5c69d4f290bba9" member_type: VOTER last_known_addr { host: "127.8.91.131" port: 41691 } attrs { promote: false } } }
I20260608 10:05:16.397449 11538 consensus_queue.cc:237] T 96366ba7ae524df7aa79bb6c5b6de161 P d3bdd0217b0740db8277443d96e64456 [LEADER]: Queue going to LEADER mode. State: All replicated index: 0, Majority replicated index: 3, Committed index: 3, Last appended: 1.3, Last appended by leader: 0, Current term: 1, Majority size: 2, State: 0, Mode: LEADER, active raft config: opid_index: 4 OBSOLETE_local: false peers { permanent_uuid: "d3bdd0217b0740db8277443d96e64456" member_type: VOTER last_known_addr { host: "127.8.91.129" port: 35679 } } peers { permanent_uuid: "c372cc4e74cb4c4a944ac794bb2519d8" member_type: VOTER last_known_addr { host: "127.8.91.130" port: 33141 } } peers { permanent_uuid: "7fdeb68b45254db1ae5c69d4f290bba9" member_type: VOTER last_known_addr { host: "127.8.91.131" port: 41691 } attrs { promote: false } }
I20260608 10:05:16.403385 11685 raft_consensus.cc:1275] T 96366ba7ae524df7aa79bb6c5b6de161 P 7fdeb68b45254db1ae5c69d4f290bba9 [term 1 FOLLOWER]: Refusing update from remote peer d3bdd0217b0740db8277443d96e64456: Log matching property violated. Preceding OpId in replica: term: 1 index: 3. Preceding OpId from leader: term: 1 index: 4. (index mismatch)
I20260608 10:05:16.403841 11612 raft_consensus.cc:1275] T 96366ba7ae524df7aa79bb6c5b6de161 P c372cc4e74cb4c4a944ac794bb2519d8 [term 1 FOLLOWER]: Refusing update from remote peer d3bdd0217b0740db8277443d96e64456: Log matching property violated. Preceding OpId in replica: term: 1 index: 3. Preceding OpId from leader: term: 1 index: 4. (index mismatch)
I20260608 10:05:16.405197 12145 consensus_queue.cc:1048] T 96366ba7ae524df7aa79bb6c5b6de161 P d3bdd0217b0740db8277443d96e64456 [LEADER]: Connected to new peer: Peer: permanent_uuid: "7fdeb68b45254db1ae5c69d4f290bba9" member_type: VOTER last_known_addr { host: "127.8.91.131" port: 41691 } attrs { promote: false }, Status: LMP_MISMATCH, Last received: 0.0, Next index: 4, Last known committed idx: 3, Time since last communication: 0.000s
I20260608 10:05:16.407172 12147 consensus_queue.cc:1048] T 96366ba7ae524df7aa79bb6c5b6de161 P d3bdd0217b0740db8277443d96e64456 [LEADER]: Connected to new peer: Peer: permanent_uuid: "c372cc4e74cb4c4a944ac794bb2519d8" member_type: VOTER last_known_addr { host: "127.8.91.130" port: 33141 }, Status: LMP_MISMATCH, Last received: 0.0, Next index: 4, Last known committed idx: 3, Time since last communication: 0.000s
I20260608 10:05:16.414523 12151 raft_consensus.cc:2955] T 96366ba7ae524df7aa79bb6c5b6de161 P d3bdd0217b0740db8277443d96e64456 [term 1 LEADER]: Committing config change with OpId 1.4: config changed from index 3 to 4, VOTER 9dd63c857c8b4f5ca550bb53534a0235 (127.8.91.132) evicted. New config: { opid_index: 4 OBSOLETE_local: false peers { permanent_uuid: "d3bdd0217b0740db8277443d96e64456" member_type: VOTER last_known_addr { host: "127.8.91.129" port: 35679 } } peers { permanent_uuid: "c372cc4e74cb4c4a944ac794bb2519d8" member_type: VOTER last_known_addr { host: "127.8.91.130" port: 33141 } } peers { permanent_uuid: "7fdeb68b45254db1ae5c69d4f290bba9" member_type: VOTER last_known_addr { host: "127.8.91.131" port: 41691 } attrs { promote: false } } }
I20260608 10:05:16.416286 11685 raft_consensus.cc:2955] T 96366ba7ae524df7aa79bb6c5b6de161 P 7fdeb68b45254db1ae5c69d4f290bba9 [term 1 FOLLOWER]: Committing config change with OpId 1.4: config changed from index 3 to 4, VOTER 9dd63c857c8b4f5ca550bb53534a0235 (127.8.91.132) evicted. New config: { opid_index: 4 OBSOLETE_local: false peers { permanent_uuid: "d3bdd0217b0740db8277443d96e64456" member_type: VOTER last_known_addr { host: "127.8.91.129" port: 35679 } } peers { permanent_uuid: "c372cc4e74cb4c4a944ac794bb2519d8" member_type: VOTER last_known_addr { host: "127.8.91.130" port: 33141 } } peers { permanent_uuid: "7fdeb68b45254db1ae5c69d4f290bba9" member_type: VOTER last_known_addr { host: "127.8.91.131" port: 41691 } attrs { promote: false } } }
I20260608 10:05:16.418152 11612 raft_consensus.cc:2955] T 96366ba7ae524df7aa79bb6c5b6de161 P c372cc4e74cb4c4a944ac794bb2519d8 [term 1 FOLLOWER]: Committing config change with OpId 1.4: config changed from index 3 to 4, VOTER 9dd63c857c8b4f5ca550bb53534a0235 (127.8.91.132) evicted. New config: { opid_index: 4 OBSOLETE_local: false peers { permanent_uuid: "d3bdd0217b0740db8277443d96e64456" member_type: VOTER last_known_addr { host: "127.8.91.129" port: 35679 } } peers { permanent_uuid: "c372cc4e74cb4c4a944ac794bb2519d8" member_type: VOTER last_known_addr { host: "127.8.91.130" port: 33141 } } peers { permanent_uuid: "7fdeb68b45254db1ae5c69d4f290bba9" member_type: VOTER last_known_addr { host: "127.8.91.131" port: 41691 } attrs { promote: false } } }
I20260608 10:05:16.424666 11422 catalog_manager.cc:5209] ChangeConfig:REMOVE_PEER RPC for tablet 96366ba7ae524df7aa79bb6c5b6de161 with cas_config_opid_index 3: ChangeConfig:REMOVE_PEER succeeded (attempt 1)
I20260608 10:05:16.431197 11436 catalog_manager.cc:5696] T 96366ba7ae524df7aa79bb6c5b6de161 P d3bdd0217b0740db8277443d96e64456 reported cstate change: config changed from index 3 to 4, VOTER 9dd63c857c8b4f5ca550bb53534a0235 (127.8.91.132) evicted. New cstate: current_term: 1 leader_uuid: "d3bdd0217b0740db8277443d96e64456" committed_config { opid_index: 4 OBSOLETE_local: false peers { permanent_uuid: "d3bdd0217b0740db8277443d96e64456" member_type: VOTER last_known_addr { host: "127.8.91.129" port: 35679 } health_report { overall_health: HEALTHY } } peers { permanent_uuid: "c372cc4e74cb4c4a944ac794bb2519d8" member_type: VOTER last_known_addr { host: "127.8.91.130" port: 33141 } health_report { overall_health: HEALTHY } } peers { permanent_uuid: "7fdeb68b45254db1ae5c69d4f290bba9" member_type: VOTER last_known_addr { host: "127.8.91.131" port: 41691 } attrs { promote: false } health_report { overall_health: HEALTHY } } }
I20260608 10:05:16.444428 11815 tablet_service.cc:1558] Processing DeleteTablet for tablet 96366ba7ae524df7aa79bb6c5b6de161 with delete_type TABLET_DATA_TOMBSTONED (TS 9dd63c857c8b4f5ca550bb53534a0235 not found in new config with opid_index 4) from {username='slave'} at 127.0.0.1:54876
I20260608 10:05:16.450150 12156 tablet_replica.cc:333] T 96366ba7ae524df7aa79bb6c5b6de161 P 9dd63c857c8b4f5ca550bb53534a0235: stopping tablet replica
I20260608 10:05:16.450897 12156 raft_consensus.cc:2243] T 96366ba7ae524df7aa79bb6c5b6de161 P 9dd63c857c8b4f5ca550bb53534a0235 [term 1 FOLLOWER]: Raft consensus shutting down.
I20260608 10:05:16.451614 12156 raft_consensus.cc:2272] T 96366ba7ae524df7aa79bb6c5b6de161 P 9dd63c857c8b4f5ca550bb53534a0235 [term 1 FOLLOWER]: Raft consensus is shut down!
I20260608 10:05:16.453972 12156 ts_tablet_manager.cc:1916] T 96366ba7ae524df7aa79bb6c5b6de161 P 9dd63c857c8b4f5ca550bb53534a0235: Deleting tablet data with delete state TABLET_DATA_TOMBSTONED
I20260608 10:05:16.465015 12156 ts_tablet_manager.cc:1929] T 96366ba7ae524df7aa79bb6c5b6de161 P 9dd63c857c8b4f5ca550bb53534a0235: tablet deleted with delete type TABLET_DATA_TOMBSTONED: last-logged OpId 1.3
I20260608 10:05:16.465356 12156 log.cc:1199] T 96366ba7ae524df7aa79bb6c5b6de161 P 9dd63c857c8b4f5ca550bb53534a0235: Deleting WAL directory at /tmp/dist-test-task4wmnXU/test-tmp/auto_rebalancer-test.0.AutoRebalancerTest.RangeAwareRebalancesNewRangeReplicas.1780913025819576-8558-0/minicluster-data/ts-3-root/wals/96366ba7ae524df7aa79bb6c5b6de161
I20260608 10:05:16.466761 11421 catalog_manager.cc:5027] TS 9dd63c857c8b4f5ca550bb53534a0235 (127.8.91.132:33643): tablet 96366ba7ae524df7aa79bb6c5b6de161 (table range_aware_rebalance_new_range [id=d83571c3c39c4d1eb1f45ebfd2f9783a]) successfully deleted
I20260608 10:05:16.562021  8558 tablet_server.cc:179] TabletServer@127.8.91.129:0 shutting down...
I20260608 10:05:16.599165  8558 ts_tablet_manager.cc:1507] Shutting down tablet manager...
I20260608 10:05:16.600373  8558 tablet_replica.cc:333] T 96366ba7ae524df7aa79bb6c5b6de161 P d3bdd0217b0740db8277443d96e64456: stopping tablet replica
I20260608 10:05:16.601411  8558 raft_consensus.cc:2243] T 96366ba7ae524df7aa79bb6c5b6de161 P d3bdd0217b0740db8277443d96e64456 [term 1 LEADER]: Raft consensus shutting down.
I20260608 10:05:16.603721  8558 raft_consensus.cc:2272] T 96366ba7ae524df7aa79bb6c5b6de161 P d3bdd0217b0740db8277443d96e64456 [term 1 FOLLOWER]: Raft consensus is shut down!
I20260608 10:05:16.606992  8558 tablet_replica.cc:333] T 076e8f16912e4a558ba0400ed643796e P d3bdd0217b0740db8277443d96e64456: stopping tablet replica
I20260608 10:05:16.607841  8558 raft_consensus.cc:2243] T 076e8f16912e4a558ba0400ed643796e P d3bdd0217b0740db8277443d96e64456 [term 1 LEADER]: Raft consensus shutting down.
I20260608 10:05:16.609146  8558 raft_consensus.cc:2272] T 076e8f16912e4a558ba0400ed643796e P d3bdd0217b0740db8277443d96e64456 [term 1 FOLLOWER]: Raft consensus is shut down!
I20260608 10:05:16.611877  8558 tablet_replica.cc:333] T 93ddd6b6dae94c21893c0e2867bbf5c6 P d3bdd0217b0740db8277443d96e64456: stopping tablet replica
I20260608 10:05:16.612478  8558 raft_consensus.cc:2243] T 93ddd6b6dae94c21893c0e2867bbf5c6 P d3bdd0217b0740db8277443d96e64456 [term 1 FOLLOWER]: Raft consensus shutting down.
I20260608 10:05:16.613662  8558 raft_consensus.cc:2272] T 93ddd6b6dae94c21893c0e2867bbf5c6 P d3bdd0217b0740db8277443d96e64456 [term 1 FOLLOWER]: Raft consensus is shut down!
I20260608 10:05:16.615639  8558 tablet_replica.cc:333] T d83a24ef857f47c79d027f767d342508 P d3bdd0217b0740db8277443d96e64456: stopping tablet replica
I20260608 10:05:16.616299  8558 raft_consensus.cc:2243] T d83a24ef857f47c79d027f767d342508 P d3bdd0217b0740db8277443d96e64456 [term 2 FOLLOWER]: Raft consensus shutting down.
I20260608 10:05:16.616820  8558 raft_consensus.cc:2272] T d83a24ef857f47c79d027f767d342508 P d3bdd0217b0740db8277443d96e64456 [term 2 FOLLOWER]: Raft consensus is shut down!
I20260608 10:05:16.618871  8558 tablet_replica.cc:333] T 8b1914509c7d46f888e43e940c34365a P d3bdd0217b0740db8277443d96e64456: stopping tablet replica
I20260608 10:05:16.619480  8558 raft_consensus.cc:2243] T 8b1914509c7d46f888e43e940c34365a P d3bdd0217b0740db8277443d96e64456 [term 2 FOLLOWER]: Raft consensus shutting down.
I20260608 10:05:16.620067  8558 raft_consensus.cc:2272] T 8b1914509c7d46f888e43e940c34365a P d3bdd0217b0740db8277443d96e64456 [term 2 FOLLOWER]: Raft consensus is shut down!
I20260608 10:05:16.623466  8558 tablet_replica.cc:333] T 88d73ddc6c9f4d3ab65efb3e1c1a31cf P d3bdd0217b0740db8277443d96e64456: stopping tablet replica
I20260608 10:05:16.624540  8558 raft_consensus.cc:2243] T 88d73ddc6c9f4d3ab65efb3e1c1a31cf P d3bdd0217b0740db8277443d96e64456 [term 1 FOLLOWER]: Raft consensus shutting down.
I20260608 10:05:16.625455  8558 raft_consensus.cc:2272] T 88d73ddc6c9f4d3ab65efb3e1c1a31cf P d3bdd0217b0740db8277443d96e64456 [term 1 FOLLOWER]: Raft consensus is shut down!
I20260608 10:05:16.628479  8558 tablet_replica.cc:333] T 571f3a186675407a90421e37683abb20 P d3bdd0217b0740db8277443d96e64456: stopping tablet replica
I20260608 10:05:16.629294  8558 raft_consensus.cc:2243] T 571f3a186675407a90421e37683abb20 P d3bdd0217b0740db8277443d96e64456 [term 1 LEADER]: Raft consensus shutting down.
I20260608 10:05:16.630612  8558 raft_consensus.cc:2272] T 571f3a186675407a90421e37683abb20 P d3bdd0217b0740db8277443d96e64456 [term 1 FOLLOWER]: Raft consensus is shut down!
I20260608 10:05:16.634300  8558 tablet_replica.cc:333] T bed78af0dc224bcb9fe5169dd63d9d39 P d3bdd0217b0740db8277443d96e64456: stopping tablet replica
I20260608 10:05:16.635265  8558 raft_consensus.cc:2243] T bed78af0dc224bcb9fe5169dd63d9d39 P d3bdd0217b0740db8277443d96e64456 [term 1 FOLLOWER]: Raft consensus shutting down.
I20260608 10:05:16.636530  8558 raft_consensus.cc:2272] T bed78af0dc224bcb9fe5169dd63d9d39 P d3bdd0217b0740db8277443d96e64456 [term 1 FOLLOWER]: Raft consensus is shut down!
I20260608 10:05:16.639835  8558 tablet_replica.cc:333] T 12b74c9278554703991188e92d7f5f70 P d3bdd0217b0740db8277443d96e64456: stopping tablet replica
I20260608 10:05:16.640362  8558 raft_consensus.cc:2243] T 12b74c9278554703991188e92d7f5f70 P d3bdd0217b0740db8277443d96e64456 [term 2 LEADER]: Raft consensus shutting down.
I20260608 10:05:16.641465  8558 raft_consensus.cc:2272] T 12b74c9278554703991188e92d7f5f70 P d3bdd0217b0740db8277443d96e64456 [term 2 FOLLOWER]: Raft consensus is shut down!
I20260608 10:05:16.643867  8558 tablet_replica.cc:333] T 657db821861c4a0e92baff7f16ebc2fd P d3bdd0217b0740db8277443d96e64456: stopping tablet replica
I20260608 10:05:16.644474  8558 raft_consensus.cc:2243] T 657db821861c4a0e92baff7f16ebc2fd P d3bdd0217b0740db8277443d96e64456 [term 2 FOLLOWER]: Raft consensus shutting down.
I20260608 10:05:16.645098  8558 raft_consensus.cc:2272] T 657db821861c4a0e92baff7f16ebc2fd P d3bdd0217b0740db8277443d96e64456 [term 2 FOLLOWER]: Raft consensus is shut down!
W20260608 10:05:16.645942 11652 proxy.cc:239] Call had error, refreshing address and retrying: Remote error: Service unavailable: service kudu.consensus.ConsensusService not registered on TabletServer [suppressed 2 similar messages]
I20260608 10:05:16.648037  8558 tablet_replica.cc:333] T c3b0807277ea4f20b544514242eb7a7a P d3bdd0217b0740db8277443d96e64456: stopping tablet replica
I20260608 10:05:16.648716  8558 raft_consensus.cc:2243] T c3b0807277ea4f20b544514242eb7a7a P d3bdd0217b0740db8277443d96e64456 [term 1 FOLLOWER]: Raft consensus shutting down.
I20260608 10:05:16.649554  8558 raft_consensus.cc:2272] T c3b0807277ea4f20b544514242eb7a7a P d3bdd0217b0740db8277443d96e64456 [term 1 FOLLOWER]: Raft consensus is shut down!
W20260608 10:05:16.649935 11652 consensus_peers.cc:597] T c3b0807277ea4f20b544514242eb7a7a P 7fdeb68b45254db1ae5c69d4f290bba9 -> Peer d3bdd0217b0740db8277443d96e64456 (127.8.91.129:35679): Couldn't send request to peer d3bdd0217b0740db8277443d96e64456. Status: Remote error: Service unavailable: service kudu.consensus.ConsensusService not registered on TabletServer. This is attempt 1: this message will repeat every 5th retry.
I20260608 10:05:16.652619  8558 tablet_replica.cc:333] T 0778daf53e96425489d771182cbb9484 P d3bdd0217b0740db8277443d96e64456: stopping tablet replica
I20260608 10:05:16.653388  8558 raft_consensus.cc:2243] T 0778daf53e96425489d771182cbb9484 P d3bdd0217b0740db8277443d96e64456 [term 1 FOLLOWER]: Raft consensus shutting down.
I20260608 10:05:16.654735  8558 raft_consensus.cc:2272] T 0778daf53e96425489d771182cbb9484 P d3bdd0217b0740db8277443d96e64456 [term 1 FOLLOWER]: Raft consensus is shut down!
W20260608 10:05:16.655280 11578 consensus_peers.cc:597] T 0778daf53e96425489d771182cbb9484 P c372cc4e74cb4c4a944ac794bb2519d8 -> Peer d3bdd0217b0740db8277443d96e64456 (127.8.91.129:35679): Couldn't send request to peer d3bdd0217b0740db8277443d96e64456. Status: Remote error: Service unavailable: service kudu.consensus.ConsensusService not registered on TabletServer. This is attempt 1: this message will repeat every 5th retry.
I20260608 10:05:16.696574  8558 tablet_server.cc:196] TabletServer@127.8.91.129:0 shutdown complete.
W20260608 10:05:16.723944 11652 consensus_peers.cc:597] T 93ddd6b6dae94c21893c0e2867bbf5c6 P 7fdeb68b45254db1ae5c69d4f290bba9 -> Peer d3bdd0217b0740db8277443d96e64456 (127.8.91.129:35679): Couldn't send request to peer d3bdd0217b0740db8277443d96e64456. Status: Network error: Client connection negotiation failed: client connection to 127.8.91.129:35679: connect: Connection refused (error 111). This is attempt 1: this message will repeat every 5th retry.
I20260608 10:05:16.732712  8558 tablet_server.cc:179] TabletServer@127.8.91.130:0 shutting down...
I20260608 10:05:16.761379  8558 ts_tablet_manager.cc:1507] Shutting down tablet manager...
I20260608 10:05:16.762516  8558 tablet_replica.cc:333] T 8b1914509c7d46f888e43e940c34365a P c372cc4e74cb4c4a944ac794bb2519d8: stopping tablet replica
I20260608 10:05:16.763523  8558 raft_consensus.cc:2243] T 8b1914509c7d46f888e43e940c34365a P c372cc4e74cb4c4a944ac794bb2519d8 [term 2 FOLLOWER]: Raft consensus shutting down.
I20260608 10:05:16.764284  8558 raft_consensus.cc:2272] T 8b1914509c7d46f888e43e940c34365a P c372cc4e74cb4c4a944ac794bb2519d8 [term 2 FOLLOWER]: Raft consensus is shut down!
I20260608 10:05:16.766860  8558 tablet_replica.cc:333] T 96366ba7ae524df7aa79bb6c5b6de161 P c372cc4e74cb4c4a944ac794bb2519d8: stopping tablet replica
I20260608 10:05:16.767431  8558 raft_consensus.cc:2243] T 96366ba7ae524df7aa79bb6c5b6de161 P c372cc4e74cb4c4a944ac794bb2519d8 [term 1 FOLLOWER]: Raft consensus shutting down.
I20260608 10:05:16.768383  8558 raft_consensus.cc:2272] T 96366ba7ae524df7aa79bb6c5b6de161 P c372cc4e74cb4c4a944ac794bb2519d8 [term 1 FOLLOWER]: Raft consensus is shut down!
I20260608 10:05:16.771129  8558 tablet_replica.cc:333] T d83a24ef857f47c79d027f767d342508 P c372cc4e74cb4c4a944ac794bb2519d8: stopping tablet replica
I20260608 10:05:16.771817  8558 raft_consensus.cc:2243] T d83a24ef857f47c79d027f767d342508 P c372cc4e74cb4c4a944ac794bb2519d8 [term 2 FOLLOWER]: Raft consensus shutting down.
I20260608 10:05:16.772420  8558 raft_consensus.cc:2272] T d83a24ef857f47c79d027f767d342508 P c372cc4e74cb4c4a944ac794bb2519d8 [term 2 FOLLOWER]: Raft consensus is shut down!
I20260608 10:05:16.774518  8558 tablet_replica.cc:333] T 93ddd6b6dae94c21893c0e2867bbf5c6 P c372cc4e74cb4c4a944ac794bb2519d8: stopping tablet replica
I20260608 10:05:16.775102  8558 raft_consensus.cc:2243] T 93ddd6b6dae94c21893c0e2867bbf5c6 P c372cc4e74cb4c4a944ac794bb2519d8 [term 1 FOLLOWER]: Raft consensus shutting down.
I20260608 10:05:16.775875  8558 raft_consensus.cc:2272] T 93ddd6b6dae94c21893c0e2867bbf5c6 P c372cc4e74cb4c4a944ac794bb2519d8 [term 1 FOLLOWER]: Raft consensus is shut down!
I20260608 10:05:16.777923  8558 tablet_replica.cc:333] T 7251e74fb55c406a833fb81aa3c2844b P c372cc4e74cb4c4a944ac794bb2519d8: stopping tablet replica
I20260608 10:05:16.778501  8558 raft_consensus.cc:2243] T 7251e74fb55c406a833fb81aa3c2844b P c372cc4e74cb4c4a944ac794bb2519d8 [term 1 LEADER]: Raft consensus shutting down.
I20260608 10:05:16.779528  8558 raft_consensus.cc:2272] T 7251e74fb55c406a833fb81aa3c2844b P c372cc4e74cb4c4a944ac794bb2519d8 [term 1 FOLLOWER]: Raft consensus is shut down!
I20260608 10:05:16.781553  8558 tablet_replica.cc:333] T 571f3a186675407a90421e37683abb20 P c372cc4e74cb4c4a944ac794bb2519d8: stopping tablet replica
I20260608 10:05:16.782096  8558 raft_consensus.cc:2243] T 571f3a186675407a90421e37683abb20 P c372cc4e74cb4c4a944ac794bb2519d8 [term 1 FOLLOWER]: Raft consensus shutting down.
I20260608 10:05:16.782876  8558 raft_consensus.cc:2272] T 571f3a186675407a90421e37683abb20 P c372cc4e74cb4c4a944ac794bb2519d8 [term 1 FOLLOWER]: Raft consensus is shut down!
I20260608 10:05:16.784715  8558 tablet_replica.cc:333] T 34319602b48d4fd59ec8e2a139daf03d P c372cc4e74cb4c4a944ac794bb2519d8: stopping tablet replica
I20260608 10:05:16.785254  8558 raft_consensus.cc:2243] T 34319602b48d4fd59ec8e2a139daf03d P c372cc4e74cb4c4a944ac794bb2519d8 [term 1 LEADER]: Raft consensus shutting down.
I20260608 10:05:16.786180  8558 raft_consensus.cc:2272] T 34319602b48d4fd59ec8e2a139daf03d P c372cc4e74cb4c4a944ac794bb2519d8 [term 1 FOLLOWER]: Raft consensus is shut down!
I20260608 10:05:16.788084  8558 tablet_replica.cc:333] T c0660298bb524699a9480a7b28faf7e8 P c372cc4e74cb4c4a944ac794bb2519d8: stopping tablet replica
I20260608 10:05:16.788632  8558 raft_consensus.cc:2243] T c0660298bb524699a9480a7b28faf7e8 P c372cc4e74cb4c4a944ac794bb2519d8 [term 1 LEADER]: Raft consensus shutting down.
I20260608 10:05:16.789592  8558 raft_consensus.cc:2272] T c0660298bb524699a9480a7b28faf7e8 P c372cc4e74cb4c4a944ac794bb2519d8 [term 1 FOLLOWER]: Raft consensus is shut down!
I20260608 10:05:16.791576  8558 tablet_replica.cc:333] T 657db821861c4a0e92baff7f16ebc2fd P c372cc4e74cb4c4a944ac794bb2519d8: stopping tablet replica
I20260608 10:05:16.792104  8558 raft_consensus.cc:2243] T 657db821861c4a0e92baff7f16ebc2fd P c372cc4e74cb4c4a944ac794bb2519d8 [term 2 FOLLOWER]: Raft consensus shutting down.
I20260608 10:05:16.792546  8558 raft_consensus.cc:2272] T 657db821861c4a0e92baff7f16ebc2fd P c372cc4e74cb4c4a944ac794bb2519d8 [term 2 FOLLOWER]: Raft consensus is shut down!
I20260608 10:05:16.794690  8558 tablet_replica.cc:333] T dcc834cc9d85456389632830311353b0 P c372cc4e74cb4c4a944ac794bb2519d8: stopping tablet replica
I20260608 10:05:16.795202  8558 raft_consensus.cc:2243] T dcc834cc9d85456389632830311353b0 P c372cc4e74cb4c4a944ac794bb2519d8 [term 2 FOLLOWER]: Raft consensus shutting down.
I20260608 10:05:16.795621  8558 raft_consensus.cc:2272] T dcc834cc9d85456389632830311353b0 P c372cc4e74cb4c4a944ac794bb2519d8 [term 2 FOLLOWER]: Raft consensus is shut down!
I20260608 10:05:16.797355  8558 tablet_replica.cc:333] T c3b0807277ea4f20b544514242eb7a7a P c372cc4e74cb4c4a944ac794bb2519d8: stopping tablet replica
I20260608 10:05:16.797871  8558 raft_consensus.cc:2243] T c3b0807277ea4f20b544514242eb7a7a P c372cc4e74cb4c4a944ac794bb2519d8 [term 1 FOLLOWER]: Raft consensus shutting down.
I20260608 10:05:16.798341  8558 raft_consensus.cc:2272] T c3b0807277ea4f20b544514242eb7a7a P c372cc4e74cb4c4a944ac794bb2519d8 [term 1 FOLLOWER]: Raft consensus is shut down!
I20260608 10:05:16.800276  8558 tablet_replica.cc:333] T 0778daf53e96425489d771182cbb9484 P c372cc4e74cb4c4a944ac794bb2519d8: stopping tablet replica
I20260608 10:05:16.800743  8558 raft_consensus.cc:2243] T 0778daf53e96425489d771182cbb9484 P c372cc4e74cb4c4a944ac794bb2519d8 [term 1 LEADER]: Raft consensus shutting down.
I20260608 10:05:16.801573  8558 raft_consensus.cc:2272] T 0778daf53e96425489d771182cbb9484 P c372cc4e74cb4c4a944ac794bb2519d8 [term 1 FOLLOWER]: Raft consensus is shut down!
I20260608 10:05:16.828226  8558 tablet_server.cc:196] TabletServer@127.8.91.130:0 shutdown complete.
W20260608 10:05:16.828984 11652 consensus_peers.cc:597] T 93ddd6b6dae94c21893c0e2867bbf5c6 P 7fdeb68b45254db1ae5c69d4f290bba9 -> Peer c372cc4e74cb4c4a944ac794bb2519d8 (127.8.91.130:33141): Couldn't send request to peer c372cc4e74cb4c4a944ac794bb2519d8. Status: Network error: Client connection negotiation failed: client connection to 127.8.91.130:33141: connect: Connection refused (error 111). This is attempt 1: this message will repeat every 5th retry.
W20260608 10:05:16.836561 11794 consensus_peers.cc:597] T 8b1914509c7d46f888e43e940c34365a P 9dd63c857c8b4f5ca550bb53534a0235 -> Peer d3bdd0217b0740db8277443d96e64456 (127.8.91.129:35679): Couldn't send request to peer d3bdd0217b0740db8277443d96e64456. Status: Network error: Client connection negotiation failed: client connection to 127.8.91.129:35679: connect: Connection refused (error 111). This is attempt 1: this message will repeat every 5th retry.
I20260608 10:05:16.858111  8558 tablet_server.cc:179] TabletServer@127.8.91.131:0 shutting down...
W20260608 10:05:16.886092 11794 consensus_peers.cc:597] T 88d73ddc6c9f4d3ab65efb3e1c1a31cf P 9dd63c857c8b4f5ca550bb53534a0235 -> Peer d3bdd0217b0740db8277443d96e64456 (127.8.91.129:35679): Couldn't send request to peer d3bdd0217b0740db8277443d96e64456. Status: Network error: Client connection negotiation failed: client connection to 127.8.91.129:35679: connect: Connection refused (error 111). This is attempt 1: this message will repeat every 5th retry.
I20260608 10:05:16.890815  8558 ts_tablet_manager.cc:1507] Shutting down tablet manager...
I20260608 10:05:16.891610  8558 tablet_replica.cc:333] T 96366ba7ae524df7aa79bb6c5b6de161 P 7fdeb68b45254db1ae5c69d4f290bba9: stopping tablet replica
I20260608 10:05:16.892347  8558 raft_consensus.cc:2243] T 96366ba7ae524df7aa79bb6c5b6de161 P 7fdeb68b45254db1ae5c69d4f290bba9 [term 1 FOLLOWER]: Raft consensus shutting down.
I20260608 10:05:16.892962  8558 raft_consensus.cc:2272] T 96366ba7ae524df7aa79bb6c5b6de161 P 7fdeb68b45254db1ae5c69d4f290bba9 [term 1 FOLLOWER]: Raft consensus is shut down!
I20260608 10:05:16.895663  8558 tablet_replica.cc:333] T dcc834cc9d85456389632830311353b0 P 7fdeb68b45254db1ae5c69d4f290bba9: stopping tablet replica
I20260608 10:05:16.896275  8558 raft_consensus.cc:2243] T dcc834cc9d85456389632830311353b0 P 7fdeb68b45254db1ae5c69d4f290bba9 [term 2 FOLLOWER]: Raft consensus shutting down.
I20260608 10:05:16.897917  8558 raft_consensus.cc:2272] T dcc834cc9d85456389632830311353b0 P 7fdeb68b45254db1ae5c69d4f290bba9 [term 2 FOLLOWER]: Raft consensus is shut down!
I20260608 10:05:16.900007  8558 tablet_replica.cc:333] T 076e8f16912e4a558ba0400ed643796e P 7fdeb68b45254db1ae5c69d4f290bba9: stopping tablet replica
I20260608 10:05:16.900525  8558 raft_consensus.cc:2243] T 076e8f16912e4a558ba0400ed643796e P 7fdeb68b45254db1ae5c69d4f290bba9 [term 1 FOLLOWER]: Raft consensus shutting down.
I20260608 10:05:16.900950  8558 raft_consensus.cc:2272] T 076e8f16912e4a558ba0400ed643796e P 7fdeb68b45254db1ae5c69d4f290bba9 [term 1 FOLLOWER]: Raft consensus is shut down!
W20260608 10:05:16.901675 11794 consensus_peers.cc:597] T d83a24ef857f47c79d027f767d342508 P 9dd63c857c8b4f5ca550bb53534a0235 -> Peer d3bdd0217b0740db8277443d96e64456 (127.8.91.129:35679): Couldn't send request to peer d3bdd0217b0740db8277443d96e64456. Status: Network error: Client connection negotiation failed: client connection to 127.8.91.129:35679: connect: Connection refused (error 111). This is attempt 1: this message will repeat every 5th retry.
I20260608 10:05:16.903048  8558 tablet_replica.cc:333] T 93ddd6b6dae94c21893c0e2867bbf5c6 P 7fdeb68b45254db1ae5c69d4f290bba9: stopping tablet replica
I20260608 10:05:16.903673  8558 raft_consensus.cc:2243] T 93ddd6b6dae94c21893c0e2867bbf5c6 P 7fdeb68b45254db1ae5c69d4f290bba9 [term 1 LEADER]: Raft consensus shutting down.
I20260608 10:05:16.904528  8558 raft_consensus.cc:2272] T 93ddd6b6dae94c21893c0e2867bbf5c6 P 7fdeb68b45254db1ae5c69d4f290bba9 [term 1 FOLLOWER]: Raft consensus is shut down!
I20260608 10:05:16.906540  8558 tablet_replica.cc:333] T 7251e74fb55c406a833fb81aa3c2844b P 7fdeb68b45254db1ae5c69d4f290bba9: stopping tablet replica
I20260608 10:05:16.907092  8558 raft_consensus.cc:2243] T 7251e74fb55c406a833fb81aa3c2844b P 7fdeb68b45254db1ae5c69d4f290bba9 [term 1 FOLLOWER]: Raft consensus shutting down.
I20260608 10:05:16.907850  8558 raft_consensus.cc:2272] T 7251e74fb55c406a833fb81aa3c2844b P 7fdeb68b45254db1ae5c69d4f290bba9 [term 1 FOLLOWER]: Raft consensus is shut down!
I20260608 10:05:16.909941  8558 tablet_replica.cc:333] T c0660298bb524699a9480a7b28faf7e8 P 7fdeb68b45254db1ae5c69d4f290bba9: stopping tablet replica
I20260608 10:05:16.910495  8558 raft_consensus.cc:2243] T c0660298bb524699a9480a7b28faf7e8 P 7fdeb68b45254db1ae5c69d4f290bba9 [term 1 FOLLOWER]: Raft consensus shutting down.
I20260608 10:05:16.911010  8558 raft_consensus.cc:2272] T c0660298bb524699a9480a7b28faf7e8 P 7fdeb68b45254db1ae5c69d4f290bba9 [term 1 FOLLOWER]: Raft consensus is shut down!
I20260608 10:05:16.912997  8558 tablet_replica.cc:333] T 34319602b48d4fd59ec8e2a139daf03d P 7fdeb68b45254db1ae5c69d4f290bba9: stopping tablet replica
I20260608 10:05:16.913568  8558 raft_consensus.cc:2243] T 34319602b48d4fd59ec8e2a139daf03d P 7fdeb68b45254db1ae5c69d4f290bba9 [term 1 FOLLOWER]: Raft consensus shutting down.
I20260608 10:05:16.913970  8558 raft_consensus.cc:2272] T 34319602b48d4fd59ec8e2a139daf03d P 7fdeb68b45254db1ae5c69d4f290bba9 [term 1 FOLLOWER]: Raft consensus is shut down!
I20260608 10:05:16.915833  8558 tablet_replica.cc:333] T 88d73ddc6c9f4d3ab65efb3e1c1a31cf P 7fdeb68b45254db1ae5c69d4f290bba9: stopping tablet replica
I20260608 10:05:16.916338  8558 raft_consensus.cc:2243] T 88d73ddc6c9f4d3ab65efb3e1c1a31cf P 7fdeb68b45254db1ae5c69d4f290bba9 [term 1 FOLLOWER]: Raft consensus shutting down.
I20260608 10:05:16.916752  8558 raft_consensus.cc:2272] T 88d73ddc6c9f4d3ab65efb3e1c1a31cf P 7fdeb68b45254db1ae5c69d4f290bba9 [term 1 FOLLOWER]: Raft consensus is shut down!
I20260608 10:05:16.918614  8558 tablet_replica.cc:333] T bed78af0dc224bcb9fe5169dd63d9d39 P 7fdeb68b45254db1ae5c69d4f290bba9: stopping tablet replica
I20260608 10:05:16.919257  8558 raft_consensus.cc:2243] T bed78af0dc224bcb9fe5169dd63d9d39 P 7fdeb68b45254db1ae5c69d4f290bba9 [term 1 LEADER]: Raft consensus shutting down.
I20260608 10:05:16.920176  8558 raft_consensus.cc:2272] T bed78af0dc224bcb9fe5169dd63d9d39 P 7fdeb68b45254db1ae5c69d4f290bba9 [term 1 FOLLOWER]: Raft consensus is shut down!
I20260608 10:05:16.922312  8558 tablet_replica.cc:333] T 12b74c9278554703991188e92d7f5f70 P 7fdeb68b45254db1ae5c69d4f290bba9: stopping tablet replica
I20260608 10:05:16.922794  8558 raft_consensus.cc:2243] T 12b74c9278554703991188e92d7f5f70 P 7fdeb68b45254db1ae5c69d4f290bba9 [term 2 FOLLOWER]: Raft consensus shutting down.
I20260608 10:05:16.923310  8558 raft_consensus.cc:2272] T 12b74c9278554703991188e92d7f5f70 P 7fdeb68b45254db1ae5c69d4f290bba9 [term 2 FOLLOWER]: Raft consensus is shut down!
I20260608 10:05:16.925396  8558 tablet_replica.cc:333] T c3b0807277ea4f20b544514242eb7a7a P 7fdeb68b45254db1ae5c69d4f290bba9: stopping tablet replica
I20260608 10:05:16.925879  8558 raft_consensus.cc:2243] T c3b0807277ea4f20b544514242eb7a7a P 7fdeb68b45254db1ae5c69d4f290bba9 [term 1 LEADER]: Raft consensus shutting down.
I20260608 10:05:16.926705  8558 raft_consensus.cc:2272] T c3b0807277ea4f20b544514242eb7a7a P 7fdeb68b45254db1ae5c69d4f290bba9 [term 1 FOLLOWER]: Raft consensus is shut down!
I20260608 10:05:16.928614  8558 tablet_replica.cc:333] T 657db821861c4a0e92baff7f16ebc2fd P 7fdeb68b45254db1ae5c69d4f290bba9: stopping tablet replica
I20260608 10:05:16.929065  8558 raft_consensus.cc:2243] T 657db821861c4a0e92baff7f16ebc2fd P 7fdeb68b45254db1ae5c69d4f290bba9 [term 2 LEADER]: Raft consensus shutting down.
I20260608 10:05:16.929868  8558 raft_consensus.cc:2272] T 657db821861c4a0e92baff7f16ebc2fd P 7fdeb68b45254db1ae5c69d4f290bba9 [term 2 FOLLOWER]: Raft consensus is shut down!
I20260608 10:05:16.966769  8558 tablet_server.cc:196] TabletServer@127.8.91.131:0 shutdown complete.
W20260608 10:05:16.969041 11794 consensus_peers.cc:597] T 8b1914509c7d46f888e43e940c34365a P 9dd63c857c8b4f5ca550bb53534a0235 -> Peer c372cc4e74cb4c4a944ac794bb2519d8 (127.8.91.130:33141): Couldn't send request to peer c372cc4e74cb4c4a944ac794bb2519d8. Status: Network error: Client connection negotiation failed: client connection to 127.8.91.130:33141: connect: Connection refused (error 111). This is attempt 1: this message will repeat every 5th retry.
