I20260608 10:05:35.045539 18056 consensus_queue.cc:260] T c0fcee03c1034f8080f3f4f86848e6b4 P 705af06ed3724db08cc4bce514d10105 [NON_LEADER]: Queue going to NON_LEADER mode. State: All replicated index: 0, Majority replicated index: 0, Committed index: 0, Last appended: 0.0, Last appended by leader: 0, Current term: 0, Majority size: -1, State: 0, Mode: NON_LEADER, active raft config: opid_index: -1 OBSOLETE_local: false peers { permanent_uuid: "b27eac811e0d4798a8bf87837eaf1d5c" member_type: VOTER last_known_addr { host: "127.13.15.131" port: 41087 } } peers { permanent_uuid: "705af06ed3724db08cc4bce514d10105" member_type: VOTER last_known_addr { host: "127.13.15.130" port: 42535 } } peers { permanent_uuid: "286514ac1ca644168fa9b1430b2fe81e" member_type: VOTER last_known_addr { host: "127.13.15.129" port: 39237 } }
I20260608 10:05:35.047878 17933 raft_consensus.cc:2468] T fe3a65a9da904b31a6b4d5c0dc11e513 P 705af06ed3724db08cc4bce514d10105 [term 0 FOLLOWER]: Leader pre-election vote request: Granting yes vote for candidate 286514ac1ca644168fa9b1430b2fe81e in term 0.
I20260608 10:05:35.049795 17819 leader_election.cc:304] T fe3a65a9da904b31a6b4d5c0dc11e513 P 286514ac1ca644168fa9b1430b2fe81e [CANDIDATE]: Term 1 pre-election: Election decided. Result: candidate won. Election summary: received 2 responses out of 3 voters: 2 yes votes; 0 no votes. yes voters: 286514ac1ca644168fa9b1430b2fe81e, 705af06ed3724db08cc4bce514d10105; no voters: 
I20260608 10:05:35.051263 18093 raft_consensus.cc:2804] T fe3a65a9da904b31a6b4d5c0dc11e513 P 286514ac1ca644168fa9b1430b2fe81e [term 0 FOLLOWER]: Leader pre-election won for term 1
I20260608 10:05:35.051759 18093 raft_consensus.cc:493] T fe3a65a9da904b31a6b4d5c0dc11e513 P 286514ac1ca644168fa9b1430b2fe81e [term 0 FOLLOWER]: Starting leader election (no leader contacted us within the election timeout)
I20260608 10:05:35.052208 18093 raft_consensus.cc:3060] T fe3a65a9da904b31a6b4d5c0dc11e513 P 286514ac1ca644168fa9b1430b2fe81e [term 0 FOLLOWER]: Advancing to term 1
I20260608 10:05:35.054708 18056 ts_tablet_manager.cc:1434] T c0fcee03c1034f8080f3f4f86848e6b4 P 705af06ed3724db08cc4bce514d10105: Time spent starting tablet: real 0.022s	user 0.008s	sys 0.005s
I20260608 10:05:35.056214 18056 tablet_bootstrap.cc:492] T 4ab8c44137d44f39b0f9e9de7f88aa89 P 705af06ed3724db08cc4bce514d10105: Bootstrap starting.
I20260608 10:05:35.071231 18056 tablet_bootstrap.cc:654] T 4ab8c44137d44f39b0f9e9de7f88aa89 P 705af06ed3724db08cc4bce514d10105: Neither blocks nor log segments found. Creating new log.
I20260608 10:05:35.073243 18005 tablet_service.cc:1917] Received RequestConsensusVote() RPC: tablet_id: "fe3a65a9da904b31a6b4d5c0dc11e513" candidate_uuid: "286514ac1ca644168fa9b1430b2fe81e" candidate_term: 1 candidate_status { last_received { term: 0 index: 0 } } ignore_live_leader: false dest_uuid: "b27eac811e0d4798a8bf87837eaf1d5c" is_pre_election: true
W20260608 10:05:35.075058 17819 leader_election.cc:343] T fe3a65a9da904b31a6b4d5c0dc11e513 P 286514ac1ca644168fa9b1430b2fe81e [CANDIDATE]: Term 1 pre-election: Tablet error from VoteRequest() call to peer b27eac811e0d4798a8bf87837eaf1d5c (127.13.15.131:41087): Illegal state: must be running to vote when last-logged opid is not known
I20260608 10:05:35.075582 18054 tablet_bootstrap.cc:492] T d33a4014233e4fc0b3868b01ab6cd7bb P b27eac811e0d4798a8bf87837eaf1d5c: No bootstrap required, opened a new log
I20260608 10:05:35.076231 18054 ts_tablet_manager.cc:1403] T d33a4014233e4fc0b3868b01ab6cd7bb P b27eac811e0d4798a8bf87837eaf1d5c: Time spent bootstrapping tablet: real 0.158s	user 0.039s	sys 0.019s
I20260608 10:05:35.077919 18085 raft_consensus.cc:515] T 6b19d64e0b6a448cb64269996d9a1c93 P b27eac811e0d4798a8bf87837eaf1d5c [term 1 FOLLOWER]: Starting leader election with config: opid_index: -1 OBSOLETE_local: false peers { permanent_uuid: "286514ac1ca644168fa9b1430b2fe81e" member_type: VOTER last_known_addr { host: "127.13.15.129" port: 39237 } } peers { permanent_uuid: "705af06ed3724db08cc4bce514d10105" member_type: VOTER last_known_addr { host: "127.13.15.130" port: 42535 } } peers { permanent_uuid: "b27eac811e0d4798a8bf87837eaf1d5c" member_type: VOTER last_known_addr { host: "127.13.15.131" port: 41087 } }
I20260608 10:05:35.079994 18054 raft_consensus.cc:359] T d33a4014233e4fc0b3868b01ab6cd7bb P b27eac811e0d4798a8bf87837eaf1d5c [term 0 FOLLOWER]: Replica starting. Triggering 0 pending ops. Active config: opid_index: -1 OBSOLETE_local: false peers { permanent_uuid: "286514ac1ca644168fa9b1430b2fe81e" member_type: VOTER last_known_addr { host: "127.13.15.129" port: 39237 } } peers { permanent_uuid: "705af06ed3724db08cc4bce514d10105" member_type: VOTER last_known_addr { host: "127.13.15.130" port: 42535 } } peers { permanent_uuid: "b27eac811e0d4798a8bf87837eaf1d5c" member_type: VOTER last_known_addr { host: "127.13.15.131" port: 41087 } }
I20260608 10:05:35.080977 18054 raft_consensus.cc:385] T d33a4014233e4fc0b3868b01ab6cd7bb P b27eac811e0d4798a8bf87837eaf1d5c [term 0 FOLLOWER]: Consensus starting up: Expiring failure detector timer to make a prompt election more likely
I20260608 10:05:35.081347 18054 raft_consensus.cc:740] T d33a4014233e4fc0b3868b01ab6cd7bb P b27eac811e0d4798a8bf87837eaf1d5c [term 0 FOLLOWER]: Becoming Follower/Learner. State: Replica: b27eac811e0d4798a8bf87837eaf1d5c, State: Initialized, Role: FOLLOWER
I20260608 10:05:35.082036 17857 tablet_service.cc:1917] Received RequestConsensusVote() RPC: tablet_id: "6b19d64e0b6a448cb64269996d9a1c93" candidate_uuid: "b27eac811e0d4798a8bf87837eaf1d5c" candidate_term: 1 candidate_status { last_received { term: 0 index: 0 } } ignore_live_leader: false dest_uuid: "286514ac1ca644168fa9b1430b2fe81e"
I20260608 10:05:35.083069 17857 raft_consensus.cc:3060] T 6b19d64e0b6a448cb64269996d9a1c93 P 286514ac1ca644168fa9b1430b2fe81e [term 0 FOLLOWER]: Advancing to term 1
I20260608 10:05:35.090512 18101 leader_election.cc:290] T fe3a65a9da904b31a6b4d5c0dc11e513 P 286514ac1ca644168fa9b1430b2fe81e [CANDIDATE]: Term 1 pre-election: Requested pre-vote from peers 705af06ed3724db08cc4bce514d10105 (127.13.15.130:42535), b27eac811e0d4798a8bf87837eaf1d5c (127.13.15.131:41087)
I20260608 10:05:35.091351 17750 catalog_manager.cc:5696] T 4ab8c44137d44f39b0f9e9de7f88aa89 P b27eac811e0d4798a8bf87837eaf1d5c reported cstate change: term changed from 0 to 1, leader changed from <none> to b27eac811e0d4798a8bf87837eaf1d5c (127.13.15.131). New cstate: current_term: 1 leader_uuid: "b27eac811e0d4798a8bf87837eaf1d5c" committed_config { opid_index: -1 OBSOLETE_local: false peers { permanent_uuid: "286514ac1ca644168fa9b1430b2fe81e" member_type: VOTER last_known_addr { host: "127.13.15.129" port: 39237 } health_report { overall_health: UNKNOWN } } peers { permanent_uuid: "705af06ed3724db08cc4bce514d10105" member_type: VOTER last_known_addr { host: "127.13.15.130" port: 42535 } health_report { overall_health: UNKNOWN } } peers { permanent_uuid: "b27eac811e0d4798a8bf87837eaf1d5c" member_type: VOTER last_known_addr { host: "127.13.15.131" port: 41087 } health_report { overall_health: HEALTHY } } }
I20260608 10:05:35.101012 18054 consensus_queue.cc:260] T d33a4014233e4fc0b3868b01ab6cd7bb P b27eac811e0d4798a8bf87837eaf1d5c [NON_LEADER]: Queue going to NON_LEADER mode. State: All replicated index: 0, Majority replicated index: 0, Committed index: 0, Last appended: 0.0, Last appended by leader: 0, Current term: 0, Majority size: -1, State: 0, Mode: NON_LEADER, active raft config: opid_index: -1 OBSOLETE_local: false peers { permanent_uuid: "286514ac1ca644168fa9b1430b2fe81e" member_type: VOTER last_known_addr { host: "127.13.15.129" port: 39237 } } peers { permanent_uuid: "705af06ed3724db08cc4bce514d10105" member_type: VOTER last_known_addr { host: "127.13.15.130" port: 42535 } } peers { permanent_uuid: "b27eac811e0d4798a8bf87837eaf1d5c" member_type: VOTER last_known_addr { host: "127.13.15.131" port: 41087 } }
I20260608 10:05:35.101542 18101 consensus_queue.cc:1048] T 3aa4427d1b5d40e5979401678013d5de P 286514ac1ca644168fa9b1430b2fe81e [LEADER]: Connected to new peer: Peer: permanent_uuid: "705af06ed3724db08cc4bce514d10105" member_type: VOTER last_known_addr { host: "127.13.15.130" port: 42535 }, Status: LMP_MISMATCH, Last received: 0.0, Next index: 1, Last known committed idx: 0, Time since last communication: 0.000s
I20260608 10:05:35.104949 18054 ts_tablet_manager.cc:1434] T d33a4014233e4fc0b3868b01ab6cd7bb P b27eac811e0d4798a8bf87837eaf1d5c: Time spent starting tablet: real 0.028s	user 0.009s	sys 0.000s
I20260608 10:05:35.106297 18054 tablet_bootstrap.cc:492] T 754867b1ff4d48d5a86a900d517d989a P b27eac811e0d4798a8bf87837eaf1d5c: Bootstrap starting.
I20260608 10:05:35.119257 18085 leader_election.cc:290] T 6b19d64e0b6a448cb64269996d9a1c93 P b27eac811e0d4798a8bf87837eaf1d5c [CANDIDATE]: Term 1 election: Requested vote from peers 286514ac1ca644168fa9b1430b2fe81e (127.13.15.129:39237), 705af06ed3724db08cc4bce514d10105 (127.13.15.130:42535)
I20260608 10:05:35.120608 17931 tablet_service.cc:1917] Received RequestConsensusVote() RPC: tablet_id: "6b19d64e0b6a448cb64269996d9a1c93" candidate_uuid: "b27eac811e0d4798a8bf87837eaf1d5c" candidate_term: 1 candidate_status { last_received { term: 0 index: 0 } } ignore_live_leader: false dest_uuid: "705af06ed3724db08cc4bce514d10105"
I20260608 10:05:35.121363 17931 raft_consensus.cc:3060] T 6b19d64e0b6a448cb64269996d9a1c93 P 705af06ed3724db08cc4bce514d10105 [term 0 FOLLOWER]: Advancing to term 1
I20260608 10:05:35.125182 18074 raft_consensus.cc:515] T 9d54ec62b0af41b88c51fc7dc98631c4 P 286514ac1ca644168fa9b1430b2fe81e [term 1 FOLLOWER]: Starting leader election with config: opid_index: -1 OBSOLETE_local: false peers { permanent_uuid: "286514ac1ca644168fa9b1430b2fe81e" member_type: VOTER last_known_addr { host: "127.13.15.129" port: 39237 } } peers { permanent_uuid: "705af06ed3724db08cc4bce514d10105" member_type: VOTER last_known_addr { host: "127.13.15.130" port: 42535 } } peers { permanent_uuid: "b27eac811e0d4798a8bf87837eaf1d5c" member_type: VOTER last_known_addr { host: "127.13.15.131" port: 41087 } }
I20260608 10:05:35.126235 18093 raft_consensus.cc:515] T fe3a65a9da904b31a6b4d5c0dc11e513 P 286514ac1ca644168fa9b1430b2fe81e [term 1 FOLLOWER]: Starting leader election with config: opid_index: -1 OBSOLETE_local: false peers { permanent_uuid: "286514ac1ca644168fa9b1430b2fe81e" member_type: VOTER last_known_addr { host: "127.13.15.129" port: 39237 } } peers { permanent_uuid: "705af06ed3724db08cc4bce514d10105" member_type: VOTER last_known_addr { host: "127.13.15.130" port: 42535 } } peers { permanent_uuid: "b27eac811e0d4798a8bf87837eaf1d5c" member_type: VOTER last_known_addr { host: "127.13.15.131" port: 41087 } }
I20260608 10:05:35.128943 17931 raft_consensus.cc:2468] T 6b19d64e0b6a448cb64269996d9a1c93 P 705af06ed3724db08cc4bce514d10105 [term 1 FOLLOWER]: Leader election vote request: Granting yes vote for candidate b27eac811e0d4798a8bf87837eaf1d5c in term 1.
I20260608 10:05:35.130281 17970 leader_election.cc:304] T 6b19d64e0b6a448cb64269996d9a1c93 P b27eac811e0d4798a8bf87837eaf1d5c [CANDIDATE]: Term 1 election: Election decided. Result: candidate won. Election summary: received 2 responses out of 3 voters: 2 yes votes; 0 no votes. yes voters: 705af06ed3724db08cc4bce514d10105, b27eac811e0d4798a8bf87837eaf1d5c; no voters: 
I20260608 10:05:35.130534 18074 leader_election.cc:290] T 9d54ec62b0af41b88c51fc7dc98631c4 P 286514ac1ca644168fa9b1430b2fe81e [CANDIDATE]: Term 1 election: Requested vote from peers 705af06ed3724db08cc4bce514d10105 (127.13.15.130:42535), b27eac811e0d4798a8bf87837eaf1d5c (127.13.15.131:41087)
I20260608 10:05:35.131682 18054 tablet_bootstrap.cc:654] T 754867b1ff4d48d5a86a900d517d989a P b27eac811e0d4798a8bf87837eaf1d5c: Neither blocks nor log segments found. Creating new log.
I20260608 10:05:35.133419 17932 tablet_service.cc:1917] Received RequestConsensusVote() RPC: tablet_id: "9d54ec62b0af41b88c51fc7dc98631c4" candidate_uuid: "286514ac1ca644168fa9b1430b2fe81e" candidate_term: 1 candidate_status { last_received { term: 0 index: 0 } } ignore_live_leader: false dest_uuid: "705af06ed3724db08cc4bce514d10105"
I20260608 10:05:35.133652 18093 leader_election.cc:290] T fe3a65a9da904b31a6b4d5c0dc11e513 P 286514ac1ca644168fa9b1430b2fe81e [CANDIDATE]: Term 1 election: Requested vote from peers 705af06ed3724db08cc4bce514d10105 (127.13.15.130:42535), b27eac811e0d4798a8bf87837eaf1d5c (127.13.15.131:41087)
I20260608 10:05:35.127033 18053 tablet_bootstrap.cc:492] T 754867b1ff4d48d5a86a900d517d989a P 286514ac1ca644168fa9b1430b2fe81e: No bootstrap required, opened a new log
I20260608 10:05:35.128003 17857 raft_consensus.cc:2468] T 6b19d64e0b6a448cb64269996d9a1c93 P 286514ac1ca644168fa9b1430b2fe81e [term 1 FOLLOWER]: Leader election vote request: Granting yes vote for candidate b27eac811e0d4798a8bf87837eaf1d5c in term 1.
I20260608 10:05:35.134997 18053 ts_tablet_manager.cc:1403] T 754867b1ff4d48d5a86a900d517d989a P 286514ac1ca644168fa9b1430b2fe81e: Time spent bootstrapping tablet: real 0.144s	user 0.062s	sys 0.063s
W20260608 10:05:35.135325 17819 leader_election.cc:343] T 9d54ec62b0af41b88c51fc7dc98631c4 P 286514ac1ca644168fa9b1430b2fe81e [CANDIDATE]: Term 1 election: Tablet error from VoteRequest() call to peer 705af06ed3724db08cc4bce514d10105 (127.13.15.130:42535): Illegal state: must be running to vote when last-logged opid is not known
I20260608 10:05:35.135531 18007 tablet_service.cc:1917] Received RequestConsensusVote() RPC: tablet_id: "fe3a65a9da904b31a6b4d5c0dc11e513" candidate_uuid: "286514ac1ca644168fa9b1430b2fe81e" candidate_term: 1 candidate_status { last_received { term: 0 index: 0 } } ignore_live_leader: false dest_uuid: "b27eac811e0d4798a8bf87837eaf1d5c"
I20260608 10:05:35.136413 17932 tablet_service.cc:1917] Received RequestConsensusVote() RPC: tablet_id: "fe3a65a9da904b31a6b4d5c0dc11e513" candidate_uuid: "286514ac1ca644168fa9b1430b2fe81e" candidate_term: 1 candidate_status { last_received { term: 0 index: 0 } } ignore_live_leader: false dest_uuid: "705af06ed3724db08cc4bce514d10105"
I20260608 10:05:35.138025 18053 raft_consensus.cc:359] T 754867b1ff4d48d5a86a900d517d989a P 286514ac1ca644168fa9b1430b2fe81e [term 0 FOLLOWER]: Replica starting. Triggering 0 pending ops. Active config: opid_index: -1 OBSOLETE_local: false peers { permanent_uuid: "286514ac1ca644168fa9b1430b2fe81e" member_type: VOTER last_known_addr { host: "127.13.15.129" port: 39237 } } peers { permanent_uuid: "705af06ed3724db08cc4bce514d10105" member_type: VOTER last_known_addr { host: "127.13.15.130" port: 42535 } } peers { permanent_uuid: "b27eac811e0d4798a8bf87837eaf1d5c" member_type: VOTER last_known_addr { host: "127.13.15.131" port: 41087 } }
I20260608 10:05:35.138149 17932 raft_consensus.cc:3060] T fe3a65a9da904b31a6b4d5c0dc11e513 P 705af06ed3724db08cc4bce514d10105 [term 0 FOLLOWER]: Advancing to term 1
I20260608 10:05:35.137717 17750 catalog_manager.cc:5696] T bada98590fd448c49ae6d6a95dd0385b P 286514ac1ca644168fa9b1430b2fe81e reported cstate change: term changed from 0 to 1, leader changed from <none> to 286514ac1ca644168fa9b1430b2fe81e (127.13.15.129). New cstate: current_term: 1 leader_uuid: "286514ac1ca644168fa9b1430b2fe81e" committed_config { opid_index: -1 OBSOLETE_local: false peers { permanent_uuid: "286514ac1ca644168fa9b1430b2fe81e" member_type: VOTER last_known_addr { host: "127.13.15.129" port: 39237 } health_report { overall_health: HEALTHY } } peers { permanent_uuid: "705af06ed3724db08cc4bce514d10105" member_type: VOTER last_known_addr { host: "127.13.15.130" port: 42535 } health_report { overall_health: UNKNOWN } } peers { permanent_uuid: "b27eac811e0d4798a8bf87837eaf1d5c" member_type: VOTER last_known_addr { host: "127.13.15.131" port: 41087 } health_report { overall_health: UNKNOWN } } }
W20260608 10:05:35.138509 17819 leader_election.cc:343] T fe3a65a9da904b31a6b4d5c0dc11e513 P 286514ac1ca644168fa9b1430b2fe81e [CANDIDATE]: Term 1 election: Tablet error from VoteRequest() call to peer b27eac811e0d4798a8bf87837eaf1d5c (127.13.15.131:41087): Illegal state: must be running to vote when last-logged opid is not known
I20260608 10:05:35.138779 18053 raft_consensus.cc:385] T 754867b1ff4d48d5a86a900d517d989a P 286514ac1ca644168fa9b1430b2fe81e [term 0 FOLLOWER]: Consensus starting up: Expiring failure detector timer to make a prompt election more likely
I20260608 10:05:35.139241 18053 raft_consensus.cc:740] T 754867b1ff4d48d5a86a900d517d989a P 286514ac1ca644168fa9b1430b2fe81e [term 0 FOLLOWER]: Becoming Follower/Learner. State: Replica: 286514ac1ca644168fa9b1430b2fe81e, State: Initialized, Role: FOLLOWER
I20260608 10:05:35.140013 18053 consensus_queue.cc:260] T 754867b1ff4d48d5a86a900d517d989a P 286514ac1ca644168fa9b1430b2fe81e [NON_LEADER]: Queue going to NON_LEADER mode. State: All replicated index: 0, Majority replicated index: 0, Committed index: 0, Last appended: 0.0, Last appended by leader: 0, Current term: 0, Majority size: -1, State: 0, Mode: NON_LEADER, active raft config: opid_index: -1 OBSOLETE_local: false peers { permanent_uuid: "286514ac1ca644168fa9b1430b2fe81e" member_type: VOTER last_known_addr { host: "127.13.15.129" port: 39237 } } peers { permanent_uuid: "705af06ed3724db08cc4bce514d10105" member_type: VOTER last_known_addr { host: "127.13.15.130" port: 42535 } } peers { permanent_uuid: "b27eac811e0d4798a8bf87837eaf1d5c" member_type: VOTER last_known_addr { host: "127.13.15.131" port: 41087 } }
I20260608 10:05:35.139693 17750 catalog_manager.cc:5696] T c0fcee03c1034f8080f3f4f86848e6b4 P 286514ac1ca644168fa9b1430b2fe81e reported cstate change: term changed from 0 to 1, leader changed from <none> to 286514ac1ca644168fa9b1430b2fe81e (127.13.15.129). New cstate: current_term: 1 leader_uuid: "286514ac1ca644168fa9b1430b2fe81e" committed_config { opid_index: -1 OBSOLETE_local: false peers { permanent_uuid: "b27eac811e0d4798a8bf87837eaf1d5c" member_type: VOTER last_known_addr { host: "127.13.15.131" port: 41087 } health_report { overall_health: UNKNOWN } } peers { permanent_uuid: "705af06ed3724db08cc4bce514d10105" member_type: VOTER last_known_addr { host: "127.13.15.130" port: 42535 } health_report { overall_health: UNKNOWN } } peers { permanent_uuid: "286514ac1ca644168fa9b1430b2fe81e" member_type: VOTER last_known_addr { host: "127.13.15.129" port: 39237 } health_report { overall_health: HEALTHY } } }
I20260608 10:05:35.142431 18053 ts_tablet_manager.cc:1434] T 754867b1ff4d48d5a86a900d517d989a P 286514ac1ca644168fa9b1430b2fe81e: Time spent starting tablet: real 0.007s	user 0.007s	sys 0.000s
I20260608 10:05:35.142577 18085 raft_consensus.cc:2804] T 6b19d64e0b6a448cb64269996d9a1c93 P b27eac811e0d4798a8bf87837eaf1d5c [term 1 FOLLOWER]: Leader election won for term 1
I20260608 10:05:35.144589 18056 tablet_bootstrap.cc:492] T 4ab8c44137d44f39b0f9e9de7f88aa89 P 705af06ed3724db08cc4bce514d10105: No bootstrap required, opened a new log
I20260608 10:05:35.145035 18056 ts_tablet_manager.cc:1403] T 4ab8c44137d44f39b0f9e9de7f88aa89 P 705af06ed3724db08cc4bce514d10105: Time spent bootstrapping tablet: real 0.089s	user 0.013s	sys 0.004s
I20260608 10:05:35.144858 18085 raft_consensus.cc:697] T 6b19d64e0b6a448cb64269996d9a1c93 P b27eac811e0d4798a8bf87837eaf1d5c [term 1 LEADER]: Becoming Leader. State: Replica: b27eac811e0d4798a8bf87837eaf1d5c, State: Running, Role: LEADER
I20260608 10:05:35.147538 18056 raft_consensus.cc:359] T 4ab8c44137d44f39b0f9e9de7f88aa89 P 705af06ed3724db08cc4bce514d10105 [term 0 FOLLOWER]: Replica starting. Triggering 0 pending ops. Active config: opid_index: -1 OBSOLETE_local: false peers { permanent_uuid: "286514ac1ca644168fa9b1430b2fe81e" member_type: VOTER last_known_addr { host: "127.13.15.129" port: 39237 } } peers { permanent_uuid: "705af06ed3724db08cc4bce514d10105" member_type: VOTER last_known_addr { host: "127.13.15.130" port: 42535 } } peers { permanent_uuid: "b27eac811e0d4798a8bf87837eaf1d5c" member_type: VOTER last_known_addr { host: "127.13.15.131" port: 41087 } }
I20260608 10:05:35.148047 18056 raft_consensus.cc:385] T 4ab8c44137d44f39b0f9e9de7f88aa89 P 705af06ed3724db08cc4bce514d10105 [term 0 FOLLOWER]: Consensus starting up: Expiring failure detector timer to make a prompt election more likely
I20260608 10:05:35.148272 18056 raft_consensus.cc:740] T 4ab8c44137d44f39b0f9e9de7f88aa89 P 705af06ed3724db08cc4bce514d10105 [term 0 FOLLOWER]: Becoming Follower/Learner. State: Replica: 705af06ed3724db08cc4bce514d10105, State: Initialized, Role: FOLLOWER
I20260608 10:05:35.148911 18056 consensus_queue.cc:260] T 4ab8c44137d44f39b0f9e9de7f88aa89 P 705af06ed3724db08cc4bce514d10105 [NON_LEADER]: Queue going to NON_LEADER mode. State: All replicated index: 0, Majority replicated index: 0, Committed index: 0, Last appended: 0.0, Last appended by leader: 0, Current term: 0, Majority size: -1, State: 0, Mode: NON_LEADER, active raft config: opid_index: -1 OBSOLETE_local: false peers { permanent_uuid: "286514ac1ca644168fa9b1430b2fe81e" member_type: VOTER last_known_addr { host: "127.13.15.129" port: 39237 } } peers { permanent_uuid: "705af06ed3724db08cc4bce514d10105" member_type: VOTER last_known_addr { host: "127.13.15.130" port: 42535 } } peers { permanent_uuid: "b27eac811e0d4798a8bf87837eaf1d5c" member_type: VOTER last_known_addr { host: "127.13.15.131" port: 41087 } }
I20260608 10:05:35.150496 18005 tablet_service.cc:1917] Received RequestConsensusVote() RPC: tablet_id: "9d54ec62b0af41b88c51fc7dc98631c4" candidate_uuid: "286514ac1ca644168fa9b1430b2fe81e" candidate_term: 1 candidate_status { last_received { term: 0 index: 0 } } ignore_live_leader: false dest_uuid: "b27eac811e0d4798a8bf87837eaf1d5c"
I20260608 10:05:35.151659 18005 raft_consensus.cc:3060] T 9d54ec62b0af41b88c51fc7dc98631c4 P b27eac811e0d4798a8bf87837eaf1d5c [term 0 FOLLOWER]: Advancing to term 1
I20260608 10:05:35.151662 18056 ts_tablet_manager.cc:1434] T 4ab8c44137d44f39b0f9e9de7f88aa89 P 705af06ed3724db08cc4bce514d10105: Time spent starting tablet: real 0.006s	user 0.006s	sys 0.000s
I20260608 10:05:35.154966 18056 tablet_bootstrap.cc:492] T fe17a7836e9a4454ab7bb60a0c89bd87 P 705af06ed3724db08cc4bce514d10105: Bootstrap starting.
I20260608 10:05:35.155351 18093 raft_consensus.cc:493] T 754867b1ff4d48d5a86a900d517d989a P 286514ac1ca644168fa9b1430b2fe81e [term 0 FOLLOWER]: Starting pre-election (no leader contacted us within the election timeout)
I20260608 10:05:35.155864 18093 raft_consensus.cc:515] T 754867b1ff4d48d5a86a900d517d989a P 286514ac1ca644168fa9b1430b2fe81e [term 0 FOLLOWER]: Starting pre-election with config: opid_index: -1 OBSOLETE_local: false peers { permanent_uuid: "286514ac1ca644168fa9b1430b2fe81e" member_type: VOTER last_known_addr { host: "127.13.15.129" port: 39237 } } peers { permanent_uuid: "705af06ed3724db08cc4bce514d10105" member_type: VOTER last_known_addr { host: "127.13.15.130" port: 42535 } } peers { permanent_uuid: "b27eac811e0d4798a8bf87837eaf1d5c" member_type: VOTER last_known_addr { host: "127.13.15.131" port: 41087 } }
I20260608 10:05:35.150456 18085 consensus_queue.cc:237] T 6b19d64e0b6a448cb64269996d9a1c93 P b27eac811e0d4798a8bf87837eaf1d5c [LEADER]: Queue going to LEADER mode. State: All replicated index: 0, Majority replicated index: 0, Committed index: 0, Last appended: 0.0, Last appended by leader: 0, Current term: 1, Majority size: 2, State: 0, Mode: LEADER, active raft config: opid_index: -1 OBSOLETE_local: false peers { permanent_uuid: "286514ac1ca644168fa9b1430b2fe81e" member_type: VOTER last_known_addr { host: "127.13.15.129" port: 39237 } } peers { permanent_uuid: "705af06ed3724db08cc4bce514d10105" member_type: VOTER last_known_addr { host: "127.13.15.130" port: 42535 } } peers { permanent_uuid: "b27eac811e0d4798a8bf87837eaf1d5c" member_type: VOTER last_known_addr { host: "127.13.15.131" port: 41087 } }
I20260608 10:05:35.162158 17932 raft_consensus.cc:2468] T fe3a65a9da904b31a6b4d5c0dc11e513 P 705af06ed3724db08cc4bce514d10105 [term 1 FOLLOWER]: Leader election vote request: Granting yes vote for candidate 286514ac1ca644168fa9b1430b2fe81e in term 1.
I20260608 10:05:35.162599 18007 tablet_service.cc:1917] Received RequestConsensusVote() RPC: tablet_id: "754867b1ff4d48d5a86a900d517d989a" candidate_uuid: "286514ac1ca644168fa9b1430b2fe81e" candidate_term: 1 candidate_status { last_received { term: 0 index: 0 } } ignore_live_leader: false dest_uuid: "b27eac811e0d4798a8bf87837eaf1d5c" is_pre_election: true
I20260608 10:05:35.163793 17932 tablet_service.cc:1917] Received RequestConsensusVote() RPC: tablet_id: "754867b1ff4d48d5a86a900d517d989a" candidate_uuid: "286514ac1ca644168fa9b1430b2fe81e" candidate_term: 1 candidate_status { last_received { term: 0 index: 0 } } ignore_live_leader: false dest_uuid: "705af06ed3724db08cc4bce514d10105" is_pre_election: true
W20260608 10:05:35.164424 17819 leader_election.cc:343] T 754867b1ff4d48d5a86a900d517d989a P 286514ac1ca644168fa9b1430b2fe81e [CANDIDATE]: Term 1 pre-election: Tablet error from VoteRequest() call to peer b27eac811e0d4798a8bf87837eaf1d5c (127.13.15.131:41087): Illegal state: must be running to vote when last-logged opid is not known
I20260608 10:05:35.165251 17819 leader_election.cc:304] T fe3a65a9da904b31a6b4d5c0dc11e513 P 286514ac1ca644168fa9b1430b2fe81e [CANDIDATE]: Term 1 election: Election decided. Result: candidate won. Election summary: received 3 responses out of 3 voters: 2 yes votes; 1 no votes. yes voters: 286514ac1ca644168fa9b1430b2fe81e, 705af06ed3724db08cc4bce514d10105; no voters: b27eac811e0d4798a8bf87837eaf1d5c
I20260608 10:05:35.166183 18059 raft_consensus.cc:2804] T fe3a65a9da904b31a6b4d5c0dc11e513 P 286514ac1ca644168fa9b1430b2fe81e [term 1 FOLLOWER]: Leader election won for term 1
I20260608 10:05:35.166895 18059 raft_consensus.cc:697] T fe3a65a9da904b31a6b4d5c0dc11e513 P 286514ac1ca644168fa9b1430b2fe81e [term 1 LEADER]: Becoming Leader. State: Replica: 286514ac1ca644168fa9b1430b2fe81e, State: Running, Role: LEADER
I20260608 10:05:35.168016 18059 consensus_queue.cc:237] T fe3a65a9da904b31a6b4d5c0dc11e513 P 286514ac1ca644168fa9b1430b2fe81e [LEADER]: Queue going to LEADER mode. State: All replicated index: 0, Majority replicated index: 0, Committed index: 0, Last appended: 0.0, Last appended by leader: 0, Current term: 1, Majority size: 2, State: 0, Mode: LEADER, active raft config: opid_index: -1 OBSOLETE_local: false peers { permanent_uuid: "286514ac1ca644168fa9b1430b2fe81e" member_type: VOTER last_known_addr { host: "127.13.15.129" port: 39237 } } peers { permanent_uuid: "705af06ed3724db08cc4bce514d10105" member_type: VOTER last_known_addr { host: "127.13.15.130" port: 42535 } } peers { permanent_uuid: "b27eac811e0d4798a8bf87837eaf1d5c" member_type: VOTER last_known_addr { host: "127.13.15.131" port: 41087 } }
I20260608 10:05:35.158066 18093 leader_election.cc:290] T 754867b1ff4d48d5a86a900d517d989a P 286514ac1ca644168fa9b1430b2fe81e [CANDIDATE]: Term 1 pre-election: Requested pre-vote from peers 705af06ed3724db08cc4bce514d10105 (127.13.15.130:42535), b27eac811e0d4798a8bf87837eaf1d5c (127.13.15.131:41087)
W20260608 10:05:35.175213 17819 leader_election.cc:343] T 754867b1ff4d48d5a86a900d517d989a P 286514ac1ca644168fa9b1430b2fe81e [CANDIDATE]: Term 1 pre-election: Tablet error from VoteRequest() call to peer 705af06ed3724db08cc4bce514d10105 (127.13.15.130:42535): Illegal state: must be running to vote when last-logged opid is not known
I20260608 10:05:35.175756 17819 leader_election.cc:304] T 754867b1ff4d48d5a86a900d517d989a P 286514ac1ca644168fa9b1430b2fe81e [CANDIDATE]: Term 1 pre-election: Election decided. Result: candidate lost. Election summary: received 3 responses out of 3 voters: 1 yes votes; 2 no votes. yes voters: 286514ac1ca644168fa9b1430b2fe81e; no voters: 705af06ed3724db08cc4bce514d10105, b27eac811e0d4798a8bf87837eaf1d5c
I20260608 10:05:35.176353 18056 tablet_bootstrap.cc:654] T fe17a7836e9a4454ab7bb60a0c89bd87 P 705af06ed3724db08cc4bce514d10105: Neither blocks nor log segments found. Creating new log.
I20260608 10:05:35.176888 18093 raft_consensus.cc:2749] T 754867b1ff4d48d5a86a900d517d989a P 286514ac1ca644168fa9b1430b2fe81e [term 0 FOLLOWER]: Leader pre-election lost for term 1. Reason: could not achieve majority
I20260608 10:05:35.181985 18093 raft_consensus.cc:493] T e56079abfe0842268615bcbce13fc9de P 286514ac1ca644168fa9b1430b2fe81e [term 0 FOLLOWER]: Starting pre-election (no leader contacted us within the election timeout)
I20260608 10:05:35.182687 18093 raft_consensus.cc:515] T e56079abfe0842268615bcbce13fc9de P 286514ac1ca644168fa9b1430b2fe81e [term 0 FOLLOWER]: Starting pre-election with config: opid_index: -1 OBSOLETE_local: false peers { permanent_uuid: "286514ac1ca644168fa9b1430b2fe81e" member_type: VOTER last_known_addr { host: "127.13.15.129" port: 39237 } } peers { permanent_uuid: "705af06ed3724db08cc4bce514d10105" member_type: VOTER last_known_addr { host: "127.13.15.130" port: 42535 } } peers { permanent_uuid: "b27eac811e0d4798a8bf87837eaf1d5c" member_type: VOTER last_known_addr { host: "127.13.15.131" port: 41087 } }
I20260608 10:05:35.184654 17751 catalog_manager.cc:5696] T fe17a7836e9a4454ab7bb60a0c89bd87 P 286514ac1ca644168fa9b1430b2fe81e reported cstate change: term changed from 0 to 1, leader changed from <none> to 286514ac1ca644168fa9b1430b2fe81e (127.13.15.129). New cstate: current_term: 1 leader_uuid: "286514ac1ca644168fa9b1430b2fe81e" committed_config { opid_index: -1 OBSOLETE_local: false peers { permanent_uuid: "286514ac1ca644168fa9b1430b2fe81e" member_type: VOTER last_known_addr { host: "127.13.15.129" port: 39237 } health_report { overall_health: HEALTHY } } peers { permanent_uuid: "705af06ed3724db08cc4bce514d10105" member_type: VOTER last_known_addr { host: "127.13.15.130" port: 42535 } health_report { overall_health: UNKNOWN } } peers { permanent_uuid: "b27eac811e0d4798a8bf87837eaf1d5c" member_type: VOTER last_known_addr { host: "127.13.15.131" port: 41087 } health_report { overall_health: UNKNOWN } } }
I20260608 10:05:35.186757 17933 tablet_service.cc:1917] Received RequestConsensusVote() RPC: tablet_id: "e56079abfe0842268615bcbce13fc9de" candidate_uuid: "286514ac1ca644168fa9b1430b2fe81e" candidate_term: 1 candidate_status { last_received { term: 0 index: 0 } } ignore_live_leader: false dest_uuid: "705af06ed3724db08cc4bce514d10105" is_pre_election: true
I20260608 10:05:35.187069 18101 consensus_queue.cc:1048] T 3aa4427d1b5d40e5979401678013d5de P 286514ac1ca644168fa9b1430b2fe81e [LEADER]: Connected to new peer: Peer: permanent_uuid: "b27eac811e0d4798a8bf87837eaf1d5c" member_type: VOTER last_known_addr { host: "127.13.15.131" port: 41087 }, Status: LMP_MISMATCH, Last received: 0.0, Next index: 1, Last known committed idx: 0, Time since last communication: 0.000s
I20260608 10:05:35.187537 17933 raft_consensus.cc:2393] T e56079abfe0842268615bcbce13fc9de P 705af06ed3724db08cc4bce514d10105 [term 1 FOLLOWER]: Leader pre-election vote request: Denying vote to candidate 286514ac1ca644168fa9b1430b2fe81e in current term 1: Already voted for candidate b27eac811e0d4798a8bf87837eaf1d5c in this term.
I20260608 10:05:35.187620 18093 leader_election.cc:290] T e56079abfe0842268615bcbce13fc9de P 286514ac1ca644168fa9b1430b2fe81e [CANDIDATE]: Term 1 pre-election: Requested pre-vote from peers 705af06ed3724db08cc4bce514d10105 (127.13.15.130:42535), b27eac811e0d4798a8bf87837eaf1d5c (127.13.15.131:41087)
I20260608 10:05:35.188350 18054 tablet_bootstrap.cc:492] T 754867b1ff4d48d5a86a900d517d989a P b27eac811e0d4798a8bf87837eaf1d5c: No bootstrap required, opened a new log
I20260608 10:05:35.188850 18054 ts_tablet_manager.cc:1403] T 754867b1ff4d48d5a86a900d517d989a P b27eac811e0d4798a8bf87837eaf1d5c: Time spent bootstrapping tablet: real 0.083s	user 0.002s	sys 0.019s
I20260608 10:05:35.189540 18007 tablet_service.cc:1917] Received RequestConsensusVote() RPC: tablet_id: "e56079abfe0842268615bcbce13fc9de" candidate_uuid: "286514ac1ca644168fa9b1430b2fe81e" candidate_term: 1 candidate_status { last_received { term: 0 index: 0 } } ignore_live_leader: false dest_uuid: "b27eac811e0d4798a8bf87837eaf1d5c" is_pre_election: true
I20260608 10:05:35.195452 18054 raft_consensus.cc:359] T 754867b1ff4d48d5a86a900d517d989a P b27eac811e0d4798a8bf87837eaf1d5c [term 0 FOLLOWER]: Replica starting. Triggering 0 pending ops. Active config: opid_index: -1 OBSOLETE_local: false peers { permanent_uuid: "286514ac1ca644168fa9b1430b2fe81e" member_type: VOTER last_known_addr { host: "127.13.15.129" port: 39237 } } peers { permanent_uuid: "705af06ed3724db08cc4bce514d10105" member_type: VOTER last_known_addr { host: "127.13.15.130" port: 42535 } } peers { permanent_uuid: "b27eac811e0d4798a8bf87837eaf1d5c" member_type: VOTER last_known_addr { host: "127.13.15.131" port: 41087 } }
I20260608 10:05:35.196344 18054 raft_consensus.cc:385] T 754867b1ff4d48d5a86a900d517d989a P b27eac811e0d4798a8bf87837eaf1d5c [term 0 FOLLOWER]: Consensus starting up: Expiring failure detector timer to make a prompt election more likely
I20260608 10:05:35.196712 18054 raft_consensus.cc:740] T 754867b1ff4d48d5a86a900d517d989a P b27eac811e0d4798a8bf87837eaf1d5c [term 0 FOLLOWER]: Becoming Follower/Learner. State: Replica: b27eac811e0d4798a8bf87837eaf1d5c, State: Initialized, Role: FOLLOWER
I20260608 10:05:35.196532 17819 leader_election.cc:304] T e56079abfe0842268615bcbce13fc9de P 286514ac1ca644168fa9b1430b2fe81e [CANDIDATE]: Term 1 pre-election: Election decided. Result: candidate lost. Election summary: received 3 responses out of 3 voters: 1 yes votes; 2 no votes. yes voters: 286514ac1ca644168fa9b1430b2fe81e; no voters: 705af06ed3724db08cc4bce514d10105, b27eac811e0d4798a8bf87837eaf1d5c
I20260608 10:05:35.197932 18101 raft_consensus.cc:3060] T e56079abfe0842268615bcbce13fc9de P 286514ac1ca644168fa9b1430b2fe81e [term 0 FOLLOWER]: Advancing to term 1
I20260608 10:05:35.197816 18054 consensus_queue.cc:260] T 754867b1ff4d48d5a86a900d517d989a P b27eac811e0d4798a8bf87837eaf1d5c [NON_LEADER]: Queue going to NON_LEADER mode. State: All replicated index: 0, Majority replicated index: 0, Committed index: 0, Last appended: 0.0, Last appended by leader: 0, Current term: 0, Majority size: -1, State: 0, Mode: NON_LEADER, active raft config: opid_index: -1 OBSOLETE_local: false peers { permanent_uuid: "286514ac1ca644168fa9b1430b2fe81e" member_type: VOTER last_known_addr { host: "127.13.15.129" port: 39237 } } peers { permanent_uuid: "705af06ed3724db08cc4bce514d10105" member_type: VOTER last_known_addr { host: "127.13.15.130" port: 42535 } } peers { permanent_uuid: "b27eac811e0d4798a8bf87837eaf1d5c" member_type: VOTER last_known_addr { host: "127.13.15.131" port: 41087 } }
I20260608 10:05:35.199611 18005 raft_consensus.cc:2468] T 9d54ec62b0af41b88c51fc7dc98631c4 P b27eac811e0d4798a8bf87837eaf1d5c [term 1 FOLLOWER]: Leader election vote request: Granting yes vote for candidate 286514ac1ca644168fa9b1430b2fe81e in term 1.
I20260608 10:05:35.201198 17819 leader_election.cc:304] T 9d54ec62b0af41b88c51fc7dc98631c4 P 286514ac1ca644168fa9b1430b2fe81e [CANDIDATE]: Term 1 election: Election decided. Result: candidate won. Election summary: received 3 responses out of 3 voters: 2 yes votes; 1 no votes. yes voters: 286514ac1ca644168fa9b1430b2fe81e, b27eac811e0d4798a8bf87837eaf1d5c; no voters: 705af06ed3724db08cc4bce514d10105
I20260608 10:05:35.202389 18093 raft_consensus.cc:2804] T 9d54ec62b0af41b88c51fc7dc98631c4 P 286514ac1ca644168fa9b1430b2fe81e [term 1 FOLLOWER]: Leader election won for term 1
I20260608 10:05:35.203004 18093 raft_consensus.cc:697] T 9d54ec62b0af41b88c51fc7dc98631c4 P 286514ac1ca644168fa9b1430b2fe81e [term 1 LEADER]: Becoming Leader. State: Replica: 286514ac1ca644168fa9b1430b2fe81e, State: Running, Role: LEADER
I20260608 10:05:35.206599 18101 raft_consensus.cc:2749] T e56079abfe0842268615bcbce13fc9de P 286514ac1ca644168fa9b1430b2fe81e [term 1 FOLLOWER]: Leader pre-election lost for term 1. Reason: could not achieve majority
I20260608 10:05:35.203855 18093 consensus_queue.cc:237] T 9d54ec62b0af41b88c51fc7dc98631c4 P 286514ac1ca644168fa9b1430b2fe81e [LEADER]: Queue going to LEADER mode. State: All replicated index: 0, Majority replicated index: 0, Committed index: 0, Last appended: 0.0, Last appended by leader: 0, Current term: 1, Majority size: 2, State: 0, Mode: LEADER, active raft config: opid_index: -1 OBSOLETE_local: false peers { permanent_uuid: "286514ac1ca644168fa9b1430b2fe81e" member_type: VOTER last_known_addr { host: "127.13.15.129" port: 39237 } } peers { permanent_uuid: "705af06ed3724db08cc4bce514d10105" member_type: VOTER last_known_addr { host: "127.13.15.130" port: 42535 } } peers { permanent_uuid: "b27eac811e0d4798a8bf87837eaf1d5c" member_type: VOTER last_known_addr { host: "127.13.15.131" port: 41087 } }
I20260608 10:05:35.216915 18056 tablet_bootstrap.cc:492] T fe17a7836e9a4454ab7bb60a0c89bd87 P 705af06ed3724db08cc4bce514d10105: No bootstrap required, opened a new log
I20260608 10:05:35.217090 18054 ts_tablet_manager.cc:1434] T 754867b1ff4d48d5a86a900d517d989a P b27eac811e0d4798a8bf87837eaf1d5c: Time spent starting tablet: real 0.028s	user 0.010s	sys 0.000s
I20260608 10:05:35.220081 18054 tablet_bootstrap.cc:492] T fe3a65a9da904b31a6b4d5c0dc11e513 P b27eac811e0d4798a8bf87837eaf1d5c: Bootstrap starting.
I20260608 10:05:35.223977 18056 ts_tablet_manager.cc:1403] T fe17a7836e9a4454ab7bb60a0c89bd87 P 705af06ed3724db08cc4bce514d10105: Time spent bootstrapping tablet: real 0.069s	user 0.008s	sys 0.004s
I20260608 10:05:35.224709 17751 catalog_manager.cc:5696] T 6b19d64e0b6a448cb64269996d9a1c93 P b27eac811e0d4798a8bf87837eaf1d5c reported cstate change: term changed from 0 to 1, leader changed from <none> to b27eac811e0d4798a8bf87837eaf1d5c (127.13.15.131). New cstate: current_term: 1 leader_uuid: "b27eac811e0d4798a8bf87837eaf1d5c" committed_config { opid_index: -1 OBSOLETE_local: false peers { permanent_uuid: "286514ac1ca644168fa9b1430b2fe81e" member_type: VOTER last_known_addr { host: "127.13.15.129" port: 39237 } health_report { overall_health: UNKNOWN } } peers { permanent_uuid: "705af06ed3724db08cc4bce514d10105" member_type: VOTER last_known_addr { host: "127.13.15.130" port: 42535 } health_report { overall_health: UNKNOWN } } peers { permanent_uuid: "b27eac811e0d4798a8bf87837eaf1d5c" member_type: VOTER last_known_addr { host: "127.13.15.131" port: 41087 } health_report { overall_health: HEALTHY } } }
I20260608 10:05:35.226487 18054 tablet_bootstrap.cc:654] T fe3a65a9da904b31a6b4d5c0dc11e513 P b27eac811e0d4798a8bf87837eaf1d5c: Neither blocks nor log segments found. Creating new log.
I20260608 10:05:35.227658 18056 raft_consensus.cc:359] T fe17a7836e9a4454ab7bb60a0c89bd87 P 705af06ed3724db08cc4bce514d10105 [term 0 FOLLOWER]: Replica starting. Triggering 0 pending ops. Active config: opid_index: -1 OBSOLETE_local: false peers { permanent_uuid: "286514ac1ca644168fa9b1430b2fe81e" member_type: VOTER last_known_addr { host: "127.13.15.129" port: 39237 } } peers { permanent_uuid: "705af06ed3724db08cc4bce514d10105" member_type: VOTER last_known_addr { host: "127.13.15.130" port: 42535 } } peers { permanent_uuid: "b27eac811e0d4798a8bf87837eaf1d5c" member_type: VOTER last_known_addr { host: "127.13.15.131" port: 41087 } }
I20260608 10:05:35.228365 18056 raft_consensus.cc:385] T fe17a7836e9a4454ab7bb60a0c89bd87 P 705af06ed3724db08cc4bce514d10105 [term 0 FOLLOWER]: Consensus starting up: Expiring failure detector timer to make a prompt election more likely
I20260608 10:05:35.228643 18056 raft_consensus.cc:740] T fe17a7836e9a4454ab7bb60a0c89bd87 P 705af06ed3724db08cc4bce514d10105 [term 0 FOLLOWER]: Becoming Follower/Learner. State: Replica: 705af06ed3724db08cc4bce514d10105, State: Initialized, Role: FOLLOWER
I20260608 10:05:35.229419 18056 consensus_queue.cc:260] T fe17a7836e9a4454ab7bb60a0c89bd87 P 705af06ed3724db08cc4bce514d10105 [NON_LEADER]: Queue going to NON_LEADER mode. State: All replicated index: 0, Majority replicated index: 0, Committed index: 0, Last appended: 0.0, Last appended by leader: 0, Current term: 0, Majority size: -1, State: 0, Mode: NON_LEADER, active raft config: opid_index: -1 OBSOLETE_local: false peers { permanent_uuid: "286514ac1ca644168fa9b1430b2fe81e" member_type: VOTER last_known_addr { host: "127.13.15.129" port: 39237 } } peers { permanent_uuid: "705af06ed3724db08cc4bce514d10105" member_type: VOTER last_known_addr { host: "127.13.15.130" port: 42535 } } peers { permanent_uuid: "b27eac811e0d4798a8bf87837eaf1d5c" member_type: VOTER last_known_addr { host: "127.13.15.131" port: 41087 } }
I20260608 10:05:35.233210 18056 ts_tablet_manager.cc:1434] T fe17a7836e9a4454ab7bb60a0c89bd87 P 705af06ed3724db08cc4bce514d10105: Time spent starting tablet: real 0.009s	user 0.006s	sys 0.000s
I20260608 10:05:35.239965 18054 tablet_bootstrap.cc:492] T fe3a65a9da904b31a6b4d5c0dc11e513 P b27eac811e0d4798a8bf87837eaf1d5c: No bootstrap required, opened a new log
I20260608 10:05:35.240535 18054 ts_tablet_manager.cc:1403] T fe3a65a9da904b31a6b4d5c0dc11e513 P b27eac811e0d4798a8bf87837eaf1d5c: Time spent bootstrapping tablet: real 0.021s	user 0.005s	sys 0.012s
I20260608 10:05:35.242198 17752 catalog_manager.cc:5696] T fe3a65a9da904b31a6b4d5c0dc11e513 P 286514ac1ca644168fa9b1430b2fe81e reported cstate change: term changed from 0 to 1, leader changed from <none> to 286514ac1ca644168fa9b1430b2fe81e (127.13.15.129). New cstate: current_term: 1 leader_uuid: "286514ac1ca644168fa9b1430b2fe81e" committed_config { opid_index: -1 OBSOLETE_local: false peers { permanent_uuid: "286514ac1ca644168fa9b1430b2fe81e" member_type: VOTER last_known_addr { host: "127.13.15.129" port: 39237 } health_report { overall_health: HEALTHY } } peers { permanent_uuid: "705af06ed3724db08cc4bce514d10105" member_type: VOTER last_known_addr { host: "127.13.15.130" port: 42535 } health_report { overall_health: UNKNOWN } } peers { permanent_uuid: "b27eac811e0d4798a8bf87837eaf1d5c" member_type: VOTER last_known_addr { host: "127.13.15.131" port: 41087 } health_report { overall_health: UNKNOWN } } }
I20260608 10:05:35.243432 18054 raft_consensus.cc:359] T fe3a65a9da904b31a6b4d5c0dc11e513 P b27eac811e0d4798a8bf87837eaf1d5c [term 0 FOLLOWER]: Replica starting. Triggering 0 pending ops. Active config: opid_index: -1 OBSOLETE_local: false peers { permanent_uuid: "286514ac1ca644168fa9b1430b2fe81e" member_type: VOTER last_known_addr { host: "127.13.15.129" port: 39237 } } peers { permanent_uuid: "705af06ed3724db08cc4bce514d10105" member_type: VOTER last_known_addr { host: "127.13.15.130" port: 42535 } } peers { permanent_uuid: "b27eac811e0d4798a8bf87837eaf1d5c" member_type: VOTER last_known_addr { host: "127.13.15.131" port: 41087 } }
I20260608 10:05:35.244077 18054 raft_consensus.cc:385] T fe3a65a9da904b31a6b4d5c0dc11e513 P b27eac811e0d4798a8bf87837eaf1d5c [term 0 FOLLOWER]: Consensus starting up: Expiring failure detector timer to make a prompt election more likely
I20260608 10:05:35.244364 18054 raft_consensus.cc:740] T fe3a65a9da904b31a6b4d5c0dc11e513 P b27eac811e0d4798a8bf87837eaf1d5c [term 0 FOLLOWER]: Becoming Follower/Learner. State: Replica: b27eac811e0d4798a8bf87837eaf1d5c, State: Initialized, Role: FOLLOWER
I20260608 10:05:35.244940 18056 tablet_bootstrap.cc:492] T d33a4014233e4fc0b3868b01ab6cd7bb P 705af06ed3724db08cc4bce514d10105: Bootstrap starting.
I20260608 10:05:35.244474 17752 catalog_manager.cc:5696] T 9d54ec62b0af41b88c51fc7dc98631c4 P 286514ac1ca644168fa9b1430b2fe81e reported cstate change: term changed from 0 to 1, leader changed from <none> to 286514ac1ca644168fa9b1430b2fe81e (127.13.15.129). New cstate: current_term: 1 leader_uuid: "286514ac1ca644168fa9b1430b2fe81e" committed_config { opid_index: -1 OBSOLETE_local: false peers { permanent_uuid: "286514ac1ca644168fa9b1430b2fe81e" member_type: VOTER last_known_addr { host: "127.13.15.129" port: 39237 } health_report { overall_health: HEALTHY } } peers { permanent_uuid: "705af06ed3724db08cc4bce514d10105" member_type: VOTER last_known_addr { host: "127.13.15.130" port: 42535 } health_report { overall_health: UNKNOWN } } peers { permanent_uuid: "b27eac811e0d4798a8bf87837eaf1d5c" member_type: VOTER last_known_addr { host: "127.13.15.131" port: 41087 } health_report { overall_health: UNKNOWN } } }
I20260608 10:05:35.245095 18054 consensus_queue.cc:260] T fe3a65a9da904b31a6b4d5c0dc11e513 P b27eac811e0d4798a8bf87837eaf1d5c [NON_LEADER]: Queue going to NON_LEADER mode. State: All replicated index: 0, Majority replicated index: 0, Committed index: 0, Last appended: 0.0, Last appended by leader: 0, Current term: 0, Majority size: -1, State: 0, Mode: NON_LEADER, active raft config: opid_index: -1 OBSOLETE_local: false peers { permanent_uuid: "286514ac1ca644168fa9b1430b2fe81e" member_type: VOTER last_known_addr { host: "127.13.15.129" port: 39237 } } peers { permanent_uuid: "705af06ed3724db08cc4bce514d10105" member_type: VOTER last_known_addr { host: "127.13.15.130" port: 42535 } } peers { permanent_uuid: "b27eac811e0d4798a8bf87837eaf1d5c" member_type: VOTER last_known_addr { host: "127.13.15.131" port: 41087 } }
I20260608 10:05:35.247529 18054 ts_tablet_manager.cc:1434] T fe3a65a9da904b31a6b4d5c0dc11e513 P b27eac811e0d4798a8bf87837eaf1d5c: Time spent starting tablet: real 0.007s	user 0.005s	sys 0.001s
I20260608 10:05:35.248438 18054 tablet_bootstrap.cc:492] T bada98590fd448c49ae6d6a95dd0385b P b27eac811e0d4798a8bf87837eaf1d5c: Bootstrap starting.
I20260608 10:05:35.253347 18056 tablet_bootstrap.cc:654] T d33a4014233e4fc0b3868b01ab6cd7bb P 705af06ed3724db08cc4bce514d10105: Neither blocks nor log segments found. Creating new log.
I20260608 10:05:35.254299 18054 tablet_bootstrap.cc:654] T bada98590fd448c49ae6d6a95dd0385b P b27eac811e0d4798a8bf87837eaf1d5c: Neither blocks nor log segments found. Creating new log.
I20260608 10:05:35.269076 18063 raft_consensus.cc:493] T c0fcee03c1034f8080f3f4f86848e6b4 P 705af06ed3724db08cc4bce514d10105 [term 0 FOLLOWER]: Starting pre-election (no leader contacted us within the election timeout)
I20260608 10:05:35.269829 18063 raft_consensus.cc:515] T c0fcee03c1034f8080f3f4f86848e6b4 P 705af06ed3724db08cc4bce514d10105 [term 0 FOLLOWER]: Starting pre-election with config: opid_index: -1 OBSOLETE_local: false peers { permanent_uuid: "b27eac811e0d4798a8bf87837eaf1d5c" member_type: VOTER last_known_addr { host: "127.13.15.131" port: 41087 } } peers { permanent_uuid: "705af06ed3724db08cc4bce514d10105" member_type: VOTER last_known_addr { host: "127.13.15.130" port: 42535 } } peers { permanent_uuid: "286514ac1ca644168fa9b1430b2fe81e" member_type: VOTER last_known_addr { host: "127.13.15.129" port: 39237 } }
I20260608 10:05:35.274374 17857 tablet_service.cc:1917] Received RequestConsensusVote() RPC: tablet_id: "c0fcee03c1034f8080f3f4f86848e6b4" candidate_uuid: "705af06ed3724db08cc4bce514d10105" candidate_term: 1 candidate_status { last_received { term: 0 index: 0 } } ignore_live_leader: false dest_uuid: "286514ac1ca644168fa9b1430b2fe81e" is_pre_election: true
I20260608 10:05:35.279141 18007 tablet_service.cc:1917] Received RequestConsensusVote() RPC: tablet_id: "c0fcee03c1034f8080f3f4f86848e6b4" candidate_uuid: "705af06ed3724db08cc4bce514d10105" candidate_term: 1 candidate_status { last_received { term: 0 index: 0 } } ignore_live_leader: false dest_uuid: "b27eac811e0d4798a8bf87837eaf1d5c" is_pre_election: true
I20260608 10:05:35.280256 18007 raft_consensus.cc:2393] T c0fcee03c1034f8080f3f4f86848e6b4 P b27eac811e0d4798a8bf87837eaf1d5c [term 1 FOLLOWER]: Leader pre-election vote request: Denying vote to candidate 705af06ed3724db08cc4bce514d10105 in current term 1: Already voted for candidate 286514ac1ca644168fa9b1430b2fe81e in this term.
I20260608 10:05:35.282284 17895 leader_election.cc:304] T c0fcee03c1034f8080f3f4f86848e6b4 P 705af06ed3724db08cc4bce514d10105 [CANDIDATE]: Term 1 pre-election: Election decided. Result: candidate lost. Election summary: received 3 responses out of 3 voters: 1 yes votes; 2 no votes. yes voters: 705af06ed3724db08cc4bce514d10105; no voters: 286514ac1ca644168fa9b1430b2fe81e, b27eac811e0d4798a8bf87837eaf1d5c
I20260608 10:05:35.283303 18088 raft_consensus.cc:3060] T c0fcee03c1034f8080f3f4f86848e6b4 P 705af06ed3724db08cc4bce514d10105 [term 0 FOLLOWER]: Advancing to term 1
I20260608 10:05:35.285233 18056 tablet_bootstrap.cc:492] T d33a4014233e4fc0b3868b01ab6cd7bb P 705af06ed3724db08cc4bce514d10105: No bootstrap required, opened a new log
I20260608 10:05:35.285746 18056 ts_tablet_manager.cc:1403] T d33a4014233e4fc0b3868b01ab6cd7bb P 705af06ed3724db08cc4bce514d10105: Time spent bootstrapping tablet: real 0.041s	user 0.016s	sys 0.020s
I20260608 10:05:35.285746 18063 leader_election.cc:290] T c0fcee03c1034f8080f3f4f86848e6b4 P 705af06ed3724db08cc4bce514d10105 [CANDIDATE]: Term 1 pre-election: Requested pre-vote from peers b27eac811e0d4798a8bf87837eaf1d5c (127.13.15.131:41087), 286514ac1ca644168fa9b1430b2fe81e (127.13.15.129:39237)
I20260608 10:05:35.288558 18056 raft_consensus.cc:359] T d33a4014233e4fc0b3868b01ab6cd7bb P 705af06ed3724db08cc4bce514d10105 [term 0 FOLLOWER]: Replica starting. Triggering 0 pending ops. Active config: opid_index: -1 OBSOLETE_local: false peers { permanent_uuid: "286514ac1ca644168fa9b1430b2fe81e" member_type: VOTER last_known_addr { host: "127.13.15.129" port: 39237 } } peers { permanent_uuid: "705af06ed3724db08cc4bce514d10105" member_type: VOTER last_known_addr { host: "127.13.15.130" port: 42535 } } peers { permanent_uuid: "b27eac811e0d4798a8bf87837eaf1d5c" member_type: VOTER last_known_addr { host: "127.13.15.131" port: 41087 } }
I20260608 10:05:35.289276 18056 raft_consensus.cc:385] T d33a4014233e4fc0b3868b01ab6cd7bb P 705af06ed3724db08cc4bce514d10105 [term 0 FOLLOWER]: Consensus starting up: Expiring failure detector timer to make a prompt election more likely
I20260608 10:05:35.289574 18056 raft_consensus.cc:740] T d33a4014233e4fc0b3868b01ab6cd7bb P 705af06ed3724db08cc4bce514d10105 [term 0 FOLLOWER]: Becoming Follower/Learner. State: Replica: 705af06ed3724db08cc4bce514d10105, State: Initialized, Role: FOLLOWER
