I20260608 10:03:40.706935  2264 sys_catalog.cc:458] T 00000000000000000000000000000000 P 525d8f7b23f94d9c90d34d060ca379d7 [sys.catalog]: This master's current role is: FOLLOWER
I20260608 10:03:40.709376  2265 sys_catalog.cc:455] T 00000000000000000000000000000000 P 87baf8fcb6c641a3ba0f2447abf7003b [sys.catalog]: SysCatalogTable state changed. Reason: Replicated consensus-only round. Latest consensus state: current_term: 1 leader_uuid: "6545dadba3a94e9fbdccaaa0e34d625c" committed_config { opid_index: -1 OBSOLETE_local: false peers { permanent_uuid: "6545dadba3a94e9fbdccaaa0e34d625c" member_type: VOTER last_known_addr { host: "127.2.2.254" port: 37285 } } peers { permanent_uuid: "87baf8fcb6c641a3ba0f2447abf7003b" member_type: VOTER last_known_addr { host: "127.2.2.253" port: 41085 } } peers { permanent_uuid: "525d8f7b23f94d9c90d34d060ca379d7" member_type: VOTER last_known_addr { host: "127.2.2.252" port: 37791 } } }
I20260608 10:03:40.710276  2265 sys_catalog.cc:458] T 00000000000000000000000000000000 P 87baf8fcb6c641a3ba0f2447abf7003b [sys.catalog]: This master's current role is: FOLLOWER
I20260608 10:03:40.710502  2331 sys_catalog.cc:455] T 00000000000000000000000000000000 P 6545dadba3a94e9fbdccaaa0e34d625c [sys.catalog]: SysCatalogTable state changed. Reason: Peer health change. Latest consensus state: current_term: 1 leader_uuid: "6545dadba3a94e9fbdccaaa0e34d625c" committed_config { opid_index: -1 OBSOLETE_local: false peers { permanent_uuid: "6545dadba3a94e9fbdccaaa0e34d625c" member_type: VOTER last_known_addr { host: "127.2.2.254" port: 37285 } } peers { permanent_uuid: "87baf8fcb6c641a3ba0f2447abf7003b" member_type: VOTER last_known_addr { host: "127.2.2.253" port: 41085 } } peers { permanent_uuid: "525d8f7b23f94d9c90d34d060ca379d7" member_type: VOTER last_known_addr { host: "127.2.2.252" port: 37791 } } }
I20260608 10:03:40.711234  2331 sys_catalog.cc:458] T 00000000000000000000000000000000 P 6545dadba3a94e9fbdccaaa0e34d625c [sys.catalog]: This master's current role is: LEADER
I20260608 10:03:40.712208  2331 sys_catalog.cc:455] T 00000000000000000000000000000000 P 6545dadba3a94e9fbdccaaa0e34d625c [sys.catalog]: SysCatalogTable state changed. Reason: Peer health change. Latest consensus state: current_term: 1 leader_uuid: "6545dadba3a94e9fbdccaaa0e34d625c" committed_config { opid_index: -1 OBSOLETE_local: false peers { permanent_uuid: "6545dadba3a94e9fbdccaaa0e34d625c" member_type: VOTER last_known_addr { host: "127.2.2.254" port: 37285 } } peers { permanent_uuid: "87baf8fcb6c641a3ba0f2447abf7003b" member_type: VOTER last_known_addr { host: "127.2.2.253" port: 41085 } } peers { permanent_uuid: "525d8f7b23f94d9c90d34d060ca379d7" member_type: VOTER last_known_addr { host: "127.2.2.252" port: 37791 } } }
I20260608 10:03:40.712980  2331 sys_catalog.cc:458] T 00000000000000000000000000000000 P 6545dadba3a94e9fbdccaaa0e34d625c [sys.catalog]: This master's current role is: LEADER
I20260608 10:03:40.715140  2384 acceptor_pool.cc:272] collecting diagnostics on the listening RPC socket 127.2.2.193:42581 every 8 connection(s)
I20260608 10:03:40.716418  2059 rpc_server.cc:307] RPC server started. Bound to: 127.2.2.193:42581
I20260608 10:03:40.718168  2348 catalog_manager.cc:1382] Generated new cluster ID: 8ab539b6856f4317b769f48a58987c62
I20260608 10:03:40.718559  2348 catalog_manager.cc:1530] Initializing Kudu internal certificate authority...
I20260608 10:03:40.759196  2059 file_cache.cc:492] Constructed file cache file cache with capacity 419430
I20260608 10:03:40.771560  2385 heartbeater.cc:344] Connected to a master server at 127.2.2.253:41085
I20260608 10:03:40.772117  2385 heartbeater.cc:461] Registering TS with master...
I20260608 10:03:40.773554  2385 heartbeater.cc:507] Master 127.2.2.253:41085 requested a full tablet report, sending...
I20260608 10:03:40.779621  2156 ts_manager.cc:194] Registered new tserver with Master: d4020e33e04d4dc28832b89892a6005b (127.2.2.193:42581)
I20260608 10:03:40.804344  2386 heartbeater.cc:344] Connected to a master server at 127.2.2.252:37791
I20260608 10:03:40.804857  2386 heartbeater.cc:461] Registering TS with master...
I20260608 10:03:40.806027  2386 heartbeater.cc:507] Master 127.2.2.252:37791 requested a full tablet report, sending...
I20260608 10:03:40.806402  2387 heartbeater.cc:344] Connected to a master server at 127.2.2.254:37285
I20260608 10:03:40.806806  2387 heartbeater.cc:461] Registering TS with master...
I20260608 10:03:40.807850  2387 heartbeater.cc:507] Master 127.2.2.254:37285 requested a full tablet report, sending...
I20260608 10:03:40.814144  2091 ts_manager.cc:194] Registered new tserver with Master: d4020e33e04d4dc28832b89892a6005b (127.2.2.193:42581)
W20260608 10:03:40.820976  2394 instance_detector.cc:116] could not retrieve AWS instance metadata: Network error: curl error: HTTP response code said error: The requested URL returned error: 404
I20260608 10:03:40.823367  2222 ts_manager.cc:194] Registered new tserver with Master: d4020e33e04d4dc28832b89892a6005b (127.2.2.193:42581)
I20260608 10:03:40.827003  2348 catalog_manager.cc:1405] Generated new certificate authority record
I20260608 10:03:40.833863  2348 catalog_manager.cc:1539] Loading token signing keys...
W20260608 10:03:40.834448  2395 instance_detector.cc:116] could not retrieve Azure instance metadata: Network error: curl error: HTTP response code said error: The requested URL returned error: 404
W20260608 10:03:40.839937  2397 instance_detector.cc:116] could not retrieve OpenStack instance metadata: Network error: curl error: HTTP response code said error: The requested URL returned error: 404
I20260608 10:03:40.843052  2059 server_base.cc:1061] running on GCE node
I20260608 10:03:40.844838  2059 hybrid_clock.cc:584] initializing the hybrid clock with 'system_unsync' time source
W20260608 10:03:40.845175  2059 system_unsync_time.cc:38] NTP support is disabled. Clock error bounds will not be accurate. This configuration is not suitable for distributed clusters.
I20260608 10:03:40.845397  2059 hybrid_clock.cc:648] HybridClock initialized: now 1780913020845381 us; error 0 us; skew 500 ppm
I20260608 10:03:40.846259  2059 server_base.cc:861] Flag tcmalloc_max_total_thread_cache_bytes is not working since tcmalloc is not enabled.
I20260608 10:03:40.850145  2059 webserver.cc:533] Webserver started at http://127.2.2.194:43279/ using document root <none> and password file <none>
I20260608 10:03:40.850950  2059 fs_manager.cc:362] Metadata directory not provided
I20260608 10:03:40.851486  2059 fs_manager.cc:368] Using write-ahead log directory (fs_wal_dir) as metadata directory
I20260608 10:03:40.852171  2059 server_base.cc:909] This appears to be a new deployment of Kudu; creating new FS layout
I20260608 10:03:40.853941  2059 fs_manager.cc:1068] Generated new instance metadata in path /tmp/dist-test-taskMxoK1z/test-tmp/auto_rebalancer-test.0.AutoRebalancerTest.OnlyLeaderDoesAutoRebalancing.1780913018004409-2059-0/minicluster-data/ts-1-root/instance:
uuid: "65993a0c0bdd431aa763f0cf1b71d228"
format_stamp: "Formatted at 2026-06-08 10:03:40 on dist-test-slave-mrsg"
I20260608 10:03:40.860656  2059 fs_manager.cc:696] Time spent creating directory manager: real 0.006s	user 0.005s	sys 0.001s
I20260608 10:03:40.866902  2402 log_block_manager.cc:4031] Time spent loading block containers with low live blocks: real 0.000s	user 0.000s	sys 0.000s
I20260608 10:03:40.868132  2059 fs_manager.cc:730] Time spent opening block manager: real 0.004s	user 0.002s	sys 0.002s
I20260608 10:03:40.868764  2059 fs_manager.cc:647] Opened local filesystem: /tmp/dist-test-taskMxoK1z/test-tmp/auto_rebalancer-test.0.AutoRebalancerTest.OnlyLeaderDoesAutoRebalancing.1780913018004409-2059-0/minicluster-data/ts-1-root
uuid: "65993a0c0bdd431aa763f0cf1b71d228"
format_stamp: "Formatted at 2026-06-08 10:03:40 on dist-test-slave-mrsg"
I20260608 10:03:40.869273  2059 fs_report.cc:389] FS layout report
--------------------
wal directory: /tmp/dist-test-taskMxoK1z/test-tmp/auto_rebalancer-test.0.AutoRebalancerTest.OnlyLeaderDoesAutoRebalancing.1780913018004409-2059-0/minicluster-data/ts-1-root
metadata directory: /tmp/dist-test-taskMxoK1z/test-tmp/auto_rebalancer-test.0.AutoRebalancerTest.OnlyLeaderDoesAutoRebalancing.1780913018004409-2059-0/minicluster-data/ts-1-root
1 data directories: /tmp/dist-test-taskMxoK1z/test-tmp/auto_rebalancer-test.0.AutoRebalancerTest.OnlyLeaderDoesAutoRebalancing.1780913018004409-2059-0/minicluster-data/ts-1-root/data
Total live blocks: 0
Total live bytes: 0
Total live bytes (after alignment): 0
Total number of LBM containers: 0 (0 full)
Did not check for missing blocks
Did not check for orphaned blocks
Total full LBM containers with extra space: 0 (0 repaired)
Total full LBM container extra space in bytes: 0 (0 repaired)
Total incomplete LBM containers: 0 (0 repaired)
Total LBM partial records: 0 (0 repaired)
Total corrupted LBM metadata records in RocksDB: 0 (0 repaired)
I20260608 10:03:40.888260  2348 catalog_manager.cc:6069] T 00000000000000000000000000000000 P 6545dadba3a94e9fbdccaaa0e34d625c: Generated new TSK 0
I20260608 10:03:40.890136  2348 catalog_manager.cc:1549] Initializing in-progress tserver states...
I20260608 10:03:40.905189  2059 rpc_server.cc:225] running with OpenSSL 1.1.1  11 Sep 2018
I20260608 10:03:40.906816  2059 kserver.cc:163] Server-wide thread pool size limit: 3276
I20260608 10:03:40.909529  2059 txn_system_client.cc:432] TxnSystemClient initialization is disabled...
I20260608 10:03:40.912839  2059 ts_tablet_manager.cc:585] Loaded tablet metadata (0 total tablets, 0 live tablets)
I20260608 10:03:40.913120  2059 ts_tablet_manager.cc:531] Time spent load tablet metadata: real 0.000s	user 0.000s	sys 0.000s
I20260608 10:03:40.913460  2059 ts_tablet_manager.cc:616] Registered 0 tablets
I20260608 10:03:40.913654  2059 ts_tablet_manager.cc:595] Time spent register tablets: real 0.000s	user 0.000s	sys 0.000s
I20260608 10:03:41.036612  2059 rpc_server.cc:307] RPC server started. Bound to: 127.2.2.194:36631
I20260608 10:03:41.036892  2464 acceptor_pool.cc:272] collecting diagnostics on the listening RPC socket 127.2.2.194:36631 every 8 connection(s)
I20260608 10:03:41.066535  2465 heartbeater.cc:344] Connected to a master server at 127.2.2.253:41085
I20260608 10:03:41.067255  2465 heartbeater.cc:461] Registering TS with master...
I20260608 10:03:41.068816  2465 heartbeater.cc:507] Master 127.2.2.253:41085 requested a full tablet report, sending...
I20260608 10:03:41.073565  2156 ts_manager.cc:194] Registered new tserver with Master: 65993a0c0bdd431aa763f0cf1b71d228 (127.2.2.194:36631)
I20260608 10:03:41.081759  2059 file_cache.cc:492] Constructed file cache file cache with capacity 419430
I20260608 10:03:41.088229  2468 heartbeater.cc:344] Connected to a master server at 127.2.2.254:37285
I20260608 10:03:41.088740  2468 heartbeater.cc:461] Registering TS with master...
I20260608 10:03:41.090412  2468 heartbeater.cc:507] Master 127.2.2.254:37285 requested a full tablet report, sending...
I20260608 10:03:41.091784  2466 heartbeater.cc:344] Connected to a master server at 127.2.2.252:37791
I20260608 10:03:41.092274  2466 heartbeater.cc:461] Registering TS with master...
I20260608 10:03:41.093472  2466 heartbeater.cc:507] Master 127.2.2.252:37791 requested a full tablet report, sending...
I20260608 10:03:41.094116  2091 ts_manager.cc:194] Registered new tserver with Master: 65993a0c0bdd431aa763f0cf1b71d228 (127.2.2.194:36631)
I20260608 10:03:41.097275  2222 ts_manager.cc:194] Registered new tserver with Master: 65993a0c0bdd431aa763f0cf1b71d228 (127.2.2.194:36631)
I20260608 10:03:41.098686  2091 master_service.cc:502] Signed X509 certificate for tserver {username='slave'} at 127.0.0.1:57392
W20260608 10:03:41.100982  2472 instance_detector.cc:116] could not retrieve AWS instance metadata: Network error: curl error: HTTP response code said error: The requested URL returned error: 404
W20260608 10:03:41.106448  2473 instance_detector.cc:116] could not retrieve Azure instance metadata: Network error: curl error: HTTP response code said error: The requested URL returned error: 404
I20260608 10:03:41.112207  2059 server_base.cc:1061] running on GCE node
W20260608 10:03:41.112885  2476 instance_detector.cc:116] could not retrieve OpenStack instance metadata: Network error: curl error: HTTP response code said error: The requested URL returned error: 404
I20260608 10:03:41.114261  2059 hybrid_clock.cc:584] initializing the hybrid clock with 'system_unsync' time source
W20260608 10:03:41.114573  2059 system_unsync_time.cc:38] NTP support is disabled. Clock error bounds will not be accurate. This configuration is not suitable for distributed clusters.
I20260608 10:03:41.114807  2059 hybrid_clock.cc:648] HybridClock initialized: now 1780913021114788 us; error 0 us; skew 500 ppm
I20260608 10:03:41.115648  2059 server_base.cc:861] Flag tcmalloc_max_total_thread_cache_bytes is not working since tcmalloc is not enabled.
I20260608 10:03:41.119072  2059 webserver.cc:533] Webserver started at http://127.2.2.195:36597/ using document root <none> and password file <none>
I20260608 10:03:41.119828  2059 fs_manager.cc:362] Metadata directory not provided
I20260608 10:03:41.120110  2059 fs_manager.cc:368] Using write-ahead log directory (fs_wal_dir) as metadata directory
I20260608 10:03:41.120522  2059 server_base.cc:909] This appears to be a new deployment of Kudu; creating new FS layout
I20260608 10:03:41.122206  2059 fs_manager.cc:1068] Generated new instance metadata in path /tmp/dist-test-taskMxoK1z/test-tmp/auto_rebalancer-test.0.AutoRebalancerTest.OnlyLeaderDoesAutoRebalancing.1780913018004409-2059-0/minicluster-data/ts-2-root/instance:
uuid: "f531b3fadd9643acb04fefaae639856a"
format_stamp: "Formatted at 2026-06-08 10:03:41 on dist-test-slave-mrsg"
I20260608 10:03:41.129508  2059 fs_manager.cc:696] Time spent creating directory manager: real 0.007s	user 0.006s	sys 0.001s
I20260608 10:03:41.135006  2480 log_block_manager.cc:4031] Time spent loading block containers with low live blocks: real 0.000s	user 0.000s	sys 0.000s
I20260608 10:03:41.136102  2059 fs_manager.cc:730] Time spent opening block manager: real 0.003s	user 0.005s	sys 0.000s
I20260608 10:03:41.136510  2059 fs_manager.cc:647] Opened local filesystem: /tmp/dist-test-taskMxoK1z/test-tmp/auto_rebalancer-test.0.AutoRebalancerTest.OnlyLeaderDoesAutoRebalancing.1780913018004409-2059-0/minicluster-data/ts-2-root
uuid: "f531b3fadd9643acb04fefaae639856a"
format_stamp: "Formatted at 2026-06-08 10:03:41 on dist-test-slave-mrsg"
I20260608 10:03:41.136909  2059 fs_report.cc:389] FS layout report
--------------------
wal directory: /tmp/dist-test-taskMxoK1z/test-tmp/auto_rebalancer-test.0.AutoRebalancerTest.OnlyLeaderDoesAutoRebalancing.1780913018004409-2059-0/minicluster-data/ts-2-root
metadata directory: /tmp/dist-test-taskMxoK1z/test-tmp/auto_rebalancer-test.0.AutoRebalancerTest.OnlyLeaderDoesAutoRebalancing.1780913018004409-2059-0/minicluster-data/ts-2-root
1 data directories: /tmp/dist-test-taskMxoK1z/test-tmp/auto_rebalancer-test.0.AutoRebalancerTest.OnlyLeaderDoesAutoRebalancing.1780913018004409-2059-0/minicluster-data/ts-2-root/data
Total live blocks: 0
Total live bytes: 0
Total live bytes (after alignment): 0
Total number of LBM containers: 0 (0 full)
Did not check for missing blocks
Did not check for orphaned blocks
Total full LBM containers with extra space: 0 (0 repaired)
Total full LBM container extra space in bytes: 0 (0 repaired)
Total incomplete LBM containers: 0 (0 repaired)
Total LBM partial records: 0 (0 repaired)
Total corrupted LBM metadata records in RocksDB: 0 (0 repaired)
I20260608 10:03:41.155715  2059 rpc_server.cc:225] running with OpenSSL 1.1.1  11 Sep 2018
I20260608 10:03:41.157670  2059 kserver.cc:163] Server-wide thread pool size limit: 3276
I20260608 10:03:41.160446  2059 txn_system_client.cc:432] TxnSystemClient initialization is disabled...
I20260608 10:03:41.165267  2059 ts_tablet_manager.cc:585] Loaded tablet metadata (0 total tablets, 0 live tablets)
I20260608 10:03:41.165856  2059 ts_tablet_manager.cc:531] Time spent load tablet metadata: real 0.001s	user 0.001s	sys 0.000s
I20260608 10:03:41.166363  2059 ts_tablet_manager.cc:616] Registered 0 tablets
I20260608 10:03:41.166620  2059 ts_tablet_manager.cc:595] Time spent register tablets: real 0.000s	user 0.000s	sys 0.000s
I20260608 10:03:41.279958  2059 rpc_server.cc:307] RPC server started. Bound to: 127.2.2.195:43849
I20260608 10:03:41.280158  2542 acceptor_pool.cc:272] collecting diagnostics on the listening RPC socket 127.2.2.195:43849 every 8 connection(s)
I20260608 10:03:41.316923  2543 heartbeater.cc:344] Connected to a master server at 127.2.2.253:41085
I20260608 10:03:41.317442  2543 heartbeater.cc:461] Registering TS with master...
I20260608 10:03:41.318526  2543 heartbeater.cc:507] Master 127.2.2.253:41085 requested a full tablet report, sending...
I20260608 10:03:41.325260  2156 ts_manager.cc:194] Registered new tserver with Master: f531b3fadd9643acb04fefaae639856a (127.2.2.195:43849)
I20260608 10:03:41.329675  2544 heartbeater.cc:344] Connected to a master server at 127.2.2.252:37791
I20260608 10:03:41.330327  2544 heartbeater.cc:461] Registering TS with master...
I20260608 10:03:41.333174  2544 heartbeater.cc:507] Master 127.2.2.252:37791 requested a full tablet report, sending...
I20260608 10:03:41.336779  2222 ts_manager.cc:194] Registered new tserver with Master: f531b3fadd9643acb04fefaae639856a (127.2.2.195:43849)
I20260608 10:03:41.337775  2545 heartbeater.cc:344] Connected to a master server at 127.2.2.254:37285
I20260608 10:03:41.338286  2545 heartbeater.cc:461] Registering TS with master...
I20260608 10:03:41.339500  2545 heartbeater.cc:507] Master 127.2.2.254:37285 requested a full tablet report, sending...
I20260608 10:03:41.342877  2091 ts_manager.cc:194] Registered new tserver with Master: f531b3fadd9643acb04fefaae639856a (127.2.2.195:43849)
I20260608 10:03:41.343242  2059 internal_mini_cluster.cc:371] 3 TS(s) registered with all masters after 0.032706339s
I20260608 10:03:41.345213  2091 master_service.cc:502] Signed X509 certificate for tserver {username='slave'} at 127.0.0.1:57402
I20260608 10:03:41.363091  2285 catalog_manager.cc:1294] Loaded cluster ID: 8ab539b6856f4317b769f48a58987c62
I20260608 10:03:41.363438  2285 catalog_manager.cc:1587] T 00000000000000000000000000000000 P 525d8f7b23f94d9c90d34d060ca379d7: loading cluster ID for follower catalog manager: success
I20260608 10:03:41.370296  2285 catalog_manager.cc:1609] T 00000000000000000000000000000000 P 525d8f7b23f94d9c90d34d060ca379d7: acquiring CA information for follower catalog manager: success
I20260608 10:03:41.382325  2285 catalog_manager.cc:1637] T 00000000000000000000000000000000 P 525d8f7b23f94d9c90d34d060ca379d7: importing token verification keys for follower catalog manager: success; most recent TSK sequence number 0
I20260608 10:03:41.385435  2297 catalog_manager.cc:1294] Loaded cluster ID: 8ab539b6856f4317b769f48a58987c62
I20260608 10:03:41.386029  2297 catalog_manager.cc:1587] T 00000000000000000000000000000000 P 87baf8fcb6c641a3ba0f2447abf7003b: loading cluster ID for follower catalog manager: success
I20260608 10:03:41.398197  2297 catalog_manager.cc:1609] T 00000000000000000000000000000000 P 87baf8fcb6c641a3ba0f2447abf7003b: acquiring CA information for follower catalog manager: success
I20260608 10:03:41.404906  2297 catalog_manager.cc:1637] T 00000000000000000000000000000000 P 87baf8fcb6c641a3ba0f2447abf7003b: importing token verification keys for follower catalog manager: success; most recent TSK sequence number 0
I20260608 10:03:41.820974  2091 master_service.cc:502] Signed X509 certificate for tserver {username='slave'} at 127.0.0.1:57390
I20260608 10:03:42.105536  2468 heartbeater.cc:499] Master 127.2.2.254:37285 was elected leader, sending a full tablet report...
I20260608 10:03:42.349524  2545 heartbeater.cc:499] Master 127.2.2.254:37285 was elected leader, sending a full tablet report...
I20260608 10:03:42.375387  2300 auto_leader_rebalancer.cc:451] All tables' leader rebalancing finished this round
I20260608 10:03:42.501365  2091 catalog_manager.cc:2282] Servicing CreateTable request from {username='slave'} at 127.0.0.1:34404:
name: "test-workload"
schema {
  columns {
    name: "key"
    type: INT32
    is_key: true
    is_nullable: false
    encoding: AUTO_ENCODING
    compression: DEFAULT_COMPRESSION
    cfile_block_size: 0
    immutable: false
  }
  columns {
    name: "int_val"
    type: INT32
    is_key: false
    is_nullable: false
    encoding: AUTO_ENCODING
    compression: DEFAULT_COMPRESSION
    cfile_block_size: 0
    immutable: false
  }
  columns {
    name: "string_val"
    type: STRING
    is_key: false
    is_nullable: true
    encoding: AUTO_ENCODING
    compression: DEFAULT_COMPRESSION
    cfile_block_size: 0
    immutable: false
  }
}
num_replicas: 1
split_rows_range_bounds {
  rows: "\004\001\000\377\377\377\037\004\001\000\376\377\377?\004\001\000\375\377\377_""\004\001\000\377\377\377\037\004\001\000\376\377\377?\004\001\000\375\377\377_"
  indirect_data: """"
}
partition_schema {
  range_schema {
    columns {
      name: "key"
    }
  }
}
I20260608 10:03:42.643776  2340 tablet_service.cc:1511] Processing CreateTablet for tablet 2860d37cf2db4f4bbf4df29c0b43edf3 (DEFAULT_TABLE table=test-workload [id=6c255c24c9f24f3890e8995c02c89c61]), partition=RANGE (key) PARTITION 536870911 <= VALUES < 1073741822
I20260608 10:03:42.646330  2340 data_dirs.cc:400] Could only allocate 1 dirs of requested 3 for tablet 2860d37cf2db4f4bbf4df29c0b43edf3. 1 dirs total, 0 dirs full, 0 dirs failed
I20260608 10:03:42.646637  2338 tablet_service.cc:1511] Processing CreateTablet for tablet fe2b5df2faa14065b869efc839fd36b8 (DEFAULT_TABLE table=test-workload [id=6c255c24c9f24f3890e8995c02c89c61]), partition=RANGE (key) PARTITION 1610612733 <= VALUES
I20260608 10:03:42.648566  2338 data_dirs.cc:400] Could only allocate 1 dirs of requested 3 for tablet fe2b5df2faa14065b869efc839fd36b8. 1 dirs total, 0 dirs full, 0 dirs failed
I20260608 10:03:42.660521  2430 tablet_service.cc:1511] Processing CreateTablet for tablet 682898c3fefb4baeaf15b133ca585ed6 (DEFAULT_TABLE table=test-workload [id=6c255c24c9f24f3890e8995c02c89c61]), partition=RANGE (key) PARTITION VALUES < 536870911
I20260608 10:03:42.662993  2430 data_dirs.cc:400] Could only allocate 1 dirs of requested 3 for tablet 682898c3fefb4baeaf15b133ca585ed6. 1 dirs total, 0 dirs full, 0 dirs failed
I20260608 10:03:42.678663  2508 tablet_service.cc:1511] Processing CreateTablet for tablet a0c285997b234d53a972da2caf200c80 (DEFAULT_TABLE table=test-workload [id=6c255c24c9f24f3890e8995c02c89c61]), partition=RANGE (key) PARTITION 1073741822 <= VALUES < 1610612733
I20260608 10:03:42.681095  2508 data_dirs.cc:400] Could only allocate 1 dirs of requested 3 for tablet a0c285997b234d53a972da2caf200c80. 1 dirs total, 0 dirs full, 0 dirs failed
I20260608 10:03:42.697616  2579 tablet_bootstrap.cc:492] T 2860d37cf2db4f4bbf4df29c0b43edf3 P d4020e33e04d4dc28832b89892a6005b: Bootstrap starting.
I20260608 10:03:42.701592  2580 tablet_bootstrap.cc:492] T 682898c3fefb4baeaf15b133ca585ed6 P 65993a0c0bdd431aa763f0cf1b71d228: Bootstrap starting.
I20260608 10:03:42.710760  2579 tablet_bootstrap.cc:654] T 2860d37cf2db4f4bbf4df29c0b43edf3 P d4020e33e04d4dc28832b89892a6005b: Neither blocks nor log segments found. Creating new log.
I20260608 10:03:42.717409  2580 tablet_bootstrap.cc:654] T 682898c3fefb4baeaf15b133ca585ed6 P 65993a0c0bdd431aa763f0cf1b71d228: Neither blocks nor log segments found. Creating new log.
I20260608 10:03:42.726045  2581 tablet_bootstrap.cc:492] T a0c285997b234d53a972da2caf200c80 P f531b3fadd9643acb04fefaae639856a: Bootstrap starting.
I20260608 10:03:42.729095  2579 tablet_bootstrap.cc:492] T 2860d37cf2db4f4bbf4df29c0b43edf3 P d4020e33e04d4dc28832b89892a6005b: No bootstrap required, opened a new log
I20260608 10:03:42.729892  2579 ts_tablet_manager.cc:1403] T 2860d37cf2db4f4bbf4df29c0b43edf3 P d4020e33e04d4dc28832b89892a6005b: Time spent bootstrapping tablet: real 0.033s	user 0.014s	sys 0.012s
I20260608 10:03:42.734661  2580 tablet_bootstrap.cc:492] T 682898c3fefb4baeaf15b133ca585ed6 P 65993a0c0bdd431aa763f0cf1b71d228: No bootstrap required, opened a new log
I20260608 10:03:42.734696  2579 raft_consensus.cc:359] T 2860d37cf2db4f4bbf4df29c0b43edf3 P d4020e33e04d4dc28832b89892a6005b [term 0 FOLLOWER]: Replica starting. Triggering 0 pending ops. Active config: opid_index: -1 OBSOLETE_local: true peers { permanent_uuid: "d4020e33e04d4dc28832b89892a6005b" member_type: VOTER last_known_addr { host: "127.2.2.193" port: 42581 } }
I20260608 10:03:42.735494  2580 ts_tablet_manager.cc:1403] T 682898c3fefb4baeaf15b133ca585ed6 P 65993a0c0bdd431aa763f0cf1b71d228: Time spent bootstrapping tablet: real 0.034s	user 0.004s	sys 0.015s
I20260608 10:03:42.735570  2579 raft_consensus.cc:385] T 2860d37cf2db4f4bbf4df29c0b43edf3 P d4020e33e04d4dc28832b89892a6005b [term 0 FOLLOWER]: Consensus starting up: Expiring failure detector timer to make a prompt election more likely
I20260608 10:03:42.736021  2579 raft_consensus.cc:740] T 2860d37cf2db4f4bbf4df29c0b43edf3 P d4020e33e04d4dc28832b89892a6005b [term 0 FOLLOWER]: Becoming Follower/Learner. State: Replica: d4020e33e04d4dc28832b89892a6005b, State: Initialized, Role: FOLLOWER
I20260608 10:03:42.737248  2579 consensus_queue.cc:260] T 2860d37cf2db4f4bbf4df29c0b43edf3 P d4020e33e04d4dc28832b89892a6005b [NON_LEADER]: Queue going to NON_LEADER mode. State: All replicated index: 0, Majority replicated index: 0, Committed index: 0, Last appended: 0.0, Last appended by leader: 0, Current term: 0, Majority size: -1, State: 0, Mode: NON_LEADER, active raft config: opid_index: -1 OBSOLETE_local: true peers { permanent_uuid: "d4020e33e04d4dc28832b89892a6005b" member_type: VOTER last_known_addr { host: "127.2.2.193" port: 42581 } }
I20260608 10:03:42.738044  2579 raft_consensus.cc:399] T 2860d37cf2db4f4bbf4df29c0b43edf3 P d4020e33e04d4dc28832b89892a6005b [term 0 FOLLOWER]: Only one voter in the Raft config. Triggering election immediately
I20260608 10:03:42.738243  2581 tablet_bootstrap.cc:654] T a0c285997b234d53a972da2caf200c80 P f531b3fadd9643acb04fefaae639856a: Neither blocks nor log segments found. Creating new log.
I20260608 10:03:42.738476  2579 raft_consensus.cc:493] T 2860d37cf2db4f4bbf4df29c0b43edf3 P d4020e33e04d4dc28832b89892a6005b [term 0 FOLLOWER]: Starting leader election (initial election of a single-replica configuration)
I20260608 10:03:42.739952  2579 raft_consensus.cc:3060] T 2860d37cf2db4f4bbf4df29c0b43edf3 P d4020e33e04d4dc28832b89892a6005b [term 0 FOLLOWER]: Advancing to term 1
I20260608 10:03:42.743834  2580 raft_consensus.cc:359] T 682898c3fefb4baeaf15b133ca585ed6 P 65993a0c0bdd431aa763f0cf1b71d228 [term 0 FOLLOWER]: Replica starting. Triggering 0 pending ops. Active config: opid_index: -1 OBSOLETE_local: true peers { permanent_uuid: "65993a0c0bdd431aa763f0cf1b71d228" member_type: VOTER last_known_addr { host: "127.2.2.194" port: 36631 } }
I20260608 10:03:42.744668  2580 raft_consensus.cc:385] T 682898c3fefb4baeaf15b133ca585ed6 P 65993a0c0bdd431aa763f0cf1b71d228 [term 0 FOLLOWER]: Consensus starting up: Expiring failure detector timer to make a prompt election more likely
I20260608 10:03:42.745021  2580 raft_consensus.cc:740] T 682898c3fefb4baeaf15b133ca585ed6 P 65993a0c0bdd431aa763f0cf1b71d228 [term 0 FOLLOWER]: Becoming Follower/Learner. State: Replica: 65993a0c0bdd431aa763f0cf1b71d228, State: Initialized, Role: FOLLOWER
I20260608 10:03:42.746778  2580 consensus_queue.cc:260] T 682898c3fefb4baeaf15b133ca585ed6 P 65993a0c0bdd431aa763f0cf1b71d228 [NON_LEADER]: Queue going to NON_LEADER mode. State: All replicated index: 0, Majority replicated index: 0, Committed index: 0, Last appended: 0.0, Last appended by leader: 0, Current term: 0, Majority size: -1, State: 0, Mode: NON_LEADER, active raft config: opid_index: -1 OBSOLETE_local: true peers { permanent_uuid: "65993a0c0bdd431aa763f0cf1b71d228" member_type: VOTER last_known_addr { host: "127.2.2.194" port: 36631 } }
I20260608 10:03:42.747573  2580 raft_consensus.cc:399] T 682898c3fefb4baeaf15b133ca585ed6 P 65993a0c0bdd431aa763f0cf1b71d228 [term 0 FOLLOWER]: Only one voter in the Raft config. Triggering election immediately
I20260608 10:03:42.747933  2580 raft_consensus.cc:493] T 682898c3fefb4baeaf15b133ca585ed6 P 65993a0c0bdd431aa763f0cf1b71d228 [term 0 FOLLOWER]: Starting leader election (initial election of a single-replica configuration)
I20260608 10:03:42.748912  2579 raft_consensus.cc:515] T 2860d37cf2db4f4bbf4df29c0b43edf3 P d4020e33e04d4dc28832b89892a6005b [term 1 FOLLOWER]: Starting leader election with config: opid_index: -1 OBSOLETE_local: true peers { permanent_uuid: "d4020e33e04d4dc28832b89892a6005b" member_type: VOTER last_known_addr { host: "127.2.2.193" port: 42581 } }
I20260608 10:03:42.749872  2579 leader_election.cc:304] T 2860d37cf2db4f4bbf4df29c0b43edf3 P d4020e33e04d4dc28832b89892a6005b [CANDIDATE]: Term 1 election: Election decided. Result: candidate won. Election summary: received 1 responses out of 1 voters: 1 yes votes; 0 no votes. yes voters: d4020e33e04d4dc28832b89892a6005b; no voters: 
I20260608 10:03:42.748378  2580 raft_consensus.cc:3060] T 682898c3fefb4baeaf15b133ca585ed6 P 65993a0c0bdd431aa763f0cf1b71d228 [term 0 FOLLOWER]: Advancing to term 1
I20260608 10:03:42.758986  2585 raft_consensus.cc:2804] T 2860d37cf2db4f4bbf4df29c0b43edf3 P d4020e33e04d4dc28832b89892a6005b [term 1 FOLLOWER]: Leader election won for term 1
I20260608 10:03:42.761497  2579 leader_election.cc:290] T 2860d37cf2db4f4bbf4df29c0b43edf3 P d4020e33e04d4dc28832b89892a6005b [CANDIDATE]: Term 1 election: Requested vote from peers 
I20260608 10:03:42.763826  2580 raft_consensus.cc:515] T 682898c3fefb4baeaf15b133ca585ed6 P 65993a0c0bdd431aa763f0cf1b71d228 [term 1 FOLLOWER]: Starting leader election with config: opid_index: -1 OBSOLETE_local: true peers { permanent_uuid: "65993a0c0bdd431aa763f0cf1b71d228" member_type: VOTER last_known_addr { host: "127.2.2.194" port: 36631 } }
I20260608 10:03:42.764981  2580 leader_election.cc:304] T 682898c3fefb4baeaf15b133ca585ed6 P 65993a0c0bdd431aa763f0cf1b71d228 [CANDIDATE]: Term 1 election: Election decided. Result: candidate won. Election summary: received 1 responses out of 1 voters: 1 yes votes; 0 no votes. yes voters: 65993a0c0bdd431aa763f0cf1b71d228; no voters: 
I20260608 10:03:42.766095  2581 tablet_bootstrap.cc:492] T a0c285997b234d53a972da2caf200c80 P f531b3fadd9643acb04fefaae639856a: No bootstrap required, opened a new log
I20260608 10:03:42.766705  2581 ts_tablet_manager.cc:1403] T a0c285997b234d53a972da2caf200c80 P f531b3fadd9643acb04fefaae639856a: Time spent bootstrapping tablet: real 0.041s	user 0.022s	sys 0.014s
I20260608 10:03:42.767287  2579 ts_tablet_manager.cc:1434] T 2860d37cf2db4f4bbf4df29c0b43edf3 P d4020e33e04d4dc28832b89892a6005b: Time spent starting tablet: real 0.037s	user 0.025s	sys 0.004s
I20260608 10:03:42.769271  2585 raft_consensus.cc:697] T 2860d37cf2db4f4bbf4df29c0b43edf3 P d4020e33e04d4dc28832b89892a6005b [term 1 LEADER]: Becoming Leader. State: Replica: d4020e33e04d4dc28832b89892a6005b, State: Running, Role: LEADER
I20260608 10:03:42.773120  2387 heartbeater.cc:499] Master 127.2.2.254:37285 was elected leader, sending a full tablet report...
I20260608 10:03:42.775274  2579 tablet_bootstrap.cc:492] T fe2b5df2faa14065b869efc839fd36b8 P d4020e33e04d4dc28832b89892a6005b: Bootstrap starting.
I20260608 10:03:42.776119  2581 raft_consensus.cc:359] T a0c285997b234d53a972da2caf200c80 P f531b3fadd9643acb04fefaae639856a [term 0 FOLLOWER]: Replica starting. Triggering 0 pending ops. Active config: opid_index: -1 OBSOLETE_local: true peers { permanent_uuid: "f531b3fadd9643acb04fefaae639856a" member_type: VOTER last_known_addr { host: "127.2.2.195" port: 43849 } }
I20260608 10:03:42.776918  2581 raft_consensus.cc:385] T a0c285997b234d53a972da2caf200c80 P f531b3fadd9643acb04fefaae639856a [term 0 FOLLOWER]: Consensus starting up: Expiring failure detector timer to make a prompt election more likely
I20260608 10:03:42.777272  2581 raft_consensus.cc:740] T a0c285997b234d53a972da2caf200c80 P f531b3fadd9643acb04fefaae639856a [term 0 FOLLOWER]: Becoming Follower/Learner. State: Replica: f531b3fadd9643acb04fefaae639856a, State: Initialized, Role: FOLLOWER
I20260608 10:03:42.778438  2581 consensus_queue.cc:260] T a0c285997b234d53a972da2caf200c80 P f531b3fadd9643acb04fefaae639856a [NON_LEADER]: Queue going to NON_LEADER mode. State: All replicated index: 0, Majority replicated index: 0, Committed index: 0, Last appended: 0.0, Last appended by leader: 0, Current term: 0, Majority size: -1, State: 0, Mode: NON_LEADER, active raft config: opid_index: -1 OBSOLETE_local: true peers { permanent_uuid: "f531b3fadd9643acb04fefaae639856a" member_type: VOTER last_known_addr { host: "127.2.2.195" port: 43849 } }
I20260608 10:03:42.770267  2585 consensus_queue.cc:237] T 2860d37cf2db4f4bbf4df29c0b43edf3 P d4020e33e04d4dc28832b89892a6005b [LEADER]: Queue going to LEADER mode. State: All replicated index: 0, Majority replicated index: 0, Committed index: 0, Last appended: 0.0, Last appended by leader: 0, Current term: 1, Majority size: 1, State: 0, Mode: LEADER, active raft config: opid_index: -1 OBSOLETE_local: true peers { permanent_uuid: "d4020e33e04d4dc28832b89892a6005b" member_type: VOTER last_known_addr { host: "127.2.2.193" port: 42581 } }
I20260608 10:03:42.783185  2581 raft_consensus.cc:399] T a0c285997b234d53a972da2caf200c80 P f531b3fadd9643acb04fefaae639856a [term 0 FOLLOWER]: Only one voter in the Raft config. Triggering election immediately
I20260608 10:03:42.783814  2581 raft_consensus.cc:493] T a0c285997b234d53a972da2caf200c80 P f531b3fadd9643acb04fefaae639856a [term 0 FOLLOWER]: Starting leader election (initial election of a single-replica configuration)
I20260608 10:03:42.784308  2581 raft_consensus.cc:3060] T a0c285997b234d53a972da2caf200c80 P f531b3fadd9643acb04fefaae639856a [term 0 FOLLOWER]: Advancing to term 1
I20260608 10:03:42.790495  2580 leader_election.cc:290] T 682898c3fefb4baeaf15b133ca585ed6 P 65993a0c0bdd431aa763f0cf1b71d228 [CANDIDATE]: Term 1 election: Requested vote from peers 
I20260608 10:03:42.791764  2588 raft_consensus.cc:2804] T 682898c3fefb4baeaf15b133ca585ed6 P 65993a0c0bdd431aa763f0cf1b71d228 [term 1 FOLLOWER]: Leader election won for term 1
I20260608 10:03:42.794560  2581 raft_consensus.cc:515] T a0c285997b234d53a972da2caf200c80 P f531b3fadd9643acb04fefaae639856a [term 1 FOLLOWER]: Starting leader election with config: opid_index: -1 OBSOLETE_local: true peers { permanent_uuid: "f531b3fadd9643acb04fefaae639856a" member_type: VOTER last_known_addr { host: "127.2.2.195" port: 43849 } }
I20260608 10:03:42.795323  2579 tablet_bootstrap.cc:654] T fe2b5df2faa14065b869efc839fd36b8 P d4020e33e04d4dc28832b89892a6005b: Neither blocks nor log segments found. Creating new log.
I20260608 10:03:42.795914  2581 leader_election.cc:304] T a0c285997b234d53a972da2caf200c80 P f531b3fadd9643acb04fefaae639856a [CANDIDATE]: Term 1 election: Election decided. Result: candidate won. Election summary: received 1 responses out of 1 voters: 1 yes votes; 0 no votes. yes voters: f531b3fadd9643acb04fefaae639856a; no voters: 
I20260608 10:03:42.810731  2580 ts_tablet_manager.cc:1434] T 682898c3fefb4baeaf15b133ca585ed6 P 65993a0c0bdd431aa763f0cf1b71d228: Time spent starting tablet: real 0.075s	user 0.030s	sys 0.035s
I20260608 10:03:42.819103  2588 raft_consensus.cc:697] T 682898c3fefb4baeaf15b133ca585ed6 P 65993a0c0bdd431aa763f0cf1b71d228 [term 1 LEADER]: Becoming Leader. State: Replica: 65993a0c0bdd431aa763f0cf1b71d228, State: Running, Role: LEADER
I20260608 10:03:42.820415  2588 consensus_queue.cc:237] T 682898c3fefb4baeaf15b133ca585ed6 P 65993a0c0bdd431aa763f0cf1b71d228 [LEADER]: Queue going to LEADER mode. State: All replicated index: 0, Majority replicated index: 0, Committed index: 0, Last appended: 0.0, Last appended by leader: 0, Current term: 1, Majority size: 1, State: 0, Mode: LEADER, active raft config: opid_index: -1 OBSOLETE_local: true peers { permanent_uuid: "65993a0c0bdd431aa763f0cf1b71d228" member_type: VOTER last_known_addr { host: "127.2.2.194" port: 36631 } }
I20260608 10:03:42.868813  2091 catalog_manager.cc:5696] T 2860d37cf2db4f4bbf4df29c0b43edf3 P d4020e33e04d4dc28832b89892a6005b reported cstate change: term changed from 0 to 1, leader changed from <none> to d4020e33e04d4dc28832b89892a6005b (127.2.2.193). New cstate: current_term: 1 leader_uuid: "d4020e33e04d4dc28832b89892a6005b" committed_config { opid_index: -1 OBSOLETE_local: true peers { permanent_uuid: "d4020e33e04d4dc28832b89892a6005b" member_type: VOTER last_known_addr { host: "127.2.2.193" port: 42581 } health_report { overall_health: HEALTHY } } }
I20260608 10:03:42.881050  2581 leader_election.cc:290] T a0c285997b234d53a972da2caf200c80 P f531b3fadd9643acb04fefaae639856a [CANDIDATE]: Term 1 election: Requested vote from peers 
I20260608 10:03:42.882565  2592 raft_consensus.cc:2804] T a0c285997b234d53a972da2caf200c80 P f531b3fadd9643acb04fefaae639856a [term 1 FOLLOWER]: Leader election won for term 1
I20260608 10:03:42.895246  2592 raft_consensus.cc:697] T a0c285997b234d53a972da2caf200c80 P f531b3fadd9643acb04fefaae639856a [term 1 LEADER]: Becoming Leader. State: Replica: f531b3fadd9643acb04fefaae639856a, State: Running, Role: LEADER
I20260608 10:03:42.894331  2581 ts_tablet_manager.cc:1434] T a0c285997b234d53a972da2caf200c80 P f531b3fadd9643acb04fefaae639856a: Time spent starting tablet: real 0.127s	user 0.043s	sys 0.021s
I20260608 10:03:42.903190  2592 consensus_queue.cc:237] T a0c285997b234d53a972da2caf200c80 P f531b3fadd9643acb04fefaae639856a [LEADER]: Queue going to LEADER mode. State: All replicated index: 0, Majority replicated index: 0, Committed index: 0, Last appended: 0.0, Last appended by leader: 0, Current term: 1, Majority size: 1, State: 0, Mode: LEADER, active raft config: opid_index: -1 OBSOLETE_local: true peers { permanent_uuid: "f531b3fadd9643acb04fefaae639856a" member_type: VOTER last_known_addr { host: "127.2.2.195" port: 43849 } }
W20260608 10:03:42.983330  2553 outbound_call.cc:321] RPC callback for RPC call kudu.master.MasterService.IsCreateTableDone -> {remote=127.2.2.254:37285, user_credentials={real_user=slave}} blocked reactor thread for 56893.7us
I20260608 10:03:42.977810  2579 tablet_bootstrap.cc:492] T fe2b5df2faa14065b869efc839fd36b8 P d4020e33e04d4dc28832b89892a6005b: No bootstrap required, opened a new log
I20260608 10:03:42.988081  2579 ts_tablet_manager.cc:1403] T fe2b5df2faa14065b869efc839fd36b8 P d4020e33e04d4dc28832b89892a6005b: Time spent bootstrapping tablet: real 0.213s	user 0.032s	sys 0.025s
I20260608 10:03:42.987591  2091 catalog_manager.cc:5696] T 682898c3fefb4baeaf15b133ca585ed6 P 65993a0c0bdd431aa763f0cf1b71d228 reported cstate change: term changed from 0 to 1, leader changed from <none> to 65993a0c0bdd431aa763f0cf1b71d228 (127.2.2.194). New cstate: current_term: 1 leader_uuid: "65993a0c0bdd431aa763f0cf1b71d228" committed_config { opid_index: -1 OBSOLETE_local: true peers { permanent_uuid: "65993a0c0bdd431aa763f0cf1b71d228" member_type: VOTER last_known_addr { host: "127.2.2.194" port: 36631 } health_report { overall_health: HEALTHY } } }
I20260608 10:03:43.022308  2090 catalog_manager.cc:5696] T a0c285997b234d53a972da2caf200c80 P f531b3fadd9643acb04fefaae639856a reported cstate change: term changed from 0 to 1, leader changed from <none> to f531b3fadd9643acb04fefaae639856a (127.2.2.195). New cstate: current_term: 1 leader_uuid: "f531b3fadd9643acb04fefaae639856a" committed_config { opid_index: -1 OBSOLETE_local: true peers { permanent_uuid: "f531b3fadd9643acb04fefaae639856a" member_type: VOTER last_known_addr { host: "127.2.2.195" port: 43849 } health_report { overall_health: HEALTHY } } }
I20260608 10:03:43.030378  2579 raft_consensus.cc:359] T fe2b5df2faa14065b869efc839fd36b8 P d4020e33e04d4dc28832b89892a6005b [term 0 FOLLOWER]: Replica starting. Triggering 0 pending ops. Active config: opid_index: -1 OBSOLETE_local: true peers { permanent_uuid: "d4020e33e04d4dc28832b89892a6005b" member_type: VOTER last_known_addr { host: "127.2.2.193" port: 42581 } }
I20260608 10:03:43.031461  2579 raft_consensus.cc:385] T fe2b5df2faa14065b869efc839fd36b8 P d4020e33e04d4dc28832b89892a6005b [term 0 FOLLOWER]: Consensus starting up: Expiring failure detector timer to make a prompt election more likely
I20260608 10:03:43.031912  2579 raft_consensus.cc:740] T fe2b5df2faa14065b869efc839fd36b8 P d4020e33e04d4dc28832b89892a6005b [term 0 FOLLOWER]: Becoming Follower/Learner. State: Replica: d4020e33e04d4dc28832b89892a6005b, State: Initialized, Role: FOLLOWER
I20260608 10:03:43.033108  2579 consensus_queue.cc:260] T fe2b5df2faa14065b869efc839fd36b8 P d4020e33e04d4dc28832b89892a6005b [NON_LEADER]: Queue going to NON_LEADER mode. State: All replicated index: 0, Majority replicated index: 0, Committed index: 0, Last appended: 0.0, Last appended by leader: 0, Current term: 0, Majority size: -1, State: 0, Mode: NON_LEADER, active raft config: opid_index: -1 OBSOLETE_local: true peers { permanent_uuid: "d4020e33e04d4dc28832b89892a6005b" member_type: VOTER last_known_addr { host: "127.2.2.193" port: 42581 } }
I20260608 10:03:43.034044  2579 raft_consensus.cc:399] T fe2b5df2faa14065b869efc839fd36b8 P d4020e33e04d4dc28832b89892a6005b [term 0 FOLLOWER]: Only one voter in the Raft config. Triggering election immediately
I20260608 10:03:43.034578  2579 raft_consensus.cc:493] T fe2b5df2faa14065b869efc839fd36b8 P d4020e33e04d4dc28832b89892a6005b [term 0 FOLLOWER]: Starting leader election (initial election of a single-replica configuration)
I20260608 10:03:43.035080  2579 raft_consensus.cc:3060] T fe2b5df2faa14065b869efc839fd36b8 P d4020e33e04d4dc28832b89892a6005b [term 0 FOLLOWER]: Advancing to term 1
I20260608 10:03:43.074868  2579 raft_consensus.cc:515] T fe2b5df2faa14065b869efc839fd36b8 P d4020e33e04d4dc28832b89892a6005b [term 1 FOLLOWER]: Starting leader election with config: opid_index: -1 OBSOLETE_local: true peers { permanent_uuid: "d4020e33e04d4dc28832b89892a6005b" member_type: VOTER last_known_addr { host: "127.2.2.193" port: 42581 } }
I20260608 10:03:43.076155  2579 leader_election.cc:304] T fe2b5df2faa14065b869efc839fd36b8 P d4020e33e04d4dc28832b89892a6005b [CANDIDATE]: Term 1 election: Election decided. Result: candidate won. Election summary: received 1 responses out of 1 voters: 1 yes votes; 0 no votes. yes voters: d4020e33e04d4dc28832b89892a6005b; no voters: 
I20260608 10:03:43.077126  2579 leader_election.cc:290] T fe2b5df2faa14065b869efc839fd36b8 P d4020e33e04d4dc28832b89892a6005b [CANDIDATE]: Term 1 election: Requested vote from peers 
I20260608 10:03:43.077345  2585 raft_consensus.cc:2804] T fe2b5df2faa14065b869efc839fd36b8 P d4020e33e04d4dc28832b89892a6005b [term 1 FOLLOWER]: Leader election won for term 1
I20260608 10:03:43.078171  2585 raft_consensus.cc:697] T fe2b5df2faa14065b869efc839fd36b8 P d4020e33e04d4dc28832b89892a6005b [term 1 LEADER]: Becoming Leader. State: Replica: d4020e33e04d4dc28832b89892a6005b, State: Running, Role: LEADER
I20260608 10:03:43.079164  2585 consensus_queue.cc:237] T fe2b5df2faa14065b869efc839fd36b8 P d4020e33e04d4dc28832b89892a6005b [LEADER]: Queue going to LEADER mode. State: All replicated index: 0, Majority replicated index: 0, Committed index: 0, Last appended: 0.0, Last appended by leader: 0, Current term: 1, Majority size: 1, State: 0, Mode: LEADER, active raft config: opid_index: -1 OBSOLETE_local: true peers { permanent_uuid: "d4020e33e04d4dc28832b89892a6005b" member_type: VOTER last_known_addr { host: "127.2.2.193" port: 42581 } }
I20260608 10:03:43.085562  2579 ts_tablet_manager.cc:1434] T fe2b5df2faa14065b869efc839fd36b8 P d4020e33e04d4dc28832b89892a6005b: Time spent starting tablet: real 0.097s	user 0.018s	sys 0.005s
I20260608 10:03:43.109927  2089 catalog_manager.cc:5696] T fe2b5df2faa14065b869efc839fd36b8 P d4020e33e04d4dc28832b89892a6005b reported cstate change: term changed from 0 to 1, leader changed from <none> to d4020e33e04d4dc28832b89892a6005b (127.2.2.193). New cstate: current_term: 1 leader_uuid: "d4020e33e04d4dc28832b89892a6005b" committed_config { opid_index: -1 OBSOLETE_local: true peers { permanent_uuid: "d4020e33e04d4dc28832b89892a6005b" member_type: VOTER last_known_addr { host: "127.2.2.193" port: 42581 } health_report { overall_health: HEALTHY } } }
I20260608 10:03:43.274713  2059 tablet_server.cc:179] TabletServer@127.2.2.193:0 shutting down...
I20260608 10:03:43.325663  2059 ts_tablet_manager.cc:1507] Shutting down tablet manager...
I20260608 10:03:43.327106  2059 tablet_replica.cc:333] T fe2b5df2faa14065b869efc839fd36b8 P d4020e33e04d4dc28832b89892a6005b: stopping tablet replica
I20260608 10:03:43.328063  2059 raft_consensus.cc:2243] T fe2b5df2faa14065b869efc839fd36b8 P d4020e33e04d4dc28832b89892a6005b [term 1 LEADER]: Raft consensus shutting down.
I20260608 10:03:43.328809  2059 raft_consensus.cc:2272] T fe2b5df2faa14065b869efc839fd36b8 P d4020e33e04d4dc28832b89892a6005b [term 1 FOLLOWER]: Raft consensus is shut down!
I20260608 10:03:43.333531  2059 tablet_replica.cc:333] T 2860d37cf2db4f4bbf4df29c0b43edf3 P d4020e33e04d4dc28832b89892a6005b: stopping tablet replica
I20260608 10:03:43.334350  2059 raft_consensus.cc:2243] T 2860d37cf2db4f4bbf4df29c0b43edf3 P d4020e33e04d4dc28832b89892a6005b [term 1 LEADER]: Raft consensus shutting down.
I20260608 10:03:43.334961  2059 raft_consensus.cc:2272] T 2860d37cf2db4f4bbf4df29c0b43edf3 P d4020e33e04d4dc28832b89892a6005b [term 1 FOLLOWER]: Raft consensus is shut down!
I20260608 10:03:43.511801  2059 tablet_server.cc:196] TabletServer@127.2.2.193:0 shutdown complete.
I20260608 10:03:43.525921  2059 tablet_server.cc:179] TabletServer@127.2.2.194:0 shutting down...
I20260608 10:03:43.550889  2059 ts_tablet_manager.cc:1507] Shutting down tablet manager...
I20260608 10:03:43.551716  2059 tablet_replica.cc:333] T 682898c3fefb4baeaf15b133ca585ed6 P 65993a0c0bdd431aa763f0cf1b71d228: stopping tablet replica
I20260608 10:03:43.552333  2059 raft_consensus.cc:2243] T 682898c3fefb4baeaf15b133ca585ed6 P 65993a0c0bdd431aa763f0cf1b71d228 [term 1 LEADER]: Raft consensus shutting down.
I20260608 10:03:43.552896  2059 raft_consensus.cc:2272] T 682898c3fefb4baeaf15b133ca585ed6 P 65993a0c0bdd431aa763f0cf1b71d228 [term 1 FOLLOWER]: Raft consensus is shut down!
I20260608 10:03:43.574774  2059 tablet_server.cc:196] TabletServer@127.2.2.194:0 shutdown complete.
I20260608 10:03:43.584654  2059 tablet_server.cc:179] TabletServer@127.2.2.195:0 shutting down...
I20260608 10:03:43.610107  2059 ts_tablet_manager.cc:1507] Shutting down tablet manager...
I20260608 10:03:43.611024  2059 tablet_replica.cc:333] T a0c285997b234d53a972da2caf200c80 P f531b3fadd9643acb04fefaae639856a: stopping tablet replica
I20260608 10:03:43.611804  2059 raft_consensus.cc:2243] T a0c285997b234d53a972da2caf200c80 P f531b3fadd9643acb04fefaae639856a [term 1 LEADER]: Raft consensus shutting down.
I20260608 10:03:43.612466  2059 raft_consensus.cc:2272] T a0c285997b234d53a972da2caf200c80 P f531b3fadd9643acb04fefaae639856a [term 1 FOLLOWER]: Raft consensus is shut down!
I20260608 10:03:43.635119  2059 tablet_server.cc:196] TabletServer@127.2.2.195:0 shutdown complete.
I20260608 10:03:43.644822  2059 master.cc:562] Master@127.2.2.254:37285 shutting down...
I20260608 10:03:43.770423  2059 raft_consensus.cc:2243] T 00000000000000000000000000000000 P 6545dadba3a94e9fbdccaaa0e34d625c [term 1 LEADER]: Raft consensus shutting down.
I20260608 10:03:43.771847  2059 raft_consensus.cc:2272] T 00000000000000000000000000000000 P 6545dadba3a94e9fbdccaaa0e34d625c [term 1 FOLLOWER]: Raft consensus is shut down!
I20260608 10:03:43.772351  2059 tablet_replica.cc:333] T 00000000000000000000000000000000 P 6545dadba3a94e9fbdccaaa0e34d625c: stopping tablet replica
I20260608 10:03:43.795696  2059 master.cc:584] Master@127.2.2.254:37285 shutdown complete.
I20260608 10:03:43.810930  2059 master.cc:562] Master@127.2.2.253:41085 shutting down...
I20260608 10:03:43.830610  2059 raft_consensus.cc:2243] T 00000000000000000000000000000000 P 87baf8fcb6c641a3ba0f2447abf7003b [term 1 FOLLOWER]: Raft consensus shutting down.
I20260608 10:03:43.831230  2059 raft_consensus.cc:2272] T 00000000000000000000000000000000 P 87baf8fcb6c641a3ba0f2447abf7003b [term 1 FOLLOWER]: Raft consensus is shut down!
I20260608 10:03:43.831585  2059 tablet_replica.cc:333] T 00000000000000000000000000000000 P 87baf8fcb6c641a3ba0f2447abf7003b: stopping tablet replica
I20260608 10:03:43.871304  2059 master.cc:584] Master@127.2.2.253:41085 shutdown complete.
I20260608 10:03:43.883363  2059 master.cc:562] Master@127.2.2.252:37791 shutting down...
I20260608 10:03:43.902931  2059 raft_consensus.cc:2243] T 00000000000000000000000000000000 P 525d8f7b23f94d9c90d34d060ca379d7 [term 1 FOLLOWER]: Raft consensus shutting down.
I20260608 10:03:43.903658  2059 raft_consensus.cc:2272] T 00000000000000000000000000000000 P 525d8f7b23f94d9c90d34d060ca379d7 [term 1 FOLLOWER]: Raft consensus is shut down!
I20260608 10:03:43.903959  2059 tablet_replica.cc:333] T 00000000000000000000000000000000 P 525d8f7b23f94d9c90d34d060ca379d7: stopping tablet replica
I20260608 10:03:43.924222  2059 master.cc:584] Master@127.2.2.252:37791 shutdown complete.
[       OK ] AutoRebalancerTest.OnlyLeaderDoesAutoRebalancing (5739 ms)
[ RUN      ] AutoRebalancerTest.AutoRebalancingTurnOffAndOn
I20260608 10:03:43.956034  2059 internal_mini_cluster.cc:156] Creating distributed mini masters. Addrs: 127.2.2.254:43801
I20260608 10:03:43.957348  2059 file_cache.cc:492] Constructed file cache file cache with capacity 419430
W20260608 10:03:43.963709  2601 instance_detector.cc:116] could not retrieve AWS instance metadata: Network error: curl error: HTTP response code said error: The requested URL returned error: 404
