I20260608 10:05:11.840762  5673 consensus_queue.cc:1048] T 88bcb3fcb38c48469e67e4728e3ce855 P 5a6fcb788af44b5ca5e5fbf80744e25e [LEADER]: Connected to new peer: Peer: permanent_uuid: "34a6340ba8494b5e82b2bc45288190a0" member_type: VOTER last_known_addr { host: "127.2.2.196" port: 46431 } attrs { replace: true }, Status: LMP_MISMATCH, Last received: 0.0, Next index: 5, Last known committed idx: 4, Time since last communication: 0.001s
I20260608 10:05:11.841535  5110 raft_consensus.cc:1275] T 88bcb3fcb38c48469e67e4728e3ce855 P 8cc20d531b5247dcb4f15bcc41b87768 [term 4 LEARNER]: Refusing update from remote peer 5a6fcb788af44b5ca5e5fbf80744e25e: Log matching property violated. Preceding OpId in replica: term: 3 index: 4. Preceding OpId from leader: term: 4 index: 5. (index mismatch)
I20260608 10:05:11.844147  5673 consensus_queue.cc:1048] T 88bcb3fcb38c48469e67e4728e3ce855 P 5a6fcb788af44b5ca5e5fbf80744e25e [LEADER]: Connected to new peer: Peer: permanent_uuid: "8cc20d531b5247dcb4f15bcc41b87768" member_type: NON_VOTER last_known_addr { host: "127.2.2.194" port: 42037 } attrs { promote: true }, Status: LMP_MISMATCH, Last received: 0.0, Next index: 5, Last known committed idx: 4, Time since last communication: 0.001s
I20260608 10:05:11.865818  5659 raft_consensus.cc:1064] T 88bcb3fcb38c48469e67e4728e3ce855 P 5a6fcb788af44b5ca5e5fbf80744e25e: attempting to promote NON_VOTER 8cc20d531b5247dcb4f15bcc41b87768 to VOTER
I20260608 10:05:11.869871  5659 consensus_queue.cc:237] T 88bcb3fcb38c48469e67e4728e3ce855 P 5a6fcb788af44b5ca5e5fbf80744e25e [LEADER]: Queue going to LEADER mode. State: All replicated index: 0, Majority replicated index: 5, Committed index: 5, Last appended: 4.5, Last appended by leader: 4, Current term: 4, Majority size: 3, State: 0, Mode: LEADER, active raft config: opid_index: 6 OBSOLETE_local: false peers { permanent_uuid: "5a6fcb788af44b5ca5e5fbf80744e25e" member_type: VOTER last_known_addr { host: "127.2.2.195" port: 36297 } } peers { permanent_uuid: "34a6340ba8494b5e82b2bc45288190a0" member_type: VOTER last_known_addr { host: "127.2.2.196" port: 46431 } attrs { replace: true } } peers { permanent_uuid: "6e09ecc6231f4877aa3d87b900144122" member_type: VOTER last_known_addr { host: "127.2.2.193" port: 38407 } } peers { permanent_uuid: "8cc20d531b5247dcb4f15bcc41b87768" member_type: VOTER last_known_addr { host: "127.2.2.194" port: 42037 } attrs { promote: false } }
I20260608 10:05:11.883556  5110 raft_consensus.cc:1275] T 88bcb3fcb38c48469e67e4728e3ce855 P 8cc20d531b5247dcb4f15bcc41b87768 [term 4 LEARNER]: Refusing update from remote peer 5a6fcb788af44b5ca5e5fbf80744e25e: Log matching property violated. Preceding OpId in replica: term: 4 index: 5. Preceding OpId from leader: term: 4 index: 6. (index mismatch)
I20260608 10:05:11.886541  5355 raft_consensus.cc:1275] T 88bcb3fcb38c48469e67e4728e3ce855 P 34a6340ba8494b5e82b2bc45288190a0 [term 4 FOLLOWER]: Refusing update from remote peer 5a6fcb788af44b5ca5e5fbf80744e25e: Log matching property violated. Preceding OpId in replica: term: 4 index: 5. Preceding OpId from leader: term: 4 index: 6. (index mismatch)
I20260608 10:05:11.886727  5659 consensus_queue.cc:1048] T 88bcb3fcb38c48469e67e4728e3ce855 P 5a6fcb788af44b5ca5e5fbf80744e25e [LEADER]: Connected to new peer: Peer: permanent_uuid: "8cc20d531b5247dcb4f15bcc41b87768" member_type: VOTER last_known_addr { host: "127.2.2.194" port: 42037 } attrs { promote: false }, Status: LMP_MISMATCH, Last received: 0.0, Next index: 6, Last known committed idx: 5, Time since last communication: 0.000s
I20260608 10:05:11.887478  5035 raft_consensus.cc:1275] T 88bcb3fcb38c48469e67e4728e3ce855 P 6e09ecc6231f4877aa3d87b900144122 [term 4 FOLLOWER]: Refusing update from remote peer 5a6fcb788af44b5ca5e5fbf80744e25e: Log matching property violated. Preceding OpId in replica: term: 4 index: 5. Preceding OpId from leader: term: 4 index: 6. (index mismatch)
I20260608 10:05:11.889161  5659 consensus_queue.cc:1048] T 88bcb3fcb38c48469e67e4728e3ce855 P 5a6fcb788af44b5ca5e5fbf80744e25e [LEADER]: Connected to new peer: Peer: permanent_uuid: "34a6340ba8494b5e82b2bc45288190a0" member_type: VOTER last_known_addr { host: "127.2.2.196" port: 46431 } attrs { replace: true }, Status: LMP_MISMATCH, Last received: 0.0, Next index: 6, Last known committed idx: 5, Time since last communication: 0.000s
I20260608 10:05:11.889992  5526 consensus_queue.cc:1048] T 88bcb3fcb38c48469e67e4728e3ce855 P 5a6fcb788af44b5ca5e5fbf80744e25e [LEADER]: Connected to new peer: Peer: permanent_uuid: "6e09ecc6231f4877aa3d87b900144122" member_type: VOTER last_known_addr { host: "127.2.2.193" port: 38407 }, Status: LMP_MISMATCH, Last received: 0.0, Next index: 6, Last known committed idx: 5, Time since last communication: 0.000s
I20260608 10:05:11.900207  5673 raft_consensus.cc:2955] T 88bcb3fcb38c48469e67e4728e3ce855 P 5a6fcb788af44b5ca5e5fbf80744e25e [term 4 LEADER]: Committing config change with OpId 4.6: config changed from index 3 to 6, 8cc20d531b5247dcb4f15bcc41b87768 (127.2.2.194) changed from NON_VOTER to VOTER. New config: { opid_index: 6 OBSOLETE_local: false peers { permanent_uuid: "5a6fcb788af44b5ca5e5fbf80744e25e" member_type: VOTER last_known_addr { host: "127.2.2.195" port: 36297 } } peers { permanent_uuid: "34a6340ba8494b5e82b2bc45288190a0" member_type: VOTER last_known_addr { host: "127.2.2.196" port: 46431 } attrs { replace: true } } peers { permanent_uuid: "6e09ecc6231f4877aa3d87b900144122" member_type: VOTER last_known_addr { host: "127.2.2.193" port: 38407 } } peers { permanent_uuid: "8cc20d531b5247dcb4f15bcc41b87768" member_type: VOTER last_known_addr { host: "127.2.2.194" port: 42037 } attrs { promote: false } } }
I20260608 10:05:11.901933  5355 raft_consensus.cc:2955] T 88bcb3fcb38c48469e67e4728e3ce855 P 34a6340ba8494b5e82b2bc45288190a0 [term 4 FOLLOWER]: Committing config change with OpId 4.6: config changed from index 3 to 6, 8cc20d531b5247dcb4f15bcc41b87768 (127.2.2.194) changed from NON_VOTER to VOTER. New config: { opid_index: 6 OBSOLETE_local: false peers { permanent_uuid: "5a6fcb788af44b5ca5e5fbf80744e25e" member_type: VOTER last_known_addr { host: "127.2.2.195" port: 36297 } } peers { permanent_uuid: "34a6340ba8494b5e82b2bc45288190a0" member_type: VOTER last_known_addr { host: "127.2.2.196" port: 46431 } attrs { replace: true } } peers { permanent_uuid: "6e09ecc6231f4877aa3d87b900144122" member_type: VOTER last_known_addr { host: "127.2.2.193" port: 38407 } } peers { permanent_uuid: "8cc20d531b5247dcb4f15bcc41b87768" member_type: VOTER last_known_addr { host: "127.2.2.194" port: 42037 } attrs { promote: false } } }
I20260608 10:05:11.911092  5110 raft_consensus.cc:2955] T 88bcb3fcb38c48469e67e4728e3ce855 P 8cc20d531b5247dcb4f15bcc41b87768 [term 4 FOLLOWER]: Committing config change with OpId 4.6: config changed from index 3 to 6, 8cc20d531b5247dcb4f15bcc41b87768 (127.2.2.194) changed from NON_VOTER to VOTER. New config: { opid_index: 6 OBSOLETE_local: false peers { permanent_uuid: "5a6fcb788af44b5ca5e5fbf80744e25e" member_type: VOTER last_known_addr { host: "127.2.2.195" port: 36297 } } peers { permanent_uuid: "34a6340ba8494b5e82b2bc45288190a0" member_type: VOTER last_known_addr { host: "127.2.2.196" port: 46431 } attrs { replace: true } } peers { permanent_uuid: "6e09ecc6231f4877aa3d87b900144122" member_type: VOTER last_known_addr { host: "127.2.2.193" port: 38407 } } peers { permanent_uuid: "8cc20d531b5247dcb4f15bcc41b87768" member_type: VOTER last_known_addr { host: "127.2.2.194" port: 42037 } attrs { promote: false } } }
I20260608 10:05:11.918495  4933 catalog_manager.cc:5696] T 88bcb3fcb38c48469e67e4728e3ce855 P 5a6fcb788af44b5ca5e5fbf80744e25e reported cstate change: config changed from index 3 to 6, 8cc20d531b5247dcb4f15bcc41b87768 (127.2.2.194) changed from NON_VOTER to VOTER. New cstate: current_term: 4 leader_uuid: "5a6fcb788af44b5ca5e5fbf80744e25e" committed_config { opid_index: 6 OBSOLETE_local: false peers { permanent_uuid: "5a6fcb788af44b5ca5e5fbf80744e25e" member_type: VOTER last_known_addr { host: "127.2.2.195" port: 36297 } health_report { overall_health: HEALTHY } } peers { permanent_uuid: "34a6340ba8494b5e82b2bc45288190a0" member_type: VOTER last_known_addr { host: "127.2.2.196" port: 46431 } attrs { replace: true } health_report { overall_health: HEALTHY } } peers { permanent_uuid: "6e09ecc6231f4877aa3d87b900144122" member_type: VOTER last_known_addr { host: "127.2.2.193" port: 38407 } health_report { overall_health: HEALTHY } } peers { permanent_uuid: "8cc20d531b5247dcb4f15bcc41b87768" member_type: VOTER last_known_addr { host: "127.2.2.194" port: 42037 } attrs { promote: false } health_report { overall_health: HEALTHY } } }
I20260608 10:05:11.914342  5033 raft_consensus.cc:2955] T 88bcb3fcb38c48469e67e4728e3ce855 P 6e09ecc6231f4877aa3d87b900144122 [term 4 FOLLOWER]: Committing config change with OpId 4.6: config changed from index 3 to 6, 8cc20d531b5247dcb4f15bcc41b87768 (127.2.2.194) changed from NON_VOTER to VOTER. New config: { opid_index: 6 OBSOLETE_local: false peers { permanent_uuid: "5a6fcb788af44b5ca5e5fbf80744e25e" member_type: VOTER last_known_addr { host: "127.2.2.195" port: 36297 } } peers { permanent_uuid: "34a6340ba8494b5e82b2bc45288190a0" member_type: VOTER last_known_addr { host: "127.2.2.196" port: 46431 } attrs { replace: true } } peers { permanent_uuid: "6e09ecc6231f4877aa3d87b900144122" member_type: VOTER last_known_addr { host: "127.2.2.193" port: 38407 } } peers { permanent_uuid: "8cc20d531b5247dcb4f15bcc41b87768" member_type: VOTER last_known_addr { host: "127.2.2.194" port: 42037 } attrs { promote: false } } }
I20260608 10:05:11.946018  5182 consensus_queue.cc:237] T 88bcb3fcb38c48469e67e4728e3ce855 P 5a6fcb788af44b5ca5e5fbf80744e25e [LEADER]: Queue going to LEADER mode. State: All replicated index: 0, Majority replicated index: 6, Committed index: 6, Last appended: 4.6, Last appended by leader: 4, Current term: 4, Majority size: 2, State: 0, Mode: LEADER, active raft config: opid_index: 7 OBSOLETE_local: false peers { permanent_uuid: "5a6fcb788af44b5ca5e5fbf80744e25e" member_type: VOTER last_known_addr { host: "127.2.2.195" port: 36297 } } peers { permanent_uuid: "6e09ecc6231f4877aa3d87b900144122" member_type: VOTER last_known_addr { host: "127.2.2.193" port: 38407 } } peers { permanent_uuid: "8cc20d531b5247dcb4f15bcc41b87768" member_type: VOTER last_known_addr { host: "127.2.2.194" port: 42037 } attrs { promote: false } }
I20260608 10:05:11.955456  5033 raft_consensus.cc:1275] T 88bcb3fcb38c48469e67e4728e3ce855 P 6e09ecc6231f4877aa3d87b900144122 [term 4 FOLLOWER]: Refusing update from remote peer 5a6fcb788af44b5ca5e5fbf80744e25e: Log matching property violated. Preceding OpId in replica: term: 4 index: 6. Preceding OpId from leader: term: 4 index: 7. (index mismatch)
I20260608 10:05:11.956882  5110 raft_consensus.cc:1275] T 88bcb3fcb38c48469e67e4728e3ce855 P 8cc20d531b5247dcb4f15bcc41b87768 [term 4 FOLLOWER]: Refusing update from remote peer 5a6fcb788af44b5ca5e5fbf80744e25e: Log matching property violated. Preceding OpId in replica: term: 4 index: 6. Preceding OpId from leader: term: 4 index: 7. (index mismatch)
I20260608 10:05:11.957443  5673 consensus_queue.cc:1048] T 88bcb3fcb38c48469e67e4728e3ce855 P 5a6fcb788af44b5ca5e5fbf80744e25e [LEADER]: Connected to new peer: Peer: permanent_uuid: "6e09ecc6231f4877aa3d87b900144122" member_type: VOTER last_known_addr { host: "127.2.2.193" port: 38407 }, Status: LMP_MISMATCH, Last received: 0.0, Next index: 7, Last known committed idx: 6, Time since last communication: 0.000s
I20260608 10:05:11.959064  5659 consensus_queue.cc:1048] T 88bcb3fcb38c48469e67e4728e3ce855 P 5a6fcb788af44b5ca5e5fbf80744e25e [LEADER]: Connected to new peer: Peer: permanent_uuid: "8cc20d531b5247dcb4f15bcc41b87768" member_type: VOTER last_known_addr { host: "127.2.2.194" port: 42037 } attrs { promote: false }, Status: LMP_MISMATCH, Last received: 0.0, Next index: 7, Last known committed idx: 6, Time since last communication: 0.000s
I20260608 10:05:11.966073  5673 raft_consensus.cc:2955] T 88bcb3fcb38c48469e67e4728e3ce855 P 5a6fcb788af44b5ca5e5fbf80744e25e [term 4 LEADER]: Committing config change with OpId 4.7: config changed from index 6 to 7, VOTER 34a6340ba8494b5e82b2bc45288190a0 (127.2.2.196) evicted. New config: { opid_index: 7 OBSOLETE_local: false peers { permanent_uuid: "5a6fcb788af44b5ca5e5fbf80744e25e" member_type: VOTER last_known_addr { host: "127.2.2.195" port: 36297 } } peers { permanent_uuid: "6e09ecc6231f4877aa3d87b900144122" member_type: VOTER last_known_addr { host: "127.2.2.193" port: 38407 } } peers { permanent_uuid: "8cc20d531b5247dcb4f15bcc41b87768" member_type: VOTER last_known_addr { host: "127.2.2.194" port: 42037 } attrs { promote: false } } }
I20260608 10:05:11.968766  5110 raft_consensus.cc:2955] T 88bcb3fcb38c48469e67e4728e3ce855 P 8cc20d531b5247dcb4f15bcc41b87768 [term 4 FOLLOWER]: Committing config change with OpId 4.7: config changed from index 6 to 7, VOTER 34a6340ba8494b5e82b2bc45288190a0 (127.2.2.196) evicted. New config: { opid_index: 7 OBSOLETE_local: false peers { permanent_uuid: "5a6fcb788af44b5ca5e5fbf80744e25e" member_type: VOTER last_known_addr { host: "127.2.2.195" port: 36297 } } peers { permanent_uuid: "6e09ecc6231f4877aa3d87b900144122" member_type: VOTER last_known_addr { host: "127.2.2.193" port: 38407 } } peers { permanent_uuid: "8cc20d531b5247dcb4f15bcc41b87768" member_type: VOTER last_known_addr { host: "127.2.2.194" port: 42037 } attrs { promote: false } } }
I20260608 10:05:11.972124  5033 raft_consensus.cc:2955] T 88bcb3fcb38c48469e67e4728e3ce855 P 6e09ecc6231f4877aa3d87b900144122 [term 4 FOLLOWER]: Committing config change with OpId 4.7: config changed from index 6 to 7, VOTER 34a6340ba8494b5e82b2bc45288190a0 (127.2.2.196) evicted. New config: { opid_index: 7 OBSOLETE_local: false peers { permanent_uuid: "5a6fcb788af44b5ca5e5fbf80744e25e" member_type: VOTER last_known_addr { host: "127.2.2.195" port: 36297 } } peers { permanent_uuid: "6e09ecc6231f4877aa3d87b900144122" member_type: VOTER last_known_addr { host: "127.2.2.193" port: 38407 } } peers { permanent_uuid: "8cc20d531b5247dcb4f15bcc41b87768" member_type: VOTER last_known_addr { host: "127.2.2.194" port: 42037 } attrs { promote: false } } }
I20260608 10:05:11.990784  4931 catalog_manager.cc:5696] T 88bcb3fcb38c48469e67e4728e3ce855 P 8cc20d531b5247dcb4f15bcc41b87768 reported cstate change: config changed from index 6 to 7, VOTER 34a6340ba8494b5e82b2bc45288190a0 (127.2.2.196) evicted. New cstate: current_term: 4 leader_uuid: "5a6fcb788af44b5ca5e5fbf80744e25e" committed_config { opid_index: 7 OBSOLETE_local: false peers { permanent_uuid: "5a6fcb788af44b5ca5e5fbf80744e25e" member_type: VOTER last_known_addr { host: "127.2.2.195" port: 36297 } } peers { permanent_uuid: "6e09ecc6231f4877aa3d87b900144122" member_type: VOTER last_known_addr { host: "127.2.2.193" port: 38407 } } peers { permanent_uuid: "8cc20d531b5247dcb4f15bcc41b87768" member_type: VOTER last_known_addr { host: "127.2.2.194" port: 42037 } attrs { promote: false } } }
I20260608 10:05:11.995142  4919 catalog_manager.cc:5209] ChangeConfig:REMOVE_PEER RPC for tablet 88bcb3fcb38c48469e67e4728e3ce855 with cas_config_opid_index 6: ChangeConfig:REMOVE_PEER succeeded (attempt 1)
I20260608 10:05:12.019526  5347 tablet_service.cc:1558] Processing DeleteTablet for tablet 88bcb3fcb38c48469e67e4728e3ce855 with delete_type TABLET_DATA_TOMBSTONED (TS 34a6340ba8494b5e82b2bc45288190a0 not found in new config with opid_index 7) from {username='slave'} at 127.0.0.1:47878
I20260608 10:05:12.021450  5704 tablet_replica.cc:333] T 88bcb3fcb38c48469e67e4728e3ce855 P 34a6340ba8494b5e82b2bc45288190a0: stopping tablet replica
I20260608 10:05:12.022980  5704 raft_consensus.cc:2243] T 88bcb3fcb38c48469e67e4728e3ce855 P 34a6340ba8494b5e82b2bc45288190a0 [term 4 FOLLOWER]: Raft consensus shutting down.
I20260608 10:05:12.024191  5704 raft_consensus.cc:2272] T 88bcb3fcb38c48469e67e4728e3ce855 P 34a6340ba8494b5e82b2bc45288190a0 [term 4 FOLLOWER]: Raft consensus is shut down!
I20260608 10:05:12.029912  5704 ts_tablet_manager.cc:1916] T 88bcb3fcb38c48469e67e4728e3ce855 P 34a6340ba8494b5e82b2bc45288190a0: Deleting tablet data with delete state TABLET_DATA_TOMBSTONED
I20260608 10:05:12.054769  5704 ts_tablet_manager.cc:1929] T 88bcb3fcb38c48469e67e4728e3ce855 P 34a6340ba8494b5e82b2bc45288190a0: tablet deleted with delete type TABLET_DATA_TOMBSTONED: last-logged OpId 4.6
I20260608 10:05:12.056425  5704 log.cc:1199] T 88bcb3fcb38c48469e67e4728e3ce855 P 34a6340ba8494b5e82b2bc45288190a0: Deleting WAL directory at /tmp/dist-test-taskMxoK1z/test-tmp/auto_rebalancer-test.0.AutoRebalancerTest.RangeAwareRebalancesNewRangeReplicas.1780913018004409-2059-0/minicluster-data/ts-3-root/wals/88bcb3fcb38c48469e67e4728e3ce855
I20260608 10:05:12.058352  4919 catalog_manager.cc:5027] TS 34a6340ba8494b5e82b2bc45288190a0 (127.2.2.196:46431): tablet 88bcb3fcb38c48469e67e4728e3ce855 (table range_aware_rebalance_new_range [id=fc2f7bd46b3140e4adfe54814e0c66b8]) successfully deleted
I20260608 10:05:12.495539  4987 auto_leader_rebalancer.cc:140] leader rebalance for table range_aware_rebalance_new_range
I20260608 10:05:12.514089  5182 tablet_service.cc:2072] Received LeaderStepDown RPC: tablet_id: "abbf7f4e753849eda146ae2d778a1656"
dest_uuid: "5a6fcb788af44b5ca5e5fbf80744e25e"
mode: GRACEFUL
new_leader_uuid: "34a6340ba8494b5e82b2bc45288190a0"
 from {username='slave'} at 127.0.0.1:58192
I20260608 10:05:12.514950  5182 raft_consensus.cc:606] T abbf7f4e753849eda146ae2d778a1656 P 5a6fcb788af44b5ca5e5fbf80744e25e [term 1 LEADER]: Received request to transfer leadership to TS 34a6340ba8494b5e82b2bc45288190a0
I20260608 10:05:12.516994  4987 auto_leader_rebalancer.cc:388] table: range_aware_rebalance_new_range, leader rebalance finish, leader transfer count: 1
I20260608 10:05:12.517942  4987 auto_leader_rebalancer.cc:451] All tables' leader rebalancing finished this round
I20260608 10:05:12.677050  2059 tablet_server.cc:179] TabletServer@127.2.2.193:0 shutting down...
W20260608 10:05:12.726738  5149 proxy.cc:239] Call had error, refreshing address and retrying: Remote error: Service unavailable: service kudu.consensus.ConsensusService not registered on TabletServer [suppressed 1 similar messages]
I20260608 10:05:12.728703  2059 ts_tablet_manager.cc:1507] Shutting down tablet manager...
I20260608 10:05:12.730286  2059 tablet_replica.cc:333] T d5f03c7598aa4b98b5e85b847e1f6d21 P 6e09ecc6231f4877aa3d87b900144122: stopping tablet replica
I20260608 10:05:12.731626  2059 raft_consensus.cc:2243] T d5f03c7598aa4b98b5e85b847e1f6d21 P 6e09ecc6231f4877aa3d87b900144122 [term 2 FOLLOWER]: Raft consensus shutting down.
I20260608 10:05:12.732554  2059 raft_consensus.cc:2272] T d5f03c7598aa4b98b5e85b847e1f6d21 P 6e09ecc6231f4877aa3d87b900144122 [term 2 FOLLOWER]: Raft consensus is shut down!
W20260608 10:05:12.733819  5149 consensus_peers.cc:597] T bde269c5256d46e984fa5c79d60204a8 P 5a6fcb788af44b5ca5e5fbf80744e25e -> Peer 6e09ecc6231f4877aa3d87b900144122 (127.2.2.193:38407): Couldn't send request to peer 6e09ecc6231f4877aa3d87b900144122. Status: Remote error: Service unavailable: service kudu.consensus.ConsensusService not registered on TabletServer. This is attempt 1: this message will repeat every 5th retry.
I20260608 10:05:12.736452  2059 tablet_replica.cc:333] T 88bcb3fcb38c48469e67e4728e3ce855 P 6e09ecc6231f4877aa3d87b900144122: stopping tablet replica
I20260608 10:05:12.737383  2059 raft_consensus.cc:2243] T 88bcb3fcb38c48469e67e4728e3ce855 P 6e09ecc6231f4877aa3d87b900144122 [term 4 FOLLOWER]: Raft consensus shutting down.
I20260608 10:05:12.737521  5713 raft_consensus.cc:993] T abbf7f4e753849eda146ae2d778a1656 P 5a6fcb788af44b5ca5e5fbf80744e25e: : Instructing follower 34a6340ba8494b5e82b2bc45288190a0 to start an election
I20260608 10:05:12.738132  2059 raft_consensus.cc:2272] T 88bcb3fcb38c48469e67e4728e3ce855 P 6e09ecc6231f4877aa3d87b900144122 [term 4 FOLLOWER]: Raft consensus is shut down!
I20260608 10:05:12.738198  5673 raft_consensus.cc:1081] T abbf7f4e753849eda146ae2d778a1656 P 5a6fcb788af44b5ca5e5fbf80744e25e [term 1 LEADER]: Signalling peer 34a6340ba8494b5e82b2bc45288190a0 to start an election
I20260608 10:05:12.740274  5355 tablet_service.cc:2044] Received Run Leader Election RPC: tablet_id: "abbf7f4e753849eda146ae2d778a1656"
dest_uuid: "34a6340ba8494b5e82b2bc45288190a0"
 from {username='slave'} at 127.0.0.1:47890
I20260608 10:05:12.740886  5355 raft_consensus.cc:493] T abbf7f4e753849eda146ae2d778a1656 P 34a6340ba8494b5e82b2bc45288190a0 [term 1 FOLLOWER]: Starting forced leader election (received explicit request)
I20260608 10:05:12.741237  5355 raft_consensus.cc:3060] T abbf7f4e753849eda146ae2d778a1656 P 34a6340ba8494b5e82b2bc45288190a0 [term 1 FOLLOWER]: Advancing to term 2
I20260608 10:05:12.742110  2059 tablet_replica.cc:333] T bde269c5256d46e984fa5c79d60204a8 P 6e09ecc6231f4877aa3d87b900144122: stopping tablet replica
I20260608 10:05:12.742937  2059 raft_consensus.cc:2243] T bde269c5256d46e984fa5c79d60204a8 P 6e09ecc6231f4877aa3d87b900144122 [term 2 FOLLOWER]: Raft consensus shutting down.
I20260608 10:05:12.743532  2059 raft_consensus.cc:2272] T bde269c5256d46e984fa5c79d60204a8 P 6e09ecc6231f4877aa3d87b900144122 [term 2 FOLLOWER]: Raft consensus is shut down!
I20260608 10:05:12.746199  2059 tablet_replica.cc:333] T c43d9eddb01f49d092f7373888c012d8 P 6e09ecc6231f4877aa3d87b900144122: stopping tablet replica
I20260608 10:05:12.746999  2059 raft_consensus.cc:2243] T c43d9eddb01f49d092f7373888c012d8 P 6e09ecc6231f4877aa3d87b900144122 [term 1 LEADER]: Raft consensus shutting down.
I20260608 10:05:12.748291  2059 raft_consensus.cc:2272] T c43d9eddb01f49d092f7373888c012d8 P 6e09ecc6231f4877aa3d87b900144122 [term 1 FOLLOWER]: Raft consensus is shut down!
I20260608 10:05:12.748145  5355 raft_consensus.cc:515] T abbf7f4e753849eda146ae2d778a1656 P 34a6340ba8494b5e82b2bc45288190a0 [term 2 FOLLOWER]: Starting forced leader election with config: opid_index: 4 OBSOLETE_local: false peers { permanent_uuid: "8cc20d531b5247dcb4f15bcc41b87768" member_type: VOTER last_known_addr { host: "127.2.2.194" port: 42037 } } peers { permanent_uuid: "5a6fcb788af44b5ca5e5fbf80744e25e" member_type: VOTER last_known_addr { host: "127.2.2.195" port: 36297 } } peers { permanent_uuid: "34a6340ba8494b5e82b2bc45288190a0" member_type: VOTER last_known_addr { host: "127.2.2.196" port: 46431 } attrs { promote: false } }
I20260608 10:05:12.750873  5355 leader_election.cc:290] T abbf7f4e753849eda146ae2d778a1656 P 34a6340ba8494b5e82b2bc45288190a0 [CANDIDATE]: Term 2 election: Requested vote from peers 8cc20d531b5247dcb4f15bcc41b87768 (127.2.2.194:42037), 5a6fcb788af44b5ca5e5fbf80744e25e (127.2.2.195:36297)
I20260608 10:05:12.752594  2059 tablet_replica.cc:333] T 3896285714134d03a202aa998405a835 P 6e09ecc6231f4877aa3d87b900144122: stopping tablet replica
I20260608 10:05:12.752559  5110 tablet_service.cc:1917] Received RequestConsensusVote() RPC: tablet_id: "abbf7f4e753849eda146ae2d778a1656" candidate_uuid: "34a6340ba8494b5e82b2bc45288190a0" candidate_term: 2 candidate_status { last_received { term: 1 index: 4 } } ignore_live_leader: true dest_uuid: "8cc20d531b5247dcb4f15bcc41b87768"
I20260608 10:05:12.753463  5110 raft_consensus.cc:3060] T abbf7f4e753849eda146ae2d778a1656 P 8cc20d531b5247dcb4f15bcc41b87768 [term 1 FOLLOWER]: Advancing to term 2
I20260608 10:05:12.754140  2059 raft_consensus.cc:2243] T 3896285714134d03a202aa998405a835 P 6e09ecc6231f4877aa3d87b900144122 [term 3 FOLLOWER]: Raft consensus shutting down.
I20260608 10:05:12.755040  2059 raft_consensus.cc:2272] T 3896285714134d03a202aa998405a835 P 6e09ecc6231f4877aa3d87b900144122 [term 3 FOLLOWER]: Raft consensus is shut down!
I20260608 10:05:12.757108  5184 tablet_service.cc:1917] Received RequestConsensusVote() RPC: tablet_id: "abbf7f4e753849eda146ae2d778a1656" candidate_uuid: "34a6340ba8494b5e82b2bc45288190a0" candidate_term: 2 candidate_status { last_received { term: 1 index: 4 } } ignore_live_leader: true dest_uuid: "5a6fcb788af44b5ca5e5fbf80744e25e"
I20260608 10:05:12.757987  5184 raft_consensus.cc:3055] T abbf7f4e753849eda146ae2d778a1656 P 5a6fcb788af44b5ca5e5fbf80744e25e [term 1 LEADER]: Stepping down as leader of term 1
I20260608 10:05:12.758401  5184 raft_consensus.cc:740] T abbf7f4e753849eda146ae2d778a1656 P 5a6fcb788af44b5ca5e5fbf80744e25e [term 1 LEADER]: Becoming Follower/Learner. State: Replica: 5a6fcb788af44b5ca5e5fbf80744e25e, State: Running, Role: LEADER
I20260608 10:05:12.759091  2059 tablet_replica.cc:333] T f595411252244d06a96c42421a55745e P 6e09ecc6231f4877aa3d87b900144122: stopping tablet replica
I20260608 10:05:12.759521  5184 consensus_queue.cc:260] T abbf7f4e753849eda146ae2d778a1656 P 5a6fcb788af44b5ca5e5fbf80744e25e [NON_LEADER]: Queue going to NON_LEADER mode. State: All replicated index: 0, Majority replicated index: 4, Committed index: 4, Last appended: 1.4, Last appended by leader: 4, Current term: 1, Majority size: -1, State: 0, Mode: NON_LEADER, active raft config: opid_index: 4 OBSOLETE_local: false peers { permanent_uuid: "8cc20d531b5247dcb4f15bcc41b87768" member_type: VOTER last_known_addr { host: "127.2.2.194" port: 42037 } } peers { permanent_uuid: "5a6fcb788af44b5ca5e5fbf80744e25e" member_type: VOTER last_known_addr { host: "127.2.2.195" port: 36297 } } peers { permanent_uuid: "34a6340ba8494b5e82b2bc45288190a0" member_type: VOTER last_known_addr { host: "127.2.2.196" port: 46431 } attrs { promote: false } }
I20260608 10:05:12.760195  2059 raft_consensus.cc:2243] T f595411252244d06a96c42421a55745e P 6e09ecc6231f4877aa3d87b900144122 [term 1 FOLLOWER]: Raft consensus shutting down.
I20260608 10:05:12.761058  5184 raft_consensus.cc:3060] T abbf7f4e753849eda146ae2d778a1656 P 5a6fcb788af44b5ca5e5fbf80744e25e [term 1 FOLLOWER]: Advancing to term 2
I20260608 10:05:12.761276  2059 raft_consensus.cc:2272] T f595411252244d06a96c42421a55745e P 6e09ecc6231f4877aa3d87b900144122 [term 1 FOLLOWER]: Raft consensus is shut down!
I20260608 10:05:12.762831  5110 raft_consensus.cc:2468] T abbf7f4e753849eda146ae2d778a1656 P 8cc20d531b5247dcb4f15bcc41b87768 [term 2 FOLLOWER]: Leader election vote request: Granting yes vote for candidate 34a6340ba8494b5e82b2bc45288190a0 in term 2.
I20260608 10:05:12.764714  5325 leader_election.cc:304] T abbf7f4e753849eda146ae2d778a1656 P 34a6340ba8494b5e82b2bc45288190a0 [CANDIDATE]: Term 2 election: Election decided. Result: candidate won. Election summary: received 2 responses out of 3 voters: 2 yes votes; 0 no votes. yes voters: 34a6340ba8494b5e82b2bc45288190a0, 8cc20d531b5247dcb4f15bcc41b87768; no voters: 
I20260608 10:05:12.765081  2059 tablet_replica.cc:333] T e09c593b81fe4f348136baec9a956ab9 P 6e09ecc6231f4877aa3d87b900144122: stopping tablet replica
I20260608 10:05:12.765650  5710 raft_consensus.cc:2804] T abbf7f4e753849eda146ae2d778a1656 P 34a6340ba8494b5e82b2bc45288190a0 [term 2 FOLLOWER]: Leader election won for term 2
I20260608 10:05:12.767241  5710 raft_consensus.cc:697] T abbf7f4e753849eda146ae2d778a1656 P 34a6340ba8494b5e82b2bc45288190a0 [term 2 LEADER]: Becoming Leader. State: Replica: 34a6340ba8494b5e82b2bc45288190a0, State: Running, Role: LEADER
I20260608 10:05:12.768641  5710 consensus_queue.cc:237] T abbf7f4e753849eda146ae2d778a1656 P 34a6340ba8494b5e82b2bc45288190a0 [LEADER]: Queue going to LEADER mode. State: All replicated index: 0, Majority replicated index: 4, Committed index: 4, Last appended: 1.4, Last appended by leader: 4, Current term: 2, Majority size: 2, State: 0, Mode: LEADER, active raft config: opid_index: 4 OBSOLETE_local: false peers { permanent_uuid: "8cc20d531b5247dcb4f15bcc41b87768" member_type: VOTER last_known_addr { host: "127.2.2.194" port: 42037 } } peers { permanent_uuid: "5a6fcb788af44b5ca5e5fbf80744e25e" member_type: VOTER last_known_addr { host: "127.2.2.195" port: 36297 } } peers { permanent_uuid: "34a6340ba8494b5e82b2bc45288190a0" member_type: VOTER last_known_addr { host: "127.2.2.196" port: 46431 } attrs { promote: false } }
I20260608 10:05:12.771461  5184 raft_consensus.cc:2468] T abbf7f4e753849eda146ae2d778a1656 P 5a6fcb788af44b5ca5e5fbf80744e25e [term 2 FOLLOWER]: Leader election vote request: Granting yes vote for candidate 34a6340ba8494b5e82b2bc45288190a0 in term 2.
I20260608 10:05:12.772322  2059 raft_consensus.cc:2243] T e09c593b81fe4f348136baec9a956ab9 P 6e09ecc6231f4877aa3d87b900144122 [term 3 LEADER]: Raft consensus shutting down.
I20260608 10:05:12.773521  2059 raft_consensus.cc:2272] T e09c593b81fe4f348136baec9a956ab9 P 6e09ecc6231f4877aa3d87b900144122 [term 3 FOLLOWER]: Raft consensus is shut down!
I20260608 10:05:12.777009  2059 tablet_replica.cc:333] T b8cf4f8feb7c4945bd52a70c54ac383b P 6e09ecc6231f4877aa3d87b900144122: stopping tablet replica
I20260608 10:05:12.778317  2059 raft_consensus.cc:2243] T b8cf4f8feb7c4945bd52a70c54ac383b P 6e09ecc6231f4877aa3d87b900144122 [term 1 LEADER]: Raft consensus shutting down.
I20260608 10:05:12.779706  2059 raft_consensus.cc:2272] T b8cf4f8feb7c4945bd52a70c54ac383b P 6e09ecc6231f4877aa3d87b900144122 [term 1 FOLLOWER]: Raft consensus is shut down!
W20260608 10:05:12.780946  5323 consensus_peers.cc:597] T 2145b1e8c034493e8dd22b85d4c3d271 P 34a6340ba8494b5e82b2bc45288190a0 -> Peer 6e09ecc6231f4877aa3d87b900144122 (127.2.2.193:38407): Couldn't send request to peer 6e09ecc6231f4877aa3d87b900144122. Status: Remote error: Service unavailable: service kudu.consensus.ConsensusService not registered on TabletServer. This is attempt 1: this message will repeat every 5th retry.
I20260608 10:05:12.783124  2059 tablet_replica.cc:333] T 2815cc60665c4e5bb3411b7e2df74d78 P 6e09ecc6231f4877aa3d87b900144122: stopping tablet replica
I20260608 10:05:12.782545  4931 catalog_manager.cc:5696] T abbf7f4e753849eda146ae2d778a1656 P 34a6340ba8494b5e82b2bc45288190a0 reported cstate change: term changed from 1 to 2, leader changed from 5a6fcb788af44b5ca5e5fbf80744e25e (127.2.2.195) to 34a6340ba8494b5e82b2bc45288190a0 (127.2.2.196). New cstate: current_term: 2 leader_uuid: "34a6340ba8494b5e82b2bc45288190a0" committed_config { opid_index: 4 OBSOLETE_local: false peers { permanent_uuid: "8cc20d531b5247dcb4f15bcc41b87768" member_type: VOTER last_known_addr { host: "127.2.2.194" port: 42037 } health_report { overall_health: UNKNOWN } } peers { permanent_uuid: "5a6fcb788af44b5ca5e5fbf80744e25e" member_type: VOTER last_known_addr { host: "127.2.2.195" port: 36297 } health_report { overall_health: UNKNOWN } } peers { permanent_uuid: "34a6340ba8494b5e82b2bc45288190a0" member_type: VOTER last_known_addr { host: "127.2.2.196" port: 46431 } attrs { promote: false } health_report { overall_health: HEALTHY } } }
I20260608 10:05:12.783957  2059 raft_consensus.cc:2243] T 2815cc60665c4e5bb3411b7e2df74d78 P 6e09ecc6231f4877aa3d87b900144122 [term 1 LEADER]: Raft consensus shutting down.
I20260608 10:05:12.785794  2059 raft_consensus.cc:2272] T 2815cc60665c4e5bb3411b7e2df74d78 P 6e09ecc6231f4877aa3d87b900144122 [term 1 FOLLOWER]: Raft consensus is shut down!
I20260608 10:05:12.788389  2059 tablet_replica.cc:333] T caad8b0e468b446cb5500c07f34182ad P 6e09ecc6231f4877aa3d87b900144122: stopping tablet replica
I20260608 10:05:12.789057  2059 raft_consensus.cc:2243] T caad8b0e468b446cb5500c07f34182ad P 6e09ecc6231f4877aa3d87b900144122 [term 2 FOLLOWER]: Raft consensus shutting down.
I20260608 10:05:12.789665  2059 raft_consensus.cc:2272] T caad8b0e468b446cb5500c07f34182ad P 6e09ecc6231f4877aa3d87b900144122 [term 2 FOLLOWER]: Raft consensus is shut down!
I20260608 10:05:12.792550  2059 tablet_replica.cc:333] T 833a8151a6034aa4af389d115eb99d8e P 6e09ecc6231f4877aa3d87b900144122: stopping tablet replica
I20260608 10:05:12.793565  2059 raft_consensus.cc:2243] T 833a8151a6034aa4af389d115eb99d8e P 6e09ecc6231f4877aa3d87b900144122 [term 1 FOLLOWER]: Raft consensus shutting down.
I20260608 10:05:12.794190  2059 raft_consensus.cc:2272] T 833a8151a6034aa4af389d115eb99d8e P 6e09ecc6231f4877aa3d87b900144122 [term 1 FOLLOWER]: Raft consensus is shut down!
I20260608 10:05:12.796765  2059 tablet_replica.cc:333] T 2145b1e8c034493e8dd22b85d4c3d271 P 6e09ecc6231f4877aa3d87b900144122: stopping tablet replica
I20260608 10:05:12.797379  2059 raft_consensus.cc:2243] T 2145b1e8c034493e8dd22b85d4c3d271 P 6e09ecc6231f4877aa3d87b900144122 [term 1 FOLLOWER]: Raft consensus shutting down.
I20260608 10:05:12.798013  2059 raft_consensus.cc:2272] T 2145b1e8c034493e8dd22b85d4c3d271 P 6e09ecc6231f4877aa3d87b900144122 [term 1 FOLLOWER]: Raft consensus is shut down!
W20260608 10:05:12.811286  5323 consensus_peers.cc:597] T d5f03c7598aa4b98b5e85b847e1f6d21 P 34a6340ba8494b5e82b2bc45288190a0 -> Peer 6e09ecc6231f4877aa3d87b900144122 (127.2.2.193:38407): Couldn't send request to peer 6e09ecc6231f4877aa3d87b900144122. Status: Remote error: Service unavailable: service kudu.consensus.ConsensusService not registered on TabletServer. This is attempt 1: this message will repeat every 5th retry.
I20260608 10:05:12.843580  2059 tablet_server.cc:196] TabletServer@127.2.2.193:0 shutdown complete.
W20260608 10:05:12.850399  5075 consensus_peers.cc:597] T f595411252244d06a96c42421a55745e P 8cc20d531b5247dcb4f15bcc41b87768 -> Peer 6e09ecc6231f4877aa3d87b900144122 (127.2.2.193:38407): Couldn't send request to peer 6e09ecc6231f4877aa3d87b900144122. Status: Network error: Client connection negotiation failed: client connection to 127.2.2.193:38407: connect: Connection refused (error 111). This is attempt 1: this message will repeat every 5th retry.
W20260608 10:05:12.864887  5149 consensus_peers.cc:597] T caad8b0e468b446cb5500c07f34182ad P 5a6fcb788af44b5ca5e5fbf80744e25e -> Peer 6e09ecc6231f4877aa3d87b900144122 (127.2.2.193:38407): Couldn't send request to peer 6e09ecc6231f4877aa3d87b900144122. Status: Network error: Client connection negotiation failed: client connection to 127.2.2.193:38407: connect: Connection refused (error 111). This is attempt 1: this message will repeat every 5th retry.
I20260608 10:05:12.891752  2059 tablet_server.cc:179] TabletServer@127.2.2.194:0 shutting down...
I20260608 10:05:12.940026  2059 ts_tablet_manager.cc:1507] Shutting down tablet manager...
I20260608 10:05:12.941071  2059 tablet_replica.cc:333] T 88bcb3fcb38c48469e67e4728e3ce855 P 8cc20d531b5247dcb4f15bcc41b87768: stopping tablet replica
I20260608 10:05:12.941953  2059 raft_consensus.cc:2243] T 88bcb3fcb38c48469e67e4728e3ce855 P 8cc20d531b5247dcb4f15bcc41b87768 [term 4 FOLLOWER]: Raft consensus shutting down.
I20260608 10:05:12.942924  2059 raft_consensus.cc:2272] T 88bcb3fcb38c48469e67e4728e3ce855 P 8cc20d531b5247dcb4f15bcc41b87768 [term 4 FOLLOWER]: Raft consensus is shut down!
I20260608 10:05:12.946148  2059 tablet_replica.cc:333] T b4a69ad55bd74d10b6bb8df3c9779680 P 8cc20d531b5247dcb4f15bcc41b87768: stopping tablet replica
I20260608 10:05:12.946902  2059 raft_consensus.cc:2243] T b4a69ad55bd74d10b6bb8df3c9779680 P 8cc20d531b5247dcb4f15bcc41b87768 [term 2 FOLLOWER]: Raft consensus shutting down.
I20260608 10:05:12.947460  2059 raft_consensus.cc:2272] T b4a69ad55bd74d10b6bb8df3c9779680 P 8cc20d531b5247dcb4f15bcc41b87768 [term 2 FOLLOWER]: Raft consensus is shut down!
I20260608 10:05:12.950716  2059 tablet_replica.cc:333] T e656454e38b549ff80e94e8808bf163b P 8cc20d531b5247dcb4f15bcc41b87768: stopping tablet replica
I20260608 10:05:12.951709  2059 raft_consensus.cc:2243] T e656454e38b549ff80e94e8808bf163b P 8cc20d531b5247dcb4f15bcc41b87768 [term 1 LEADER]: Raft consensus shutting down.
I20260608 10:05:12.953245  2059 raft_consensus.cc:2272] T e656454e38b549ff80e94e8808bf163b P 8cc20d531b5247dcb4f15bcc41b87768 [term 1 FOLLOWER]: Raft consensus is shut down!
W20260608 10:05:12.955709  5151 consensus_peers.cc:597] T 88bcb3fcb38c48469e67e4728e3ce855 P 5a6fcb788af44b5ca5e5fbf80744e25e -> Peer 8cc20d531b5247dcb4f15bcc41b87768 (127.2.2.194:42037): Couldn't send request to peer 8cc20d531b5247dcb4f15bcc41b87768. Status: Remote error: Service unavailable: service kudu.consensus.ConsensusService not registered on TabletServer. This is attempt 1: this message will repeat every 5th retry.
I20260608 10:05:12.956988  2059 tablet_replica.cc:333] T e09c593b81fe4f348136baec9a956ab9 P 8cc20d531b5247dcb4f15bcc41b87768: stopping tablet replica
I20260608 10:05:12.957930  2059 raft_consensus.cc:2243] T e09c593b81fe4f348136baec9a956ab9 P 8cc20d531b5247dcb4f15bcc41b87768 [term 3 FOLLOWER]: Raft consensus shutting down.
I20260608 10:05:12.958976  2059 raft_consensus.cc:2272] T e09c593b81fe4f348136baec9a956ab9 P 8cc20d531b5247dcb4f15bcc41b87768 [term 3 FOLLOWER]: Raft consensus is shut down!
I20260608 10:05:12.962639  2059 tablet_replica.cc:333] T a92b6b38f4d044f79825610f4610e505 P 8cc20d531b5247dcb4f15bcc41b87768: stopping tablet replica
I20260608 10:05:12.963385  2059 raft_consensus.cc:2243] T a92b6b38f4d044f79825610f4610e505 P 8cc20d531b5247dcb4f15bcc41b87768 [term 1 LEADER]: Raft consensus shutting down.
I20260608 10:05:12.964365  2059 raft_consensus.cc:2272] T a92b6b38f4d044f79825610f4610e505 P 8cc20d531b5247dcb4f15bcc41b87768 [term 1 FOLLOWER]: Raft consensus is shut down!
I20260608 10:05:12.966711  2059 tablet_replica.cc:333] T b8cf4f8feb7c4945bd52a70c54ac383b P 8cc20d531b5247dcb4f15bcc41b87768: stopping tablet replica
I20260608 10:05:12.967401  2059 raft_consensus.cc:2243] T b8cf4f8feb7c4945bd52a70c54ac383b P 8cc20d531b5247dcb4f15bcc41b87768 [term 1 FOLLOWER]: Raft consensus shutting down.
I20260608 10:05:12.967939  2059 raft_consensus.cc:2272] T b8cf4f8feb7c4945bd52a70c54ac383b P 8cc20d531b5247dcb4f15bcc41b87768 [term 1 FOLLOWER]: Raft consensus is shut down!
I20260608 10:05:12.970484  2059 tablet_replica.cc:333] T 2815cc60665c4e5bb3411b7e2df74d78 P 8cc20d531b5247dcb4f15bcc41b87768: stopping tablet replica
I20260608 10:05:12.971272  2059 raft_consensus.cc:2243] T 2815cc60665c4e5bb3411b7e2df74d78 P 8cc20d531b5247dcb4f15bcc41b87768 [term 1 FOLLOWER]: Raft consensus shutting down.
I20260608 10:05:12.972038  2059 raft_consensus.cc:2272] T 2815cc60665c4e5bb3411b7e2df74d78 P 8cc20d531b5247dcb4f15bcc41b87768 [term 1 FOLLOWER]: Raft consensus is shut down!
I20260608 10:05:12.974596  2059 tablet_replica.cc:333] T 833a8151a6034aa4af389d115eb99d8e P 8cc20d531b5247dcb4f15bcc41b87768: stopping tablet replica
I20260608 10:05:12.975327  2059 raft_consensus.cc:2243] T 833a8151a6034aa4af389d115eb99d8e P 8cc20d531b5247dcb4f15bcc41b87768 [term 1 LEADER]: Raft consensus shutting down.
I20260608 10:05:12.976413  2059 raft_consensus.cc:2272] T 833a8151a6034aa4af389d115eb99d8e P 8cc20d531b5247dcb4f15bcc41b87768 [term 1 FOLLOWER]: Raft consensus is shut down!
I20260608 10:05:12.978932  2059 tablet_replica.cc:333] T 2145b1e8c034493e8dd22b85d4c3d271 P 8cc20d531b5247dcb4f15bcc41b87768: stopping tablet replica
I20260608 10:05:12.979710  2059 raft_consensus.cc:2243] T 2145b1e8c034493e8dd22b85d4c3d271 P 8cc20d531b5247dcb4f15bcc41b87768 [term 1 FOLLOWER]: Raft consensus shutting down.
I20260608 10:05:12.980355  2059 raft_consensus.cc:2272] T 2145b1e8c034493e8dd22b85d4c3d271 P 8cc20d531b5247dcb4f15bcc41b87768 [term 1 FOLLOWER]: Raft consensus is shut down!
I20260608 10:05:12.982668  2059 tablet_replica.cc:333] T abbf7f4e753849eda146ae2d778a1656 P 8cc20d531b5247dcb4f15bcc41b87768: stopping tablet replica
I20260608 10:05:12.983318  2059 raft_consensus.cc:2243] T abbf7f4e753849eda146ae2d778a1656 P 8cc20d531b5247dcb4f15bcc41b87768 [term 2 FOLLOWER]: Raft consensus shutting down.
I20260608 10:05:12.983930  2059 raft_consensus.cc:2272] T abbf7f4e753849eda146ae2d778a1656 P 8cc20d531b5247dcb4f15bcc41b87768 [term 2 FOLLOWER]: Raft consensus is shut down!
I20260608 10:05:12.986542  2059 tablet_replica.cc:333] T f595411252244d06a96c42421a55745e P 8cc20d531b5247dcb4f15bcc41b87768: stopping tablet replica
I20260608 10:05:12.987200  2059 raft_consensus.cc:2243] T f595411252244d06a96c42421a55745e P 8cc20d531b5247dcb4f15bcc41b87768 [term 1 LEADER]: Raft consensus shutting down.
I20260608 10:05:12.988289  2059 raft_consensus.cc:2272] T f595411252244d06a96c42421a55745e P 8cc20d531b5247dcb4f15bcc41b87768 [term 1 FOLLOWER]: Raft consensus is shut down!
I20260608 10:05:12.991183  2059 tablet_replica.cc:333] T 3896285714134d03a202aa998405a835 P 8cc20d531b5247dcb4f15bcc41b87768: stopping tablet replica
I20260608 10:05:12.991832  2059 raft_consensus.cc:2243] T 3896285714134d03a202aa998405a835 P 8cc20d531b5247dcb4f15bcc41b87768 [term 3 FOLLOWER]: Raft consensus shutting down.
I20260608 10:05:12.992476  2059 raft_consensus.cc:2272] T 3896285714134d03a202aa998405a835 P 8cc20d531b5247dcb4f15bcc41b87768 [term 3 FOLLOWER]: Raft consensus is shut down!
W20260608 10:05:13.016408  5149 consensus_peers.cc:597] T 88bcb3fcb38c48469e67e4728e3ce855 P 5a6fcb788af44b5ca5e5fbf80744e25e -> Peer 6e09ecc6231f4877aa3d87b900144122 (127.2.2.193:38407): Couldn't send request to peer 6e09ecc6231f4877aa3d87b900144122. Status: Network error: Client connection negotiation failed: client connection to 127.2.2.193:38407: connect: Connection refused (error 111). This is attempt 1: this message will repeat every 5th retry.
I20260608 10:05:13.039916  2059 tablet_server.cc:196] TabletServer@127.2.2.194:0 shutdown complete.
W20260608 10:05:13.066949  5151 consensus_peers.cc:597] T 3896285714134d03a202aa998405a835 P 5a6fcb788af44b5ca5e5fbf80744e25e -> Peer 8cc20d531b5247dcb4f15bcc41b87768 (127.2.2.194:42037): Couldn't send request to peer 8cc20d531b5247dcb4f15bcc41b87768. Status: Network error: Client connection negotiation failed: client connection to 127.2.2.194:42037: connect: Connection refused (error 111). This is attempt 1: this message will repeat every 5th retry.
I20260608 10:05:13.083169  2059 tablet_server.cc:179] TabletServer@127.2.2.195:0 shutting down...
W20260608 10:05:13.083927  5325 consensus_peers.cc:597] T 2145b1e8c034493e8dd22b85d4c3d271 P 34a6340ba8494b5e82b2bc45288190a0 -> Peer 8cc20d531b5247dcb4f15bcc41b87768 (127.2.2.194:42037): Couldn't send request to peer 8cc20d531b5247dcb4f15bcc41b87768. Status: Network error: Client connection negotiation failed: client connection to 127.2.2.194:42037: connect: Connection refused (error 111). This is attempt 1: this message will repeat every 5th retry.
I20260608 10:05:13.127017  2059 ts_tablet_manager.cc:1507] Shutting down tablet manager...
I20260608 10:05:13.128434  2059 tablet_replica.cc:333] T d5f03c7598aa4b98b5e85b847e1f6d21 P 5a6fcb788af44b5ca5e5fbf80744e25e: stopping tablet replica
I20260608 10:05:13.129324  2059 raft_consensus.cc:2243] T d5f03c7598aa4b98b5e85b847e1f6d21 P 5a6fcb788af44b5ca5e5fbf80744e25e [term 2 FOLLOWER]: Raft consensus shutting down.
I20260608 10:05:13.130057  2059 raft_consensus.cc:2272] T d5f03c7598aa4b98b5e85b847e1f6d21 P 5a6fcb788af44b5ca5e5fbf80744e25e [term 2 FOLLOWER]: Raft consensus is shut down!
I20260608 10:05:13.132817  2059 tablet_replica.cc:333] T b4a69ad55bd74d10b6bb8df3c9779680 P 5a6fcb788af44b5ca5e5fbf80744e25e: stopping tablet replica
I20260608 10:05:13.133589  2059 raft_consensus.cc:2243] T b4a69ad55bd74d10b6bb8df3c9779680 P 5a6fcb788af44b5ca5e5fbf80744e25e [term 2 FOLLOWER]: Raft consensus shutting down.
I20260608 10:05:13.134676  2059 raft_consensus.cc:2272] T b4a69ad55bd74d10b6bb8df3c9779680 P 5a6fcb788af44b5ca5e5fbf80744e25e [term 2 FOLLOWER]: Raft consensus is shut down!
I20260608 10:05:13.137217  2059 tablet_replica.cc:333] T bde269c5256d46e984fa5c79d60204a8 P 5a6fcb788af44b5ca5e5fbf80744e25e: stopping tablet replica
I20260608 10:05:13.137984  2059 raft_consensus.cc:2243] T bde269c5256d46e984fa5c79d60204a8 P 5a6fcb788af44b5ca5e5fbf80744e25e [term 2 LEADER]: Raft consensus shutting down.
I20260608 10:05:13.139103  2059 raft_consensus.cc:2272] T bde269c5256d46e984fa5c79d60204a8 P 5a6fcb788af44b5ca5e5fbf80744e25e [term 2 FOLLOWER]: Raft consensus is shut down!
I20260608 10:05:13.141937  2059 tablet_replica.cc:333] T 88bcb3fcb38c48469e67e4728e3ce855 P 5a6fcb788af44b5ca5e5fbf80744e25e: stopping tablet replica
I20260608 10:05:13.142711  2059 raft_consensus.cc:2243] T 88bcb3fcb38c48469e67e4728e3ce855 P 5a6fcb788af44b5ca5e5fbf80744e25e [term 4 LEADER]: Raft consensus shutting down.
I20260608 10:05:13.143810  2059 raft_consensus.cc:2272] T 88bcb3fcb38c48469e67e4728e3ce855 P 5a6fcb788af44b5ca5e5fbf80744e25e [term 4 FOLLOWER]: Raft consensus is shut down!
I20260608 10:05:13.146251  2059 tablet_replica.cc:333] T e656454e38b549ff80e94e8808bf163b P 5a6fcb788af44b5ca5e5fbf80744e25e: stopping tablet replica
I20260608 10:05:13.146968  2059 raft_consensus.cc:2243] T e656454e38b549ff80e94e8808bf163b P 5a6fcb788af44b5ca5e5fbf80744e25e [term 1 FOLLOWER]: Raft consensus shutting down.
I20260608 10:05:13.147758  2059 raft_consensus.cc:2272] T e656454e38b549ff80e94e8808bf163b P 5a6fcb788af44b5ca5e5fbf80744e25e [term 1 FOLLOWER]: Raft consensus is shut down!
I20260608 10:05:13.150223  2059 tablet_replica.cc:333] T c43d9eddb01f49d092f7373888c012d8 P 5a6fcb788af44b5ca5e5fbf80744e25e: stopping tablet replica
I20260608 10:05:13.150877  2059 raft_consensus.cc:2243] T c43d9eddb01f49d092f7373888c012d8 P 5a6fcb788af44b5ca5e5fbf80744e25e [term 1 FOLLOWER]: Raft consensus shutting down.
I20260608 10:05:13.151500  2059 raft_consensus.cc:2272] T c43d9eddb01f49d092f7373888c012d8 P 5a6fcb788af44b5ca5e5fbf80744e25e [term 1 FOLLOWER]: Raft consensus is shut down!
I20260608 10:05:13.153888  2059 tablet_replica.cc:333] T a92b6b38f4d044f79825610f4610e505 P 5a6fcb788af44b5ca5e5fbf80744e25e: stopping tablet replica
I20260608 10:05:13.154537  2059 raft_consensus.cc:2243] T a92b6b38f4d044f79825610f4610e505 P 5a6fcb788af44b5ca5e5fbf80744e25e [term 1 FOLLOWER]: Raft consensus shutting down.
I20260608 10:05:13.155027  2059 raft_consensus.cc:2272] T a92b6b38f4d044f79825610f4610e505 P 5a6fcb788af44b5ca5e5fbf80744e25e [term 1 FOLLOWER]: Raft consensus is shut down!
I20260608 10:05:13.157656  2059 tablet_replica.cc:333] T f595411252244d06a96c42421a55745e P 5a6fcb788af44b5ca5e5fbf80744e25e: stopping tablet replica
I20260608 10:05:13.158552  2059 raft_consensus.cc:2243] T f595411252244d06a96c42421a55745e P 5a6fcb788af44b5ca5e5fbf80744e25e [term 1 FOLLOWER]: Raft consensus shutting down.
I20260608 10:05:13.159332  2059 raft_consensus.cc:2272] T f595411252244d06a96c42421a55745e P 5a6fcb788af44b5ca5e5fbf80744e25e [term 1 FOLLOWER]: Raft consensus is shut down!
I20260608 10:05:13.162169  2059 tablet_replica.cc:333] T 3896285714134d03a202aa998405a835 P 5a6fcb788af44b5ca5e5fbf80744e25e: stopping tablet replica
I20260608 10:05:13.163121  2059 raft_consensus.cc:2243] T 3896285714134d03a202aa998405a835 P 5a6fcb788af44b5ca5e5fbf80744e25e [term 3 LEADER]: Raft consensus shutting down.
I20260608 10:05:13.164192  2059 raft_consensus.cc:2272] T 3896285714134d03a202aa998405a835 P 5a6fcb788af44b5ca5e5fbf80744e25e [term 3 FOLLOWER]: Raft consensus is shut down!
I20260608 10:05:13.167068  2059 tablet_replica.cc:333] T caad8b0e468b446cb5500c07f34182ad P 5a6fcb788af44b5ca5e5fbf80744e25e: stopping tablet replica
I20260608 10:05:13.167723  2059 raft_consensus.cc:2243] T caad8b0e468b446cb5500c07f34182ad P 5a6fcb788af44b5ca5e5fbf80744e25e [term 2 LEADER]: Raft consensus shutting down.
I20260608 10:05:13.168754  2059 raft_consensus.cc:2272] T caad8b0e468b446cb5500c07f34182ad P 5a6fcb788af44b5ca5e5fbf80744e25e [term 2 FOLLOWER]: Raft consensus is shut down!
I20260608 10:05:13.171239  2059 tablet_replica.cc:333] T 833a8151a6034aa4af389d115eb99d8e P 5a6fcb788af44b5ca5e5fbf80744e25e: stopping tablet replica
I20260608 10:05:13.171871  2059 raft_consensus.cc:2243] T 833a8151a6034aa4af389d115eb99d8e P 5a6fcb788af44b5ca5e5fbf80744e25e [term 1 FOLLOWER]: Raft consensus shutting down.
I20260608 10:05:13.172421  2059 raft_consensus.cc:2272] T 833a8151a6034aa4af389d115eb99d8e P 5a6fcb788af44b5ca5e5fbf80744e25e [term 1 FOLLOWER]: Raft consensus is shut down!
I20260608 10:05:13.174837  2059 tablet_replica.cc:333] T abbf7f4e753849eda146ae2d778a1656 P 5a6fcb788af44b5ca5e5fbf80744e25e: stopping tablet replica
I20260608 10:05:13.175426  2059 raft_consensus.cc:2243] T abbf7f4e753849eda146ae2d778a1656 P 5a6fcb788af44b5ca5e5fbf80744e25e [term 2 FOLLOWER]: Raft consensus shutting down.
I20260608 10:05:13.175905  2059 raft_consensus.cc:2272] T abbf7f4e753849eda146ae2d778a1656 P 5a6fcb788af44b5ca5e5fbf80744e25e [term 2 FOLLOWER]: Raft consensus is shut down!
I20260608 10:05:13.218708  2059 tablet_server.cc:196] TabletServer@127.2.2.195:0 shutdown complete.
W20260608 10:05:13.256309  5325 consensus_peers.cc:597] T b4a69ad55bd74d10b6bb8df3c9779680 P 34a6340ba8494b5e82b2bc45288190a0 -> Peer 8cc20d531b5247dcb4f15bcc41b87768 (127.2.2.194:42037): Couldn't send request to peer 8cc20d531b5247dcb4f15bcc41b87768. Status: Network error: Client connection negotiation failed: client connection to 127.2.2.194:42037: connect: Connection refused (error 111). This is attempt 1: this message will repeat every 5th retry.
I20260608 10:05:13.264016  2059 tablet_server.cc:179] TabletServer@127.2.2.196:0 shutting down...
W20260608 10:05:13.280395  5323 consensus_peers.cc:597] T abbf7f4e753849eda146ae2d778a1656 P 34a6340ba8494b5e82b2bc45288190a0 -> Peer 5a6fcb788af44b5ca5e5fbf80744e25e (127.2.2.195:36297): Couldn't send request to peer 5a6fcb788af44b5ca5e5fbf80744e25e. Status: Network error: Client connection negotiation failed: client connection to 127.2.2.195:36297: connect: Connection refused (error 111). This is attempt 1: this message will repeat every 5th retry.
I20260608 10:05:13.305946  2059 ts_tablet_manager.cc:1507] Shutting down tablet manager...
I20260608 10:05:13.306955  2059 tablet_replica.cc:333] T caad8b0e468b446cb5500c07f34182ad P 34a6340ba8494b5e82b2bc45288190a0: stopping tablet replica
I20260608 10:05:13.307703  2059 raft_consensus.cc:2243] T caad8b0e468b446cb5500c07f34182ad P 34a6340ba8494b5e82b2bc45288190a0 [term 2 FOLLOWER]: Raft consensus shutting down.
I20260608 10:05:13.308373  2059 raft_consensus.cc:2272] T caad8b0e468b446cb5500c07f34182ad P 34a6340ba8494b5e82b2bc45288190a0 [term 2 FOLLOWER]: Raft consensus is shut down!
