I20260608 10:05:43.218735  6823 consensus_queue.cc:1048] T 7b6da8948d73426bae480b015e535d1e P 575d23e59368499b938dfc0be5cc6e9e [LEADER]: Connected to new peer: Peer: permanent_uuid: "c8f2db16433d4404b694fe2d7579e70d" member_type: VOTER last_known_addr { host: "127.2.2.193" port: 32839 }, Status: LMP_MISMATCH, Last received: 0.0, Next index: 1, Last known committed idx: 0, Time since last communication: 0.001s
I20260608 10:05:43.219066  6513 catalog_manager.cc:5696] T ed9b7d9084274a909bfb5cd643a619dc P c8f2db16433d4404b694fe2d7579e70d reported cstate change: term changed from 0 to 1, leader changed from <none> to c8f2db16433d4404b694fe2d7579e70d (127.2.2.193). New cstate: current_term: 1 leader_uuid: "c8f2db16433d4404b694fe2d7579e70d" committed_config { opid_index: -1 OBSOLETE_local: false peers { permanent_uuid: "575d23e59368499b938dfc0be5cc6e9e" member_type: VOTER last_known_addr { host: "127.2.2.194" port: 37549 } health_report { overall_health: UNKNOWN } } peers { permanent_uuid: "c9c691d689ca41ba87b7d50a6d4821c3" member_type: VOTER last_known_addr { host: "127.2.2.195" port: 45451 } health_report { overall_health: UNKNOWN } } peers { permanent_uuid: "c8f2db16433d4404b694fe2d7579e70d" member_type: VOTER last_known_addr { host: "127.2.2.193" port: 32839 } health_report { overall_health: HEALTHY } } }
I20260608 10:05:43.249317  6692 raft_consensus.cc:2468] T 1c06b832ba374f3886a6958fc7b5868b P 575d23e59368499b938dfc0be5cc6e9e [term 1 FOLLOWER]: Leader election vote request: Granting yes vote for candidate c8f2db16433d4404b694fe2d7579e70d in term 1.
I20260608 10:05:43.245155  6766 raft_consensus.cc:2468] T 4a2be12c9ab444c29f46298a50c1bfe9 P c9c691d689ca41ba87b7d50a6d4821c3 [term 1 FOLLOWER]: Leader election vote request: Granting yes vote for candidate c8f2db16433d4404b694fe2d7579e70d in term 1.
I20260608 10:05:43.251425  6582 leader_election.cc:304] T 1c06b832ba374f3886a6958fc7b5868b P c8f2db16433d4404b694fe2d7579e70d [CANDIDATE]: Term 1 election: Election decided. Result: candidate won. Election summary: received 3 responses out of 3 voters: 2 yes votes; 1 no votes. yes voters: 575d23e59368499b938dfc0be5cc6e9e, c8f2db16433d4404b694fe2d7579e70d; no voters: c9c691d689ca41ba87b7d50a6d4821c3
I20260608 10:05:43.252847  6871 raft_consensus.cc:2804] T 1c06b832ba374f3886a6958fc7b5868b P c8f2db16433d4404b694fe2d7579e70d [term 1 FOLLOWER]: Leader election won for term 1
I20260608 10:05:43.253393  6871 raft_consensus.cc:697] T 1c06b832ba374f3886a6958fc7b5868b P c8f2db16433d4404b694fe2d7579e70d [term 1 LEADER]: Becoming Leader. State: Replica: c8f2db16433d4404b694fe2d7579e70d, State: Running, Role: LEADER
I20260608 10:05:43.247345  6823 consensus_queue.cc:1048] T 2a0c8fc7172040649ad9752e7ee09b94 P 575d23e59368499b938dfc0be5cc6e9e [LEADER]: Connected to new peer: Peer: permanent_uuid: "c9c691d689ca41ba87b7d50a6d4821c3" member_type: VOTER last_known_addr { host: "127.2.2.195" port: 45451 }, Status: LMP_MISMATCH, Last received: 0.0, Next index: 1, Last known committed idx: 0, Time since last communication: 0.010s
I20260608 10:05:43.259029  6812 tablet_bootstrap.cc:654] T 2b98a821ea014291a64788ce29424ebc P c8f2db16433d4404b694fe2d7579e70d: Neither blocks nor log segments found. Creating new log.
I20260608 10:05:43.259152  6871 consensus_queue.cc:237] T 1c06b832ba374f3886a6958fc7b5868b P c8f2db16433d4404b694fe2d7579e70d [LEADER]: Queue going to LEADER mode. State: All replicated index: 0, Majority replicated index: 0, Committed index: 0, Last appended: 0.0, Last appended by leader: 0, Current term: 1, Majority size: 2, State: 0, Mode: LEADER, active raft config: opid_index: -1 OBSOLETE_local: false peers { permanent_uuid: "c8f2db16433d4404b694fe2d7579e70d" member_type: VOTER last_known_addr { host: "127.2.2.193" port: 32839 } } peers { permanent_uuid: "575d23e59368499b938dfc0be5cc6e9e" member_type: VOTER last_known_addr { host: "127.2.2.194" port: 37549 } } peers { permanent_uuid: "c9c691d689ca41ba87b7d50a6d4821c3" member_type: VOTER last_known_addr { host: "127.2.2.195" port: 45451 } }
I20260608 10:05:43.253626  6825 raft_consensus.cc:515] T b87adc3dcfcb40fb800b401e060087b1 P c9c691d689ca41ba87b7d50a6d4821c3 [term 1 FOLLOWER]: Starting leader election with config: opid_index: -1 OBSOLETE_local: false peers { permanent_uuid: "c8f2db16433d4404b694fe2d7579e70d" member_type: VOTER last_known_addr { host: "127.2.2.193" port: 32839 } } peers { permanent_uuid: "575d23e59368499b938dfc0be5cc6e9e" member_type: VOTER last_known_addr { host: "127.2.2.194" port: 37549 } } peers { permanent_uuid: "c9c691d689ca41ba87b7d50a6d4821c3" member_type: VOTER last_known_addr { host: "127.2.2.195" port: 45451 } }
W20260608 10:05:43.242916  6731 outbound_call.cc:321] RPC callback for RPC call kudu.consensus.ConsensusService.RequestConsensusVote -> {remote=127.2.2.193:32839, user_credentials={real_user=slave}} blocked reactor thread for 90986.7us
I20260608 10:05:43.264501  6692 tablet_service.cc:1917] Received RequestConsensusVote() RPC: tablet_id: "b87adc3dcfcb40fb800b401e060087b1" candidate_uuid: "c9c691d689ca41ba87b7d50a6d4821c3" candidate_term: 1 candidate_status { last_received { term: 0 index: 0 } } ignore_live_leader: false dest_uuid: "575d23e59368499b938dfc0be5cc6e9e" is_pre_election: true
I20260608 10:05:43.265506  6692 raft_consensus.cc:2468] T b87adc3dcfcb40fb800b401e060087b1 P 575d23e59368499b938dfc0be5cc6e9e [term 0 FOLLOWER]: Leader pre-election vote request: Granting yes vote for candidate c9c691d689ca41ba87b7d50a6d4821c3 in term 0.
I20260608 10:05:43.264501  6814 tablet_bootstrap.cc:492] T 1c06b832ba374f3886a6958fc7b5868b P c9c691d689ca41ba87b7d50a6d4821c3: No bootstrap required, opened a new log
I20260608 10:05:43.267952  6814 ts_tablet_manager.cc:1403] T 1c06b832ba374f3886a6958fc7b5868b P c9c691d689ca41ba87b7d50a6d4821c3: Time spent bootstrapping tablet: real 0.131s	user 0.040s	sys 0.051s
I20260608 10:05:43.265478  6825 leader_election.cc:290] T b87adc3dcfcb40fb800b401e060087b1 P c9c691d689ca41ba87b7d50a6d4821c3 [CANDIDATE]: Term 1 election: Requested vote from peers c8f2db16433d4404b694fe2d7579e70d (127.2.2.193:32839), 575d23e59368499b938dfc0be5cc6e9e (127.2.2.194:37549)
I20260608 10:05:43.268858  6616 tablet_service.cc:1917] Received RequestConsensusVote() RPC: tablet_id: "b87adc3dcfcb40fb800b401e060087b1" candidate_uuid: "c9c691d689ca41ba87b7d50a6d4821c3" candidate_term: 1 candidate_status { last_received { term: 0 index: 0 } } ignore_live_leader: false dest_uuid: "c8f2db16433d4404b694fe2d7579e70d"
I20260608 10:05:43.269505  6616 raft_consensus.cc:3060] T b87adc3dcfcb40fb800b401e060087b1 P c8f2db16433d4404b694fe2d7579e70d [term 0 FOLLOWER]: Advancing to term 1
I20260608 10:05:43.269512  6691 tablet_service.cc:1917] Received RequestConsensusVote() RPC: tablet_id: "b87adc3dcfcb40fb800b401e060087b1" candidate_uuid: "c9c691d689ca41ba87b7d50a6d4821c3" candidate_term: 1 candidate_status { last_received { term: 0 index: 0 } } ignore_live_leader: false dest_uuid: "575d23e59368499b938dfc0be5cc6e9e"
I20260608 10:05:43.270617  6691 raft_consensus.cc:3060] T b87adc3dcfcb40fb800b401e060087b1 P 575d23e59368499b938dfc0be5cc6e9e [term 0 FOLLOWER]: Advancing to term 1
I20260608 10:05:43.284065  6862 consensus_queue.cc:1048] T 2a0c8fc7172040649ad9752e7ee09b94 P 575d23e59368499b938dfc0be5cc6e9e [LEADER]: Connected to new peer: Peer: permanent_uuid: "c8f2db16433d4404b694fe2d7579e70d" member_type: VOTER last_known_addr { host: "127.2.2.193" port: 32839 }, Status: LMP_MISMATCH, Last received: 0.0, Next index: 1, Last known committed idx: 0, Time since last communication: 0.001s
I20260608 10:05:43.286689  6815 raft_consensus.cc:493] T b0661d8f52aa43469c683d412966ba71 P 575d23e59368499b938dfc0be5cc6e9e [term 0 FOLLOWER]: Starting pre-election (no leader contacted us within the election timeout)
I20260608 10:05:43.287369  6815 raft_consensus.cc:515] T b0661d8f52aa43469c683d412966ba71 P 575d23e59368499b938dfc0be5cc6e9e [term 0 FOLLOWER]: Starting pre-election with config: opid_index: -1 OBSOLETE_local: false peers { permanent_uuid: "c8f2db16433d4404b694fe2d7579e70d" member_type: VOTER last_known_addr { host: "127.2.2.193" port: 32839 } } peers { permanent_uuid: "575d23e59368499b938dfc0be5cc6e9e" member_type: VOTER last_known_addr { host: "127.2.2.194" port: 37549 } } peers { permanent_uuid: "c9c691d689ca41ba87b7d50a6d4821c3" member_type: VOTER last_known_addr { host: "127.2.2.195" port: 45451 } }
I20260608 10:05:43.294482  6815 leader_election.cc:290] T b0661d8f52aa43469c683d412966ba71 P 575d23e59368499b938dfc0be5cc6e9e [CANDIDATE]: Term 1 pre-election: Requested pre-vote from peers c8f2db16433d4404b694fe2d7579e70d (127.2.2.193:32839), c9c691d689ca41ba87b7d50a6d4821c3 (127.2.2.195:45451)
I20260608 10:05:43.294409  6615 tablet_service.cc:1917] Received RequestConsensusVote() RPC: tablet_id: "b0661d8f52aa43469c683d412966ba71" candidate_uuid: "575d23e59368499b938dfc0be5cc6e9e" candidate_term: 1 candidate_status { last_received { term: 0 index: 0 } } ignore_live_leader: false dest_uuid: "c8f2db16433d4404b694fe2d7579e70d" is_pre_election: true
I20260608 10:05:43.295274  6615 raft_consensus.cc:2468] T b0661d8f52aa43469c683d412966ba71 P c8f2db16433d4404b694fe2d7579e70d [term 0 FOLLOWER]: Leader pre-election vote request: Granting yes vote for candidate 575d23e59368499b938dfc0be5cc6e9e in term 0.
I20260608 10:05:43.274219  6814 raft_consensus.cc:359] T 1c06b832ba374f3886a6958fc7b5868b P c9c691d689ca41ba87b7d50a6d4821c3 [term 0 FOLLOWER]: Replica starting. Triggering 0 pending ops. Active config: opid_index: -1 OBSOLETE_local: false peers { permanent_uuid: "c8f2db16433d4404b694fe2d7579e70d" member_type: VOTER last_known_addr { host: "127.2.2.193" port: 32839 } } peers { permanent_uuid: "575d23e59368499b938dfc0be5cc6e9e" member_type: VOTER last_known_addr { host: "127.2.2.194" port: 37549 } } peers { permanent_uuid: "c9c691d689ca41ba87b7d50a6d4821c3" member_type: VOTER last_known_addr { host: "127.2.2.195" port: 45451 } }
I20260608 10:05:43.296432  6764 tablet_service.cc:1917] Received RequestConsensusVote() RPC: tablet_id: "b0661d8f52aa43469c683d412966ba71" candidate_uuid: "575d23e59368499b938dfc0be5cc6e9e" candidate_term: 1 candidate_status { last_received { term: 0 index: 0 } } ignore_live_leader: false dest_uuid: "c9c691d689ca41ba87b7d50a6d4821c3" is_pre_election: true
I20260608 10:05:43.296675  6814 raft_consensus.cc:385] T 1c06b832ba374f3886a6958fc7b5868b P c9c691d689ca41ba87b7d50a6d4821c3 [term 0 FOLLOWER]: Consensus starting up: Expiring failure detector timer to make a prompt election more likely
I20260608 10:05:43.302300  6814 raft_consensus.cc:740] T 1c06b832ba374f3886a6958fc7b5868b P c9c691d689ca41ba87b7d50a6d4821c3 [term 0 FOLLOWER]: Becoming Follower/Learner. State: Replica: c9c691d689ca41ba87b7d50a6d4821c3, State: Initialized, Role: FOLLOWER
I20260608 10:05:43.303795  6814 consensus_queue.cc:260] T 1c06b832ba374f3886a6958fc7b5868b P c9c691d689ca41ba87b7d50a6d4821c3 [NON_LEADER]: Queue going to NON_LEADER mode. State: All replicated index: 0, Majority replicated index: 0, Committed index: 0, Last appended: 0.0, Last appended by leader: 0, Current term: 0, Majority size: -1, State: 0, Mode: NON_LEADER, active raft config: opid_index: -1 OBSOLETE_local: false peers { permanent_uuid: "c8f2db16433d4404b694fe2d7579e70d" member_type: VOTER last_known_addr { host: "127.2.2.193" port: 32839 } } peers { permanent_uuid: "575d23e59368499b938dfc0be5cc6e9e" member_type: VOTER last_known_addr { host: "127.2.2.194" port: 37549 } } peers { permanent_uuid: "c9c691d689ca41ba87b7d50a6d4821c3" member_type: VOTER last_known_addr { host: "127.2.2.195" port: 45451 } }
I20260608 10:05:43.293783  6616 raft_consensus.cc:2468] T b87adc3dcfcb40fb800b401e060087b1 P c8f2db16433d4404b694fe2d7579e70d [term 1 FOLLOWER]: Leader election vote request: Granting yes vote for candidate c9c691d689ca41ba87b7d50a6d4821c3 in term 1.
I20260608 10:05:43.296702  6657 leader_election.cc:304] T b0661d8f52aa43469c683d412966ba71 P 575d23e59368499b938dfc0be5cc6e9e [CANDIDATE]: Term 1 pre-election: Election decided. Result: candidate won. Election summary: received 2 responses out of 3 voters: 2 yes votes; 0 no votes. yes voters: 575d23e59368499b938dfc0be5cc6e9e, c8f2db16433d4404b694fe2d7579e70d; no voters: 
I20260608 10:05:43.310729  6731 leader_election.cc:304] T b87adc3dcfcb40fb800b401e060087b1 P c9c691d689ca41ba87b7d50a6d4821c3 [CANDIDATE]: Term 1 election: Election decided. Result: candidate won. Election summary: received 2 responses out of 3 voters: 2 yes votes; 0 no votes. yes voters: c8f2db16433d4404b694fe2d7579e70d, c9c691d689ca41ba87b7d50a6d4821c3; no voters: 
I20260608 10:05:43.315382  6814 ts_tablet_manager.cc:1434] T 1c06b832ba374f3886a6958fc7b5868b P c9c691d689ca41ba87b7d50a6d4821c3: Time spent starting tablet: real 0.047s	user 0.009s	sys 0.001s
W20260608 10:05:43.315472  6655 leader_election.cc:343] T b0661d8f52aa43469c683d412966ba71 P 575d23e59368499b938dfc0be5cc6e9e [CANDIDATE]: Term 1 pre-election: Tablet error from VoteRequest() call to peer c9c691d689ca41ba87b7d50a6d4821c3 (127.2.2.195:45451): Illegal state: must be running to vote when last-logged opid is not known
I20260608 10:05:43.316934  6862 raft_consensus.cc:2804] T b0661d8f52aa43469c683d412966ba71 P 575d23e59368499b938dfc0be5cc6e9e [term 0 FOLLOWER]: Leader pre-election won for term 1
I20260608 10:05:43.317198  6814 tablet_bootstrap.cc:492] T e288f7f5e8134a43a1389aade81f8240 P c9c691d689ca41ba87b7d50a6d4821c3: Bootstrap starting.
I20260608 10:05:43.317569  6862 raft_consensus.cc:493] T b0661d8f52aa43469c683d412966ba71 P 575d23e59368499b938dfc0be5cc6e9e [term 0 FOLLOWER]: Starting leader election (no leader contacted us within the election timeout)
I20260608 10:05:43.318464  6862 raft_consensus.cc:3060] T b0661d8f52aa43469c683d412966ba71 P 575d23e59368499b938dfc0be5cc6e9e [term 0 FOLLOWER]: Advancing to term 1
I20260608 10:05:43.321425  6825 raft_consensus.cc:493] T 2a0c8fc7172040649ad9752e7ee09b94 P c9c691d689ca41ba87b7d50a6d4821c3 [term 1 FOLLOWER]: Starting pre-election (detected failure of leader 575d23e59368499b938dfc0be5cc6e9e)
I20260608 10:05:43.322028  6825 raft_consensus.cc:515] T 2a0c8fc7172040649ad9752e7ee09b94 P c9c691d689ca41ba87b7d50a6d4821c3 [term 1 FOLLOWER]: Starting pre-election with config: opid_index: -1 OBSOLETE_local: false peers { permanent_uuid: "c8f2db16433d4404b694fe2d7579e70d" member_type: VOTER last_known_addr { host: "127.2.2.193" port: 32839 } } peers { permanent_uuid: "575d23e59368499b938dfc0be5cc6e9e" member_type: VOTER last_known_addr { host: "127.2.2.194" port: 37549 } } peers { permanent_uuid: "c9c691d689ca41ba87b7d50a6d4821c3" member_type: VOTER last_known_addr { host: "127.2.2.195" port: 45451 } }
I20260608 10:05:43.323462  6884 raft_consensus.cc:2804] T b87adc3dcfcb40fb800b401e060087b1 P c9c691d689ca41ba87b7d50a6d4821c3 [term 1 FOLLOWER]: Leader election won for term 1
I20260608 10:05:43.324115  6884 raft_consensus.cc:697] T b87adc3dcfcb40fb800b401e060087b1 P c9c691d689ca41ba87b7d50a6d4821c3 [term 1 LEADER]: Becoming Leader. State: Replica: c9c691d689ca41ba87b7d50a6d4821c3, State: Running, Role: LEADER
I20260608 10:05:43.325493  6884 consensus_queue.cc:237] T b87adc3dcfcb40fb800b401e060087b1 P c9c691d689ca41ba87b7d50a6d4821c3 [LEADER]: Queue going to LEADER mode. State: All replicated index: 0, Majority replicated index: 0, Committed index: 0, Last appended: 0.0, Last appended by leader: 0, Current term: 1, Majority size: 2, State: 0, Mode: LEADER, active raft config: opid_index: -1 OBSOLETE_local: false peers { permanent_uuid: "c8f2db16433d4404b694fe2d7579e70d" member_type: VOTER last_known_addr { host: "127.2.2.193" port: 32839 } } peers { permanent_uuid: "575d23e59368499b938dfc0be5cc6e9e" member_type: VOTER last_known_addr { host: "127.2.2.194" port: 37549 } } peers { permanent_uuid: "c9c691d689ca41ba87b7d50a6d4821c3" member_type: VOTER last_known_addr { host: "127.2.2.195" port: 45451 } }
I20260608 10:05:43.329221  6825 leader_election.cc:290] T 2a0c8fc7172040649ad9752e7ee09b94 P c9c691d689ca41ba87b7d50a6d4821c3 [CANDIDATE]: Term 2 pre-election: Requested pre-vote from peers c8f2db16433d4404b694fe2d7579e70d (127.2.2.193:32839), 575d23e59368499b938dfc0be5cc6e9e (127.2.2.194:37549)
I20260608 10:05:43.330016  6812 tablet_bootstrap.cc:492] T 2b98a821ea014291a64788ce29424ebc P c8f2db16433d4404b694fe2d7579e70d: No bootstrap required, opened a new log
I20260608 10:05:43.330511  6812 ts_tablet_manager.cc:1403] T 2b98a821ea014291a64788ce29424ebc P c8f2db16433d4404b694fe2d7579e70d: Time spent bootstrapping tablet: real 0.164s	user 0.013s	sys 0.013s
I20260608 10:05:43.331076  6691 raft_consensus.cc:2468] T b87adc3dcfcb40fb800b401e060087b1 P 575d23e59368499b938dfc0be5cc6e9e [term 1 FOLLOWER]: Leader election vote request: Granting yes vote for candidate c9c691d689ca41ba87b7d50a6d4821c3 in term 1.
I20260608 10:05:43.332062  6615 tablet_service.cc:1917] Received RequestConsensusVote() RPC: tablet_id: "2a0c8fc7172040649ad9752e7ee09b94" candidate_uuid: "c9c691d689ca41ba87b7d50a6d4821c3" candidate_term: 2 candidate_status { last_received { term: 1 index: 1 } } ignore_live_leader: false dest_uuid: "c8f2db16433d4404b694fe2d7579e70d" is_pre_election: true
I20260608 10:05:43.333994  6512 catalog_manager.cc:5696] T 1c06b832ba374f3886a6958fc7b5868b P c8f2db16433d4404b694fe2d7579e70d reported cstate change: term changed from 0 to 1, leader changed from <none> to c8f2db16433d4404b694fe2d7579e70d (127.2.2.193). New cstate: current_term: 1 leader_uuid: "c8f2db16433d4404b694fe2d7579e70d" committed_config { opid_index: -1 OBSOLETE_local: false peers { permanent_uuid: "c8f2db16433d4404b694fe2d7579e70d" member_type: VOTER last_known_addr { host: "127.2.2.193" port: 32839 } health_report { overall_health: HEALTHY } } peers { permanent_uuid: "575d23e59368499b938dfc0be5cc6e9e" member_type: VOTER last_known_addr { host: "127.2.2.194" port: 37549 } health_report { overall_health: UNKNOWN } } peers { permanent_uuid: "c9c691d689ca41ba87b7d50a6d4821c3" member_type: VOTER last_known_addr { host: "127.2.2.195" port: 45451 } health_report { overall_health: UNKNOWN } } }
I20260608 10:05:43.342890  6862 raft_consensus.cc:515] T b0661d8f52aa43469c683d412966ba71 P 575d23e59368499b938dfc0be5cc6e9e [term 1 FOLLOWER]: Starting leader election with config: opid_index: -1 OBSOLETE_local: false peers { permanent_uuid: "c8f2db16433d4404b694fe2d7579e70d" member_type: VOTER last_known_addr { host: "127.2.2.193" port: 32839 } } peers { permanent_uuid: "575d23e59368499b938dfc0be5cc6e9e" member_type: VOTER last_known_addr { host: "127.2.2.194" port: 37549 } } peers { permanent_uuid: "c9c691d689ca41ba87b7d50a6d4821c3" member_type: VOTER last_known_addr { host: "127.2.2.195" port: 45451 } }
I20260608 10:05:43.345679  6691 tablet_service.cc:1917] Received RequestConsensusVote() RPC: tablet_id: "2a0c8fc7172040649ad9752e7ee09b94" candidate_uuid: "c9c691d689ca41ba87b7d50a6d4821c3" candidate_term: 2 candidate_status { last_received { term: 1 index: 1 } } ignore_live_leader: false dest_uuid: "575d23e59368499b938dfc0be5cc6e9e" is_pre_election: true
I20260608 10:05:43.336959  6512 catalog_manager.cc:5696] T 4a2be12c9ab444c29f46298a50c1bfe9 P c8f2db16433d4404b694fe2d7579e70d reported cstate change: term changed from 0 to 1, leader changed from <none> to c8f2db16433d4404b694fe2d7579e70d (127.2.2.193). New cstate: current_term: 1 leader_uuid: "c8f2db16433d4404b694fe2d7579e70d" committed_config { opid_index: -1 OBSOLETE_local: false peers { permanent_uuid: "c8f2db16433d4404b694fe2d7579e70d" member_type: VOTER last_known_addr { host: "127.2.2.193" port: 32839 } health_report { overall_health: HEALTHY } } peers { permanent_uuid: "575d23e59368499b938dfc0be5cc6e9e" member_type: VOTER last_known_addr { host: "127.2.2.194" port: 37549 } health_report { overall_health: UNKNOWN } } peers { permanent_uuid: "c9c691d689ca41ba87b7d50a6d4821c3" member_type: VOTER last_known_addr { host: "127.2.2.195" port: 45451 } health_report { overall_health: UNKNOWN } } }
I20260608 10:05:43.353590  6731 leader_election.cc:304] T 2a0c8fc7172040649ad9752e7ee09b94 P c9c691d689ca41ba87b7d50a6d4821c3 [CANDIDATE]: Term 2 pre-election: Election decided. Result: candidate lost. Election summary: received 3 responses out of 3 voters: 1 yes votes; 2 no votes. yes voters: c9c691d689ca41ba87b7d50a6d4821c3; no voters: 575d23e59368499b938dfc0be5cc6e9e, c8f2db16433d4404b694fe2d7579e70d
I20260608 10:05:43.354548  6825 raft_consensus.cc:2749] T 2a0c8fc7172040649ad9752e7ee09b94 P c9c691d689ca41ba87b7d50a6d4821c3 [term 1 FOLLOWER]: Leader pre-election lost for term 2. Reason: could not achieve majority
I20260608 10:05:43.349474  6814 tablet_bootstrap.cc:654] T e288f7f5e8134a43a1389aade81f8240 P c9c691d689ca41ba87b7d50a6d4821c3: Neither blocks nor log segments found. Creating new log.
I20260608 10:05:43.367372  6615 tablet_service.cc:1917] Received RequestConsensusVote() RPC: tablet_id: "b0661d8f52aa43469c683d412966ba71" candidate_uuid: "575d23e59368499b938dfc0be5cc6e9e" candidate_term: 1 candidate_status { last_received { term: 0 index: 0 } } ignore_live_leader: false dest_uuid: "c8f2db16433d4404b694fe2d7579e70d"
I20260608 10:05:43.368191  6615 raft_consensus.cc:3060] T b0661d8f52aa43469c683d412966ba71 P c8f2db16433d4404b694fe2d7579e70d [term 0 FOLLOWER]: Advancing to term 1
I20260608 10:05:43.383098  6862 leader_election.cc:290] T b0661d8f52aa43469c683d412966ba71 P 575d23e59368499b938dfc0be5cc6e9e [CANDIDATE]: Term 1 election: Requested vote from peers c8f2db16433d4404b694fe2d7579e70d (127.2.2.193:32839), c9c691d689ca41ba87b7d50a6d4821c3 (127.2.2.195:45451)
I20260608 10:05:43.391593  6764 tablet_service.cc:1917] Received RequestConsensusVote() RPC: tablet_id: "b0661d8f52aa43469c683d412966ba71" candidate_uuid: "575d23e59368499b938dfc0be5cc6e9e" candidate_term: 1 candidate_status { last_received { term: 0 index: 0 } } ignore_live_leader: false dest_uuid: "c9c691d689ca41ba87b7d50a6d4821c3"
W20260608 10:05:43.393360  6655 leader_election.cc:343] T b0661d8f52aa43469c683d412966ba71 P 575d23e59368499b938dfc0be5cc6e9e [CANDIDATE]: Term 1 election: Tablet error from VoteRequest() call to peer c9c691d689ca41ba87b7d50a6d4821c3 (127.2.2.195:45451): Illegal state: must be running to vote when last-logged opid is not known
I20260608 10:05:43.393625  6812 raft_consensus.cc:359] T 2b98a821ea014291a64788ce29424ebc P c8f2db16433d4404b694fe2d7579e70d [term 0 FOLLOWER]: Replica starting. Triggering 0 pending ops. Active config: opid_index: -1 OBSOLETE_local: false peers { permanent_uuid: "c8f2db16433d4404b694fe2d7579e70d" member_type: VOTER last_known_addr { host: "127.2.2.193" port: 32839 } } peers { permanent_uuid: "575d23e59368499b938dfc0be5cc6e9e" member_type: VOTER last_known_addr { host: "127.2.2.194" port: 37549 } } peers { permanent_uuid: "c9c691d689ca41ba87b7d50a6d4821c3" member_type: VOTER last_known_addr { host: "127.2.2.195" port: 45451 } }
I20260608 10:05:43.394464  6812 raft_consensus.cc:385] T 2b98a821ea014291a64788ce29424ebc P c8f2db16433d4404b694fe2d7579e70d [term 0 FOLLOWER]: Consensus starting up: Expiring failure detector timer to make a prompt election more likely
I20260608 10:05:43.394762  6812 raft_consensus.cc:740] T 2b98a821ea014291a64788ce29424ebc P c8f2db16433d4404b694fe2d7579e70d [term 0 FOLLOWER]: Becoming Follower/Learner. State: Replica: c8f2db16433d4404b694fe2d7579e70d, State: Initialized, Role: FOLLOWER
I20260608 10:05:43.395546  6812 consensus_queue.cc:260] T 2b98a821ea014291a64788ce29424ebc P c8f2db16433d4404b694fe2d7579e70d [NON_LEADER]: Queue going to NON_LEADER mode. State: All replicated index: 0, Majority replicated index: 0, Committed index: 0, Last appended: 0.0, Last appended by leader: 0, Current term: 0, Majority size: -1, State: 0, Mode: NON_LEADER, active raft config: opid_index: -1 OBSOLETE_local: false peers { permanent_uuid: "c8f2db16433d4404b694fe2d7579e70d" member_type: VOTER last_known_addr { host: "127.2.2.193" port: 32839 } } peers { permanent_uuid: "575d23e59368499b938dfc0be5cc6e9e" member_type: VOTER last_known_addr { host: "127.2.2.194" port: 37549 } } peers { permanent_uuid: "c9c691d689ca41ba87b7d50a6d4821c3" member_type: VOTER last_known_addr { host: "127.2.2.195" port: 45451 } }
I20260608 10:05:43.400477  6615 raft_consensus.cc:2468] T b0661d8f52aa43469c683d412966ba71 P c8f2db16433d4404b694fe2d7579e70d [term 1 FOLLOWER]: Leader election vote request: Granting yes vote for candidate 575d23e59368499b938dfc0be5cc6e9e in term 1.
I20260608 10:05:43.402113  6657 leader_election.cc:304] T b0661d8f52aa43469c683d412966ba71 P 575d23e59368499b938dfc0be5cc6e9e [CANDIDATE]: Term 1 election: Election decided. Result: candidate won. Election summary: received 3 responses out of 3 voters: 2 yes votes; 1 no votes. yes voters: 575d23e59368499b938dfc0be5cc6e9e, c8f2db16433d4404b694fe2d7579e70d; no voters: c9c691d689ca41ba87b7d50a6d4821c3
I20260608 10:05:43.402747  6814 tablet_bootstrap.cc:492] T e288f7f5e8134a43a1389aade81f8240 P c9c691d689ca41ba87b7d50a6d4821c3: No bootstrap required, opened a new log
I20260608 10:05:43.403352  6814 ts_tablet_manager.cc:1403] T e288f7f5e8134a43a1389aade81f8240 P c9c691d689ca41ba87b7d50a6d4821c3: Time spent bootstrapping tablet: real 0.086s	user 0.022s	sys 0.007s
I20260608 10:05:43.403496  6823 raft_consensus.cc:2804] T b0661d8f52aa43469c683d412966ba71 P 575d23e59368499b938dfc0be5cc6e9e [term 1 FOLLOWER]: Leader election won for term 1
I20260608 10:05:43.404100  6823 raft_consensus.cc:697] T b0661d8f52aa43469c683d412966ba71 P 575d23e59368499b938dfc0be5cc6e9e [term 1 LEADER]: Becoming Leader. State: Replica: 575d23e59368499b938dfc0be5cc6e9e, State: Running, Role: LEADER
I20260608 10:05:43.405571  6812 ts_tablet_manager.cc:1434] T 2b98a821ea014291a64788ce29424ebc P c8f2db16433d4404b694fe2d7579e70d: Time spent starting tablet: real 0.075s	user 0.008s	sys 0.000s
I20260608 10:05:43.405021  6823 consensus_queue.cc:237] T b0661d8f52aa43469c683d412966ba71 P 575d23e59368499b938dfc0be5cc6e9e [LEADER]: Queue going to LEADER mode. State: All replicated index: 0, Majority replicated index: 0, Committed index: 0, Last appended: 0.0, Last appended by leader: 0, Current term: 1, Majority size: 2, State: 0, Mode: LEADER, active raft config: opid_index: -1 OBSOLETE_local: false peers { permanent_uuid: "c8f2db16433d4404b694fe2d7579e70d" member_type: VOTER last_known_addr { host: "127.2.2.193" port: 32839 } } peers { permanent_uuid: "575d23e59368499b938dfc0be5cc6e9e" member_type: VOTER last_known_addr { host: "127.2.2.194" port: 37549 } } peers { permanent_uuid: "c9c691d689ca41ba87b7d50a6d4821c3" member_type: VOTER last_known_addr { host: "127.2.2.195" port: 45451 } }
I20260608 10:05:43.406855  6814 raft_consensus.cc:359] T e288f7f5e8134a43a1389aade81f8240 P c9c691d689ca41ba87b7d50a6d4821c3 [term 0 FOLLOWER]: Replica starting. Triggering 0 pending ops. Active config: opid_index: -1 OBSOLETE_local: false peers { permanent_uuid: "c8f2db16433d4404b694fe2d7579e70d" member_type: VOTER last_known_addr { host: "127.2.2.193" port: 32839 } } peers { permanent_uuid: "575d23e59368499b938dfc0be5cc6e9e" member_type: VOTER last_known_addr { host: "127.2.2.194" port: 37549 } } peers { permanent_uuid: "c9c691d689ca41ba87b7d50a6d4821c3" member_type: VOTER last_known_addr { host: "127.2.2.195" port: 45451 } }
I20260608 10:05:43.407631  6814 raft_consensus.cc:385] T e288f7f5e8134a43a1389aade81f8240 P c9c691d689ca41ba87b7d50a6d4821c3 [term 0 FOLLOWER]: Consensus starting up: Expiring failure detector timer to make a prompt election more likely
I20260608 10:05:43.407924  6814 raft_consensus.cc:740] T e288f7f5e8134a43a1389aade81f8240 P c9c691d689ca41ba87b7d50a6d4821c3 [term 0 FOLLOWER]: Becoming Follower/Learner. State: Replica: c9c691d689ca41ba87b7d50a6d4821c3, State: Initialized, Role: FOLLOWER
I20260608 10:05:43.408712  6814 consensus_queue.cc:260] T e288f7f5e8134a43a1389aade81f8240 P c9c691d689ca41ba87b7d50a6d4821c3 [NON_LEADER]: Queue going to NON_LEADER mode. State: All replicated index: 0, Majority replicated index: 0, Committed index: 0, Last appended: 0.0, Last appended by leader: 0, Current term: 0, Majority size: -1, State: 0, Mode: NON_LEADER, active raft config: opid_index: -1 OBSOLETE_local: false peers { permanent_uuid: "c8f2db16433d4404b694fe2d7579e70d" member_type: VOTER last_known_addr { host: "127.2.2.193" port: 32839 } } peers { permanent_uuid: "575d23e59368499b938dfc0be5cc6e9e" member_type: VOTER last_known_addr { host: "127.2.2.194" port: 37549 } } peers { permanent_uuid: "c9c691d689ca41ba87b7d50a6d4821c3" member_type: VOTER last_known_addr { host: "127.2.2.195" port: 45451 } }
I20260608 10:05:43.411213  6814 ts_tablet_manager.cc:1434] T e288f7f5e8134a43a1389aade81f8240 P c9c691d689ca41ba87b7d50a6d4821c3: Time spent starting tablet: real 0.007s	user 0.003s	sys 0.003s
I20260608 10:05:43.412288  6814 tablet_bootstrap.cc:492] T b0661d8f52aa43469c683d412966ba71 P c9c691d689ca41ba87b7d50a6d4821c3: Bootstrap starting.
I20260608 10:05:43.412503  6812 tablet_bootstrap.cc:492] T e288f7f5e8134a43a1389aade81f8240 P c8f2db16433d4404b694fe2d7579e70d: Bootstrap starting.
I20260608 10:05:43.419086  6814 tablet_bootstrap.cc:654] T b0661d8f52aa43469c683d412966ba71 P c9c691d689ca41ba87b7d50a6d4821c3: Neither blocks nor log segments found. Creating new log.
I20260608 10:05:43.421073  6830 raft_consensus.cc:493] T 44439220fcf24cfea2cfb7b76516324a P 575d23e59368499b938dfc0be5cc6e9e [term 0 FOLLOWER]: Starting pre-election (no leader contacted us within the election timeout)
I20260608 10:05:43.421360  6812 tablet_bootstrap.cc:654] T e288f7f5e8134a43a1389aade81f8240 P c8f2db16433d4404b694fe2d7579e70d: Neither blocks nor log segments found. Creating new log.
I20260608 10:05:43.421800  6830 raft_consensus.cc:515] T 44439220fcf24cfea2cfb7b76516324a P 575d23e59368499b938dfc0be5cc6e9e [term 0 FOLLOWER]: Starting pre-election with config: opid_index: -1 OBSOLETE_local: false peers { permanent_uuid: "c8f2db16433d4404b694fe2d7579e70d" member_type: VOTER last_known_addr { host: "127.2.2.193" port: 32839 } } peers { permanent_uuid: "575d23e59368499b938dfc0be5cc6e9e" member_type: VOTER last_known_addr { host: "127.2.2.194" port: 37549 } } peers { permanent_uuid: "c9c691d689ca41ba87b7d50a6d4821c3" member_type: VOTER last_known_addr { host: "127.2.2.195" port: 45451 } }
I20260608 10:05:43.428156  6616 tablet_service.cc:1917] Received RequestConsensusVote() RPC: tablet_id: "44439220fcf24cfea2cfb7b76516324a" candidate_uuid: "575d23e59368499b938dfc0be5cc6e9e" candidate_term: 1 candidate_status { last_received { term: 0 index: 0 } } ignore_live_leader: false dest_uuid: "c8f2db16433d4404b694fe2d7579e70d" is_pre_election: true
I20260608 10:05:43.429862  6616 raft_consensus.cc:2468] T 44439220fcf24cfea2cfb7b76516324a P c8f2db16433d4404b694fe2d7579e70d [term 0 FOLLOWER]: Leader pre-election vote request: Granting yes vote for candidate 575d23e59368499b938dfc0be5cc6e9e in term 0.
I20260608 10:05:43.432265  6657 leader_election.cc:304] T 44439220fcf24cfea2cfb7b76516324a P 575d23e59368499b938dfc0be5cc6e9e [CANDIDATE]: Term 1 pre-election: Election decided. Result: candidate won. Election summary: received 2 responses out of 3 voters: 2 yes votes; 0 no votes. yes voters: 575d23e59368499b938dfc0be5cc6e9e, c8f2db16433d4404b694fe2d7579e70d; no voters: 
I20260608 10:05:43.433251  6815 raft_consensus.cc:2804] T 44439220fcf24cfea2cfb7b76516324a P 575d23e59368499b938dfc0be5cc6e9e [term 0 FOLLOWER]: Leader pre-election won for term 1
I20260608 10:05:43.433126  6766 tablet_service.cc:1917] Received RequestConsensusVote() RPC: tablet_id: "44439220fcf24cfea2cfb7b76516324a" candidate_uuid: "575d23e59368499b938dfc0be5cc6e9e" candidate_term: 1 candidate_status { last_received { term: 0 index: 0 } } ignore_live_leader: false dest_uuid: "c9c691d689ca41ba87b7d50a6d4821c3" is_pre_election: true
I20260608 10:05:43.433929  6815 raft_consensus.cc:493] T 44439220fcf24cfea2cfb7b76516324a P 575d23e59368499b938dfc0be5cc6e9e [term 0 FOLLOWER]: Starting leader election (no leader contacted us within the election timeout)
I20260608 10:05:43.434334  6766 raft_consensus.cc:2468] T 44439220fcf24cfea2cfb7b76516324a P c9c691d689ca41ba87b7d50a6d4821c3 [term 0 FOLLOWER]: Leader pre-election vote request: Granting yes vote for candidate 575d23e59368499b938dfc0be5cc6e9e in term 0.
I20260608 10:05:43.434386  6815 raft_consensus.cc:3060] T 44439220fcf24cfea2cfb7b76516324a P 575d23e59368499b938dfc0be5cc6e9e [term 0 FOLLOWER]: Advancing to term 1
I20260608 10:05:43.435976  6514 catalog_manager.cc:5696] T b87adc3dcfcb40fb800b401e060087b1 P c9c691d689ca41ba87b7d50a6d4821c3 reported cstate change: term changed from 0 to 1, leader changed from <none> to c9c691d689ca41ba87b7d50a6d4821c3 (127.2.2.195). New cstate: current_term: 1 leader_uuid: "c9c691d689ca41ba87b7d50a6d4821c3" committed_config { opid_index: -1 OBSOLETE_local: false peers { permanent_uuid: "c8f2db16433d4404b694fe2d7579e70d" member_type: VOTER last_known_addr { host: "127.2.2.193" port: 32839 } health_report { overall_health: UNKNOWN } } peers { permanent_uuid: "575d23e59368499b938dfc0be5cc6e9e" member_type: VOTER last_known_addr { host: "127.2.2.194" port: 37549 } health_report { overall_health: UNKNOWN } } peers { permanent_uuid: "c9c691d689ca41ba87b7d50a6d4821c3" member_type: VOTER last_known_addr { host: "127.2.2.195" port: 45451 } health_report { overall_health: HEALTHY } } }
I20260608 10:05:43.425390  6830 leader_election.cc:290] T 44439220fcf24cfea2cfb7b76516324a P 575d23e59368499b938dfc0be5cc6e9e [CANDIDATE]: Term 1 pre-election: Requested pre-vote from peers c8f2db16433d4404b694fe2d7579e70d (127.2.2.193:32839), c9c691d689ca41ba87b7d50a6d4821c3 (127.2.2.195:45451)
I20260608 10:05:43.443051  6615 raft_consensus.cc:3060] T 2b98a821ea014291a64788ce29424ebc P c8f2db16433d4404b694fe2d7579e70d [term 0 FOLLOWER]: Advancing to term 1
I20260608 10:05:43.447258  6815 raft_consensus.cc:515] T 44439220fcf24cfea2cfb7b76516324a P 575d23e59368499b938dfc0be5cc6e9e [term 1 FOLLOWER]: Starting leader election with config: opid_index: -1 OBSOLETE_local: false peers { permanent_uuid: "c8f2db16433d4404b694fe2d7579e70d" member_type: VOTER last_known_addr { host: "127.2.2.193" port: 32839 } } peers { permanent_uuid: "575d23e59368499b938dfc0be5cc6e9e" member_type: VOTER last_known_addr { host: "127.2.2.194" port: 37549 } } peers { permanent_uuid: "c9c691d689ca41ba87b7d50a6d4821c3" member_type: VOTER last_known_addr { host: "127.2.2.195" port: 45451 } }
I20260608 10:05:43.451176  6616 tablet_service.cc:1917] Received RequestConsensusVote() RPC: tablet_id: "44439220fcf24cfea2cfb7b76516324a" candidate_uuid: "575d23e59368499b938dfc0be5cc6e9e" candidate_term: 1 candidate_status { last_received { term: 0 index: 0 } } ignore_live_leader: false dest_uuid: "c8f2db16433d4404b694fe2d7579e70d"
I20260608 10:05:43.453586  6766 tablet_service.cc:1917] Received RequestConsensusVote() RPC: tablet_id: "44439220fcf24cfea2cfb7b76516324a" candidate_uuid: "575d23e59368499b938dfc0be5cc6e9e" candidate_term: 1 candidate_status { last_received { term: 0 index: 0 } } ignore_live_leader: false dest_uuid: "c9c691d689ca41ba87b7d50a6d4821c3"
I20260608 10:05:43.455090  6766 raft_consensus.cc:3060] T 44439220fcf24cfea2cfb7b76516324a P c9c691d689ca41ba87b7d50a6d4821c3 [term 0 FOLLOWER]: Advancing to term 1
I20260608 10:05:43.459867  6514 catalog_manager.cc:5696] T b0661d8f52aa43469c683d412966ba71 P 575d23e59368499b938dfc0be5cc6e9e reported cstate change: term changed from 0 to 1, leader changed from <none> to 575d23e59368499b938dfc0be5cc6e9e (127.2.2.194). New cstate: current_term: 1 leader_uuid: "575d23e59368499b938dfc0be5cc6e9e" committed_config { opid_index: -1 OBSOLETE_local: false peers { permanent_uuid: "c8f2db16433d4404b694fe2d7579e70d" member_type: VOTER last_known_addr { host: "127.2.2.193" port: 32839 } health_report { overall_health: UNKNOWN } } peers { permanent_uuid: "575d23e59368499b938dfc0be5cc6e9e" member_type: VOTER last_known_addr { host: "127.2.2.194" port: 37549 } health_report { overall_health: HEALTHY } } peers { permanent_uuid: "c9c691d689ca41ba87b7d50a6d4821c3" member_type: VOTER last_known_addr { host: "127.2.2.195" port: 45451 } health_report { overall_health: UNKNOWN } } }
I20260608 10:05:43.461431  6616 raft_consensus.cc:3060] T 44439220fcf24cfea2cfb7b76516324a P c8f2db16433d4404b694fe2d7579e70d [term 0 FOLLOWER]: Advancing to term 1
I20260608 10:05:43.461903  6815 leader_election.cc:290] T 44439220fcf24cfea2cfb7b76516324a P 575d23e59368499b938dfc0be5cc6e9e [CANDIDATE]: Term 1 election: Requested vote from peers c8f2db16433d4404b694fe2d7579e70d (127.2.2.193:32839), c9c691d689ca41ba87b7d50a6d4821c3 (127.2.2.195:45451)
I20260608 10:05:43.470870  6814 tablet_bootstrap.cc:492] T b0661d8f52aa43469c683d412966ba71 P c9c691d689ca41ba87b7d50a6d4821c3: No bootstrap required, opened a new log
I20260608 10:05:43.471421  6814 ts_tablet_manager.cc:1403] T b0661d8f52aa43469c683d412966ba71 P c9c691d689ca41ba87b7d50a6d4821c3: Time spent bootstrapping tablet: real 0.059s	user 0.016s	sys 0.011s
I20260608 10:05:43.472697  6812 tablet_bootstrap.cc:492] T e288f7f5e8134a43a1389aade81f8240 P c8f2db16433d4404b694fe2d7579e70d: No bootstrap required, opened a new log
I20260608 10:05:43.473268  6812 ts_tablet_manager.cc:1403] T e288f7f5e8134a43a1389aade81f8240 P c8f2db16433d4404b694fe2d7579e70d: Time spent bootstrapping tablet: real 0.067s	user 0.035s	sys 0.019s
I20260608 10:05:43.474630  6814 raft_consensus.cc:359] T b0661d8f52aa43469c683d412966ba71 P c9c691d689ca41ba87b7d50a6d4821c3 [term 0 FOLLOWER]: Replica starting. Triggering 0 pending ops. Active config: opid_index: -1 OBSOLETE_local: false peers { permanent_uuid: "c8f2db16433d4404b694fe2d7579e70d" member_type: VOTER last_known_addr { host: "127.2.2.193" port: 32839 } } peers { permanent_uuid: "575d23e59368499b938dfc0be5cc6e9e" member_type: VOTER last_known_addr { host: "127.2.2.194" port: 37549 } } peers { permanent_uuid: "c9c691d689ca41ba87b7d50a6d4821c3" member_type: VOTER last_known_addr { host: "127.2.2.195" port: 45451 } }
I20260608 10:05:43.475359  6814 raft_consensus.cc:385] T b0661d8f52aa43469c683d412966ba71 P c9c691d689ca41ba87b7d50a6d4821c3 [term 0 FOLLOWER]: Consensus starting up: Expiring failure detector timer to make a prompt election more likely
I20260608 10:05:43.475659  6814 raft_consensus.cc:740] T b0661d8f52aa43469c683d412966ba71 P c9c691d689ca41ba87b7d50a6d4821c3 [term 0 FOLLOWER]: Becoming Follower/Learner. State: Replica: c9c691d689ca41ba87b7d50a6d4821c3, State: Initialized, Role: FOLLOWER
I20260608 10:05:43.476650  6814 consensus_queue.cc:260] T b0661d8f52aa43469c683d412966ba71 P c9c691d689ca41ba87b7d50a6d4821c3 [NON_LEADER]: Queue going to NON_LEADER mode. State: All replicated index: 0, Majority replicated index: 0, Committed index: 0, Last appended: 0.0, Last appended by leader: 0, Current term: 0, Majority size: -1, State: 0, Mode: NON_LEADER, active raft config: opid_index: -1 OBSOLETE_local: false peers { permanent_uuid: "c8f2db16433d4404b694fe2d7579e70d" member_type: VOTER last_known_addr { host: "127.2.2.193" port: 32839 } } peers { permanent_uuid: "575d23e59368499b938dfc0be5cc6e9e" member_type: VOTER last_known_addr { host: "127.2.2.194" port: 37549 } } peers { permanent_uuid: "c9c691d689ca41ba87b7d50a6d4821c3" member_type: VOTER last_known_addr { host: "127.2.2.195" port: 45451 } }
I20260608 10:05:43.479048  6766 raft_consensus.cc:2468] T 44439220fcf24cfea2cfb7b76516324a P c9c691d689ca41ba87b7d50a6d4821c3 [term 1 FOLLOWER]: Leader election vote request: Granting yes vote for candidate 575d23e59368499b938dfc0be5cc6e9e in term 1.
I20260608 10:05:43.483125  6616 raft_consensus.cc:2468] T 44439220fcf24cfea2cfb7b76516324a P c8f2db16433d4404b694fe2d7579e70d [term 1 FOLLOWER]: Leader election vote request: Granting yes vote for candidate 575d23e59368499b938dfc0be5cc6e9e in term 1.
I20260608 10:05:43.480682  6812 raft_consensus.cc:359] T e288f7f5e8134a43a1389aade81f8240 P c8f2db16433d4404b694fe2d7579e70d [term 0 FOLLOWER]: Replica starting. Triggering 0 pending ops. Active config: opid_index: -1 OBSOLETE_local: false peers { permanent_uuid: "c8f2db16433d4404b694fe2d7579e70d" member_type: VOTER last_known_addr { host: "127.2.2.193" port: 32839 } } peers { permanent_uuid: "575d23e59368499b938dfc0be5cc6e9e" member_type: VOTER last_known_addr { host: "127.2.2.194" port: 37549 } } peers { permanent_uuid: "c9c691d689ca41ba87b7d50a6d4821c3" member_type: VOTER last_known_addr { host: "127.2.2.195" port: 45451 } }
I20260608 10:05:43.484463  6812 raft_consensus.cc:385] T e288f7f5e8134a43a1389aade81f8240 P c8f2db16433d4404b694fe2d7579e70d [term 0 FOLLOWER]: Consensus starting up: Expiring failure detector timer to make a prompt election more likely
I20260608 10:05:43.484347  6657 leader_election.cc:304] T 44439220fcf24cfea2cfb7b76516324a P 575d23e59368499b938dfc0be5cc6e9e [CANDIDATE]: Term 1 election: Election decided. Result: candidate won. Election summary: received 2 responses out of 3 voters: 2 yes votes; 0 no votes. yes voters: 575d23e59368499b938dfc0be5cc6e9e, c8f2db16433d4404b694fe2d7579e70d; no voters: 
I20260608 10:05:43.484822  6812 raft_consensus.cc:740] T e288f7f5e8134a43a1389aade81f8240 P c8f2db16433d4404b694fe2d7579e70d [term 0 FOLLOWER]: Becoming Follower/Learner. State: Replica: c8f2db16433d4404b694fe2d7579e70d, State: Initialized, Role: FOLLOWER
I20260608 10:05:43.485457  6815 raft_consensus.cc:2804] T 44439220fcf24cfea2cfb7b76516324a P 575d23e59368499b938dfc0be5cc6e9e [term 1 FOLLOWER]: Leader election won for term 1
I20260608 10:05:43.485592  6812 consensus_queue.cc:260] T e288f7f5e8134a43a1389aade81f8240 P c8f2db16433d4404b694fe2d7579e70d [NON_LEADER]: Queue going to NON_LEADER mode. State: All replicated index: 0, Majority replicated index: 0, Committed index: 0, Last appended: 0.0, Last appended by leader: 0, Current term: 0, Majority size: -1, State: 0, Mode: NON_LEADER, active raft config: opid_index: -1 OBSOLETE_local: false peers { permanent_uuid: "c8f2db16433d4404b694fe2d7579e70d" member_type: VOTER last_known_addr { host: "127.2.2.193" port: 32839 } } peers { permanent_uuid: "575d23e59368499b938dfc0be5cc6e9e" member_type: VOTER last_known_addr { host: "127.2.2.194" port: 37549 } } peers { permanent_uuid: "c9c691d689ca41ba87b7d50a6d4821c3" member_type: VOTER last_known_addr { host: "127.2.2.195" port: 45451 } }
I20260608 10:05:43.487680  6812 ts_tablet_manager.cc:1434] T e288f7f5e8134a43a1389aade81f8240 P c8f2db16433d4404b694fe2d7579e70d: Time spent starting tablet: real 0.014s	user 0.007s	sys 0.000s
I20260608 10:05:43.486053  6815 raft_consensus.cc:697] T 44439220fcf24cfea2cfb7b76516324a P 575d23e59368499b938dfc0be5cc6e9e [term 1 LEADER]: Becoming Leader. State: Replica: 575d23e59368499b938dfc0be5cc6e9e, State: Running, Role: LEADER
I20260608 10:05:43.489050  6815 consensus_queue.cc:237] T 44439220fcf24cfea2cfb7b76516324a P 575d23e59368499b938dfc0be5cc6e9e [LEADER]: Queue going to LEADER mode. State: All replicated index: 0, Majority replicated index: 0, Committed index: 0, Last appended: 0.0, Last appended by leader: 0, Current term: 1, Majority size: 2, State: 0, Mode: LEADER, active raft config: opid_index: -1 OBSOLETE_local: false peers { permanent_uuid: "c8f2db16433d4404b694fe2d7579e70d" member_type: VOTER last_known_addr { host: "127.2.2.193" port: 32839 } } peers { permanent_uuid: "575d23e59368499b938dfc0be5cc6e9e" member_type: VOTER last_known_addr { host: "127.2.2.194" port: 37549 } } peers { permanent_uuid: "c9c691d689ca41ba87b7d50a6d4821c3" member_type: VOTER last_known_addr { host: "127.2.2.195" port: 45451 } }
I20260608 10:05:43.491145  6873 consensus_queue.cc:1048] T 7cf125b3cc294896b96bd5699ceb434c P c8f2db16433d4404b694fe2d7579e70d [LEADER]: Connected to new peer: Peer: permanent_uuid: "c9c691d689ca41ba87b7d50a6d4821c3" member_type: VOTER last_known_addr { host: "127.2.2.195" port: 45451 }, Status: LMP_MISMATCH, Last received: 0.0, Next index: 1, Last known committed idx: 0, Time since last communication: 0.000s
I20260608 10:05:43.496973  6814 ts_tablet_manager.cc:1434] T b0661d8f52aa43469c683d412966ba71 P c9c691d689ca41ba87b7d50a6d4821c3: Time spent starting tablet: real 0.025s	user 0.007s	sys 0.000s
I20260608 10:05:43.509450  6514 catalog_manager.cc:5696] T 44439220fcf24cfea2cfb7b76516324a P 575d23e59368499b938dfc0be5cc6e9e reported cstate change: term changed from 0 to 1, leader changed from <none> to 575d23e59368499b938dfc0be5cc6e9e (127.2.2.194). New cstate: current_term: 1 leader_uuid: "575d23e59368499b938dfc0be5cc6e9e" committed_config { opid_index: -1 OBSOLETE_local: false peers { permanent_uuid: "c8f2db16433d4404b694fe2d7579e70d" member_type: VOTER last_known_addr { host: "127.2.2.193" port: 32839 } health_report { overall_health: UNKNOWN } } peers { permanent_uuid: "575d23e59368499b938dfc0be5cc6e9e" member_type: VOTER last_known_addr { host: "127.2.2.194" port: 37549 } health_report { overall_health: HEALTHY } } peers { permanent_uuid: "c9c691d689ca41ba87b7d50a6d4821c3" member_type: VOTER last_known_addr { host: "127.2.2.195" port: 45451 } health_report { overall_health: UNKNOWN } } }
I20260608 10:05:43.517835  6872 consensus_queue.cc:1048] T 7cf125b3cc294896b96bd5699ceb434c P c8f2db16433d4404b694fe2d7579e70d [LEADER]: Connected to new peer: Peer: permanent_uuid: "575d23e59368499b938dfc0be5cc6e9e" member_type: VOTER last_known_addr { host: "127.2.2.194" port: 37549 }, Status: LMP_MISMATCH, Last received: 0.0, Next index: 1, Last known committed idx: 0, Time since last communication: 0.001s
I20260608 10:05:43.519490  6818 consensus_queue.cc:1048] T ed9b7d9084274a909bfb5cd643a619dc P c8f2db16433d4404b694fe2d7579e70d [LEADER]: Connected to new peer: Peer: permanent_uuid: "c9c691d689ca41ba87b7d50a6d4821c3" member_type: VOTER last_known_addr { host: "127.2.2.195" port: 45451 }, Status: LMP_MISMATCH, Last received: 0.0, Next index: 1, Last known committed idx: 0, Time since last communication: 0.000s
I20260608 10:05:43.529666  6884 raft_consensus.cc:493] T b0661d8f52aa43469c683d412966ba71 P c9c691d689ca41ba87b7d50a6d4821c3 [term 0 FOLLOWER]: Starting pre-election (no leader contacted us within the election timeout)
I20260608 10:05:43.530306  6884 raft_consensus.cc:515] T b0661d8f52aa43469c683d412966ba71 P c9c691d689ca41ba87b7d50a6d4821c3 [term 0 FOLLOWER]: Starting pre-election with config: opid_index: -1 OBSOLETE_local: false peers { permanent_uuid: "c8f2db16433d4404b694fe2d7579e70d" member_type: VOTER last_known_addr { host: "127.2.2.193" port: 32839 } } peers { permanent_uuid: "575d23e59368499b938dfc0be5cc6e9e" member_type: VOTER last_known_addr { host: "127.2.2.194" port: 37549 } } peers { permanent_uuid: "c9c691d689ca41ba87b7d50a6d4821c3" member_type: VOTER last_known_addr { host: "127.2.2.195" port: 45451 } }
I20260608 10:05:43.532733  6884 leader_election.cc:290] T b0661d8f52aa43469c683d412966ba71 P c9c691d689ca41ba87b7d50a6d4821c3 [CANDIDATE]: Term 1 pre-election: Requested pre-vote from peers c8f2db16433d4404b694fe2d7579e70d (127.2.2.193:32839), 575d23e59368499b938dfc0be5cc6e9e (127.2.2.194:37549)
I20260608 10:05:43.536680  6691 tablet_service.cc:1917] Received RequestConsensusVote() RPC: tablet_id: "b0661d8f52aa43469c683d412966ba71" candidate_uuid: "c9c691d689ca41ba87b7d50a6d4821c3" candidate_term: 1 candidate_status { last_received { term: 0 index: 0 } } ignore_live_leader: false dest_uuid: "575d23e59368499b938dfc0be5cc6e9e" is_pre_election: true
I20260608 10:05:43.540071  6818 consensus_queue.cc:1048] T ed9b7d9084274a909bfb5cd643a619dc P c8f2db16433d4404b694fe2d7579e70d [LEADER]: Connected to new peer: Peer: permanent_uuid: "575d23e59368499b938dfc0be5cc6e9e" member_type: VOTER last_known_addr { host: "127.2.2.194" port: 37549 }, Status: LMP_MISMATCH, Last received: 0.0, Next index: 1, Last known committed idx: 0, Time since last communication: 0.000s
I20260608 10:05:43.535688  6615 tablet_service.cc:1917] Received RequestConsensusVote() RPC: tablet_id: "b0661d8f52aa43469c683d412966ba71" candidate_uuid: "c9c691d689ca41ba87b7d50a6d4821c3" candidate_term: 1 candidate_status { last_received { term: 0 index: 0 } } ignore_live_leader: false dest_uuid: "c8f2db16433d4404b694fe2d7579e70d" is_pre_election: true
I20260608 10:05:43.544996  6615 raft_consensus.cc:2393] T b0661d8f52aa43469c683d412966ba71 P c8f2db16433d4404b694fe2d7579e70d [term 1 FOLLOWER]: Leader pre-election vote request: Denying vote to candidate c9c691d689ca41ba87b7d50a6d4821c3 in current term 1: Already voted for candidate 575d23e59368499b938dfc0be5cc6e9e in this term.
I20260608 10:05:43.546411  6731 leader_election.cc:304] T b0661d8f52aa43469c683d412966ba71 P c9c691d689ca41ba87b7d50a6d4821c3 [CANDIDATE]: Term 1 pre-election: Election decided. Result: candidate lost. Election summary: received 3 responses out of 3 voters: 1 yes votes; 2 no votes. yes voters: c9c691d689ca41ba87b7d50a6d4821c3; no voters: 575d23e59368499b938dfc0be5cc6e9e, c8f2db16433d4404b694fe2d7579e70d
I20260608 10:05:43.547634  6884 raft_consensus.cc:3060] T b0661d8f52aa43469c683d412966ba71 P c9c691d689ca41ba87b7d50a6d4821c3 [term 0 FOLLOWER]: Advancing to term 1
I20260608 10:05:43.558939  6884 raft_consensus.cc:2749] T b0661d8f52aa43469c683d412966ba71 P c9c691d689ca41ba87b7d50a6d4821c3 [term 1 FOLLOWER]: Leader pre-election lost for term 1. Reason: could not achieve majority
I20260608 10:05:43.564986  6884 raft_consensus.cc:493] T 1c06b832ba374f3886a6958fc7b5868b P c9c691d689ca41ba87b7d50a6d4821c3 [term 0 FOLLOWER]: Starting pre-election (no leader contacted us within the election timeout)
